I20260608 12:47:33.114882 25680 tablet_service.cc:2072] Received LeaderStepDown RPC: tablet_id: "15f40bba27624619ba19d7278b17d1ab"
dest_uuid: "bd9526e434b04684b364680049669294"
mode: GRACEFUL
new_leader_uuid: "a5429d09ce4b4b4ca82ec4059604fd77"
 from {username='slave'} at 127.0.0.1:50808
I20260608 12:47:33.115711 25680 raft_consensus.cc:606] T 15f40bba27624619ba19d7278b17d1ab P bd9526e434b04684b364680049669294 [term 1 LEADER]: Received request to transfer leadership to TS a5429d09ce4b4b4ca82ec4059604fd77
I20260608 12:47:33.118623 25680 tablet_service.cc:2072] Received LeaderStepDown RPC: tablet_id: "a483b5b37071408ea04a66afa6beb469"
dest_uuid: "bd9526e434b04684b364680049669294"
mode: GRACEFUL
new_leader_uuid: "4cf4db55b0c54c8094543761ceca35c1"
 from {username='slave'} at 127.0.0.1:50808
I20260608 12:47:33.119292 25680 raft_consensus.cc:606] T a483b5b37071408ea04a66afa6beb469 P bd9526e434b04684b364680049669294 [term 1 LEADER]: Received request to transfer leadership to TS 4cf4db55b0c54c8094543761ceca35c1
I20260608 12:47:33.120599 25556 auto_leader_rebalancer.cc:388] table: test-workload, leader rebalance finish, leader transfer count: 2
I20260608 12:47:33.121280 25556 auto_leader_rebalancer.cc:451] All tables' leader rebalancing finished this round
I20260608 12:47:33.271266 25837 raft_consensus.cc:993] T a483b5b37071408ea04a66afa6beb469 P bd9526e434b04684b364680049669294: : Instructing follower 4cf4db55b0c54c8094543761ceca35c1 to start an election
I20260608 12:47:33.271780 25805 raft_consensus.cc:1081] T a483b5b37071408ea04a66afa6beb469 P bd9526e434b04684b364680049669294 [term 1 LEADER]: Signalling peer 4cf4db55b0c54c8094543761ceca35c1 to start an election
I20260608 12:47:33.273823 25753 tablet_service.cc:2044] Received Run Leader Election RPC: tablet_id: "a483b5b37071408ea04a66afa6beb469"
dest_uuid: "4cf4db55b0c54c8094543761ceca35c1"
 from {username='slave'} at 127.0.0.1:50014
I20260608 12:47:33.274446 25753 raft_consensus.cc:493] T a483b5b37071408ea04a66afa6beb469 P 4cf4db55b0c54c8094543761ceca35c1 [term 1 FOLLOWER]: Starting forced leader election (received explicit request)
I20260608 12:47:33.274843 25753 raft_consensus.cc:3060] T a483b5b37071408ea04a66afa6beb469 P 4cf4db55b0c54c8094543761ceca35c1 [term 1 FOLLOWER]: Advancing to term 2
I20260608 12:47:33.281792 25753 raft_consensus.cc:515] T a483b5b37071408ea04a66afa6beb469 P 4cf4db55b0c54c8094543761ceca35c1 [term 2 FOLLOWER]: Starting forced leader election with config: opid_index: -1 OBSOLETE_local: false peers { permanent_uuid: "a5429d09ce4b4b4ca82ec4059604fd77" member_type: VOTER last_known_addr { host: "127.24.89.193" port: 36393 } } peers { permanent_uuid: "bd9526e434b04684b364680049669294" member_type: VOTER last_known_addr { host: "127.24.89.194" port: 32875 } } peers { permanent_uuid: "4cf4db55b0c54c8094543761ceca35c1" member_type: VOTER last_known_addr { host: "127.24.89.195" port: 44631 } }
I20260608 12:47:33.284096 25753 leader_election.cc:290] T a483b5b37071408ea04a66afa6beb469 P 4cf4db55b0c54c8094543761ceca35c1 [CANDIDATE]: Term 2 election: Requested vote from peers a5429d09ce4b4b4ca82ec4059604fd77 (127.24.89.193:36393), bd9526e434b04684b364680049669294 (127.24.89.194:32875)
I20260608 12:47:33.284894 25604 tablet_service.cc:1917] Received RequestConsensusVote() RPC: tablet_id: "a483b5b37071408ea04a66afa6beb469" candidate_uuid: "4cf4db55b0c54c8094543761ceca35c1" candidate_term: 2 candidate_status { last_received { term: 1 index: 1 } } ignore_live_leader: true dest_uuid: "a5429d09ce4b4b4ca82ec4059604fd77"
I20260608 12:47:33.285558 25604 raft_consensus.cc:3060] T a483b5b37071408ea04a66afa6beb469 P a5429d09ce4b4b4ca82ec4059604fd77 [term 1 FOLLOWER]: Advancing to term 2
I20260608 12:47:33.285595 25680 tablet_service.cc:1917] Received RequestConsensusVote() RPC: tablet_id: "a483b5b37071408ea04a66afa6beb469" candidate_uuid: "4cf4db55b0c54c8094543761ceca35c1" candidate_term: 2 candidate_status { last_received { term: 1 index: 1 } } ignore_live_leader: true dest_uuid: "bd9526e434b04684b364680049669294"
I20260608 12:47:33.286348 25680 raft_consensus.cc:3055] T a483b5b37071408ea04a66afa6beb469 P bd9526e434b04684b364680049669294 [term 1 LEADER]: Stepping down as leader of term 1
I20260608 12:47:33.286679 25680 raft_consensus.cc:740] T a483b5b37071408ea04a66afa6beb469 P bd9526e434b04684b364680049669294 [term 1 LEADER]: Becoming Follower/Learner. State: Replica: bd9526e434b04684b364680049669294, State: Running, Role: LEADER
I20260608 12:47:33.287567 25680 consensus_queue.cc:260] T a483b5b37071408ea04a66afa6beb469 P bd9526e434b04684b364680049669294 [NON_LEADER]: Queue going to NON_LEADER mode. State: All replicated index: 0, Majority replicated index: 1, Committed index: 1, Last appended: 1.1, Last appended by leader: 1, Current term: 1, Majority size: -1, State: 0, Mode: NON_LEADER, active raft config: opid_index: -1 OBSOLETE_local: false peers { permanent_uuid: "a5429d09ce4b4b4ca82ec4059604fd77" member_type: VOTER last_known_addr { host: "127.24.89.193" port: 36393 } } peers { permanent_uuid: "bd9526e434b04684b364680049669294" member_type: VOTER last_known_addr { host: "127.24.89.194" port: 32875 } } peers { permanent_uuid: "4cf4db55b0c54c8094543761ceca35c1" member_type: VOTER last_known_addr { host: "127.24.89.195" port: 44631 } }
I20260608 12:47:33.288590 25680 raft_consensus.cc:3060] T a483b5b37071408ea04a66afa6beb469 P bd9526e434b04684b364680049669294 [term 1 FOLLOWER]: Advancing to term 2
I20260608 12:47:33.293311 25604 raft_consensus.cc:2468] T a483b5b37071408ea04a66afa6beb469 P a5429d09ce4b4b4ca82ec4059604fd77 [term 2 FOLLOWER]: Leader election vote request: Granting yes vote for candidate 4cf4db55b0c54c8094543761ceca35c1 in term 2.
I20260608 12:47:33.293442 25680 raft_consensus.cc:2468] T a483b5b37071408ea04a66afa6beb469 P bd9526e434b04684b364680049669294 [term 2 FOLLOWER]: Leader election vote request: Granting yes vote for candidate 4cf4db55b0c54c8094543761ceca35c1 in term 2.
I20260608 12:47:33.294934 25717 leader_election.cc:304] T a483b5b37071408ea04a66afa6beb469 P 4cf4db55b0c54c8094543761ceca35c1 [CANDIDATE]: Term 2 election: Election decided. Result: candidate won. Election summary: received 2 responses out of 3 voters: 2 yes votes; 0 no votes. yes voters: 4cf4db55b0c54c8094543761ceca35c1, bd9526e434b04684b364680049669294; no voters: 
I20260608 12:47:33.295923 25844 raft_consensus.cc:2804] T a483b5b37071408ea04a66afa6beb469 P 4cf4db55b0c54c8094543761ceca35c1 [term 2 FOLLOWER]: Leader election won for term 2
I20260608 12:47:33.297266 25844 raft_consensus.cc:697] T a483b5b37071408ea04a66afa6beb469 P 4cf4db55b0c54c8094543761ceca35c1 [term 2 LEADER]: Becoming Leader. State: Replica: 4cf4db55b0c54c8094543761ceca35c1, State: Running, Role: LEADER
I20260608 12:47:33.298151 25844 consensus_queue.cc:237] T a483b5b37071408ea04a66afa6beb469 P 4cf4db55b0c54c8094543761ceca35c1 [LEADER]: Queue going to LEADER mode. State: All replicated index: 0, Majority replicated index: 1, Committed index: 1, Last appended: 1.1, Last appended by leader: 1, Current term: 2, Majority size: 2, State: 0, Mode: LEADER, active raft config: opid_index: -1 OBSOLETE_local: false peers { permanent_uuid: "a5429d09ce4b4b4ca82ec4059604fd77" member_type: VOTER last_known_addr { host: "127.24.89.193" port: 36393 } } peers { permanent_uuid: "bd9526e434b04684b364680049669294" member_type: VOTER last_known_addr { host: "127.24.89.194" port: 32875 } } peers { permanent_uuid: "4cf4db55b0c54c8094543761ceca35c1" member_type: VOTER last_known_addr { host: "127.24.89.195" port: 44631 } }
I20260608 12:47:33.307261 25502 catalog_manager.cc:5696] T a483b5b37071408ea04a66afa6beb469 P 4cf4db55b0c54c8094543761ceca35c1 reported cstate change: term changed from 1 to 2, leader changed from bd9526e434b04684b364680049669294 (127.24.89.194) to 4cf4db55b0c54c8094543761ceca35c1 (127.24.89.195). New cstate: current_term: 2 leader_uuid: "4cf4db55b0c54c8094543761ceca35c1" committed_config { opid_index: -1 OBSOLETE_local: false peers { permanent_uuid: "a5429d09ce4b4b4ca82ec4059604fd77" member_type: VOTER last_known_addr { host: "127.24.89.193" port: 36393 } health_report { overall_health: UNKNOWN } } peers { permanent_uuid: "bd9526e434b04684b364680049669294" member_type: VOTER last_known_addr { host: "127.24.89.194" port: 32875 } health_report { overall_health: UNKNOWN } } peers { permanent_uuid: "4cf4db55b0c54c8094543761ceca35c1" member_type: VOTER last_known_addr { host: "127.24.89.195" port: 44631 } health_report { overall_health: HEALTHY } } }
I20260608 12:47:33.515793 25837 raft_consensus.cc:993] T 15f40bba27624619ba19d7278b17d1ab P bd9526e434b04684b364680049669294: : Instructing follower a5429d09ce4b4b4ca82ec4059604fd77 to start an election
I20260608 12:47:33.516280 25805 raft_consensus.cc:1081] T 15f40bba27624619ba19d7278b17d1ab P bd9526e434b04684b364680049669294 [term 1 LEADER]: Signalling peer a5429d09ce4b4b4ca82ec4059604fd77 to start an election
I20260608 12:47:33.517925 25604 tablet_service.cc:2044] Received Run Leader Election RPC: tablet_id: "15f40bba27624619ba19d7278b17d1ab"
dest_uuid: "a5429d09ce4b4b4ca82ec4059604fd77"
 from {username='slave'} at 127.0.0.1:41570
I20260608 12:47:33.518576 25604 raft_consensus.cc:493] T 15f40bba27624619ba19d7278b17d1ab P a5429d09ce4b4b4ca82ec4059604fd77 [term 1 FOLLOWER]: Starting forced leader election (received explicit request)
I20260608 12:47:33.519021 25604 raft_consensus.cc:3060] T 15f40bba27624619ba19d7278b17d1ab P a5429d09ce4b4b4ca82ec4059604fd77 [term 1 FOLLOWER]: Advancing to term 2
I20260608 12:47:33.524068 25604 raft_consensus.cc:515] T 15f40bba27624619ba19d7278b17d1ab P a5429d09ce4b4b4ca82ec4059604fd77 [term 2 FOLLOWER]: Starting forced leader election with config: opid_index: -1 OBSOLETE_local: false peers { permanent_uuid: "a5429d09ce4b4b4ca82ec4059604fd77" member_type: VOTER last_known_addr { host: "127.24.89.193" port: 36393 } } peers { permanent_uuid: "bd9526e434b04684b364680049669294" member_type: VOTER last_known_addr { host: "127.24.89.194" port: 32875 } } peers { permanent_uuid: "4cf4db55b0c54c8094543761ceca35c1" member_type: VOTER last_known_addr { host: "127.24.89.195" port: 44631 } }
I20260608 12:47:33.526475 25604 leader_election.cc:290] T 15f40bba27624619ba19d7278b17d1ab P a5429d09ce4b4b4ca82ec4059604fd77 [CANDIDATE]: Term 2 election: Requested vote from peers bd9526e434b04684b364680049669294 (127.24.89.194:32875), 4cf4db55b0c54c8094543761ceca35c1 (127.24.89.195:44631)
I20260608 12:47:33.527338 25680 tablet_service.cc:1917] Received RequestConsensusVote() RPC: tablet_id: "15f40bba27624619ba19d7278b17d1ab" candidate_uuid: "a5429d09ce4b4b4ca82ec4059604fd77" candidate_term: 2 candidate_status { last_received { term: 1 index: 1 } } ignore_live_leader: true dest_uuid: "bd9526e434b04684b364680049669294"
I20260608 12:47:33.527905 25753 tablet_service.cc:1917] Received RequestConsensusVote() RPC: tablet_id: "15f40bba27624619ba19d7278b17d1ab" candidate_uuid: "a5429d09ce4b4b4ca82ec4059604fd77" candidate_term: 2 candidate_status { last_received { term: 1 index: 1 } } ignore_live_leader: true dest_uuid: "4cf4db55b0c54c8094543761ceca35c1"
I20260608 12:47:33.528014 25680 raft_consensus.cc:3055] T 15f40bba27624619ba19d7278b17d1ab P bd9526e434b04684b364680049669294 [term 1 LEADER]: Stepping down as leader of term 1
I20260608 12:47:33.528594 25680 raft_consensus.cc:740] T 15f40bba27624619ba19d7278b17d1ab P bd9526e434b04684b364680049669294 [term 1 LEADER]: Becoming Follower/Learner. State: Replica: bd9526e434b04684b364680049669294, State: Running, Role: LEADER
I20260608 12:47:33.528566 25753 raft_consensus.cc:3060] T 15f40bba27624619ba19d7278b17d1ab P 4cf4db55b0c54c8094543761ceca35c1 [term 1 FOLLOWER]: Advancing to term 2
I20260608 12:47:33.529811 25680 consensus_queue.cc:260] T 15f40bba27624619ba19d7278b17d1ab P bd9526e434b04684b364680049669294 [NON_LEADER]: Queue going to NON_LEADER mode. State: All replicated index: 0, Majority replicated index: 1, Committed index: 1, Last appended: 1.1, Last appended by leader: 1, Current term: 1, Majority size: -1, State: 0, Mode: NON_LEADER, active raft config: opid_index: -1 OBSOLETE_local: false peers { permanent_uuid: "a5429d09ce4b4b4ca82ec4059604fd77" member_type: VOTER last_known_addr { host: "127.24.89.193" port: 36393 } } peers { permanent_uuid: "bd9526e434b04684b364680049669294" member_type: VOTER last_known_addr { host: "127.24.89.194" port: 32875 } } peers { permanent_uuid: "4cf4db55b0c54c8094543761ceca35c1" member_type: VOTER last_known_addr { host: "127.24.89.195" port: 44631 } }
I20260608 12:47:33.531277 25680 raft_consensus.cc:3060] T 15f40bba27624619ba19d7278b17d1ab P bd9526e434b04684b364680049669294 [term 1 FOLLOWER]: Advancing to term 2
I20260608 12:47:33.535961 25753 raft_consensus.cc:2468] T 15f40bba27624619ba19d7278b17d1ab P 4cf4db55b0c54c8094543761ceca35c1 [term 2 FOLLOWER]: Leader election vote request: Granting yes vote for candidate a5429d09ce4b4b4ca82ec4059604fd77 in term 2.
I20260608 12:47:33.537339 25571 leader_election.cc:304] T 15f40bba27624619ba19d7278b17d1ab P a5429d09ce4b4b4ca82ec4059604fd77 [CANDIDATE]: Term 2 election: Election decided. Result: candidate won. Election summary: received 2 responses out of 3 voters: 2 yes votes; 0 no votes. yes voters: 4cf4db55b0c54c8094543761ceca35c1, a5429d09ce4b4b4ca82ec4059604fd77; no voters: 
I20260608 12:47:33.538087 25823 raft_consensus.cc:2804] T 15f40bba27624619ba19d7278b17d1ab P a5429d09ce4b4b4ca82ec4059604fd77 [term 2 FOLLOWER]: Leader election won for term 2
I20260608 12:47:33.538843 25680 raft_consensus.cc:2468] T 15f40bba27624619ba19d7278b17d1ab P bd9526e434b04684b364680049669294 [term 2 FOLLOWER]: Leader election vote request: Granting yes vote for candidate a5429d09ce4b4b4ca82ec4059604fd77 in term 2.
I20260608 12:47:33.539439 25823 raft_consensus.cc:697] T 15f40bba27624619ba19d7278b17d1ab P a5429d09ce4b4b4ca82ec4059604fd77 [term 2 LEADER]: Becoming Leader. State: Replica: a5429d09ce4b4b4ca82ec4059604fd77, State: Running, Role: LEADER
I20260608 12:47:33.540421 25823 consensus_queue.cc:237] T 15f40bba27624619ba19d7278b17d1ab P a5429d09ce4b4b4ca82ec4059604fd77 [LEADER]: Queue going to LEADER mode. State: All replicated index: 0, Majority replicated index: 1, Committed index: 1, Last appended: 1.1, Last appended by leader: 1, Current term: 2, Majority size: 2, State: 0, Mode: LEADER, active raft config: opid_index: -1 OBSOLETE_local: false peers { permanent_uuid: "a5429d09ce4b4b4ca82ec4059604fd77" member_type: VOTER last_known_addr { host: "127.24.89.193" port: 36393 } } peers { permanent_uuid: "bd9526e434b04684b364680049669294" member_type: VOTER last_known_addr { host: "127.24.89.194" port: 32875 } } peers { permanent_uuid: "4cf4db55b0c54c8094543761ceca35c1" member_type: VOTER last_known_addr { host: "127.24.89.195" port: 44631 } }
I20260608 12:47:33.548866 25502 catalog_manager.cc:5696] T 15f40bba27624619ba19d7278b17d1ab P a5429d09ce4b4b4ca82ec4059604fd77 reported cstate change: term changed from 1 to 2, leader changed from bd9526e434b04684b364680049669294 (127.24.89.194) to a5429d09ce4b4b4ca82ec4059604fd77 (127.24.89.193). New cstate: current_term: 2 leader_uuid: "a5429d09ce4b4b4ca82ec4059604fd77" committed_config { opid_index: -1 OBSOLETE_local: false peers { permanent_uuid: "a5429d09ce4b4b4ca82ec4059604fd77" member_type: VOTER last_known_addr { host: "127.24.89.193" port: 36393 } health_report { overall_health: HEALTHY } } peers { permanent_uuid: "bd9526e434b04684b364680049669294" member_type: VOTER last_known_addr { host: "127.24.89.194" port: 32875 } health_report { overall_health: UNKNOWN } } peers { permanent_uuid: "4cf4db55b0c54c8094543761ceca35c1" member_type: VOTER last_known_addr { host: "127.24.89.195" port: 44631 } health_report { overall_health: UNKNOWN } } }
I20260608 12:47:33.729702 25680 raft_consensus.cc:1275] T a483b5b37071408ea04a66afa6beb469 P bd9526e434b04684b364680049669294 [term 2 FOLLOWER]: Refusing update from remote peer 4cf4db55b0c54c8094543761ceca35c1: Log matching property violated. Preceding OpId in replica: term: 1 index: 1. Preceding OpId from leader: term: 2 index: 2. (index mismatch)
I20260608 12:47:33.731369 25844 consensus_queue.cc:1048] T a483b5b37071408ea04a66afa6beb469 P 4cf4db55b0c54c8094543761ceca35c1 [LEADER]: Connected to new peer: Peer: permanent_uuid: "bd9526e434b04684b364680049669294" member_type: VOTER last_known_addr { host: "127.24.89.194" port: 32875 }, Status: LMP_MISMATCH, Last received: 0.0, Next index: 2, Last known committed idx: 1, Time since last communication: 0.000s
I20260608 12:47:33.750310 25604 raft_consensus.cc:1275] T a483b5b37071408ea04a66afa6beb469 P a5429d09ce4b4b4ca82ec4059604fd77 [term 2 FOLLOWER]: Refusing update from remote peer 4cf4db55b0c54c8094543761ceca35c1: Log matching property violated. Preceding OpId in replica: term: 1 index: 1. Preceding OpId from leader: term: 2 index: 2. (index mismatch)
I20260608 12:47:33.752140 25946 consensus_queue.cc:1048] T a483b5b37071408ea04a66afa6beb469 P 4cf4db55b0c54c8094543761ceca35c1 [LEADER]: Connected to new peer: Peer: permanent_uuid: "a5429d09ce4b4b4ca82ec4059604fd77" member_type: VOTER last_known_addr { host: "127.24.89.193" port: 36393 }, Status: LMP_MISMATCH, Last received: 0.0, Next index: 2, Last known committed idx: 1, Time since last communication: 0.000s
I20260608 12:47:33.977996 25680 raft_consensus.cc:1275] T 15f40bba27624619ba19d7278b17d1ab P bd9526e434b04684b364680049669294 [term 2 FOLLOWER]: Refusing update from remote peer a5429d09ce4b4b4ca82ec4059604fd77: Log matching property violated. Preceding OpId in replica: term: 1 index: 1. Preceding OpId from leader: term: 2 index: 2. (index mismatch)
I20260608 12:47:33.979709 25823 consensus_queue.cc:1048] T 15f40bba27624619ba19d7278b17d1ab P a5429d09ce4b4b4ca82ec4059604fd77 [LEADER]: Connected to new peer: Peer: permanent_uuid: "bd9526e434b04684b364680049669294" member_type: VOTER last_known_addr { host: "127.24.89.194" port: 32875 }, Status: LMP_MISMATCH, Last received: 0.0, Next index: 2, Last known committed idx: 1, Time since last communication: 0.000s
I20260608 12:47:33.993806 25753 raft_consensus.cc:1275] T 15f40bba27624619ba19d7278b17d1ab P 4cf4db55b0c54c8094543761ceca35c1 [term 2 FOLLOWER]: Refusing update from remote peer a5429d09ce4b4b4ca82ec4059604fd77: Log matching property violated. Preceding OpId in replica: term: 1 index: 1. Preceding OpId from leader: term: 2 index: 2. (index mismatch)
I20260608 12:47:33.995939 25952 consensus_queue.cc:1048] T 15f40bba27624619ba19d7278b17d1ab P a5429d09ce4b4b4ca82ec4059604fd77 [LEADER]: Connected to new peer: Peer: permanent_uuid: "4cf4db55b0c54c8094543761ceca35c1" member_type: VOTER last_known_addr { host: "127.24.89.195" port: 44631 }, Status: LMP_MISMATCH, Last received: 0.0, Next index: 2, Last known committed idx: 1, Time since last communication: 0.000s
I20260608 12:47:35.122438 25556 auto_leader_rebalancer.cc:140] leader rebalance for table test-workload
I20260608 12:47:35.141844 25753 tablet_service.cc:2072] Received LeaderStepDown RPC: tablet_id: "a483b5b37071408ea04a66afa6beb469"
dest_uuid: "4cf4db55b0c54c8094543761ceca35c1"
mode: GRACEFUL
new_leader_uuid: "bd9526e434b04684b364680049669294"
 from {username='slave'} at 127.0.0.1:57950
I20260608 12:47:35.142568 25753 raft_consensus.cc:606] T a483b5b37071408ea04a66afa6beb469 P 4cf4db55b0c54c8094543761ceca35c1 [term 2 LEADER]: Received request to transfer leadership to TS bd9526e434b04684b364680049669294
I20260608 12:47:35.143855 25556 auto_leader_rebalancer.cc:388] table: test-workload, leader rebalance finish, leader transfer count: 1
I20260608 12:47:35.144373 25556 auto_leader_rebalancer.cc:451] All tables' leader rebalancing finished this round
I20260608 12:47:35.274075 25968 raft_consensus.cc:993] T a483b5b37071408ea04a66afa6beb469 P 4cf4db55b0c54c8094543761ceca35c1: : Instructing follower bd9526e434b04684b364680049669294 to start an election
I20260608 12:47:35.274641 25968 raft_consensus.cc:1081] T a483b5b37071408ea04a66afa6beb469 P 4cf4db55b0c54c8094543761ceca35c1 [term 2 LEADER]: Signalling peer bd9526e434b04684b364680049669294 to start an election
I20260608 12:47:35.276407 25680 tablet_service.cc:2044] Received Run Leader Election RPC: tablet_id: "a483b5b37071408ea04a66afa6beb469"
dest_uuid: "bd9526e434b04684b364680049669294"
 from {username='slave'} at 127.0.0.1:50466
I20260608 12:47:35.276930 25680 raft_consensus.cc:493] T a483b5b37071408ea04a66afa6beb469 P bd9526e434b04684b364680049669294 [term 2 FOLLOWER]: Starting forced leader election (received explicit request)
I20260608 12:47:35.277307 25680 raft_consensus.cc:3060] T a483b5b37071408ea04a66afa6beb469 P bd9526e434b04684b364680049669294 [term 2 FOLLOWER]: Advancing to term 3
I20260608 12:47:35.282706 25680 raft_consensus.cc:515] T a483b5b37071408ea04a66afa6beb469 P bd9526e434b04684b364680049669294 [term 3 FOLLOWER]: Starting forced leader election with config: opid_index: -1 OBSOLETE_local: false peers { permanent_uuid: "a5429d09ce4b4b4ca82ec4059604fd77" member_type: VOTER last_known_addr { host: "127.24.89.193" port: 36393 } } peers { permanent_uuid: "bd9526e434b04684b364680049669294" member_type: VOTER last_known_addr { host: "127.24.89.194" port: 32875 } } peers { permanent_uuid: "4cf4db55b0c54c8094543761ceca35c1" member_type: VOTER last_known_addr { host: "127.24.89.195" port: 44631 } }
I20260608 12:47:35.284591 25680 leader_election.cc:290] T a483b5b37071408ea04a66afa6beb469 P bd9526e434b04684b364680049669294 [CANDIDATE]: Term 3 election: Requested vote from peers a5429d09ce4b4b4ca82ec4059604fd77 (127.24.89.193:36393), 4cf4db55b0c54c8094543761ceca35c1 (127.24.89.195:44631)
I20260608 12:47:35.285746 25753 tablet_service.cc:1917] Received RequestConsensusVote() RPC: tablet_id: "a483b5b37071408ea04a66afa6beb469" candidate_uuid: "bd9526e434b04684b364680049669294" candidate_term: 3 candidate_status { last_received { term: 2 index: 2 } } ignore_live_leader: true dest_uuid: "4cf4db55b0c54c8094543761ceca35c1"
I20260608 12:47:35.285557 25604 tablet_service.cc:1917] Received RequestConsensusVote() RPC: tablet_id: "a483b5b37071408ea04a66afa6beb469" candidate_uuid: "bd9526e434b04684b364680049669294" candidate_term: 3 candidate_status { last_received { term: 2 index: 2 } } ignore_live_leader: true dest_uuid: "a5429d09ce4b4b4ca82ec4059604fd77"
I20260608 12:47:35.286454 25753 raft_consensus.cc:3055] T a483b5b37071408ea04a66afa6beb469 P 4cf4db55b0c54c8094543761ceca35c1 [term 2 LEADER]: Stepping down as leader of term 2
I20260608 12:47:35.286576 25604 raft_consensus.cc:3060] T a483b5b37071408ea04a66afa6beb469 P a5429d09ce4b4b4ca82ec4059604fd77 [term 2 FOLLOWER]: Advancing to term 3
I20260608 12:47:35.286801 25753 raft_consensus.cc:740] T a483b5b37071408ea04a66afa6beb469 P 4cf4db55b0c54c8094543761ceca35c1 [term 2 LEADER]: Becoming Follower/Learner. State: Replica: 4cf4db55b0c54c8094543761ceca35c1, State: Running, Role: LEADER
I20260608 12:47:35.287655 25753 consensus_queue.cc:260] T a483b5b37071408ea04a66afa6beb469 P 4cf4db55b0c54c8094543761ceca35c1 [NON_LEADER]: Queue going to NON_LEADER mode. State: All replicated index: 0, Majority replicated index: 2, Committed index: 2, Last appended: 2.2, Last appended by leader: 2, Current term: 2, Majority size: -1, State: 0, Mode: NON_LEADER, active raft config: opid_index: -1 OBSOLETE_local: false peers { permanent_uuid: "a5429d09ce4b4b4ca82ec4059604fd77" member_type: VOTER last_known_addr { host: "127.24.89.193" port: 36393 } } peers { permanent_uuid: "bd9526e434b04684b364680049669294" member_type: VOTER last_known_addr { host: "127.24.89.194" port: 32875 } } peers { permanent_uuid: "4cf4db55b0c54c8094543761ceca35c1" member_type: VOTER last_known_addr { host: "127.24.89.195" port: 44631 } }
I20260608 12:47:35.288631 25753 raft_consensus.cc:3060] T a483b5b37071408ea04a66afa6beb469 P 4cf4db55b0c54c8094543761ceca35c1 [term 2 FOLLOWER]: Advancing to term 3
I20260608 12:47:35.291929 25604 raft_consensus.cc:2468] T a483b5b37071408ea04a66afa6beb469 P a5429d09ce4b4b4ca82ec4059604fd77 [term 3 FOLLOWER]: Leader election vote request: Granting yes vote for candidate bd9526e434b04684b364680049669294 in term 3.
I20260608 12:47:35.293303 25645 leader_election.cc:304] T a483b5b37071408ea04a66afa6beb469 P bd9526e434b04684b364680049669294 [CANDIDATE]: Term 3 election: Election decided. Result: candidate won. Election summary: received 2 responses out of 3 voters: 2 yes votes; 0 no votes. yes voters: a5429d09ce4b4b4ca82ec4059604fd77, bd9526e434b04684b364680049669294; no voters: 
I20260608 12:47:35.294019 25753 raft_consensus.cc:2468] T a483b5b37071408ea04a66afa6beb469 P 4cf4db55b0c54c8094543761ceca35c1 [term 3 FOLLOWER]: Leader election vote request: Granting yes vote for candidate bd9526e434b04684b364680049669294 in term 3.
I20260608 12:47:35.294369 25805 raft_consensus.cc:2804] T a483b5b37071408ea04a66afa6beb469 P bd9526e434b04684b364680049669294 [term 3 FOLLOWER]: Leader election won for term 3
I20260608 12:47:35.295466 25805 raft_consensus.cc:697] T a483b5b37071408ea04a66afa6beb469 P bd9526e434b04684b364680049669294 [term 3 LEADER]: Becoming Leader. State: Replica: bd9526e434b04684b364680049669294, State: Running, Role: LEADER
I20260608 12:47:35.296329 25805 consensus_queue.cc:237] T a483b5b37071408ea04a66afa6beb469 P bd9526e434b04684b364680049669294 [LEADER]: Queue going to LEADER mode. State: All replicated index: 0, Majority replicated index: 2, Committed index: 2, Last appended: 2.2, Last appended by leader: 2, Current term: 3, Majority size: 2, State: 0, Mode: LEADER, active raft config: opid_index: -1 OBSOLETE_local: false peers { permanent_uuid: "a5429d09ce4b4b4ca82ec4059604fd77" member_type: VOTER last_known_addr { host: "127.24.89.193" port: 36393 } } peers { permanent_uuid: "bd9526e434b04684b364680049669294" member_type: VOTER last_known_addr { host: "127.24.89.194" port: 32875 } } peers { permanent_uuid: "4cf4db55b0c54c8094543761ceca35c1" member_type: VOTER last_known_addr { host: "127.24.89.195" port: 44631 } }
I20260608 12:47:35.304030 25500 catalog_manager.cc:5696] T a483b5b37071408ea04a66afa6beb469 P bd9526e434b04684b364680049669294 reported cstate change: term changed from 2 to 3, leader changed from 4cf4db55b0c54c8094543761ceca35c1 (127.24.89.195) to bd9526e434b04684b364680049669294 (127.24.89.194). New cstate: current_term: 3 leader_uuid: "bd9526e434b04684b364680049669294" committed_config { opid_index: -1 OBSOLETE_local: false peers { permanent_uuid: "a5429d09ce4b4b4ca82ec4059604fd77" member_type: VOTER last_known_addr { host: "127.24.89.193" port: 36393 } health_report { overall_health: UNKNOWN } } peers { permanent_uuid: "bd9526e434b04684b364680049669294" member_type: VOTER last_known_addr { host: "127.24.89.194" port: 32875 } health_report { overall_health: HEALTHY } } peers { permanent_uuid: "4cf4db55b0c54c8094543761ceca35c1" member_type: VOTER last_known_addr { host: "127.24.89.195" port: 44631 } health_report { overall_health: UNKNOWN } } }
I20260608 12:47:35.850905 25753 raft_consensus.cc:1275] T a483b5b37071408ea04a66afa6beb469 P 4cf4db55b0c54c8094543761ceca35c1 [term 3 FOLLOWER]: Refusing update from remote peer bd9526e434b04684b364680049669294: Log matching property violated. Preceding OpId in replica: term: 2 index: 2. Preceding OpId from leader: term: 3 index: 3. (index mismatch)
I20260608 12:47:35.852408 25805 consensus_queue.cc:1048] T a483b5b37071408ea04a66afa6beb469 P bd9526e434b04684b364680049669294 [LEADER]: Connected to new peer: Peer: permanent_uuid: "4cf4db55b0c54c8094543761ceca35c1" member_type: VOTER last_known_addr { host: "127.24.89.195" port: 44631 }, Status: LMP_MISMATCH, Last received: 0.0, Next index: 3, Last known committed idx: 2, Time since last communication: 0.000s
I20260608 12:47:35.863467 25604 raft_consensus.cc:1275] T a483b5b37071408ea04a66afa6beb469 P a5429d09ce4b4b4ca82ec4059604fd77 [term 3 FOLLOWER]: Refusing update from remote peer bd9526e434b04684b364680049669294: Log matching property violated. Preceding OpId in replica: term: 2 index: 2. Preceding OpId from leader: term: 3 index: 3. (index mismatch)
I20260608 12:47:35.865427 25805 consensus_queue.cc:1048] T a483b5b37071408ea04a66afa6beb469 P bd9526e434b04684b364680049669294 [LEADER]: Connected to new peer: Peer: permanent_uuid: "a5429d09ce4b4b4ca82ec4059604fd77" member_type: VOTER last_known_addr { host: "127.24.89.193" port: 36393 }, Status: LMP_MISMATCH, Last received: 0.0, Next index: 3, Last known committed idx: 2, Time since last communication: 0.000s
I20260608 12:47:37.123028 25605 consensus_queue.cc:237] T 8d4b0927990341b6887751dc2ae16c62 P a5429d09ce4b4b4ca82ec4059604fd77 [LEADER]: Queue going to LEADER mode. State: All replicated index: 0, Majority replicated index: 1, Committed index: 1, Last appended: 1.1, Last appended by leader: 0, Current term: 1, Majority size: 2, State: 0, Mode: LEADER, active raft config: opid_index: 2 OBSOLETE_local: false peers { permanent_uuid: "a5429d09ce4b4b4ca82ec4059604fd77" member_type: VOTER last_known_addr { host: "127.24.89.193" port: 36393 } } peers { permanent_uuid: "bd9526e434b04684b364680049669294" member_type: VOTER last_known_addr { host: "127.24.89.194" port: 32875 } attrs { replace: true } } peers { permanent_uuid: "4cf4db55b0c54c8094543761ceca35c1" member_type: VOTER last_known_addr { host: "127.24.89.195" port: 44631 } } peers { permanent_uuid: "2f585ed9ca864c81a8253b65bfb14077" member_type: NON_VOTER last_known_addr { host: "127.24.89.196" port: 43985 } attrs { promote: true } }
I20260608 12:47:37.133687 25680 raft_consensus.cc:1275] T 8d4b0927990341b6887751dc2ae16c62 P bd9526e434b04684b364680049669294 [term 1 FOLLOWER]: Refusing update from remote peer a5429d09ce4b4b4ca82ec4059604fd77: Log matching property violated. Preceding OpId in replica: term: 1 index: 1. Preceding OpId from leader: term: 1 index: 2. (index mismatch)
I20260608 12:47:37.133935 25753 raft_consensus.cc:1275] T 8d4b0927990341b6887751dc2ae16c62 P 4cf4db55b0c54c8094543761ceca35c1 [term 1 FOLLOWER]: Refusing update from remote peer a5429d09ce4b4b4ca82ec4059604fd77: Log matching property violated. Preceding OpId in replica: term: 1 index: 1. Preceding OpId from leader: term: 1 index: 2. (index mismatch)
I20260608 12:47:37.135416 25985 consensus_queue.cc:1048] T 8d4b0927990341b6887751dc2ae16c62 P a5429d09ce4b4b4ca82ec4059604fd77 [LEADER]: Connected to new peer: Peer: permanent_uuid: "bd9526e434b04684b364680049669294" member_type: VOTER last_known_addr { host: "127.24.89.194" port: 32875 } attrs { replace: true }, Status: LMP_MISMATCH, Last received: 0.0, Next index: 2, Last known committed idx: 1, Time since last communication: 0.001s
I20260608 12:47:37.136689 25952 consensus_queue.cc:1048] T 8d4b0927990341b6887751dc2ae16c62 P a5429d09ce4b4b4ca82ec4059604fd77 [LEADER]: Connected to new peer: Peer: permanent_uuid: "4cf4db55b0c54c8094543761ceca35c1" member_type: VOTER last_known_addr { host: "127.24.89.195" port: 44631 }, Status: LMP_MISMATCH, Last received: 0.0, Next index: 2, Last known committed idx: 1, Time since last communication: 0.001s
I20260608 12:47:37.145416 25556 auto_leader_rebalancer.cc:140] leader rebalance for table test-workload
W20260608 12:47:37.150269 25571 consensus_peers.cc:597] T 8d4b0927990341b6887751dc2ae16c62 P a5429d09ce4b4b4ca82ec4059604fd77 -> Peer 2f585ed9ca864c81a8253b65bfb14077 (127.24.89.196:43985): Couldn't send request to peer 2f585ed9ca864c81a8253b65bfb14077. Error code: TABLET_NOT_FOUND (6). Status: Not found: Tablet not found: 8d4b0927990341b6887751dc2ae16c62. This is attempt 1: this message will repeat every 5th retry.
I20260608 12:47:37.152993 25952 raft_consensus.cc:2955] T 8d4b0927990341b6887751dc2ae16c62 P a5429d09ce4b4b4ca82ec4059604fd77 [term 1 LEADER]: Committing config change with OpId 1.2: config changed from index -1 to 2, NON_VOTER 2f585ed9ca864c81a8253b65bfb14077 (127.24.89.196) added. New config: { opid_index: 2 OBSOLETE_local: false peers { permanent_uuid: "a5429d09ce4b4b4ca82ec4059604fd77" member_type: VOTER last_known_addr { host: "127.24.89.193" port: 36393 } } peers { permanent_uuid: "bd9526e434b04684b364680049669294" member_type: VOTER last_known_addr { host: "127.24.89.194" port: 32875 } attrs { replace: true } } peers { permanent_uuid: "4cf4db55b0c54c8094543761ceca35c1" member_type: VOTER last_known_addr { host: "127.24.89.195" port: 44631 } } peers { permanent_uuid: "2f585ed9ca864c81a8253b65bfb14077" member_type: NON_VOTER last_known_addr { host: "127.24.89.196" port: 43985 } attrs { promote: true } } }
I20260608 12:47:37.160411 25679 tablet_service.cc:2072] Received LeaderStepDown RPC: tablet_id: "a483b5b37071408ea04a66afa6beb469"
dest_uuid: "bd9526e434b04684b364680049669294"
mode: GRACEFUL
new_leader_uuid: "4cf4db55b0c54c8094543761ceca35c1"
 from {username='slave'} at 127.0.0.1:50808
I20260608 12:47:37.161229 25679 raft_consensus.cc:606] T a483b5b37071408ea04a66afa6beb469 P bd9526e434b04684b364680049669294 [term 3 LEADER]: Received request to transfer leadership to TS 4cf4db55b0c54c8094543761ceca35c1
I20260608 12:47:37.160741 25680 raft_consensus.cc:2955] T 8d4b0927990341b6887751dc2ae16c62 P bd9526e434b04684b364680049669294 [term 1 FOLLOWER]: Committing config change with OpId 1.2: config changed from index -1 to 2, NON_VOTER 2f585ed9ca864c81a8253b65bfb14077 (127.24.89.196) added. New config: { opid_index: 2 OBSOLETE_local: false peers { permanent_uuid: "a5429d09ce4b4b4ca82ec4059604fd77" member_type: VOTER last_known_addr { host: "127.24.89.193" port: 36393 } } peers { permanent_uuid: "bd9526e434b04684b364680049669294" member_type: VOTER last_known_addr { host: "127.24.89.194" port: 32875 } attrs { replace: true } } peers { permanent_uuid: "4cf4db55b0c54c8094543761ceca35c1" member_type: VOTER last_known_addr { host: "127.24.89.195" port: 44631 } } peers { permanent_uuid: "2f585ed9ca864c81a8253b65bfb14077" member_type: NON_VOTER last_known_addr { host: "127.24.89.196" port: 43985 } attrs { promote: true } } }
I20260608 12:47:37.163473 25556 auto_leader_rebalancer.cc:388] table: test-workload, leader rebalance finish, leader transfer count: 1
I20260608 12:47:37.164194 25556 auto_leader_rebalancer.cc:451] All tables' leader rebalancing finished this round
I20260608 12:47:37.164312 25753 raft_consensus.cc:2955] T 8d4b0927990341b6887751dc2ae16c62 P 4cf4db55b0c54c8094543761ceca35c1 [term 1 FOLLOWER]: Committing config change with OpId 1.2: config changed from index -1 to 2, NON_VOTER 2f585ed9ca864c81a8253b65bfb14077 (127.24.89.196) added. New config: { opid_index: 2 OBSOLETE_local: false peers { permanent_uuid: "a5429d09ce4b4b4ca82ec4059604fd77" member_type: VOTER last_known_addr { host: "127.24.89.193" port: 36393 } } peers { permanent_uuid: "bd9526e434b04684b364680049669294" member_type: VOTER last_known_addr { host: "127.24.89.194" port: 32875 } attrs { replace: true } } peers { permanent_uuid: "4cf4db55b0c54c8094543761ceca35c1" member_type: VOTER last_known_addr { host: "127.24.89.195" port: 44631 } } peers { permanent_uuid: "2f585ed9ca864c81a8253b65bfb14077" member_type: NON_VOTER last_known_addr { host: "127.24.89.196" port: 43985 } attrs { promote: true } } }
I20260608 12:47:37.173823 25502 catalog_manager.cc:5696] T 8d4b0927990341b6887751dc2ae16c62 P a5429d09ce4b4b4ca82ec4059604fd77 reported cstate change: config changed from index -1 to 2, NON_VOTER 2f585ed9ca864c81a8253b65bfb14077 (127.24.89.196) added. New cstate: current_term: 1 leader_uuid: "a5429d09ce4b4b4ca82ec4059604fd77" committed_config { opid_index: 2 OBSOLETE_local: false peers { permanent_uuid: "a5429d09ce4b4b4ca82ec4059604fd77" member_type: VOTER last_known_addr { host: "127.24.89.193" port: 36393 } health_report { overall_health: HEALTHY } } peers { permanent_uuid: "bd9526e434b04684b364680049669294" member_type: VOTER last_known_addr { host: "127.24.89.194" port: 32875 } attrs { replace: true } health_report { overall_health: HEALTHY } } peers { permanent_uuid: "4cf4db55b0c54c8094543761ceca35c1" member_type: VOTER last_known_addr { host: "127.24.89.195" port: 44631 } health_report { overall_health: HEALTHY } } peers { permanent_uuid: "2f585ed9ca864c81a8253b65bfb14077" member_type: NON_VOTER last_known_addr { host: "127.24.89.196" port: 43985 } attrs { promote: true } health_report { overall_health: UNKNOWN } } }
I20260608 12:47:37.189065 25680 consensus_queue.cc:237] T 517bd38ea64e49649341c814c08cf81b P bd9526e434b04684b364680049669294 [LEADER]: Queue going to LEADER mode. State: All replicated index: 0, Majority replicated index: 1, Committed index: 1, Last appended: 1.1, Last appended by leader: 0, Current term: 1, Majority size: 2, State: 0, Mode: LEADER, active raft config: opid_index: 2 OBSOLETE_local: false peers { permanent_uuid: "a5429d09ce4b4b4ca82ec4059604fd77" member_type: VOTER last_known_addr { host: "127.24.89.193" port: 36393 } } peers { permanent_uuid: "bd9526e434b04684b364680049669294" member_type: VOTER last_known_addr { host: "127.24.89.194" port: 32875 } } peers { permanent_uuid: "4cf4db55b0c54c8094543761ceca35c1" member_type: VOTER last_known_addr { host: "127.24.89.195" port: 44631 } attrs { replace: true } } peers { permanent_uuid: "2f585ed9ca864c81a8253b65bfb14077" member_type: NON_VOTER last_known_addr { host: "127.24.89.196" port: 43985 } attrs { promote: true } }
I20260608 12:47:37.198611 25753 raft_consensus.cc:1275] T 517bd38ea64e49649341c814c08cf81b P 4cf4db55b0c54c8094543761ceca35c1 [term 1 FOLLOWER]: Refusing update from remote peer bd9526e434b04684b364680049669294: Log matching property violated. Preceding OpId in replica: term: 1 index: 1. Preceding OpId from leader: term: 1 index: 2. (index mismatch)
I20260608 12:47:37.203413 25605 raft_consensus.cc:1275] T 517bd38ea64e49649341c814c08cf81b P a5429d09ce4b4b4ca82ec4059604fd77 [term 1 FOLLOWER]: Refusing update from remote peer bd9526e434b04684b364680049669294: Log matching property violated. Preceding OpId in replica: term: 1 index: 1. Preceding OpId from leader: term: 1 index: 2. (index mismatch)
I20260608 12:47:37.204691 25976 consensus_queue.cc:1048] T 517bd38ea64e49649341c814c08cf81b P bd9526e434b04684b364680049669294 [LEADER]: Connected to new peer: Peer: permanent_uuid: "4cf4db55b0c54c8094543761ceca35c1" member_type: VOTER last_known_addr { host: "127.24.89.195" port: 44631 } attrs { replace: true }, Status: LMP_MISMATCH, Last received: 0.0, Next index: 2, Last known committed idx: 1, Time since last communication: 0.001s
I20260608 12:47:37.205873 25997 consensus_queue.cc:1048] T 517bd38ea64e49649341c814c08cf81b P bd9526e434b04684b364680049669294 [LEADER]: Connected to new peer: Peer: permanent_uuid: "a5429d09ce4b4b4ca82ec4059604fd77" member_type: VOTER last_known_addr { host: "127.24.89.193" port: 36393 }, Status: LMP_MISMATCH, Last received: 0.0, Next index: 2, Last known committed idx: 1, Time since last communication: 0.001s
W20260608 12:47:37.218391 25646 consensus_peers.cc:597] T 517bd38ea64e49649341c814c08cf81b P bd9526e434b04684b364680049669294 -> Peer 2f585ed9ca864c81a8253b65bfb14077 (127.24.89.196:43985): Couldn't send request to peer 2f585ed9ca864c81a8253b65bfb14077. Error code: TABLET_NOT_FOUND (6). Status: Not found: Tablet not found: 517bd38ea64e49649341c814c08cf81b. This is attempt 1: this message will repeat every 5th retry.
I20260608 12:47:37.220002 25997 raft_consensus.cc:2955] T 517bd38ea64e49649341c814c08cf81b P bd9526e434b04684b364680049669294 [term 1 LEADER]: Committing config change with OpId 1.2: config changed from index -1 to 2, NON_VOTER 2f585ed9ca864c81a8253b65bfb14077 (127.24.89.196) added. New config: { opid_index: 2 OBSOLETE_local: false peers { permanent_uuid: "a5429d09ce4b4b4ca82ec4059604fd77" member_type: VOTER last_known_addr { host: "127.24.89.193" port: 36393 } } peers { permanent_uuid: "bd9526e434b04684b364680049669294" member_type: VOTER last_known_addr { host: "127.24.89.194" port: 32875 } } peers { permanent_uuid: "4cf4db55b0c54c8094543761ceca35c1" member_type: VOTER last_known_addr { host: "127.24.89.195" port: 44631 } attrs { replace: true } } peers { permanent_uuid: "2f585ed9ca864c81a8253b65bfb14077" member_type: NON_VOTER last_known_addr { host: "127.24.89.196" port: 43985 } attrs { promote: true } } }
I20260608 12:47:37.221861 25753 raft_consensus.cc:2955] T 517bd38ea64e49649341c814c08cf81b P 4cf4db55b0c54c8094543761ceca35c1 [term 1 FOLLOWER]: Committing config change with OpId 1.2: config changed from index -1 to 2, NON_VOTER 2f585ed9ca864c81a8253b65bfb14077 (127.24.89.196) added. New config: { opid_index: 2 OBSOLETE_local: false peers { permanent_uuid: "a5429d09ce4b4b4ca82ec4059604fd77" member_type: VOTER last_known_addr { host: "127.24.89.193" port: 36393 } } peers { permanent_uuid: "bd9526e434b04684b364680049669294" member_type: VOTER last_known_addr { host: "127.24.89.194" port: 32875 } } peers { permanent_uuid: "4cf4db55b0c54c8094543761ceca35c1" member_type: VOTER last_known_addr { host: "127.24.89.195" port: 44631 } attrs { replace: true } } peers { permanent_uuid: "2f585ed9ca864c81a8253b65bfb14077" member_type: NON_VOTER last_known_addr { host: "127.24.89.196" port: 43985 } attrs { promote: true } } }
I20260608 12:47:37.223915 25605 raft_consensus.cc:2955] T 517bd38ea64e49649341c814c08cf81b P a5429d09ce4b4b4ca82ec4059604fd77 [term 1 FOLLOWER]: Committing config change with OpId 1.2: config changed from index -1 to 2, NON_VOTER 2f585ed9ca864c81a8253b65bfb14077 (127.24.89.196) added. New config: { opid_index: 2 OBSOLETE_local: false peers { permanent_uuid: "a5429d09ce4b4b4ca82ec4059604fd77" member_type: VOTER last_known_addr { host: "127.24.89.193" port: 36393 } } peers { permanent_uuid: "bd9526e434b04684b364680049669294" member_type: VOTER last_known_addr { host: "127.24.89.194" port: 32875 } } peers { permanent_uuid: "4cf4db55b0c54c8094543761ceca35c1" member_type: VOTER last_known_addr { host: "127.24.89.195" port: 44631 } attrs { replace: true } } peers { permanent_uuid: "2f585ed9ca864c81a8253b65bfb14077" member_type: NON_VOTER last_known_addr { host: "127.24.89.196" port: 43985 } attrs { promote: true } } }
I20260608 12:47:37.236747 25503 catalog_manager.cc:5696] T 517bd38ea64e49649341c814c08cf81b P a5429d09ce4b4b4ca82ec4059604fd77 reported cstate change: config changed from index -1 to 2, NON_VOTER 2f585ed9ca864c81a8253b65bfb14077 (127.24.89.196) added. New cstate: current_term: 1 leader_uuid: "bd9526e434b04684b364680049669294" committed_config { opid_index: 2 OBSOLETE_local: false peers { permanent_uuid: "a5429d09ce4b4b4ca82ec4059604fd77" member_type: VOTER last_known_addr { host: "127.24.89.193" port: 36393 } } peers { permanent_uuid: "bd9526e434b04684b364680049669294" member_type: VOTER last_known_addr { host: "127.24.89.194" port: 32875 } } peers { permanent_uuid: "4cf4db55b0c54c8094543761ceca35c1" member_type: VOTER last_known_addr { host: "127.24.89.195" port: 44631 } attrs { replace: true } } peers { permanent_uuid: "2f585ed9ca864c81a8253b65bfb14077" member_type: NON_VOTER last_known_addr { host: "127.24.89.196" port: 43985 } attrs { promote: true } } }
I20260608 12:47:37.237874 25680 consensus_queue.cc:237] T da1358376d9644bfbb67842f94546d2d P bd9526e434b04684b364680049669294 [LEADER]: Queue going to LEADER mode. State: All replicated index: 0, Majority replicated index: 1, Committed index: 1, Last appended: 1.1, Last appended by leader: 0, Current term: 1, Majority size: 2, State: 0, Mode: LEADER, active raft config: opid_index: 2 OBSOLETE_local: false peers { permanent_uuid: "a5429d09ce4b4b4ca82ec4059604fd77" member_type: VOTER last_known_addr { host: "127.24.89.193" port: 36393 } attrs { replace: true } } peers { permanent_uuid: "bd9526e434b04684b364680049669294" member_type: VOTER last_known_addr { host: "127.24.89.194" port: 32875 } } peers { permanent_uuid: "4cf4db55b0c54c8094543761ceca35c1" member_type: VOTER last_known_addr { host: "127.24.89.195" port: 44631 } } peers { permanent_uuid: "2f585ed9ca864c81a8253b65bfb14077" member_type: NON_VOTER last_known_addr { host: "127.24.89.196" port: 43985 } attrs { promote: true } }
I20260608 12:47:37.264312 25605 raft_consensus.cc:1275] T da1358376d9644bfbb67842f94546d2d P a5429d09ce4b4b4ca82ec4059604fd77 [term 1 FOLLOWER]: Refusing update from remote peer bd9526e434b04684b364680049669294: Log matching property violated. Preceding OpId in replica: term: 1 index: 1. Preceding OpId from leader: term: 1 index: 2. (index mismatch)
I20260608 12:47:37.264956 25753 raft_consensus.cc:1275] T da1358376d9644bfbb67842f94546d2d P 4cf4db55b0c54c8094543761ceca35c1 [term 1 FOLLOWER]: Refusing update from remote peer bd9526e434b04684b364680049669294: Log matching property violated. Preceding OpId in replica: term: 1 index: 1. Preceding OpId from leader: term: 1 index: 2. (index mismatch)
I20260608 12:47:37.266868 26002 consensus_queue.cc:1048] T da1358376d9644bfbb67842f94546d2d P bd9526e434b04684b364680049669294 [LEADER]: Connected to new peer: Peer: permanent_uuid: "4cf4db55b0c54c8094543761ceca35c1" member_type: VOTER last_known_addr { host: "127.24.89.195" port: 44631 }, Status: LMP_MISMATCH, Last received: 0.0, Next index: 2, Last known committed idx: 1, Time since last communication: 0.001s
W20260608 12:47:37.270325 25646 consensus_peers.cc:597] T da1358376d9644bfbb67842f94546d2d P bd9526e434b04684b364680049669294 -> Peer 2f585ed9ca864c81a8253b65bfb14077 (127.24.89.196:43985): Couldn't send request to peer 2f585ed9ca864c81a8253b65bfb14077. Error code: TABLET_NOT_FOUND (6). Status: Not found: Tablet not found: da1358376d9644bfbb67842f94546d2d. This is attempt 1: this message will repeat every 5th retry.
I20260608 12:47:37.271791 25976 consensus_queue.cc:1048] T da1358376d9644bfbb67842f94546d2d P bd9526e434b04684b364680049669294 [LEADER]: Connected to new peer: Peer: permanent_uuid: "a5429d09ce4b4b4ca82ec4059604fd77" member_type: VOTER last_known_addr { host: "127.24.89.193" port: 36393 } attrs { replace: true }, Status: LMP_MISMATCH, Last received: 0.0, Next index: 2, Last known committed idx: 1, Time since last communication: 0.000s
I20260608 12:47:37.278499 26002 raft_consensus.cc:993] T a483b5b37071408ea04a66afa6beb469 P bd9526e434b04684b364680049669294: : Instructing follower 4cf4db55b0c54c8094543761ceca35c1 to start an election
I20260608 12:47:37.279093 26002 raft_consensus.cc:1081] T a483b5b37071408ea04a66afa6beb469 P bd9526e434b04684b364680049669294 [term 3 LEADER]: Signalling peer 4cf4db55b0c54c8094543761ceca35c1 to start an election
I20260608 12:47:37.280756 26002 raft_consensus.cc:2955] T da1358376d9644bfbb67842f94546d2d P bd9526e434b04684b364680049669294 [term 1 LEADER]: Committing config change with OpId 1.2: config changed from index -1 to 2, NON_VOTER 2f585ed9ca864c81a8253b65bfb14077 (127.24.89.196) added. New config: { opid_index: 2 OBSOLETE_local: false peers { permanent_uuid: "a5429d09ce4b4b4ca82ec4059604fd77" member_type: VOTER last_known_addr { host: "127.24.89.193" port: 36393 } attrs { replace: true } } peers { permanent_uuid: "bd9526e434b04684b364680049669294" member_type: VOTER last_known_addr { host: "127.24.89.194" port: 32875 } } peers { permanent_uuid: "4cf4db55b0c54c8094543761ceca35c1" member_type: VOTER last_known_addr { host: "127.24.89.195" port: 44631 } } peers { permanent_uuid: "2f585ed9ca864c81a8253b65bfb14077" member_type: NON_VOTER last_known_addr { host: "127.24.89.196" port: 43985 } attrs { promote: true } } }
I20260608 12:47:37.282909 25753 tablet_service.cc:2044] Received Run Leader Election RPC: tablet_id: "a483b5b37071408ea04a66afa6beb469"
dest_uuid: "4cf4db55b0c54c8094543761ceca35c1"
 from {username='slave'} at 127.0.0.1:50014
I20260608 12:47:37.283514 25753 raft_consensus.cc:493] T a483b5b37071408ea04a66afa6beb469 P 4cf4db55b0c54c8094543761ceca35c1 [term 3 FOLLOWER]: Starting forced leader election (received explicit request)
I20260608 12:47:37.284037 25753 raft_consensus.cc:3060] T a483b5b37071408ea04a66afa6beb469 P 4cf4db55b0c54c8094543761ceca35c1 [term 3 FOLLOWER]: Advancing to term 4
I20260608 12:47:37.283566 25754 raft_consensus.cc:2955] T da1358376d9644bfbb67842f94546d2d P 4cf4db55b0c54c8094543761ceca35c1 [term 1 FOLLOWER]: Committing config change with OpId 1.2: config changed from index -1 to 2, NON_VOTER 2f585ed9ca864c81a8253b65bfb14077 (127.24.89.196) added. New config: { opid_index: 2 OBSOLETE_local: false peers { permanent_uuid: "a5429d09ce4b4b4ca82ec4059604fd77" member_type: VOTER last_known_addr { host: "127.24.89.193" port: 36393 } attrs { replace: true } } peers { permanent_uuid: "bd9526e434b04684b364680049669294" member_type: VOTER last_known_addr { host: "127.24.89.194" port: 32875 } } peers { permanent_uuid: "4cf4db55b0c54c8094543761ceca35c1" member_type: VOTER last_known_addr { host: "127.24.89.195" port: 44631 } } peers { permanent_uuid: "2f585ed9ca864c81a8253b65bfb14077" member_type: NON_VOTER last_known_addr { host: "127.24.89.196" port: 43985 } attrs { promote: true } } }
I20260608 12:47:37.290864 25753 raft_consensus.cc:515] T a483b5b37071408ea04a66afa6beb469 P 4cf4db55b0c54c8094543761ceca35c1 [term 4 FOLLOWER]: Starting forced leader election with config: opid_index: -1 OBSOLETE_local: false peers { permanent_uuid: "a5429d09ce4b4b4ca82ec4059604fd77" member_type: VOTER last_known_addr { host: "127.24.89.193" port: 36393 } } peers { permanent_uuid: "bd9526e434b04684b364680049669294" member_type: VOTER last_known_addr { host: "127.24.89.194" port: 32875 } } peers { permanent_uuid: "4cf4db55b0c54c8094543761ceca35c1" member_type: VOTER last_known_addr { host: "127.24.89.195" port: 44631 } }
I20260608 12:47:37.296999 25753 leader_election.cc:290] T a483b5b37071408ea04a66afa6beb469 P 4cf4db55b0c54c8094543761ceca35c1 [CANDIDATE]: Term 4 election: Requested vote from peers a5429d09ce4b4b4ca82ec4059604fd77 (127.24.89.193:36393), bd9526e434b04684b364680049669294 (127.24.89.194:32875)
