I20260608 12:48:50.479799 27943 raft_consensus.cc:2955] T ada30d74559c42d4bea7a9aaf4b103f6 P b19dd66f3d744b4cbf98e66765c8dbbe [term 2 FOLLOWER]: Committing config change with OpId 2.3: config changed from index -1 to 3, NON_VOTER fd0f49cfa6064b979b393fddacf278d8 (127.24.89.68) added. New config: { opid_index: 3 OBSOLETE_local: false peers { permanent_uuid: "9604abe123b049bf86296f5bff72def0" member_type: VOTER last_known_addr { host: "127.24.89.66" port: 43317 } attrs { replace: true } } peers { permanent_uuid: "b19dd66f3d744b4cbf98e66765c8dbbe" member_type: VOTER last_known_addr { host: "127.24.89.65" port: 45975 } } peers { permanent_uuid: "b9b006d7421b47b393ca025b31633ee4" member_type: VOTER last_known_addr { host: "127.24.89.67" port: 34119 } } peers { permanent_uuid: "fd0f49cfa6064b979b393fddacf278d8" member_type: NON_VOTER last_known_addr { host: "127.24.89.68" port: 34559 } attrs { promote: true } } }
I20260608 12:48:50.482620 28019 raft_consensus.cc:2955] T ada30d74559c42d4bea7a9aaf4b103f6 P 9604abe123b049bf86296f5bff72def0 [term 2 FOLLOWER]: Committing config change with OpId 2.3: config changed from index -1 to 3, NON_VOTER fd0f49cfa6064b979b393fddacf278d8 (127.24.89.68) added. New config: { opid_index: 3 OBSOLETE_local: false peers { permanent_uuid: "9604abe123b049bf86296f5bff72def0" member_type: VOTER last_known_addr { host: "127.24.89.66" port: 43317 } attrs { replace: true } } peers { permanent_uuid: "b19dd66f3d744b4cbf98e66765c8dbbe" member_type: VOTER last_known_addr { host: "127.24.89.65" port: 45975 } } peers { permanent_uuid: "b9b006d7421b47b393ca025b31633ee4" member_type: VOTER last_known_addr { host: "127.24.89.67" port: 34119 } } peers { permanent_uuid: "fd0f49cfa6064b979b393fddacf278d8" member_type: NON_VOTER last_known_addr { host: "127.24.89.68" port: 34559 } attrs { promote: true } } }
I20260608 12:48:50.492046 27841 catalog_manager.cc:5696] T ada30d74559c42d4bea7a9aaf4b103f6 P b9b006d7421b47b393ca025b31633ee4 reported cstate change: config changed from index -1 to 3, NON_VOTER fd0f49cfa6064b979b393fddacf278d8 (127.24.89.68) added. New cstate: current_term: 2 leader_uuid: "b9b006d7421b47b393ca025b31633ee4" committed_config { opid_index: 3 OBSOLETE_local: false peers { permanent_uuid: "9604abe123b049bf86296f5bff72def0" member_type: VOTER last_known_addr { host: "127.24.89.66" port: 43317 } attrs { replace: true } health_report { overall_health: HEALTHY } } peers { permanent_uuid: "b19dd66f3d744b4cbf98e66765c8dbbe" member_type: VOTER last_known_addr { host: "127.24.89.65" port: 45975 } health_report { overall_health: HEALTHY } } peers { permanent_uuid: "b9b006d7421b47b393ca025b31633ee4" member_type: VOTER last_known_addr { host: "127.24.89.67" port: 34119 } health_report { overall_health: HEALTHY } } peers { permanent_uuid: "fd0f49cfa6064b979b393fddacf278d8" member_type: NON_VOTER last_known_addr { host: "127.24.89.68" port: 34559 } attrs { promote: true } health_report { overall_health: UNKNOWN } } }
I20260608 12:48:50.494684 28094 consensus_queue.cc:237] T 007362662b304172849ef2bb435b30dc P b9b006d7421b47b393ca025b31633ee4 [LEADER]: Queue going to LEADER mode. State: All replicated index: 0, Majority replicated index: 1, Committed index: 1, Last appended: 1.1, Last appended by leader: 0, Current term: 1, Majority size: 2, State: 0, Mode: LEADER, active raft config: opid_index: 2 OBSOLETE_local: false peers { permanent_uuid: "b9b006d7421b47b393ca025b31633ee4" member_type: VOTER last_known_addr { host: "127.24.89.67" port: 34119 } } peers { permanent_uuid: "b19dd66f3d744b4cbf98e66765c8dbbe" member_type: VOTER last_known_addr { host: "127.24.89.65" port: 45975 } } peers { permanent_uuid: "fd0f49cfa6064b979b393fddacf278d8" member_type: VOTER last_known_addr { host: "127.24.89.68" port: 34559 } attrs { replace: true } } peers { permanent_uuid: "9604abe123b049bf86296f5bff72def0" member_type: NON_VOTER last_known_addr { host: "127.24.89.66" port: 43317 } attrs { promote: true } }
I20260608 12:48:50.503176 28258 raft_consensus.cc:1275] T 007362662b304172849ef2bb435b30dc P fd0f49cfa6064b979b393fddacf278d8 [term 1 FOLLOWER]: Refusing update from remote peer b9b006d7421b47b393ca025b31633ee4: Log matching property violated. Preceding OpId in replica: term: 1 index: 1. Preceding OpId from leader: term: 1 index: 2. (index mismatch)
W20260608 12:48:50.503712 28058 consensus_peers.cc:597] T 007362662b304172849ef2bb435b30dc P b9b006d7421b47b393ca025b31633ee4 -> Peer 9604abe123b049bf86296f5bff72def0 (127.24.89.66:43317): Couldn't send request to peer 9604abe123b049bf86296f5bff72def0. Error code: TABLET_NOT_FOUND (6). Status: Not found: Tablet not found: 007362662b304172849ef2bb435b30dc. This is attempt 1: this message will repeat every 5th retry.
I20260608 12:48:50.503762 27943 raft_consensus.cc:1275] T 007362662b304172849ef2bb435b30dc P b19dd66f3d744b4cbf98e66765c8dbbe [term 1 FOLLOWER]: Refusing update from remote peer b9b006d7421b47b393ca025b31633ee4: Log matching property violated. Preceding OpId in replica: term: 1 index: 1. Preceding OpId from leader: term: 1 index: 2. (index mismatch)
I20260608 12:48:50.504846 28388 consensus_queue.cc:1048] T 007362662b304172849ef2bb435b30dc P b9b006d7421b47b393ca025b31633ee4 [LEADER]: Connected to new peer: Peer: permanent_uuid: "fd0f49cfa6064b979b393fddacf278d8" member_type: VOTER last_known_addr { host: "127.24.89.68" port: 34559 } attrs { replace: true }, Status: LMP_MISMATCH, Last received: 0.0, Next index: 2, Last known committed idx: 1, Time since last communication: 0.001s
I20260608 12:48:50.506255 28438 consensus_queue.cc:1048] T 007362662b304172849ef2bb435b30dc P b9b006d7421b47b393ca025b31633ee4 [LEADER]: Connected to new peer: Peer: permanent_uuid: "b19dd66f3d744b4cbf98e66765c8dbbe" member_type: VOTER last_known_addr { host: "127.24.89.65" port: 45975 }, Status: LMP_MISMATCH, Last received: 0.0, Next index: 2, Last known committed idx: 1, Time since last communication: 0.000s
I20260608 12:48:50.515961 28438 raft_consensus.cc:2955] T 007362662b304172849ef2bb435b30dc P b9b006d7421b47b393ca025b31633ee4 [term 1 LEADER]: Committing config change with OpId 1.2: config changed from index -1 to 2, NON_VOTER 9604abe123b049bf86296f5bff72def0 (127.24.89.66) added. New config: { opid_index: 2 OBSOLETE_local: false peers { permanent_uuid: "b9b006d7421b47b393ca025b31633ee4" member_type: VOTER last_known_addr { host: "127.24.89.67" port: 34119 } } peers { permanent_uuid: "b19dd66f3d744b4cbf98e66765c8dbbe" member_type: VOTER last_known_addr { host: "127.24.89.65" port: 45975 } } peers { permanent_uuid: "fd0f49cfa6064b979b393fddacf278d8" member_type: VOTER last_known_addr { host: "127.24.89.68" port: 34559 } attrs { replace: true } } peers { permanent_uuid: "9604abe123b049bf86296f5bff72def0" member_type: NON_VOTER last_known_addr { host: "127.24.89.66" port: 43317 } attrs { promote: true } } }
I20260608 12:48:50.517961 27943 raft_consensus.cc:2955] T 007362662b304172849ef2bb435b30dc P b19dd66f3d744b4cbf98e66765c8dbbe [term 1 FOLLOWER]: Committing config change with OpId 1.2: config changed from index -1 to 2, NON_VOTER 9604abe123b049bf86296f5bff72def0 (127.24.89.66) added. New config: { opid_index: 2 OBSOLETE_local: false peers { permanent_uuid: "b9b006d7421b47b393ca025b31633ee4" member_type: VOTER last_known_addr { host: "127.24.89.67" port: 34119 } } peers { permanent_uuid: "b19dd66f3d744b4cbf98e66765c8dbbe" member_type: VOTER last_known_addr { host: "127.24.89.65" port: 45975 } } peers { permanent_uuid: "fd0f49cfa6064b979b393fddacf278d8" member_type: VOTER last_known_addr { host: "127.24.89.68" port: 34559 } attrs { replace: true } } peers { permanent_uuid: "9604abe123b049bf86296f5bff72def0" member_type: NON_VOTER last_known_addr { host: "127.24.89.66" port: 43317 } attrs { promote: true } } }
I20260608 12:48:50.518445 28258 raft_consensus.cc:2955] T 007362662b304172849ef2bb435b30dc P fd0f49cfa6064b979b393fddacf278d8 [term 1 FOLLOWER]: Committing config change with OpId 1.2: config changed from index -1 to 2, NON_VOTER 9604abe123b049bf86296f5bff72def0 (127.24.89.66) added. New config: { opid_index: 2 OBSOLETE_local: false peers { permanent_uuid: "b9b006d7421b47b393ca025b31633ee4" member_type: VOTER last_known_addr { host: "127.24.89.67" port: 34119 } } peers { permanent_uuid: "b19dd66f3d744b4cbf98e66765c8dbbe" member_type: VOTER last_known_addr { host: "127.24.89.65" port: 45975 } } peers { permanent_uuid: "fd0f49cfa6064b979b393fddacf278d8" member_type: VOTER last_known_addr { host: "127.24.89.68" port: 34559 } attrs { replace: true } } peers { permanent_uuid: "9604abe123b049bf86296f5bff72def0" member_type: NON_VOTER last_known_addr { host: "127.24.89.66" port: 43317 } attrs { promote: true } } }
I20260608 12:48:50.538975 27840 catalog_manager.cc:5696] T 007362662b304172849ef2bb435b30dc P fd0f49cfa6064b979b393fddacf278d8 reported cstate change: config changed from index -1 to 2, NON_VOTER 9604abe123b049bf86296f5bff72def0 (127.24.89.66) added. New cstate: current_term: 1 leader_uuid: "b9b006d7421b47b393ca025b31633ee4" committed_config { opid_index: 2 OBSOLETE_local: false peers { permanent_uuid: "b9b006d7421b47b393ca025b31633ee4" member_type: VOTER last_known_addr { host: "127.24.89.67" port: 34119 } } peers { permanent_uuid: "b19dd66f3d744b4cbf98e66765c8dbbe" member_type: VOTER last_known_addr { host: "127.24.89.65" port: 45975 } } peers { permanent_uuid: "fd0f49cfa6064b979b393fddacf278d8" member_type: VOTER last_known_addr { host: "127.24.89.68" port: 34559 } attrs { replace: true } } peers { permanent_uuid: "9604abe123b049bf86296f5bff72def0" member_type: NON_VOTER last_known_addr { host: "127.24.89.66" port: 43317 } attrs { promote: true } } }
I20260608 12:48:50.542814 28094 consensus_queue.cc:237] T d23721db7cf04bec931f8103bf56e71b P b9b006d7421b47b393ca025b31633ee4 [LEADER]: Queue going to LEADER mode. State: All replicated index: 0, Majority replicated index: 3, Committed index: 3, Last appended: 3.3, Last appended by leader: 2, Current term: 3, Majority size: 2, State: 0, Mode: LEADER, active raft config: opid_index: 4 OBSOLETE_local: false peers { permanent_uuid: "b19dd66f3d744b4cbf98e66765c8dbbe" member_type: VOTER last_known_addr { host: "127.24.89.65" port: 45975 } } peers { permanent_uuid: "9604abe123b049bf86296f5bff72def0" member_type: VOTER last_known_addr { host: "127.24.89.66" port: 43317 } attrs { replace: true } } peers { permanent_uuid: "b9b006d7421b47b393ca025b31633ee4" member_type: VOTER last_known_addr { host: "127.24.89.67" port: 34119 } } peers { permanent_uuid: "fd0f49cfa6064b979b393fddacf278d8" member_type: NON_VOTER last_known_addr { host: "127.24.89.68" port: 34559 } attrs { promote: true } }
I20260608 12:48:50.556336 28019 raft_consensus.cc:1275] T d23721db7cf04bec931f8103bf56e71b P 9604abe123b049bf86296f5bff72def0 [term 3 FOLLOWER]: Refusing update from remote peer b9b006d7421b47b393ca025b31633ee4: Log matching property violated. Preceding OpId in replica: term: 3 index: 3. Preceding OpId from leader: term: 3 index: 4. (index mismatch)
I20260608 12:48:50.558025 28388 consensus_queue.cc:1048] T d23721db7cf04bec931f8103bf56e71b P b9b006d7421b47b393ca025b31633ee4 [LEADER]: Connected to new peer: Peer: permanent_uuid: "9604abe123b049bf86296f5bff72def0" member_type: VOTER last_known_addr { host: "127.24.89.66" port: 43317 } attrs { replace: true }, Status: LMP_MISMATCH, Last received: 0.0, Next index: 4, Last known committed idx: 3, Time since last communication: 0.000s
I20260608 12:48:50.559906 27943 raft_consensus.cc:1275] T d23721db7cf04bec931f8103bf56e71b P b19dd66f3d744b4cbf98e66765c8dbbe [term 3 FOLLOWER]: Refusing update from remote peer b9b006d7421b47b393ca025b31633ee4: Log matching property violated. Preceding OpId in replica: term: 3 index: 3. Preceding OpId from leader: term: 3 index: 4. (index mismatch)
W20260608 12:48:50.565452 28057 consensus_peers.cc:597] T d23721db7cf04bec931f8103bf56e71b P b9b006d7421b47b393ca025b31633ee4 -> Peer fd0f49cfa6064b979b393fddacf278d8 (127.24.89.68:34559): Couldn't send request to peer fd0f49cfa6064b979b393fddacf278d8. Error code: TABLET_NOT_FOUND (6). Status: Not found: Tablet not found: d23721db7cf04bec931f8103bf56e71b. This is attempt 1: this message will repeat every 5th retry.
I20260608 12:48:50.566715 28388 consensus_queue.cc:1048] T d23721db7cf04bec931f8103bf56e71b P b9b006d7421b47b393ca025b31633ee4 [LEADER]: Connected to new peer: Peer: permanent_uuid: "b19dd66f3d744b4cbf98e66765c8dbbe" member_type: VOTER last_known_addr { host: "127.24.89.65" port: 45975 }, Status: LMP_MISMATCH, Last received: 0.0, Next index: 4, Last known committed idx: 3, Time since last communication: 0.000s
I20260608 12:48:50.568596 28438 raft_consensus.cc:2955] T d23721db7cf04bec931f8103bf56e71b P b9b006d7421b47b393ca025b31633ee4 [term 3 LEADER]: Committing config change with OpId 3.4: config changed from index -1 to 4, NON_VOTER fd0f49cfa6064b979b393fddacf278d8 (127.24.89.68) added. New config: { opid_index: 4 OBSOLETE_local: false peers { permanent_uuid: "b19dd66f3d744b4cbf98e66765c8dbbe" member_type: VOTER last_known_addr { host: "127.24.89.65" port: 45975 } } peers { permanent_uuid: "9604abe123b049bf86296f5bff72def0" member_type: VOTER last_known_addr { host: "127.24.89.66" port: 43317 } attrs { replace: true } } peers { permanent_uuid: "b9b006d7421b47b393ca025b31633ee4" member_type: VOTER last_known_addr { host: "127.24.89.67" port: 34119 } } peers { permanent_uuid: "fd0f49cfa6064b979b393fddacf278d8" member_type: NON_VOTER last_known_addr { host: "127.24.89.68" port: 34559 } attrs { promote: true } } }
I20260608 12:48:50.576121 28017 raft_consensus.cc:2955] T d23721db7cf04bec931f8103bf56e71b P 9604abe123b049bf86296f5bff72def0 [term 3 FOLLOWER]: Committing config change with OpId 3.4: config changed from index -1 to 4, NON_VOTER fd0f49cfa6064b979b393fddacf278d8 (127.24.89.68) added. New config: { opid_index: 4 OBSOLETE_local: false peers { permanent_uuid: "b19dd66f3d744b4cbf98e66765c8dbbe" member_type: VOTER last_known_addr { host: "127.24.89.65" port: 45975 } } peers { permanent_uuid: "9604abe123b049bf86296f5bff72def0" member_type: VOTER last_known_addr { host: "127.24.89.66" port: 43317 } attrs { replace: true } } peers { permanent_uuid: "b9b006d7421b47b393ca025b31633ee4" member_type: VOTER last_known_addr { host: "127.24.89.67" port: 34119 } } peers { permanent_uuid: "fd0f49cfa6064b979b393fddacf278d8" member_type: NON_VOTER last_known_addr { host: "127.24.89.68" port: 34559 } attrs { promote: true } } }
I20260608 12:48:50.578258 27943 raft_consensus.cc:2955] T d23721db7cf04bec931f8103bf56e71b P b19dd66f3d744b4cbf98e66765c8dbbe [term 3 FOLLOWER]: Committing config change with OpId 3.4: config changed from index -1 to 4, NON_VOTER fd0f49cfa6064b979b393fddacf278d8 (127.24.89.68) added. New config: { opid_index: 4 OBSOLETE_local: false peers { permanent_uuid: "b19dd66f3d744b4cbf98e66765c8dbbe" member_type: VOTER last_known_addr { host: "127.24.89.65" port: 45975 } } peers { permanent_uuid: "9604abe123b049bf86296f5bff72def0" member_type: VOTER last_known_addr { host: "127.24.89.66" port: 43317 } attrs { replace: true } } peers { permanent_uuid: "b9b006d7421b47b393ca025b31633ee4" member_type: VOTER last_known_addr { host: "127.24.89.67" port: 34119 } } peers { permanent_uuid: "fd0f49cfa6064b979b393fddacf278d8" member_type: NON_VOTER last_known_addr { host: "127.24.89.68" port: 34559 } attrs { promote: true } } }
I20260608 12:48:50.584507 27840 catalog_manager.cc:5696] T d23721db7cf04bec931f8103bf56e71b P b9b006d7421b47b393ca025b31633ee4 reported cstate change: config changed from index -1 to 4, NON_VOTER fd0f49cfa6064b979b393fddacf278d8 (127.24.89.68) added. New cstate: current_term: 3 leader_uuid: "b9b006d7421b47b393ca025b31633ee4" committed_config { opid_index: 4 OBSOLETE_local: false peers { permanent_uuid: "b19dd66f3d744b4cbf98e66765c8dbbe" member_type: VOTER last_known_addr { host: "127.24.89.65" port: 45975 } health_report { overall_health: HEALTHY } } peers { permanent_uuid: "9604abe123b049bf86296f5bff72def0" member_type: VOTER last_known_addr { host: "127.24.89.66" port: 43317 } attrs { replace: true } health_report { overall_health: HEALTHY } } peers { permanent_uuid: "b9b006d7421b47b393ca025b31633ee4" member_type: VOTER last_known_addr { host: "127.24.89.67" port: 34119 } health_report { overall_health: HEALTHY } } peers { permanent_uuid: "fd0f49cfa6064b979b393fddacf278d8" member_type: NON_VOTER last_known_addr { host: "127.24.89.68" port: 34559 } attrs { promote: true } health_report { overall_health: UNKNOWN } } }
I20260608 12:48:50.791131 28447 ts_tablet_manager.cc:933] T 4a8540a5cad54ecb86139fc06f1aa57f P fd0f49cfa6064b979b393fddacf278d8: Initiating tablet copy from peer 9604abe123b049bf86296f5bff72def0 (127.24.89.66:43317)
I20260608 12:48:50.793560 28447 tablet_copy_client.cc:323] T 4a8540a5cad54ecb86139fc06f1aa57f P fd0f49cfa6064b979b393fddacf278d8: tablet copy: Beginning tablet copy session from remote peer at address 127.24.89.66:43317
I20260608 12:48:50.795830 28030 tablet_copy_service.cc:140] P 9604abe123b049bf86296f5bff72def0: Received BeginTabletCopySession request for tablet 4a8540a5cad54ecb86139fc06f1aa57f from peer fd0f49cfa6064b979b393fddacf278d8 ({username='slave'} at 127.0.0.1:43776)
I20260608 12:48:50.796401 28030 tablet_copy_service.cc:161] P 9604abe123b049bf86296f5bff72def0: Beginning new tablet copy session on tablet 4a8540a5cad54ecb86139fc06f1aa57f from peer fd0f49cfa6064b979b393fddacf278d8 at {username='slave'} at 127.0.0.1:43776: session id = fd0f49cfa6064b979b393fddacf278d8-4a8540a5cad54ecb86139fc06f1aa57f
I20260608 12:48:50.801882 28030 tablet_copy_source_session.cc:215] T 4a8540a5cad54ecb86139fc06f1aa57f P 9604abe123b049bf86296f5bff72def0: Tablet Copy: opened 0 blocks and 1 log segments
I20260608 12:48:50.804916 28447 data_dirs.cc:400] Could only allocate 1 dirs of requested 3 for tablet 4a8540a5cad54ecb86139fc06f1aa57f. 1 dirs total, 0 dirs full, 0 dirs failed
I20260608 12:48:50.819701 28447 tablet_copy_client.cc:806] T 4a8540a5cad54ecb86139fc06f1aa57f P fd0f49cfa6064b979b393fddacf278d8: tablet copy: Starting download of 0 data blocks...
I20260608 12:48:50.820343 28447 tablet_copy_client.cc:670] T 4a8540a5cad54ecb86139fc06f1aa57f P fd0f49cfa6064b979b393fddacf278d8: tablet copy: Starting download of 1 WAL segments...
I20260608 12:48:50.824852 28447 tablet_copy_client.cc:538] T 4a8540a5cad54ecb86139fc06f1aa57f P fd0f49cfa6064b979b393fddacf278d8: tablet copy: Tablet Copy complete. Replacing tablet superblock.
I20260608 12:48:50.831840 28447 tablet_bootstrap.cc:492] T 4a8540a5cad54ecb86139fc06f1aa57f P fd0f49cfa6064b979b393fddacf278d8: Bootstrap starting.
I20260608 12:48:50.849498 28447 tablet_bootstrap.cc:492] T 4a8540a5cad54ecb86139fc06f1aa57f P fd0f49cfa6064b979b393fddacf278d8: Bootstrap replayed 1/1 log segments. Stats: ops{read=2 overwritten=0 applied=2 ignored=0} inserts{seen=0 ignored=0} mutations{seen=0 ignored=0} orphaned_commits=0. Pending: 0 replicates
I20260608 12:48:50.850323 28447 tablet_bootstrap.cc:492] T 4a8540a5cad54ecb86139fc06f1aa57f P fd0f49cfa6064b979b393fddacf278d8: Bootstrap complete.
I20260608 12:48:50.850996 28447 ts_tablet_manager.cc:1403] T 4a8540a5cad54ecb86139fc06f1aa57f P fd0f49cfa6064b979b393fddacf278d8: Time spent bootstrapping tablet: real 0.019s	user 0.015s	sys 0.004s
I20260608 12:48:50.853890 28447 raft_consensus.cc:359] T 4a8540a5cad54ecb86139fc06f1aa57f P fd0f49cfa6064b979b393fddacf278d8 [term 1 LEARNER]: Replica starting. Triggering 0 pending ops. Active config: opid_index: 2 OBSOLETE_local: false peers { permanent_uuid: "b19dd66f3d744b4cbf98e66765c8dbbe" member_type: VOTER last_known_addr { host: "127.24.89.65" port: 45975 } } peers { permanent_uuid: "9604abe123b049bf86296f5bff72def0" member_type: VOTER last_known_addr { host: "127.24.89.66" port: 43317 } } peers { permanent_uuid: "b9b006d7421b47b393ca025b31633ee4" member_type: VOTER last_known_addr { host: "127.24.89.67" port: 34119 } attrs { replace: true } } peers { permanent_uuid: "fd0f49cfa6064b979b393fddacf278d8" member_type: NON_VOTER last_known_addr { host: "127.24.89.68" port: 34559 } attrs { promote: true } }
I20260608 12:48:50.854539 28447 raft_consensus.cc:740] T 4a8540a5cad54ecb86139fc06f1aa57f P fd0f49cfa6064b979b393fddacf278d8 [term 1 LEARNER]: Becoming Follower/Learner. State: Replica: fd0f49cfa6064b979b393fddacf278d8, State: Initialized, Role: LEARNER
I20260608 12:48:50.855108 28447 consensus_queue.cc:260] T 4a8540a5cad54ecb86139fc06f1aa57f P fd0f49cfa6064b979b393fddacf278d8 [NON_LEADER]: Queue going to NON_LEADER mode. State: All replicated index: 0, Majority replicated index: 0, Committed index: 2, Last appended: 1.2, Last appended by leader: 2, Current term: 0, Majority size: -1, State: 0, Mode: NON_LEADER, active raft config: opid_index: 2 OBSOLETE_local: false peers { permanent_uuid: "b19dd66f3d744b4cbf98e66765c8dbbe" member_type: VOTER last_known_addr { host: "127.24.89.65" port: 45975 } } peers { permanent_uuid: "9604abe123b049bf86296f5bff72def0" member_type: VOTER last_known_addr { host: "127.24.89.66" port: 43317 } } peers { permanent_uuid: "b9b006d7421b47b393ca025b31633ee4" member_type: VOTER last_known_addr { host: "127.24.89.67" port: 34119 } attrs { replace: true } } peers { permanent_uuid: "fd0f49cfa6064b979b393fddacf278d8" member_type: NON_VOTER last_known_addr { host: "127.24.89.68" port: 34559 } attrs { promote: true } }
I20260608 12:48:50.857573 28447 ts_tablet_manager.cc:1434] T 4a8540a5cad54ecb86139fc06f1aa57f P fd0f49cfa6064b979b393fddacf278d8: Time spent starting tablet: real 0.006s	user 0.008s	sys 0.000s
I20260608 12:48:50.859575 28030 tablet_copy_service.cc:342] P 9604abe123b049bf86296f5bff72def0: Request end of tablet copy session fd0f49cfa6064b979b393fddacf278d8-4a8540a5cad54ecb86139fc06f1aa57f received from {username='slave'} at 127.0.0.1:43776
I20260608 12:48:50.860064 28030 tablet_copy_service.cc:434] P 9604abe123b049bf86296f5bff72def0: ending tablet copy session fd0f49cfa6064b979b393fddacf278d8-4a8540a5cad54ecb86139fc06f1aa57f on tablet 4a8540a5cad54ecb86139fc06f1aa57f with peer fd0f49cfa6064b979b393fddacf278d8
I20260608 12:48:50.934037 28450 ts_tablet_manager.cc:933] T 007362662b304172849ef2bb435b30dc P 9604abe123b049bf86296f5bff72def0: Initiating tablet copy from peer b9b006d7421b47b393ca025b31633ee4 (127.24.89.67:34119)
I20260608 12:48:50.936076 28450 tablet_copy_client.cc:323] T 007362662b304172849ef2bb435b30dc P 9604abe123b049bf86296f5bff72def0: tablet copy: Beginning tablet copy session from remote peer at address 127.24.89.67:34119
I20260608 12:48:50.937727 28447 ts_tablet_manager.cc:933] T d23721db7cf04bec931f8103bf56e71b P fd0f49cfa6064b979b393fddacf278d8: Initiating tablet copy from peer b9b006d7421b47b393ca025b31633ee4 (127.24.89.67:34119)
I20260608 12:48:50.937851 28104 tablet_copy_service.cc:140] P b9b006d7421b47b393ca025b31633ee4: Received BeginTabletCopySession request for tablet 007362662b304172849ef2bb435b30dc from peer 9604abe123b049bf86296f5bff72def0 ({username='slave'} at 127.0.0.1:54896)
I20260608 12:48:50.938546 28104 tablet_copy_service.cc:161] P b9b006d7421b47b393ca025b31633ee4: Beginning new tablet copy session on tablet 007362662b304172849ef2bb435b30dc from peer 9604abe123b049bf86296f5bff72def0 at {username='slave'} at 127.0.0.1:54896: session id = 9604abe123b049bf86296f5bff72def0-007362662b304172849ef2bb435b30dc
I20260608 12:48:50.940011 28447 tablet_copy_client.cc:323] T d23721db7cf04bec931f8103bf56e71b P fd0f49cfa6064b979b393fddacf278d8: tablet copy: Beginning tablet copy session from remote peer at address 127.24.89.67:34119
I20260608 12:48:50.942044 28103 tablet_copy_service.cc:140] P b9b006d7421b47b393ca025b31633ee4: Received BeginTabletCopySession request for tablet d23721db7cf04bec931f8103bf56e71b from peer fd0f49cfa6064b979b393fddacf278d8 ({username='slave'} at 127.0.0.1:54902)
I20260608 12:48:50.942662 28103 tablet_copy_service.cc:161] P b9b006d7421b47b393ca025b31633ee4: Beginning new tablet copy session on tablet d23721db7cf04bec931f8103bf56e71b from peer fd0f49cfa6064b979b393fddacf278d8 at {username='slave'} at 127.0.0.1:54902: session id = fd0f49cfa6064b979b393fddacf278d8-d23721db7cf04bec931f8103bf56e71b
I20260608 12:48:50.948835 28104 tablet_copy_source_session.cc:215] T 007362662b304172849ef2bb435b30dc P b9b006d7421b47b393ca025b31633ee4: Tablet Copy: opened 0 blocks and 1 log segments
I20260608 12:48:50.950484 28103 tablet_copy_source_session.cc:215] T d23721db7cf04bec931f8103bf56e71b P b9b006d7421b47b393ca025b31633ee4: Tablet Copy: opened 0 blocks and 1 log segments
I20260608 12:48:50.953523 28450 data_dirs.cc:400] Could only allocate 1 dirs of requested 3 for tablet 007362662b304172849ef2bb435b30dc. 1 dirs total, 0 dirs full, 0 dirs failed
I20260608 12:48:50.954973 28447 data_dirs.cc:400] Could only allocate 1 dirs of requested 3 for tablet d23721db7cf04bec931f8103bf56e71b. 1 dirs total, 0 dirs full, 0 dirs failed
I20260608 12:48:50.971009 28447 tablet_copy_client.cc:806] T d23721db7cf04bec931f8103bf56e71b P fd0f49cfa6064b979b393fddacf278d8: tablet copy: Starting download of 0 data blocks...
I20260608 12:48:50.971606 28447 tablet_copy_client.cc:670] T d23721db7cf04bec931f8103bf56e71b P fd0f49cfa6064b979b393fddacf278d8: tablet copy: Starting download of 1 WAL segments...
I20260608 12:48:50.971994 28450 tablet_copy_client.cc:806] T 007362662b304172849ef2bb435b30dc P 9604abe123b049bf86296f5bff72def0: tablet copy: Starting download of 0 data blocks...
I20260608 12:48:50.972543 28450 tablet_copy_client.cc:670] T 007362662b304172849ef2bb435b30dc P 9604abe123b049bf86296f5bff72def0: tablet copy: Starting download of 1 WAL segments...
I20260608 12:48:50.975862 28447 tablet_copy_client.cc:538] T d23721db7cf04bec931f8103bf56e71b P fd0f49cfa6064b979b393fddacf278d8: tablet copy: Tablet Copy complete. Replacing tablet superblock.
I20260608 12:48:50.976224 28450 tablet_copy_client.cc:538] T 007362662b304172849ef2bb435b30dc P 9604abe123b049bf86296f5bff72def0: tablet copy: Tablet Copy complete. Replacing tablet superblock.
I20260608 12:48:50.982980 28450 tablet_bootstrap.cc:492] T 007362662b304172849ef2bb435b30dc P 9604abe123b049bf86296f5bff72def0: Bootstrap starting.
I20260608 12:48:50.985234 28447 tablet_bootstrap.cc:492] T d23721db7cf04bec931f8103bf56e71b P fd0f49cfa6064b979b393fddacf278d8: Bootstrap starting.
I20260608 12:48:51.007624 28450 tablet_bootstrap.cc:492] T 007362662b304172849ef2bb435b30dc P 9604abe123b049bf86296f5bff72def0: Bootstrap replayed 1/1 log segments. Stats: ops{read=2 overwritten=0 applied=2 ignored=0} inserts{seen=0 ignored=0} mutations{seen=0 ignored=0} orphaned_commits=0. Pending: 0 replicates
I20260608 12:48:51.008656 28450 tablet_bootstrap.cc:492] T 007362662b304172849ef2bb435b30dc P 9604abe123b049bf86296f5bff72def0: Bootstrap complete.
I20260608 12:48:51.009483 28450 ts_tablet_manager.cc:1403] T 007362662b304172849ef2bb435b30dc P 9604abe123b049bf86296f5bff72def0: Time spent bootstrapping tablet: real 0.027s	user 0.019s	sys 0.007s
I20260608 12:48:51.012948 28450 raft_consensus.cc:359] T 007362662b304172849ef2bb435b30dc P 9604abe123b049bf86296f5bff72def0 [term 1 LEARNER]: Replica starting. Triggering 0 pending ops. Active config: opid_index: 2 OBSOLETE_local: false peers { permanent_uuid: "b9b006d7421b47b393ca025b31633ee4" member_type: VOTER last_known_addr { host: "127.24.89.67" port: 34119 } } peers { permanent_uuid: "b19dd66f3d744b4cbf98e66765c8dbbe" member_type: VOTER last_known_addr { host: "127.24.89.65" port: 45975 } } peers { permanent_uuid: "fd0f49cfa6064b979b393fddacf278d8" member_type: VOTER last_known_addr { host: "127.24.89.68" port: 34559 } attrs { replace: true } } peers { permanent_uuid: "9604abe123b049bf86296f5bff72def0" member_type: NON_VOTER last_known_addr { host: "127.24.89.66" port: 43317 } attrs { promote: true } }
I20260608 12:48:51.014035 28450 raft_consensus.cc:740] T 007362662b304172849ef2bb435b30dc P 9604abe123b049bf86296f5bff72def0 [term 1 LEARNER]: Becoming Follower/Learner. State: Replica: 9604abe123b049bf86296f5bff72def0, State: Initialized, Role: LEARNER
I20260608 12:48:51.015410 28450 consensus_queue.cc:260] T 007362662b304172849ef2bb435b30dc P 9604abe123b049bf86296f5bff72def0 [NON_LEADER]: Queue going to NON_LEADER mode. State: All replicated index: 0, Majority replicated index: 0, Committed index: 2, Last appended: 1.2, Last appended by leader: 2, Current term: 0, Majority size: -1, State: 0, Mode: NON_LEADER, active raft config: opid_index: 2 OBSOLETE_local: false peers { permanent_uuid: "b9b006d7421b47b393ca025b31633ee4" member_type: VOTER last_known_addr { host: "127.24.89.67" port: 34119 } } peers { permanent_uuid: "b19dd66f3d744b4cbf98e66765c8dbbe" member_type: VOTER last_known_addr { host: "127.24.89.65" port: 45975 } } peers { permanent_uuid: "fd0f49cfa6064b979b393fddacf278d8" member_type: VOTER last_known_addr { host: "127.24.89.68" port: 34559 } attrs { replace: true } } peers { permanent_uuid: "9604abe123b049bf86296f5bff72def0" member_type: NON_VOTER last_known_addr { host: "127.24.89.66" port: 43317 } attrs { promote: true } }
I20260608 12:48:51.018419 28450 ts_tablet_manager.cc:1434] T 007362662b304172849ef2bb435b30dc P 9604abe123b049bf86296f5bff72def0: Time spent starting tablet: real 0.009s	user 0.007s	sys 0.000s
I20260608 12:48:51.020598 28104 tablet_copy_service.cc:342] P b9b006d7421b47b393ca025b31633ee4: Request end of tablet copy session 9604abe123b049bf86296f5bff72def0-007362662b304172849ef2bb435b30dc received from {username='slave'} at 127.0.0.1:54896
I20260608 12:48:51.021090 28104 tablet_copy_service.cc:434] P b9b006d7421b47b393ca025b31633ee4: ending tablet copy session 9604abe123b049bf86296f5bff72def0-007362662b304172849ef2bb435b30dc on tablet 007362662b304172849ef2bb435b30dc with peer 9604abe123b049bf86296f5bff72def0
I20260608 12:48:51.025352 28447 tablet_bootstrap.cc:492] T d23721db7cf04bec931f8103bf56e71b P fd0f49cfa6064b979b393fddacf278d8: Bootstrap replayed 1/1 log segments. Stats: ops{read=4 overwritten=0 applied=4 ignored=0} inserts{seen=0 ignored=0} mutations{seen=0 ignored=0} orphaned_commits=0. Pending: 0 replicates
I20260608 12:48:51.026554 28447 tablet_bootstrap.cc:492] T d23721db7cf04bec931f8103bf56e71b P fd0f49cfa6064b979b393fddacf278d8: Bootstrap complete.
I20260608 12:48:51.026887 28455 ts_tablet_manager.cc:933] T ada30d74559c42d4bea7a9aaf4b103f6 P fd0f49cfa6064b979b393fddacf278d8: Initiating tablet copy from peer b9b006d7421b47b393ca025b31633ee4 (127.24.89.67:34119)
I20260608 12:48:51.027451 28447 ts_tablet_manager.cc:1403] T d23721db7cf04bec931f8103bf56e71b P fd0f49cfa6064b979b393fddacf278d8: Time spent bootstrapping tablet: real 0.042s	user 0.034s	sys 0.000s
I20260608 12:48:51.033898 28447 raft_consensus.cc:359] T d23721db7cf04bec931f8103bf56e71b P fd0f49cfa6064b979b393fddacf278d8 [term 3 LEARNER]: Replica starting. Triggering 0 pending ops. Active config: opid_index: 4 OBSOLETE_local: false peers { permanent_uuid: "b19dd66f3d744b4cbf98e66765c8dbbe" member_type: VOTER last_known_addr { host: "127.24.89.65" port: 45975 } } peers { permanent_uuid: "9604abe123b049bf86296f5bff72def0" member_type: VOTER last_known_addr { host: "127.24.89.66" port: 43317 } attrs { replace: true } } peers { permanent_uuid: "b9b006d7421b47b393ca025b31633ee4" member_type: VOTER last_known_addr { host: "127.24.89.67" port: 34119 } } peers { permanent_uuid: "fd0f49cfa6064b979b393fddacf278d8" member_type: NON_VOTER last_known_addr { host: "127.24.89.68" port: 34559 } attrs { promote: true } }
I20260608 12:48:51.034879 28447 raft_consensus.cc:740] T d23721db7cf04bec931f8103bf56e71b P fd0f49cfa6064b979b393fddacf278d8 [term 3 LEARNER]: Becoming Follower/Learner. State: Replica: fd0f49cfa6064b979b393fddacf278d8, State: Initialized, Role: LEARNER
I20260608 12:48:51.035975 28447 consensus_queue.cc:260] T d23721db7cf04bec931f8103bf56e71b P fd0f49cfa6064b979b393fddacf278d8 [NON_LEADER]: Queue going to NON_LEADER mode. State: All replicated index: 0, Majority replicated index: 0, Committed index: 4, Last appended: 3.4, Last appended by leader: 4, Current term: 0, Majority size: -1, State: 0, Mode: NON_LEADER, active raft config: opid_index: 4 OBSOLETE_local: false peers { permanent_uuid: "b19dd66f3d744b4cbf98e66765c8dbbe" member_type: VOTER last_known_addr { host: "127.24.89.65" port: 45975 } } peers { permanent_uuid: "9604abe123b049bf86296f5bff72def0" member_type: VOTER last_known_addr { host: "127.24.89.66" port: 43317 } attrs { replace: true } } peers { permanent_uuid: "b9b006d7421b47b393ca025b31633ee4" member_type: VOTER last_known_addr { host: "127.24.89.67" port: 34119 } } peers { permanent_uuid: "fd0f49cfa6064b979b393fddacf278d8" member_type: NON_VOTER last_known_addr { host: "127.24.89.68" port: 34559 } attrs { promote: true } }
I20260608 12:48:51.042447 28447 ts_tablet_manager.cc:1434] T d23721db7cf04bec931f8103bf56e71b P fd0f49cfa6064b979b393fddacf278d8: Time spent starting tablet: real 0.015s	user 0.007s	sys 0.000s
I20260608 12:48:51.045387 28104 tablet_copy_service.cc:342] P b9b006d7421b47b393ca025b31633ee4: Request end of tablet copy session fd0f49cfa6064b979b393fddacf278d8-d23721db7cf04bec931f8103bf56e71b received from {username='slave'} at 127.0.0.1:54902
I20260608 12:48:51.045893 28104 tablet_copy_service.cc:434] P b9b006d7421b47b393ca025b31633ee4: ending tablet copy session fd0f49cfa6064b979b393fddacf278d8-d23721db7cf04bec931f8103bf56e71b on tablet d23721db7cf04bec931f8103bf56e71b with peer fd0f49cfa6064b979b393fddacf278d8
I20260608 12:48:51.046844 28455 tablet_copy_client.cc:323] T ada30d74559c42d4bea7a9aaf4b103f6 P fd0f49cfa6064b979b393fddacf278d8: tablet copy: Beginning tablet copy session from remote peer at address 127.24.89.67:34119
I20260608 12:48:51.049444 28104 tablet_copy_service.cc:140] P b9b006d7421b47b393ca025b31633ee4: Received BeginTabletCopySession request for tablet ada30d74559c42d4bea7a9aaf4b103f6 from peer fd0f49cfa6064b979b393fddacf278d8 ({username='slave'} at 127.0.0.1:54902)
I20260608 12:48:51.049976 28104 tablet_copy_service.cc:161] P b9b006d7421b47b393ca025b31633ee4: Beginning new tablet copy session on tablet ada30d74559c42d4bea7a9aaf4b103f6 from peer fd0f49cfa6064b979b393fddacf278d8 at {username='slave'} at 127.0.0.1:54902: session id = fd0f49cfa6064b979b393fddacf278d8-ada30d74559c42d4bea7a9aaf4b103f6
I20260608 12:48:51.064599 28104 tablet_copy_source_session.cc:215] T ada30d74559c42d4bea7a9aaf4b103f6 P b9b006d7421b47b393ca025b31633ee4: Tablet Copy: opened 0 blocks and 1 log segments
I20260608 12:48:51.084882 28455 data_dirs.cc:400] Could only allocate 1 dirs of requested 3 for tablet ada30d74559c42d4bea7a9aaf4b103f6. 1 dirs total, 0 dirs full, 0 dirs failed
I20260608 12:48:51.392426 28255 raft_consensus.cc:1217] T 4a8540a5cad54ecb86139fc06f1aa57f P fd0f49cfa6064b979b393fddacf278d8 [term 1 LEARNER]: Deduplicated request from leader. Original: 1.1->[1.2-1.2]   Dedup: 1.2->[]
I20260608 12:48:51.463995 28255 raft_consensus.cc:1217] T d23721db7cf04bec931f8103bf56e71b P fd0f49cfa6064b979b393fddacf278d8 [term 3 LEARNER]: Deduplicated request from leader. Original: 3.3->[3.4-3.4]   Dedup: 3.4->[]
I20260608 12:48:51.478614 28455 tablet_copy_client.cc:806] T ada30d74559c42d4bea7a9aaf4b103f6 P fd0f49cfa6064b979b393fddacf278d8: tablet copy: Starting download of 0 data blocks...
I20260608 12:48:51.479211 28455 tablet_copy_client.cc:670] T ada30d74559c42d4bea7a9aaf4b103f6 P fd0f49cfa6064b979b393fddacf278d8: tablet copy: Starting download of 1 WAL segments...
I20260608 12:48:52.019292 28463 raft_consensus.cc:493] T 007362662b304172849ef2bb435b30dc P b19dd66f3d744b4cbf98e66765c8dbbe [term 1 FOLLOWER]: Starting pre-election (detected failure of leader b9b006d7421b47b393ca025b31633ee4)
I20260608 12:48:52.020153 28463 raft_consensus.cc:515] T 007362662b304172849ef2bb435b30dc P b19dd66f3d744b4cbf98e66765c8dbbe [term 1 FOLLOWER]: Starting pre-election with config: opid_index: 2 OBSOLETE_local: false peers { permanent_uuid: "b9b006d7421b47b393ca025b31633ee4" member_type: VOTER last_known_addr { host: "127.24.89.67" port: 34119 } } peers { permanent_uuid: "b19dd66f3d744b4cbf98e66765c8dbbe" member_type: VOTER last_known_addr { host: "127.24.89.65" port: 45975 } } peers { permanent_uuid: "fd0f49cfa6064b979b393fddacf278d8" member_type: VOTER last_known_addr { host: "127.24.89.68" port: 34559 } attrs { replace: true } } peers { permanent_uuid: "9604abe123b049bf86296f5bff72def0" member_type: NON_VOTER last_known_addr { host: "127.24.89.66" port: 43317 } attrs { promote: true } }
I20260608 12:48:52.023110 28463 leader_election.cc:290] T 007362662b304172849ef2bb435b30dc P b19dd66f3d744b4cbf98e66765c8dbbe [CANDIDATE]: Term 2 pre-election: Requested pre-vote from peers b9b006d7421b47b393ca025b31633ee4 (127.24.89.67:34119), fd0f49cfa6064b979b393fddacf278d8 (127.24.89.68:34559)
I20260608 12:48:52.079437 28463 raft_consensus.cc:493] T d23721db7cf04bec931f8103bf56e71b P b19dd66f3d744b4cbf98e66765c8dbbe [term 3 FOLLOWER]: Starting pre-election (detected failure of leader b9b006d7421b47b393ca025b31633ee4)
I20260608 12:48:52.080356 28463 raft_consensus.cc:515] T d23721db7cf04bec931f8103bf56e71b P b19dd66f3d744b4cbf98e66765c8dbbe [term 3 FOLLOWER]: Starting pre-election with config: opid_index: 4 OBSOLETE_local: false peers { permanent_uuid: "b19dd66f3d744b4cbf98e66765c8dbbe" member_type: VOTER last_known_addr { host: "127.24.89.65" port: 45975 } } peers { permanent_uuid: "9604abe123b049bf86296f5bff72def0" member_type: VOTER last_known_addr { host: "127.24.89.66" port: 43317 } attrs { replace: true } } peers { permanent_uuid: "b9b006d7421b47b393ca025b31633ee4" member_type: VOTER last_known_addr { host: "127.24.89.67" port: 34119 } } peers { permanent_uuid: "fd0f49cfa6064b979b393fddacf278d8" member_type: NON_VOTER last_known_addr { host: "127.24.89.68" port: 34559 } attrs { promote: true } }
I20260608 12:48:52.142588 28463 leader_election.cc:290] T d23721db7cf04bec931f8103bf56e71b P b19dd66f3d744b4cbf98e66765c8dbbe [CANDIDATE]: Term 4 pre-election: Requested pre-vote from peers 9604abe123b049bf86296f5bff72def0 (127.24.89.66:43317), b9b006d7421b47b393ca025b31633ee4 (127.24.89.67:34119)
I20260608 12:48:52.350106 28463 raft_consensus.cc:493] T f619b91868dc4800b67cbe9b0a9c6668 P b19dd66f3d744b4cbf98e66765c8dbbe [term 2 FOLLOWER]: Starting pre-election (detected failure of leader fd0f49cfa6064b979b393fddacf278d8)
I20260608 12:48:52.350858 28463 raft_consensus.cc:515] T f619b91868dc4800b67cbe9b0a9c6668 P b19dd66f3d744b4cbf98e66765c8dbbe [term 2 FOLLOWER]: Starting pre-election with config: opid_index: -1 OBSOLETE_local: false peers { permanent_uuid: "fd0f49cfa6064b979b393fddacf278d8" member_type: VOTER last_known_addr { host: "127.24.89.68" port: 34559 } } peers { permanent_uuid: "b19dd66f3d744b4cbf98e66765c8dbbe" member_type: VOTER last_known_addr { host: "127.24.89.65" port: 45975 } } peers { permanent_uuid: "9604abe123b049bf86296f5bff72def0" member_type: VOTER last_known_addr { host: "127.24.89.66" port: 43317 } }
I20260608 12:48:52.359712 28466 raft_consensus.cc:493] T 112babeb48854faaa20f69fec4211f2a P b19dd66f3d744b4cbf98e66765c8dbbe [term 2 FOLLOWER]: Starting pre-election (detected failure of leader b9b006d7421b47b393ca025b31633ee4)
W20260608 12:48:52.359972 28058 thread.cc:641] raft [worker] (thread pool) Time spent creating pthread: real 0.959s	user 0.012s	sys 0.014s
W20260608 12:48:52.361999 28058 thread.cc:608] raft [worker] (thread pool) Time spent starting thread: real 0.961s	user 0.012s	sys 0.015s
I20260608 12:48:52.362087 28463 leader_election.cc:290] T f619b91868dc4800b67cbe9b0a9c6668 P b19dd66f3d744b4cbf98e66765c8dbbe [CANDIDATE]: Term 3 pre-election: Requested pre-vote from peers fd0f49cfa6064b979b393fddacf278d8 (127.24.89.68:34559), 9604abe123b049bf86296f5bff72def0 (127.24.89.66:43317)
I20260608 12:48:52.366536 28466 raft_consensus.cc:515] T 112babeb48854faaa20f69fec4211f2a P b19dd66f3d744b4cbf98e66765c8dbbe [term 2 FOLLOWER]: Starting pre-election with config: opid_index: -1 OBSOLETE_local: false peers { permanent_uuid: "b19dd66f3d744b4cbf98e66765c8dbbe" member_type: VOTER last_known_addr { host: "127.24.89.65" port: 45975 } } peers { permanent_uuid: "9604abe123b049bf86296f5bff72def0" member_type: VOTER last_known_addr { host: "127.24.89.66" port: 43317 } } peers { permanent_uuid: "b9b006d7421b47b393ca025b31633ee4" member_type: VOTER last_known_addr { host: "127.24.89.67" port: 34119 } }
I20260608 12:48:52.369700 28466 leader_election.cc:290] T 112babeb48854faaa20f69fec4211f2a P b19dd66f3d744b4cbf98e66765c8dbbe [CANDIDATE]: Term 3 pre-election: Requested pre-vote from peers 9604abe123b049bf86296f5bff72def0 (127.24.89.66:43317), b9b006d7421b47b393ca025b31633ee4 (127.24.89.67:34119)
I20260608 12:48:52.418079 28445 raft_consensus.cc:493] T 4a8540a5cad54ecb86139fc06f1aa57f P b19dd66f3d744b4cbf98e66765c8dbbe [term 1 FOLLOWER]: Starting pre-election (detected failure of leader 9604abe123b049bf86296f5bff72def0)
I20260608 12:48:52.420220 28445 raft_consensus.cc:515] T 4a8540a5cad54ecb86139fc06f1aa57f P b19dd66f3d744b4cbf98e66765c8dbbe [term 1 FOLLOWER]: Starting pre-election with config: opid_index: 2 OBSOLETE_local: false peers { permanent_uuid: "b19dd66f3d744b4cbf98e66765c8dbbe" member_type: VOTER last_known_addr { host: "127.24.89.65" port: 45975 } } peers { permanent_uuid: "9604abe123b049bf86296f5bff72def0" member_type: VOTER last_known_addr { host: "127.24.89.66" port: 43317 } } peers { permanent_uuid: "b9b006d7421b47b393ca025b31633ee4" member_type: VOTER last_known_addr { host: "127.24.89.67" port: 34119 } attrs { replace: true } } peers { permanent_uuid: "fd0f49cfa6064b979b393fddacf278d8" member_type: NON_VOTER last_known_addr { host: "127.24.89.68" port: 34559 } attrs { promote: true } }
I20260608 12:48:52.430688 28465 raft_consensus.cc:493] T ccabbfc10b5246b6b0a56b9e07cecef2 P b19dd66f3d744b4cbf98e66765c8dbbe [term 2 FOLLOWER]: Starting pre-election (detected failure of leader fd0f49cfa6064b979b393fddacf278d8)
I20260608 12:48:52.431885 28465 raft_consensus.cc:515] T ccabbfc10b5246b6b0a56b9e07cecef2 P b19dd66f3d744b4cbf98e66765c8dbbe [term 2 FOLLOWER]: Starting pre-election with config: opid_index: -1 OBSOLETE_local: false peers { permanent_uuid: "9604abe123b049bf86296f5bff72def0" member_type: VOTER last_known_addr { host: "127.24.89.66" port: 43317 } } peers { permanent_uuid: "b19dd66f3d744b4cbf98e66765c8dbbe" member_type: VOTER last_known_addr { host: "127.24.89.65" port: 45975 } } peers { permanent_uuid: "fd0f49cfa6064b979b393fddacf278d8" member_type: VOTER last_known_addr { host: "127.24.89.68" port: 34559 } }
I20260608 12:48:52.432915 28445 leader_election.cc:290] T 4a8540a5cad54ecb86139fc06f1aa57f P b19dd66f3d744b4cbf98e66765c8dbbe [CANDIDATE]: Term 2 pre-election: Requested pre-vote from peers 9604abe123b049bf86296f5bff72def0 (127.24.89.66:43317), b9b006d7421b47b393ca025b31633ee4 (127.24.89.67:34119)
I20260608 12:48:52.434285 28469 raft_consensus.cc:493] T 007362662b304172849ef2bb435b30dc P fd0f49cfa6064b979b393fddacf278d8 [term 1 FOLLOWER]: Starting pre-election (detected failure of leader b9b006d7421b47b393ca025b31633ee4)
I20260608 12:48:52.437412 28465 leader_election.cc:290] T ccabbfc10b5246b6b0a56b9e07cecef2 P b19dd66f3d744b4cbf98e66765c8dbbe [CANDIDATE]: Term 3 pre-election: Requested pre-vote from peers 9604abe123b049bf86296f5bff72def0 (127.24.89.66:43317), fd0f49cfa6064b979b393fddacf278d8 (127.24.89.68:34559)
I20260608 12:48:52.438805 28469 raft_consensus.cc:515] T 007362662b304172849ef2bb435b30dc P fd0f49cfa6064b979b393fddacf278d8 [term 1 FOLLOWER]: Starting pre-election with config: opid_index: 2 OBSOLETE_local: false peers { permanent_uuid: "b9b006d7421b47b393ca025b31633ee4" member_type: VOTER last_known_addr { host: "127.24.89.67" port: 34119 } } peers { permanent_uuid: "b19dd66f3d744b4cbf98e66765c8dbbe" member_type: VOTER last_known_addr { host: "127.24.89.65" port: 45975 } } peers { permanent_uuid: "fd0f49cfa6064b979b393fddacf278d8" member_type: VOTER last_known_addr { host: "127.24.89.68" port: 34559 } attrs { replace: true } } peers { permanent_uuid: "9604abe123b049bf86296f5bff72def0" member_type: NON_VOTER last_known_addr { host: "127.24.89.66" port: 43317 } attrs { promote: true } }
I20260608 12:48:52.442941 28469 leader_election.cc:290] T 007362662b304172849ef2bb435b30dc P fd0f49cfa6064b979b393fddacf278d8 [CANDIDATE]: Term 2 pre-election: Requested pre-vote from peers b9b006d7421b47b393ca025b31633ee4 (127.24.89.67:34119), b19dd66f3d744b4cbf98e66765c8dbbe (127.24.89.65:45975)
I20260608 12:48:52.449349 28469 raft_consensus.cc:493] T 229855d6a5514947bc911e18704c37db P fd0f49cfa6064b979b393fddacf278d8 [term 1 FOLLOWER]: Starting pre-election (detected failure of leader b19dd66f3d744b4cbf98e66765c8dbbe)
I20260608 12:48:52.450330 28469 raft_consensus.cc:515] T 229855d6a5514947bc911e18704c37db P fd0f49cfa6064b979b393fddacf278d8 [term 1 FOLLOWER]: Starting pre-election with config: opid_index: -1 OBSOLETE_local: false peers { permanent_uuid: "fd0f49cfa6064b979b393fddacf278d8" member_type: VOTER last_known_addr { host: "127.24.89.68" port: 34559 } } peers { permanent_uuid: "b19dd66f3d744b4cbf98e66765c8dbbe" member_type: VOTER last_known_addr { host: "127.24.89.65" port: 45975 } } peers { permanent_uuid: "b9b006d7421b47b393ca025b31633ee4" member_type: VOTER last_known_addr { host: "127.24.89.67" port: 34119 } }
I20260608 12:48:52.455638 28092 tablet_service.cc:1917] Received RequestConsensusVote() RPC: tablet_id: "112babeb48854faaa20f69fec4211f2a" candidate_uuid: "b19dd66f3d744b4cbf98e66765c8dbbe" candidate_term: 3 candidate_status { last_received { term: 2 index: 2 } } ignore_live_leader: false dest_uuid: "b9b006d7421b47b393ca025b31633ee4" is_pre_election: true
I20260608 12:48:52.462280 28094 tablet_service.cc:1917] Received RequestConsensusVote() RPC: tablet_id: "4a8540a5cad54ecb86139fc06f1aa57f" candidate_uuid: "b19dd66f3d744b4cbf98e66765c8dbbe" candidate_term: 2 candidate_status { last_received { term: 1 index: 2 } } ignore_live_leader: false dest_uuid: "b9b006d7421b47b393ca025b31633ee4" is_pre_election: true
I20260608 12:48:52.466315 28469 leader_election.cc:290] T 229855d6a5514947bc911e18704c37db P fd0f49cfa6064b979b393fddacf278d8 [CANDIDATE]: Term 2 pre-election: Requested pre-vote from peers b19dd66f3d744b4cbf98e66765c8dbbe (127.24.89.65:45975), b9b006d7421b47b393ca025b31633ee4 (127.24.89.67:34119)
I20260608 12:48:52.468717 28092 tablet_service.cc:1917] Received RequestConsensusVote() RPC: tablet_id: "007362662b304172849ef2bb435b30dc" candidate_uuid: "fd0f49cfa6064b979b393fddacf278d8" candidate_term: 2 candidate_status { last_received { term: 1 index: 2 } } ignore_live_leader: false dest_uuid: "b9b006d7421b47b393ca025b31633ee4" is_pre_election: true
I20260608 12:48:52.470065 28094 tablet_service.cc:1917] Received RequestConsensusVote() RPC: tablet_id: "229855d6a5514947bc911e18704c37db" candidate_uuid: "fd0f49cfa6064b979b393fddacf278d8" candidate_term: 2 candidate_status { last_received { term: 1 index: 1 } } ignore_live_leader: false dest_uuid: "b9b006d7421b47b393ca025b31633ee4" is_pre_election: true
W20260608 12:48:52.483708 28210 thread.cc:641] raft [worker] (thread pool) Time spent creating pthread: real 1.013s	user 0.004s	sys 0.019s
W20260608 12:48:52.484390 28210 thread.cc:608] raft [worker] (thread pool) Time spent starting thread: real 1.014s	user 0.004s	sys 0.019s
I20260608 12:48:52.484890 28455 tablet_copy_client.cc:538] T ada30d74559c42d4bea7a9aaf4b103f6 P fd0f49cfa6064b979b393fddacf278d8: tablet copy: Tablet Copy complete. Replacing tablet superblock.
W20260608 12:48:52.511842 27966 debug-util.cc:398] Leaking SignalData structure 0x7b08001bd580 after lost signal to thread 24936
W20260608 12:48:52.498440 28210 outbound_call.cc:321] RPC callback for RPC call kudu.consensus.ConsensusService.UpdateConsensus -> {remote=127.24.89.66:43317, user_credentials={real_user=slave}} blocked reactor thread for 1.02735e+06us
I20260608 12:48:52.530942 27896 auto_leader_rebalancer.cc:140] leader rebalance for table range_aware_rebalance_new_range
I20260608 12:48:52.537631 28430 raft_consensus.cc:493] T 2170a5f71c1c44cf89d3a3cfa7a9ff95 P 9604abe123b049bf86296f5bff72def0 [term 1 FOLLOWER]: Starting pre-election (detected failure of leader b19dd66f3d744b4cbf98e66765c8dbbe)
W20260608 12:48:52.538096 27985 outbound_call.cc:321] RPC callback for RPC call kudu.consensus.ConsensusService.UpdateConsensus -> {remote=127.24.89.67:34119, user_credentials={real_user=slave}} blocked reactor thread for 61444.2us
I20260608 12:48:52.538775 28430 raft_consensus.cc:515] T 2170a5f71c1c44cf89d3a3cfa7a9ff95 P 9604abe123b049bf86296f5bff72def0 [term 1 FOLLOWER]: Starting pre-election with config: opid_index: -1 OBSOLETE_local: false peers { permanent_uuid: "fd0f49cfa6064b979b393fddacf278d8" member_type: VOTER last_known_addr { host: "127.24.89.68" port: 34559 } } peers { permanent_uuid: "9604abe123b049bf86296f5bff72def0" member_type: VOTER last_known_addr { host: "127.24.89.66" port: 43317 } } peers { permanent_uuid: "b19dd66f3d744b4cbf98e66765c8dbbe" member_type: VOTER last_known_addr { host: "127.24.89.65" port: 45975 } }
I20260608 12:48:52.543147 28474 raft_consensus.cc:493] T faaec351697a4d5b9b010055cfa32d2b P 9604abe123b049bf86296f5bff72def0 [term 1 FOLLOWER]: Starting pre-election (detected failure of leader b19dd66f3d744b4cbf98e66765c8dbbe)
I20260608 12:48:52.544087 28474 raft_consensus.cc:515] T faaec351697a4d5b9b010055cfa32d2b P 9604abe123b049bf86296f5bff72def0 [term 1 FOLLOWER]: Starting pre-election with config: opid_index: -1 OBSOLETE_local: false peers { permanent_uuid: "b9b006d7421b47b393ca025b31633ee4" member_type: VOTER last_known_addr { host: "127.24.89.67" port: 34119 } } peers { permanent_uuid: "b19dd66f3d744b4cbf98e66765c8dbbe" member_type: VOTER last_known_addr { host: "127.24.89.65" port: 45975 } } peers { permanent_uuid: "9604abe123b049bf86296f5bff72def0" member_type: VOTER last_known_addr { host: "127.24.89.66" port: 43317 } }
