I20260608 12:48:36.732635 27936 leader_election.cc:304] T a9a8ac05a83d49f5a28468cb893794aa P 3c837ebef8d84e99b69603cb2d8a33de [CANDIDATE]: Term 1 election: Election decided. Result: candidate won. Election summary: received 2 responses out of 3 voters: 2 yes votes; 0 no votes. yes voters: 3c837ebef8d84e99b69603cb2d8a33de, 93ab9a0129514dd8bddf2e1f806d08d8; no voters: 
I20260608 12:48:36.735845 27897 tablet_service.cc:1917] Received RequestConsensusVote() RPC: tablet_id: "a9a8ac05a83d49f5a28468cb893794aa" candidate_uuid: "3c837ebef8d84e99b69603cb2d8a33de" candidate_term: 1 candidate_status { last_received { term: 0 index: 0 } } ignore_live_leader: false dest_uuid: "d780f668ab2045558c568282e81fc8a8"
I20260608 12:48:36.736490 27897 raft_consensus.cc:3060] T a9a8ac05a83d49f5a28468cb893794aa P d780f668ab2045558c568282e81fc8a8 [term 0 FOLLOWER]: Advancing to term 1
I20260608 12:48:36.738534 28092 ts_tablet_manager.cc:1434] T a54d9fe527bf4df48d3cf26f2e710f83 P d780f668ab2045558c568282e81fc8a8: Time spent starting tablet: real 0.014s	user 0.008s	sys 0.000s
I20260608 12:48:36.738849 28099 leader_election.cc:290] T c35eaa6065bf49f79212fad95bf172ab P 3c837ebef8d84e99b69603cb2d8a33de [CANDIDATE]: Term 1 pre-election: Requested pre-vote from peers d780f668ab2045558c568282e81fc8a8 (127.24.84.193:46087), 93ab9a0129514dd8bddf2e1f806d08d8 (127.24.84.195:41855)
I20260608 12:48:36.739663 28092 tablet_bootstrap.cc:492] T 86b78a14e71644b6968fa7f261f4b9e3 P d780f668ab2045558c568282e81fc8a8: Bootstrap starting.
I20260608 12:48:36.739614 28099 raft_consensus.cc:2804] T a9a8ac05a83d49f5a28468cb893794aa P 3c837ebef8d84e99b69603cb2d8a33de [term 1 FOLLOWER]: Leader election won for term 1
I20260608 12:48:36.733532 28112 raft_consensus.cc:2804] T 86b78a14e71644b6968fa7f261f4b9e3 P 3c837ebef8d84e99b69603cb2d8a33de [term 0 FOLLOWER]: Leader pre-election won for term 1
I20260608 12:48:36.740845 28112 raft_consensus.cc:493] T 86b78a14e71644b6968fa7f261f4b9e3 P 3c837ebef8d84e99b69603cb2d8a33de [term 0 FOLLOWER]: Starting leader election (no leader contacted us within the election timeout)
I20260608 12:48:36.741369 28112 raft_consensus.cc:3060] T 86b78a14e71644b6968fa7f261f4b9e3 P 3c837ebef8d84e99b69603cb2d8a33de [term 0 FOLLOWER]: Advancing to term 1
I20260608 12:48:36.746269 28092 tablet_bootstrap.cc:654] T 86b78a14e71644b6968fa7f261f4b9e3 P d780f668ab2045558c568282e81fc8a8: Neither blocks nor log segments found. Creating new log.
I20260608 12:48:36.749061 28091 tablet_bootstrap.cc:492] T aa39d05ce68f4bfc9703b0cdb4834767 P 93ab9a0129514dd8bddf2e1f806d08d8: No bootstrap required, opened a new log
I20260608 12:48:36.749666 28091 ts_tablet_manager.cc:1403] T aa39d05ce68f4bfc9703b0cdb4834767 P 93ab9a0129514dd8bddf2e1f806d08d8: Time spent bootstrapping tablet: real 0.063s	user 0.026s	sys 0.026s
I20260608 12:48:36.749960 27897 raft_consensus.cc:2468] T a9a8ac05a83d49f5a28468cb893794aa P d780f668ab2045558c568282e81fc8a8 [term 1 FOLLOWER]: Leader election vote request: Granting yes vote for candidate 3c837ebef8d84e99b69603cb2d8a33de in term 1.
I20260608 12:48:36.750438 27972 tablet_service.cc:1917] Received RequestConsensusVote() RPC: tablet_id: "c35eaa6065bf49f79212fad95bf172ab" candidate_uuid: "d780f668ab2045558c568282e81fc8a8" candidate_term: 1 candidate_status { last_received { term: 0 index: 0 } } ignore_live_leader: false dest_uuid: "3c837ebef8d84e99b69603cb2d8a33de" is_pre_election: true
I20260608 12:48:36.754959 27972 raft_consensus.cc:2468] T c35eaa6065bf49f79212fad95bf172ab P 3c837ebef8d84e99b69603cb2d8a33de [term 0 FOLLOWER]: Leader pre-election vote request: Granting yes vote for candidate d780f668ab2045558c568282e81fc8a8 in term 0.
I20260608 12:48:36.752035 28046 tablet_service.cc:1917] Received RequestConsensusVote() RPC: tablet_id: "c35eaa6065bf49f79212fad95bf172ab" candidate_uuid: "3c837ebef8d84e99b69603cb2d8a33de" candidate_term: 1 candidate_status { last_received { term: 0 index: 0 } } ignore_live_leader: false dest_uuid: "93ab9a0129514dd8bddf2e1f806d08d8" is_pre_election: true
I20260608 12:48:36.752424 27896 tablet_service.cc:1917] Received RequestConsensusVote() RPC: tablet_id: "86b78a14e71644b6968fa7f261f4b9e3" candidate_uuid: "3c837ebef8d84e99b69603cb2d8a33de" candidate_term: 1 candidate_status { last_received { term: 0 index: 0 } } ignore_live_leader: false dest_uuid: "d780f668ab2045558c568282e81fc8a8" is_pre_election: true
I20260608 12:48:36.756798 27896 tablet_service.cc:1917] Received RequestConsensusVote() RPC: tablet_id: "c35eaa6065bf49f79212fad95bf172ab" candidate_uuid: "3c837ebef8d84e99b69603cb2d8a33de" candidate_term: 1 candidate_status { last_received { term: 0 index: 0 } } ignore_live_leader: false dest_uuid: "d780f668ab2045558c568282e81fc8a8" is_pre_election: true
I20260608 12:48:36.757364 27896 raft_consensus.cc:2468] T c35eaa6065bf49f79212fad95bf172ab P d780f668ab2045558c568282e81fc8a8 [term 0 FOLLOWER]: Leader pre-election vote request: Granting yes vote for candidate 3c837ebef8d84e99b69603cb2d8a33de in term 0.
W20260608 12:48:36.757284 27937 leader_election.cc:343] T 86b78a14e71644b6968fa7f261f4b9e3 P 3c837ebef8d84e99b69603cb2d8a33de [CANDIDATE]: Term 1 pre-election: Tablet error from VoteRequest() call to peer d780f668ab2045558c568282e81fc8a8 (127.24.84.193:46087): Illegal state: must be running to vote when last-logged opid is not known
I20260608 12:48:36.752657 28099 raft_consensus.cc:697] T a9a8ac05a83d49f5a28468cb893794aa P 3c837ebef8d84e99b69603cb2d8a33de [term 1 LEADER]: Becoming Leader. State: Replica: 3c837ebef8d84e99b69603cb2d8a33de, State: Running, Role: LEADER
I20260608 12:48:36.758980 27861 leader_election.cc:304] T c35eaa6065bf49f79212fad95bf172ab P d780f668ab2045558c568282e81fc8a8 [CANDIDATE]: Term 1 pre-election: Election decided. Result: candidate won. Election summary: received 3 responses out of 3 voters: 2 yes votes; 1 no votes. yes voters: 3c837ebef8d84e99b69603cb2d8a33de, d780f668ab2045558c568282e81fc8a8; no voters: 93ab9a0129514dd8bddf2e1f806d08d8
I20260608 12:48:36.758998 27937 leader_election.cc:304] T c35eaa6065bf49f79212fad95bf172ab P 3c837ebef8d84e99b69603cb2d8a33de [CANDIDATE]: Term 1 pre-election: Election decided. Result: candidate won. Election summary: received 2 responses out of 3 voters: 2 yes votes; 0 no votes. yes voters: 3c837ebef8d84e99b69603cb2d8a33de, d780f668ab2045558c568282e81fc8a8; no voters: 
I20260608 12:48:36.760354 28098 raft_consensus.cc:2804] T c35eaa6065bf49f79212fad95bf172ab P d780f668ab2045558c568282e81fc8a8 [term 0 FOLLOWER]: Leader pre-election won for term 1
I20260608 12:48:36.752966 28091 raft_consensus.cc:359] T aa39d05ce68f4bfc9703b0cdb4834767 P 93ab9a0129514dd8bddf2e1f806d08d8 [term 0 FOLLOWER]: Replica starting. Triggering 0 pending ops. Active config: opid_index: -1 OBSOLETE_local: false peers { permanent_uuid: "d780f668ab2045558c568282e81fc8a8" member_type: VOTER last_known_addr { host: "127.24.84.193" port: 46087 } } peers { permanent_uuid: "3c837ebef8d84e99b69603cb2d8a33de" member_type: VOTER last_known_addr { host: "127.24.84.194" port: 33887 } } peers { permanent_uuid: "93ab9a0129514dd8bddf2e1f806d08d8" member_type: VOTER last_known_addr { host: "127.24.84.195" port: 41855 } }
I20260608 12:48:36.760818 28098 raft_consensus.cc:493] T c35eaa6065bf49f79212fad95bf172ab P d780f668ab2045558c568282e81fc8a8 [term 0 FOLLOWER]: Starting leader election (no leader contacted us within the election timeout)
W20260608 12:48:36.760830 27936 leader_election.cc:343] T c35eaa6065bf49f79212fad95bf172ab P 3c837ebef8d84e99b69603cb2d8a33de [CANDIDATE]: Term 1 pre-election: Tablet error from VoteRequest() call to peer 93ab9a0129514dd8bddf2e1f806d08d8 (127.24.84.195:41855): Illegal state: must be running to vote when last-logged opid is not known
I20260608 12:48:36.760949 28091 raft_consensus.cc:385] T aa39d05ce68f4bfc9703b0cdb4834767 P 93ab9a0129514dd8bddf2e1f806d08d8 [term 0 FOLLOWER]: Consensus starting up: Expiring failure detector timer to make a prompt election more likely
I20260608 12:48:36.761516 28098 raft_consensus.cc:3060] T c35eaa6065bf49f79212fad95bf172ab P d780f668ab2045558c568282e81fc8a8 [term 0 FOLLOWER]: Advancing to term 1
I20260608 12:48:36.760193 28099 consensus_queue.cc:237] T a9a8ac05a83d49f5a28468cb893794aa P 3c837ebef8d84e99b69603cb2d8a33de [LEADER]: Queue going to LEADER mode. State: All replicated index: 0, Majority replicated index: 0, Committed index: 0, Last appended: 0.0, Last appended by leader: 0, Current term: 1, Majority size: 2, State: 0, Mode: LEADER, active raft config: opid_index: -1 OBSOLETE_local: false peers { permanent_uuid: "3c837ebef8d84e99b69603cb2d8a33de" member_type: VOTER last_known_addr { host: "127.24.84.194" port: 33887 } } peers { permanent_uuid: "d780f668ab2045558c568282e81fc8a8" member_type: VOTER last_known_addr { host: "127.24.84.193" port: 46087 } } peers { permanent_uuid: "93ab9a0129514dd8bddf2e1f806d08d8" member_type: VOTER last_known_addr { host: "127.24.84.195" port: 41855 } }
I20260608 12:48:36.761685 28091 raft_consensus.cc:740] T aa39d05ce68f4bfc9703b0cdb4834767 P 93ab9a0129514dd8bddf2e1f806d08d8 [term 0 FOLLOWER]: Becoming Follower/Learner. State: Replica: 93ab9a0129514dd8bddf2e1f806d08d8, State: Initialized, Role: FOLLOWER
I20260608 12:48:36.762935 28115 raft_consensus.cc:2804] T c35eaa6065bf49f79212fad95bf172ab P 3c837ebef8d84e99b69603cb2d8a33de [term 0 FOLLOWER]: Leader pre-election won for term 1
I20260608 12:48:36.762832 28091 consensus_queue.cc:260] T aa39d05ce68f4bfc9703b0cdb4834767 P 93ab9a0129514dd8bddf2e1f806d08d8 [NON_LEADER]: Queue going to NON_LEADER mode. State: All replicated index: 0, Majority replicated index: 0, Committed index: 0, Last appended: 0.0, Last appended by leader: 0, Current term: 0, Majority size: -1, State: 0, Mode: NON_LEADER, active raft config: opid_index: -1 OBSOLETE_local: false peers { permanent_uuid: "d780f668ab2045558c568282e81fc8a8" member_type: VOTER last_known_addr { host: "127.24.84.193" port: 46087 } } peers { permanent_uuid: "3c837ebef8d84e99b69603cb2d8a33de" member_type: VOTER last_known_addr { host: "127.24.84.194" port: 33887 } } peers { permanent_uuid: "93ab9a0129514dd8bddf2e1f806d08d8" member_type: VOTER last_known_addr { host: "127.24.84.195" port: 41855 } }
I20260608 12:48:36.765308 28093 tablet_bootstrap.cc:492] T bded2a35a74041a08106bd4f0e126697 P 3c837ebef8d84e99b69603cb2d8a33de: No bootstrap required, opened a new log
I20260608 12:48:36.765534 28091 ts_tablet_manager.cc:1434] T aa39d05ce68f4bfc9703b0cdb4834767 P 93ab9a0129514dd8bddf2e1f806d08d8: Time spent starting tablet: real 0.016s	user 0.002s	sys 0.005s
I20260608 12:48:36.765868 28093 ts_tablet_manager.cc:1403] T bded2a35a74041a08106bd4f0e126697 P 3c837ebef8d84e99b69603cb2d8a33de: Time spent bootstrapping tablet: real 0.085s	user 0.013s	sys 0.000s
I20260608 12:48:36.766834 28091 tablet_bootstrap.cc:492] T c35eaa6065bf49f79212fad95bf172ab P 93ab9a0129514dd8bddf2e1f806d08d8: Bootstrap starting.
W20260608 12:48:36.769454 27843 auto_rebalancer.cc:259] Could not retrieve cluster info: Service unavailable: Tablet not running
I20260608 12:48:36.769311 28093 raft_consensus.cc:359] T bded2a35a74041a08106bd4f0e126697 P 3c837ebef8d84e99b69603cb2d8a33de [term 0 FOLLOWER]: Replica starting. Triggering 0 pending ops. Active config: opid_index: -1 OBSOLETE_local: false peers { permanent_uuid: "3c837ebef8d84e99b69603cb2d8a33de" member_type: VOTER last_known_addr { host: "127.24.84.194" port: 33887 } } peers { permanent_uuid: "d780f668ab2045558c568282e81fc8a8" member_type: VOTER last_known_addr { host: "127.24.84.193" port: 46087 } } peers { permanent_uuid: "93ab9a0129514dd8bddf2e1f806d08d8" member_type: VOTER last_known_addr { host: "127.24.84.195" port: 41855 } }
I20260608 12:48:36.770133 28093 raft_consensus.cc:385] T bded2a35a74041a08106bd4f0e126697 P 3c837ebef8d84e99b69603cb2d8a33de [term 0 FOLLOWER]: Consensus starting up: Expiring failure detector timer to make a prompt election more likely
I20260608 12:48:36.770468 28093 raft_consensus.cc:740] T bded2a35a74041a08106bd4f0e126697 P 3c837ebef8d84e99b69603cb2d8a33de [term 0 FOLLOWER]: Becoming Follower/Learner. State: Replica: 3c837ebef8d84e99b69603cb2d8a33de, State: Initialized, Role: FOLLOWER
I20260608 12:48:36.771319 28093 consensus_queue.cc:260] T bded2a35a74041a08106bd4f0e126697 P 3c837ebef8d84e99b69603cb2d8a33de [NON_LEADER]: Queue going to NON_LEADER mode. State: All replicated index: 0, Majority replicated index: 0, Committed index: 0, Last appended: 0.0, Last appended by leader: 0, Current term: 0, Majority size: -1, State: 0, Mode: NON_LEADER, active raft config: opid_index: -1 OBSOLETE_local: false peers { permanent_uuid: "3c837ebef8d84e99b69603cb2d8a33de" member_type: VOTER last_known_addr { host: "127.24.84.194" port: 33887 } } peers { permanent_uuid: "d780f668ab2045558c568282e81fc8a8" member_type: VOTER last_known_addr { host: "127.24.84.193" port: 46087 } } peers { permanent_uuid: "93ab9a0129514dd8bddf2e1f806d08d8" member_type: VOTER last_known_addr { host: "127.24.84.195" port: 41855 } }
I20260608 12:48:36.773336 27848 auto_leader_rebalancer.cc:140] leader rebalance for table range_aware_rebalance_new_range
W20260608 12:48:36.774708 27848 auto_leader_rebalancer.cc:460] the master instance isn't leader: Service unavailable: Tablet not running
I20260608 12:48:36.774948 28091 tablet_bootstrap.cc:654] T c35eaa6065bf49f79212fad95bf172ab P 93ab9a0129514dd8bddf2e1f806d08d8: Neither blocks nor log segments found. Creating new log.
I20260608 12:48:36.763412 28115 raft_consensus.cc:493] T c35eaa6065bf49f79212fad95bf172ab P 3c837ebef8d84e99b69603cb2d8a33de [term 0 FOLLOWER]: Starting leader election (no leader contacted us within the election timeout)
I20260608 12:48:36.779697 28115 raft_consensus.cc:3060] T c35eaa6065bf49f79212fad95bf172ab P 3c837ebef8d84e99b69603cb2d8a33de [term 0 FOLLOWER]: Advancing to term 1
I20260608 12:48:36.780560 28098 raft_consensus.cc:515] T c35eaa6065bf49f79212fad95bf172ab P d780f668ab2045558c568282e81fc8a8 [term 1 FOLLOWER]: Starting leader election with config: opid_index: -1 OBSOLETE_local: false peers { permanent_uuid: "d780f668ab2045558c568282e81fc8a8" member_type: VOTER last_known_addr { host: "127.24.84.193" port: 46087 } } peers { permanent_uuid: "3c837ebef8d84e99b69603cb2d8a33de" member_type: VOTER last_known_addr { host: "127.24.84.194" port: 33887 } } peers { permanent_uuid: "93ab9a0129514dd8bddf2e1f806d08d8" member_type: VOTER last_known_addr { host: "127.24.84.195" port: 41855 } }
I20260608 12:48:36.782171 28093 ts_tablet_manager.cc:1434] T bded2a35a74041a08106bd4f0e126697 P 3c837ebef8d84e99b69603cb2d8a33de: Time spent starting tablet: real 0.016s	user 0.009s	sys 0.004s
I20260608 12:48:36.783849 27972 tablet_service.cc:1917] Received RequestConsensusVote() RPC: tablet_id: "c35eaa6065bf49f79212fad95bf172ab" candidate_uuid: "d780f668ab2045558c568282e81fc8a8" candidate_term: 1 candidate_status { last_received { term: 0 index: 0 } } ignore_live_leader: false dest_uuid: "3c837ebef8d84e99b69603cb2d8a33de"
I20260608 12:48:36.784530 28098 leader_election.cc:290] T c35eaa6065bf49f79212fad95bf172ab P d780f668ab2045558c568282e81fc8a8 [CANDIDATE]: Term 1 election: Requested vote from peers 3c837ebef8d84e99b69603cb2d8a33de (127.24.84.194:33887), 93ab9a0129514dd8bddf2e1f806d08d8 (127.24.84.195:41855)
I20260608 12:48:36.785559 28046 tablet_service.cc:1917] Received RequestConsensusVote() RPC: tablet_id: "c35eaa6065bf49f79212fad95bf172ab" candidate_uuid: "d780f668ab2045558c568282e81fc8a8" candidate_term: 1 candidate_status { last_received { term: 0 index: 0 } } ignore_live_leader: false dest_uuid: "93ab9a0129514dd8bddf2e1f806d08d8"
W20260608 12:48:36.787426 27861 leader_election.cc:343] T c35eaa6065bf49f79212fad95bf172ab P d780f668ab2045558c568282e81fc8a8 [CANDIDATE]: Term 1 election: Tablet error from VoteRequest() call to peer 93ab9a0129514dd8bddf2e1f806d08d8 (127.24.84.195:41855): Illegal state: must be running to vote when last-logged opid is not known
I20260608 12:48:36.789062 28093 tablet_bootstrap.cc:492] T 3a985a1bd8824c7db6985bc0f13c5a03 P 3c837ebef8d84e99b69603cb2d8a33de: Bootstrap starting.
I20260608 12:48:36.789193 28112 raft_consensus.cc:515] T 86b78a14e71644b6968fa7f261f4b9e3 P 3c837ebef8d84e99b69603cb2d8a33de [term 1 FOLLOWER]: Starting leader election with config: opid_index: -1 OBSOLETE_local: false peers { permanent_uuid: "d780f668ab2045558c568282e81fc8a8" member_type: VOTER last_known_addr { host: "127.24.84.193" port: 46087 } } peers { permanent_uuid: "3c837ebef8d84e99b69603cb2d8a33de" member_type: VOTER last_known_addr { host: "127.24.84.194" port: 33887 } } peers { permanent_uuid: "93ab9a0129514dd8bddf2e1f806d08d8" member_type: VOTER last_known_addr { host: "127.24.84.195" port: 41855 } }
I20260608 12:48:36.798620 28112 leader_election.cc:290] T 86b78a14e71644b6968fa7f261f4b9e3 P 3c837ebef8d84e99b69603cb2d8a33de [CANDIDATE]: Term 1 election: Requested vote from peers d780f668ab2045558c568282e81fc8a8 (127.24.84.193:46087), 93ab9a0129514dd8bddf2e1f806d08d8 (127.24.84.195:41855)
I20260608 12:48:36.796142 28092 tablet_bootstrap.cc:492] T 86b78a14e71644b6968fa7f261f4b9e3 P d780f668ab2045558c568282e81fc8a8: No bootstrap required, opened a new log
I20260608 12:48:36.799530 28092 ts_tablet_manager.cc:1403] T 86b78a14e71644b6968fa7f261f4b9e3 P d780f668ab2045558c568282e81fc8a8: Time spent bootstrapping tablet: real 0.060s	user 0.023s	sys 0.009s
I20260608 12:48:36.799971 28046 tablet_service.cc:1917] Received RequestConsensusVote() RPC: tablet_id: "86b78a14e71644b6968fa7f261f4b9e3" candidate_uuid: "3c837ebef8d84e99b69603cb2d8a33de" candidate_term: 1 candidate_status { last_received { term: 0 index: 0 } } ignore_live_leader: false dest_uuid: "93ab9a0129514dd8bddf2e1f806d08d8"
I20260608 12:48:36.800683 28046 raft_consensus.cc:3060] T 86b78a14e71644b6968fa7f261f4b9e3 P 93ab9a0129514dd8bddf2e1f806d08d8 [term 0 FOLLOWER]: Advancing to term 1
I20260608 12:48:36.802301 27896 tablet_service.cc:1917] Received RequestConsensusVote() RPC: tablet_id: "86b78a14e71644b6968fa7f261f4b9e3" candidate_uuid: "3c837ebef8d84e99b69603cb2d8a33de" candidate_term: 1 candidate_status { last_received { term: 0 index: 0 } } ignore_live_leader: false dest_uuid: "d780f668ab2045558c568282e81fc8a8"
I20260608 12:48:36.804143 28092 raft_consensus.cc:359] T 86b78a14e71644b6968fa7f261f4b9e3 P d780f668ab2045558c568282e81fc8a8 [term 0 FOLLOWER]: Replica starting. Triggering 0 pending ops. Active config: opid_index: -1 OBSOLETE_local: false peers { permanent_uuid: "d780f668ab2045558c568282e81fc8a8" member_type: VOTER last_known_addr { host: "127.24.84.193" port: 46087 } } peers { permanent_uuid: "3c837ebef8d84e99b69603cb2d8a33de" member_type: VOTER last_known_addr { host: "127.24.84.194" port: 33887 } } peers { permanent_uuid: "93ab9a0129514dd8bddf2e1f806d08d8" member_type: VOTER last_known_addr { host: "127.24.84.195" port: 41855 } }
I20260608 12:48:36.804680 28091 tablet_bootstrap.cc:492] T c35eaa6065bf49f79212fad95bf172ab P 93ab9a0129514dd8bddf2e1f806d08d8: No bootstrap required, opened a new log
I20260608 12:48:36.804945 28092 raft_consensus.cc:385] T 86b78a14e71644b6968fa7f261f4b9e3 P d780f668ab2045558c568282e81fc8a8 [term 0 FOLLOWER]: Consensus starting up: Expiring failure detector timer to make a prompt election more likely
I20260608 12:48:36.805312 28092 raft_consensus.cc:740] T 86b78a14e71644b6968fa7f261f4b9e3 P d780f668ab2045558c568282e81fc8a8 [term 0 FOLLOWER]: Becoming Follower/Learner. State: Replica: d780f668ab2045558c568282e81fc8a8, State: Initialized, Role: FOLLOWER
I20260608 12:48:36.805428 28091 ts_tablet_manager.cc:1403] T c35eaa6065bf49f79212fad95bf172ab P 93ab9a0129514dd8bddf2e1f806d08d8: Time spent bootstrapping tablet: real 0.039s	user 0.016s	sys 0.017s
I20260608 12:48:36.805388 27795 catalog_manager.cc:5696] T a9a8ac05a83d49f5a28468cb893794aa P 3c837ebef8d84e99b69603cb2d8a33de reported cstate change: term changed from 0 to 1, leader changed from <none> to 3c837ebef8d84e99b69603cb2d8a33de (127.24.84.194). New cstate: current_term: 1 leader_uuid: "3c837ebef8d84e99b69603cb2d8a33de" committed_config { opid_index: -1 OBSOLETE_local: false peers { permanent_uuid: "3c837ebef8d84e99b69603cb2d8a33de" member_type: VOTER last_known_addr { host: "127.24.84.194" port: 33887 } health_report { overall_health: HEALTHY } } peers { permanent_uuid: "d780f668ab2045558c568282e81fc8a8" member_type: VOTER last_known_addr { host: "127.24.84.193" port: 46087 } health_report { overall_health: UNKNOWN } } peers { permanent_uuid: "93ab9a0129514dd8bddf2e1f806d08d8" member_type: VOTER last_known_addr { host: "127.24.84.195" port: 41855 } health_report { overall_health: UNKNOWN } } }
I20260608 12:48:36.806444 28092 consensus_queue.cc:260] T 86b78a14e71644b6968fa7f261f4b9e3 P d780f668ab2045558c568282e81fc8a8 [NON_LEADER]: Queue going to NON_LEADER mode. State: All replicated index: 0, Majority replicated index: 0, Committed index: 0, Last appended: 0.0, Last appended by leader: 0, Current term: 0, Majority size: -1, State: 0, Mode: NON_LEADER, active raft config: opid_index: -1 OBSOLETE_local: false peers { permanent_uuid: "d780f668ab2045558c568282e81fc8a8" member_type: VOTER last_known_addr { host: "127.24.84.193" port: 46087 } } peers { permanent_uuid: "3c837ebef8d84e99b69603cb2d8a33de" member_type: VOTER last_known_addr { host: "127.24.84.194" port: 33887 } } peers { permanent_uuid: "93ab9a0129514dd8bddf2e1f806d08d8" member_type: VOTER last_known_addr { host: "127.24.84.195" port: 41855 } }
I20260608 12:48:36.809183 28046 raft_consensus.cc:2468] T 86b78a14e71644b6968fa7f261f4b9e3 P 93ab9a0129514dd8bddf2e1f806d08d8 [term 1 FOLLOWER]: Leader election vote request: Granting yes vote for candidate 3c837ebef8d84e99b69603cb2d8a33de in term 1.
I20260608 12:48:36.809725 28092 ts_tablet_manager.cc:1434] T 86b78a14e71644b6968fa7f261f4b9e3 P d780f668ab2045558c568282e81fc8a8: Time spent starting tablet: real 0.010s	user 0.008s	sys 0.000s
W20260608 12:48:36.809654 27937 leader_election.cc:343] T 86b78a14e71644b6968fa7f261f4b9e3 P 3c837ebef8d84e99b69603cb2d8a33de [CANDIDATE]: Term 1 election: Tablet error from VoteRequest() call to peer d780f668ab2045558c568282e81fc8a8 (127.24.84.193:46087): Illegal state: must be running to vote when last-logged opid is not known
I20260608 12:48:36.810698 27936 leader_election.cc:304] T 86b78a14e71644b6968fa7f261f4b9e3 P 3c837ebef8d84e99b69603cb2d8a33de [CANDIDATE]: Term 1 election: Election decided. Result: candidate won. Election summary: received 3 responses out of 3 voters: 2 yes votes; 1 no votes. yes voters: 3c837ebef8d84e99b69603cb2d8a33de, 93ab9a0129514dd8bddf2e1f806d08d8; no voters: d780f668ab2045558c568282e81fc8a8
I20260608 12:48:36.811189 28092 tablet_bootstrap.cc:492] T bded2a35a74041a08106bd4f0e126697 P d780f668ab2045558c568282e81fc8a8: Bootstrap starting.
I20260608 12:48:36.812124 28091 raft_consensus.cc:359] T c35eaa6065bf49f79212fad95bf172ab P 93ab9a0129514dd8bddf2e1f806d08d8 [term 0 FOLLOWER]: Replica starting. Triggering 0 pending ops. Active config: opid_index: -1 OBSOLETE_local: false peers { permanent_uuid: "d780f668ab2045558c568282e81fc8a8" member_type: VOTER last_known_addr { host: "127.24.84.193" port: 46087 } } peers { permanent_uuid: "3c837ebef8d84e99b69603cb2d8a33de" member_type: VOTER last_known_addr { host: "127.24.84.194" port: 33887 } } peers { permanent_uuid: "93ab9a0129514dd8bddf2e1f806d08d8" member_type: VOTER last_known_addr { host: "127.24.84.195" port: 41855 } }
I20260608 12:48:36.812994 28091 raft_consensus.cc:385] T c35eaa6065bf49f79212fad95bf172ab P 93ab9a0129514dd8bddf2e1f806d08d8 [term 0 FOLLOWER]: Consensus starting up: Expiring failure detector timer to make a prompt election more likely
I20260608 12:48:36.813367 28091 raft_consensus.cc:740] T c35eaa6065bf49f79212fad95bf172ab P 93ab9a0129514dd8bddf2e1f806d08d8 [term 0 FOLLOWER]: Becoming Follower/Learner. State: Replica: 93ab9a0129514dd8bddf2e1f806d08d8, State: Initialized, Role: FOLLOWER
I20260608 12:48:36.813715 28112 raft_consensus.cc:2804] T 86b78a14e71644b6968fa7f261f4b9e3 P 3c837ebef8d84e99b69603cb2d8a33de [term 1 FOLLOWER]: Leader election won for term 1
I20260608 12:48:36.814592 28112 raft_consensus.cc:697] T 86b78a14e71644b6968fa7f261f4b9e3 P 3c837ebef8d84e99b69603cb2d8a33de [term 1 LEADER]: Becoming Leader. State: Replica: 3c837ebef8d84e99b69603cb2d8a33de, State: Running, Role: LEADER
I20260608 12:48:36.814484 28091 consensus_queue.cc:260] T c35eaa6065bf49f79212fad95bf172ab P 93ab9a0129514dd8bddf2e1f806d08d8 [NON_LEADER]: Queue going to NON_LEADER mode. State: All replicated index: 0, Majority replicated index: 0, Committed index: 0, Last appended: 0.0, Last appended by leader: 0, Current term: 0, Majority size: -1, State: 0, Mode: NON_LEADER, active raft config: opid_index: -1 OBSOLETE_local: false peers { permanent_uuid: "d780f668ab2045558c568282e81fc8a8" member_type: VOTER last_known_addr { host: "127.24.84.193" port: 46087 } } peers { permanent_uuid: "3c837ebef8d84e99b69603cb2d8a33de" member_type: VOTER last_known_addr { host: "127.24.84.194" port: 33887 } } peers { permanent_uuid: "93ab9a0129514dd8bddf2e1f806d08d8" member_type: VOTER last_known_addr { host: "127.24.84.195" port: 41855 } }
I20260608 12:48:36.815687 28112 consensus_queue.cc:237] T 86b78a14e71644b6968fa7f261f4b9e3 P 3c837ebef8d84e99b69603cb2d8a33de [LEADER]: Queue going to LEADER mode. State: All replicated index: 0, Majority replicated index: 0, Committed index: 0, Last appended: 0.0, Last appended by leader: 0, Current term: 1, Majority size: 2, State: 0, Mode: LEADER, active raft config: opid_index: -1 OBSOLETE_local: false peers { permanent_uuid: "d780f668ab2045558c568282e81fc8a8" member_type: VOTER last_known_addr { host: "127.24.84.193" port: 46087 } } peers { permanent_uuid: "3c837ebef8d84e99b69603cb2d8a33de" member_type: VOTER last_known_addr { host: "127.24.84.194" port: 33887 } } peers { permanent_uuid: "93ab9a0129514dd8bddf2e1f806d08d8" member_type: VOTER last_known_addr { host: "127.24.84.195" port: 41855 } }
I20260608 12:48:36.819198 28092 tablet_bootstrap.cc:654] T bded2a35a74041a08106bd4f0e126697 P d780f668ab2045558c568282e81fc8a8: Neither blocks nor log segments found. Creating new log.
I20260608 12:48:36.798440 28093 tablet_bootstrap.cc:654] T 3a985a1bd8824c7db6985bc0f13c5a03 P 3c837ebef8d84e99b69603cb2d8a33de: Neither blocks nor log segments found. Creating new log.
I20260608 12:48:36.821066 28091 ts_tablet_manager.cc:1434] T c35eaa6065bf49f79212fad95bf172ab P 93ab9a0129514dd8bddf2e1f806d08d8: Time spent starting tablet: real 0.015s	user 0.007s	sys 0.001s
I20260608 12:48:36.822337 28091 tablet_bootstrap.cc:492] T 4b892ff46c25479990ab812492a1f9af P 93ab9a0129514dd8bddf2e1f806d08d8: Bootstrap starting.
I20260608 12:48:36.829885 28091 tablet_bootstrap.cc:654] T 4b892ff46c25479990ab812492a1f9af P 93ab9a0129514dd8bddf2e1f806d08d8: Neither blocks nor log segments found. Creating new log.
I20260608 12:48:36.839772 28097 raft_consensus.cc:493] T a54d9fe527bf4df48d3cf26f2e710f83 P 93ab9a0129514dd8bddf2e1f806d08d8 [term 0 FOLLOWER]: Starting pre-election (no leader contacted us within the election timeout)
I20260608 12:48:36.840427 28097 raft_consensus.cc:515] T a54d9fe527bf4df48d3cf26f2e710f83 P 93ab9a0129514dd8bddf2e1f806d08d8 [term 0 FOLLOWER]: Starting pre-election with config: opid_index: -1 OBSOLETE_local: false peers { permanent_uuid: "d780f668ab2045558c568282e81fc8a8" member_type: VOTER last_known_addr { host: "127.24.84.193" port: 46087 } } peers { permanent_uuid: "3c837ebef8d84e99b69603cb2d8a33de" member_type: VOTER last_known_addr { host: "127.24.84.194" port: 33887 } } peers { permanent_uuid: "93ab9a0129514dd8bddf2e1f806d08d8" member_type: VOTER last_known_addr { host: "127.24.84.195" port: 41855 } }
I20260608 12:48:36.842767 28115 raft_consensus.cc:515] T c35eaa6065bf49f79212fad95bf172ab P 3c837ebef8d84e99b69603cb2d8a33de [term 1 FOLLOWER]: Starting leader election with config: opid_index: -1 OBSOLETE_local: false peers { permanent_uuid: "d780f668ab2045558c568282e81fc8a8" member_type: VOTER last_known_addr { host: "127.24.84.193" port: 46087 } } peers { permanent_uuid: "3c837ebef8d84e99b69603cb2d8a33de" member_type: VOTER last_known_addr { host: "127.24.84.194" port: 33887 } } peers { permanent_uuid: "93ab9a0129514dd8bddf2e1f806d08d8" member_type: VOTER last_known_addr { host: "127.24.84.195" port: 41855 } }
I20260608 12:48:36.844085 27972 raft_consensus.cc:2393] T c35eaa6065bf49f79212fad95bf172ab P 3c837ebef8d84e99b69603cb2d8a33de [term 1 FOLLOWER]: Leader election vote request: Denying vote to candidate d780f668ab2045558c568282e81fc8a8 in current term 1: Already voted for candidate 3c837ebef8d84e99b69603cb2d8a33de in this term.
I20260608 12:48:36.847724 27861 leader_election.cc:304] T c35eaa6065bf49f79212fad95bf172ab P d780f668ab2045558c568282e81fc8a8 [CANDIDATE]: Term 1 election: Election decided. Result: candidate lost. Election summary: received 3 responses out of 3 voters: 1 yes votes; 2 no votes. yes voters: d780f668ab2045558c568282e81fc8a8; no voters: 3c837ebef8d84e99b69603cb2d8a33de, 93ab9a0129514dd8bddf2e1f806d08d8
I20260608 12:48:36.848827 28098 raft_consensus.cc:2749] T c35eaa6065bf49f79212fad95bf172ab P d780f668ab2045558c568282e81fc8a8 [term 1 FOLLOWER]: Leader election lost for term 1. Reason: could not achieve majority
I20260608 12:48:36.853943 27896 tablet_service.cc:1917] Received RequestConsensusVote() RPC: tablet_id: "c35eaa6065bf49f79212fad95bf172ab" candidate_uuid: "3c837ebef8d84e99b69603cb2d8a33de" candidate_term: 1 candidate_status { last_received { term: 0 index: 0 } } ignore_live_leader: false dest_uuid: "d780f668ab2045558c568282e81fc8a8"
I20260608 12:48:36.855151 27896 raft_consensus.cc:2393] T c35eaa6065bf49f79212fad95bf172ab P d780f668ab2045558c568282e81fc8a8 [term 1 FOLLOWER]: Leader election vote request: Denying vote to candidate 3c837ebef8d84e99b69603cb2d8a33de in current term 1: Already voted for candidate d780f668ab2045558c568282e81fc8a8 in this term.
I20260608 12:48:36.858563 28097 leader_election.cc:290] T a54d9fe527bf4df48d3cf26f2e710f83 P 93ab9a0129514dd8bddf2e1f806d08d8 [CANDIDATE]: Term 1 pre-election: Requested pre-vote from peers d780f668ab2045558c568282e81fc8a8 (127.24.84.193:46087), 3c837ebef8d84e99b69603cb2d8a33de (127.24.84.194:33887)
I20260608 12:48:36.861131 28093 tablet_bootstrap.cc:492] T 3a985a1bd8824c7db6985bc0f13c5a03 P 3c837ebef8d84e99b69603cb2d8a33de: No bootstrap required, opened a new log
I20260608 12:48:36.861702 28093 ts_tablet_manager.cc:1403] T 3a985a1bd8824c7db6985bc0f13c5a03 P 3c837ebef8d84e99b69603cb2d8a33de: Time spent bootstrapping tablet: real 0.073s	user 0.012s	sys 0.018s
I20260608 12:48:36.865270 28115 leader_election.cc:290] T c35eaa6065bf49f79212fad95bf172ab P 3c837ebef8d84e99b69603cb2d8a33de [CANDIDATE]: Term 1 election: Requested vote from peers d780f668ab2045558c568282e81fc8a8 (127.24.84.193:46087), 93ab9a0129514dd8bddf2e1f806d08d8 (127.24.84.195:41855)
I20260608 12:48:36.866168 28046 tablet_service.cc:1917] Received RequestConsensusVote() RPC: tablet_id: "c35eaa6065bf49f79212fad95bf172ab" candidate_uuid: "3c837ebef8d84e99b69603cb2d8a33de" candidate_term: 1 candidate_status { last_received { term: 0 index: 0 } } ignore_live_leader: false dest_uuid: "93ab9a0129514dd8bddf2e1f806d08d8"
I20260608 12:48:36.867067 28046 raft_consensus.cc:3060] T c35eaa6065bf49f79212fad95bf172ab P 93ab9a0129514dd8bddf2e1f806d08d8 [term 0 FOLLOWER]: Advancing to term 1
I20260608 12:48:36.877307 28046 raft_consensus.cc:2468] T c35eaa6065bf49f79212fad95bf172ab P 93ab9a0129514dd8bddf2e1f806d08d8 [term 1 FOLLOWER]: Leader election vote request: Granting yes vote for candidate 3c837ebef8d84e99b69603cb2d8a33de in term 1.
I20260608 12:48:36.877081 28097 raft_consensus.cc:493] T 3a985a1bd8824c7db6985bc0f13c5a03 P 93ab9a0129514dd8bddf2e1f806d08d8 [term 0 FOLLOWER]: Starting pre-election (no leader contacted us within the election timeout)
I20260608 12:48:36.879607 28092 tablet_bootstrap.cc:492] T bded2a35a74041a08106bd4f0e126697 P d780f668ab2045558c568282e81fc8a8: No bootstrap required, opened a new log
I20260608 12:48:36.879434 28097 raft_consensus.cc:515] T 3a985a1bd8824c7db6985bc0f13c5a03 P 93ab9a0129514dd8bddf2e1f806d08d8 [term 0 FOLLOWER]: Starting pre-election with config: opid_index: -1 OBSOLETE_local: false peers { permanent_uuid: "d780f668ab2045558c568282e81fc8a8" member_type: VOTER last_known_addr { host: "127.24.84.193" port: 46087 } } peers { permanent_uuid: "3c837ebef8d84e99b69603cb2d8a33de" member_type: VOTER last_known_addr { host: "127.24.84.194" port: 33887 } } peers { permanent_uuid: "93ab9a0129514dd8bddf2e1f806d08d8" member_type: VOTER last_known_addr { host: "127.24.84.195" port: 41855 } }
I20260608 12:48:36.880221 28092 ts_tablet_manager.cc:1403] T bded2a35a74041a08106bd4f0e126697 P d780f668ab2045558c568282e81fc8a8: Time spent bootstrapping tablet: real 0.069s	user 0.035s	sys 0.022s
I20260608 12:48:36.882189 28097 leader_election.cc:290] T 3a985a1bd8824c7db6985bc0f13c5a03 P 93ab9a0129514dd8bddf2e1f806d08d8 [CANDIDATE]: Term 1 pre-election: Requested pre-vote from peers d780f668ab2045558c568282e81fc8a8 (127.24.84.193:46087), 3c837ebef8d84e99b69603cb2d8a33de (127.24.84.194:33887)
I20260608 12:48:36.884040 27936 leader_election.cc:304] T c35eaa6065bf49f79212fad95bf172ab P 3c837ebef8d84e99b69603cb2d8a33de [CANDIDATE]: Term 1 election: Election decided. Result: candidate won. Election summary: received 3 responses out of 3 voters: 2 yes votes; 1 no votes. yes voters: 3c837ebef8d84e99b69603cb2d8a33de, 93ab9a0129514dd8bddf2e1f806d08d8; no voters: d780f668ab2045558c568282e81fc8a8
I20260608 12:48:36.885035 28092 raft_consensus.cc:359] T bded2a35a74041a08106bd4f0e126697 P d780f668ab2045558c568282e81fc8a8 [term 0 FOLLOWER]: Replica starting. Triggering 0 pending ops. Active config: opid_index: -1 OBSOLETE_local: false peers { permanent_uuid: "3c837ebef8d84e99b69603cb2d8a33de" member_type: VOTER last_known_addr { host: "127.24.84.194" port: 33887 } } peers { permanent_uuid: "d780f668ab2045558c568282e81fc8a8" member_type: VOTER last_known_addr { host: "127.24.84.193" port: 46087 } } peers { permanent_uuid: "93ab9a0129514dd8bddf2e1f806d08d8" member_type: VOTER last_known_addr { host: "127.24.84.195" port: 41855 } }
I20260608 12:48:36.885725 28112 raft_consensus.cc:2804] T c35eaa6065bf49f79212fad95bf172ab P 3c837ebef8d84e99b69603cb2d8a33de [term 1 FOLLOWER]: Leader election won for term 1
I20260608 12:48:36.885913 28092 raft_consensus.cc:385] T bded2a35a74041a08106bd4f0e126697 P d780f668ab2045558c568282e81fc8a8 [term 0 FOLLOWER]: Consensus starting up: Expiring failure detector timer to make a prompt election more likely
I20260608 12:48:36.886380 28092 raft_consensus.cc:740] T bded2a35a74041a08106bd4f0e126697 P d780f668ab2045558c568282e81fc8a8 [term 0 FOLLOWER]: Becoming Follower/Learner. State: Replica: d780f668ab2045558c568282e81fc8a8, State: Initialized, Role: FOLLOWER
I20260608 12:48:36.886500 28112 raft_consensus.cc:697] T c35eaa6065bf49f79212fad95bf172ab P 3c837ebef8d84e99b69603cb2d8a33de [term 1 LEADER]: Becoming Leader. State: Replica: 3c837ebef8d84e99b69603cb2d8a33de, State: Running, Role: LEADER
I20260608 12:48:36.887269 28092 consensus_queue.cc:260] T bded2a35a74041a08106bd4f0e126697 P d780f668ab2045558c568282e81fc8a8 [NON_LEADER]: Queue going to NON_LEADER mode. State: All replicated index: 0, Majority replicated index: 0, Committed index: 0, Last appended: 0.0, Last appended by leader: 0, Current term: 0, Majority size: -1, State: 0, Mode: NON_LEADER, active raft config: opid_index: -1 OBSOLETE_local: false peers { permanent_uuid: "3c837ebef8d84e99b69603cb2d8a33de" member_type: VOTER last_known_addr { host: "127.24.84.194" port: 33887 } } peers { permanent_uuid: "d780f668ab2045558c568282e81fc8a8" member_type: VOTER last_known_addr { host: "127.24.84.193" port: 46087 } } peers { permanent_uuid: "93ab9a0129514dd8bddf2e1f806d08d8" member_type: VOTER last_known_addr { host: "127.24.84.195" port: 41855 } }
I20260608 12:48:36.887612 28112 consensus_queue.cc:237] T c35eaa6065bf49f79212fad95bf172ab P 3c837ebef8d84e99b69603cb2d8a33de [LEADER]: Queue going to LEADER mode. State: All replicated index: 0, Majority replicated index: 0, Committed index: 0, Last appended: 0.0, Last appended by leader: 0, Current term: 1, Majority size: 2, State: 0, Mode: LEADER, active raft config: opid_index: -1 OBSOLETE_local: false peers { permanent_uuid: "d780f668ab2045558c568282e81fc8a8" member_type: VOTER last_known_addr { host: "127.24.84.193" port: 46087 } } peers { permanent_uuid: "3c837ebef8d84e99b69603cb2d8a33de" member_type: VOTER last_known_addr { host: "127.24.84.194" port: 33887 } } peers { permanent_uuid: "93ab9a0129514dd8bddf2e1f806d08d8" member_type: VOTER last_known_addr { host: "127.24.84.195" port: 41855 } }
I20260608 12:48:36.889796 28092 ts_tablet_manager.cc:1434] T bded2a35a74041a08106bd4f0e126697 P d780f668ab2045558c568282e81fc8a8: Time spent starting tablet: real 0.009s	user 0.005s	sys 0.002s
I20260608 12:48:36.890996 28092 tablet_bootstrap.cc:492] T 3a985a1bd8824c7db6985bc0f13c5a03 P d780f668ab2045558c568282e81fc8a8: Bootstrap starting.
I20260608 12:48:36.891626 28093 raft_consensus.cc:359] T 3a985a1bd8824c7db6985bc0f13c5a03 P 3c837ebef8d84e99b69603cb2d8a33de [term 0 FOLLOWER]: Replica starting. Triggering 0 pending ops. Active config: opid_index: -1 OBSOLETE_local: false peers { permanent_uuid: "d780f668ab2045558c568282e81fc8a8" member_type: VOTER last_known_addr { host: "127.24.84.193" port: 46087 } } peers { permanent_uuid: "3c837ebef8d84e99b69603cb2d8a33de" member_type: VOTER last_known_addr { host: "127.24.84.194" port: 33887 } } peers { permanent_uuid: "93ab9a0129514dd8bddf2e1f806d08d8" member_type: VOTER last_known_addr { host: "127.24.84.195" port: 41855 } }
I20260608 12:48:36.892345 28093 raft_consensus.cc:385] T 3a985a1bd8824c7db6985bc0f13c5a03 P 3c837ebef8d84e99b69603cb2d8a33de [term 0 FOLLOWER]: Consensus starting up: Expiring failure detector timer to make a prompt election more likely
I20260608 12:48:36.892711 28093 raft_consensus.cc:740] T 3a985a1bd8824c7db6985bc0f13c5a03 P 3c837ebef8d84e99b69603cb2d8a33de [term 0 FOLLOWER]: Becoming Follower/Learner. State: Replica: 3c837ebef8d84e99b69603cb2d8a33de, State: Initialized, Role: FOLLOWER
I20260608 12:48:36.893532 28093 consensus_queue.cc:260] T 3a985a1bd8824c7db6985bc0f13c5a03 P 3c837ebef8d84e99b69603cb2d8a33de [NON_LEADER]: Queue going to NON_LEADER mode. State: All replicated index: 0, Majority replicated index: 0, Committed index: 0, Last appended: 0.0, Last appended by leader: 0, Current term: 0, Majority size: -1, State: 0, Mode: NON_LEADER, active raft config: opid_index: -1 OBSOLETE_local: false peers { permanent_uuid: "d780f668ab2045558c568282e81fc8a8" member_type: VOTER last_known_addr { host: "127.24.84.193" port: 46087 } } peers { permanent_uuid: "3c837ebef8d84e99b69603cb2d8a33de" member_type: VOTER last_known_addr { host: "127.24.84.194" port: 33887 } } peers { permanent_uuid: "93ab9a0129514dd8bddf2e1f806d08d8" member_type: VOTER last_known_addr { host: "127.24.84.195" port: 41855 } }
I20260608 12:48:36.895677 28091 tablet_bootstrap.cc:492] T 4b892ff46c25479990ab812492a1f9af P 93ab9a0129514dd8bddf2e1f806d08d8: No bootstrap required, opened a new log
I20260608 12:48:36.896224 28091 ts_tablet_manager.cc:1403] T 4b892ff46c25479990ab812492a1f9af P 93ab9a0129514dd8bddf2e1f806d08d8: Time spent bootstrapping tablet: real 0.074s	user 0.015s	sys 0.005s
I20260608 12:48:36.897861 28092 tablet_bootstrap.cc:654] T 3a985a1bd8824c7db6985bc0f13c5a03 P d780f668ab2045558c568282e81fc8a8: Neither blocks nor log segments found. Creating new log.
I20260608 12:48:36.902806 28093 ts_tablet_manager.cc:1434] T 3a985a1bd8824c7db6985bc0f13c5a03 P 3c837ebef8d84e99b69603cb2d8a33de: Time spent starting tablet: real 0.041s	user 0.005s	sys 0.003s
I20260608 12:48:36.903867 28093 tablet_bootstrap.cc:492] T 4b892ff46c25479990ab812492a1f9af P 3c837ebef8d84e99b69603cb2d8a33de: Bootstrap starting.
I20260608 12:48:36.904258 28097 raft_consensus.cc:493] T aa39d05ce68f4bfc9703b0cdb4834767 P 93ab9a0129514dd8bddf2e1f806d08d8 [term 0 FOLLOWER]: Starting pre-election (no leader contacted us within the election timeout)
I20260608 12:48:36.912755 28097 raft_consensus.cc:515] T aa39d05ce68f4bfc9703b0cdb4834767 P 93ab9a0129514dd8bddf2e1f806d08d8 [term 0 FOLLOWER]: Starting pre-election with config: opid_index: -1 OBSOLETE_local: false peers { permanent_uuid: "d780f668ab2045558c568282e81fc8a8" member_type: VOTER last_known_addr { host: "127.24.84.193" port: 46087 } } peers { permanent_uuid: "3c837ebef8d84e99b69603cb2d8a33de" member_type: VOTER last_known_addr { host: "127.24.84.194" port: 33887 } } peers { permanent_uuid: "93ab9a0129514dd8bddf2e1f806d08d8" member_type: VOTER last_known_addr { host: "127.24.84.195" port: 41855 } }
I20260608 12:48:36.918519 28097 leader_election.cc:290] T aa39d05ce68f4bfc9703b0cdb4834767 P 93ab9a0129514dd8bddf2e1f806d08d8 [CANDIDATE]: Term 1 pre-election: Requested pre-vote from peers d780f668ab2045558c568282e81fc8a8 (127.24.84.193:46087), 3c837ebef8d84e99b69603cb2d8a33de (127.24.84.194:33887)
I20260608 12:48:36.921922 28091 raft_consensus.cc:359] T 4b892ff46c25479990ab812492a1f9af P 93ab9a0129514dd8bddf2e1f806d08d8 [term 0 FOLLOWER]: Replica starting. Triggering 0 pending ops. Active config: opid_index: -1 OBSOLETE_local: false peers { permanent_uuid: "3c837ebef8d84e99b69603cb2d8a33de" member_type: VOTER last_known_addr { host: "127.24.84.194" port: 33887 } } peers { permanent_uuid: "d780f668ab2045558c568282e81fc8a8" member_type: VOTER last_known_addr { host: "127.24.84.193" port: 46087 } } peers { permanent_uuid: "93ab9a0129514dd8bddf2e1f806d08d8" member_type: VOTER last_known_addr { host: "127.24.84.195" port: 41855 } }
I20260608 12:48:36.923074 28091 raft_consensus.cc:385] T 4b892ff46c25479990ab812492a1f9af P 93ab9a0129514dd8bddf2e1f806d08d8 [term 0 FOLLOWER]: Consensus starting up: Expiring failure detector timer to make a prompt election more likely
I20260608 12:48:36.923480 28091 raft_consensus.cc:740] T 4b892ff46c25479990ab812492a1f9af P 93ab9a0129514dd8bddf2e1f806d08d8 [term 0 FOLLOWER]: Becoming Follower/Learner. State: Replica: 93ab9a0129514dd8bddf2e1f806d08d8, State: Initialized, Role: FOLLOWER
I20260608 12:48:36.927512 28093 tablet_bootstrap.cc:654] T 4b892ff46c25479990ab812492a1f9af P 3c837ebef8d84e99b69603cb2d8a33de: Neither blocks nor log segments found. Creating new log.
I20260608 12:48:36.932940 27897 tablet_service.cc:1917] Received RequestConsensusVote() RPC: tablet_id: "3a985a1bd8824c7db6985bc0f13c5a03" candidate_uuid: "93ab9a0129514dd8bddf2e1f806d08d8" candidate_term: 1 candidate_status { last_received { term: 0 index: 0 } } ignore_live_leader: false dest_uuid: "d780f668ab2045558c568282e81fc8a8" is_pre_election: true
I20260608 12:48:36.931771 27795 catalog_manager.cc:5696] T c35eaa6065bf49f79212fad95bf172ab P 3c837ebef8d84e99b69603cb2d8a33de reported cstate change: term changed from 0 to 1, leader changed from <none> to 3c837ebef8d84e99b69603cb2d8a33de (127.24.84.194). New cstate: current_term: 1 leader_uuid: "3c837ebef8d84e99b69603cb2d8a33de" committed_config { opid_index: -1 OBSOLETE_local: false peers { permanent_uuid: "d780f668ab2045558c568282e81fc8a8" member_type: VOTER last_known_addr { host: "127.24.84.193" port: 46087 } health_report { overall_health: UNKNOWN } } peers { permanent_uuid: "3c837ebef8d84e99b69603cb2d8a33de" member_type: VOTER last_known_addr { host: "127.24.84.194" port: 33887 } health_report { overall_health: HEALTHY } } peers { permanent_uuid: "93ab9a0129514dd8bddf2e1f806d08d8" member_type: VOTER last_known_addr { host: "127.24.84.195" port: 41855 } health_report { overall_health: UNKNOWN } } }
W20260608 12:48:36.935474 28011 leader_election.cc:343] T 3a985a1bd8824c7db6985bc0f13c5a03 P 93ab9a0129514dd8bddf2e1f806d08d8 [CANDIDATE]: Term 1 pre-election: Tablet error from VoteRequest() call to peer d780f668ab2045558c568282e81fc8a8 (127.24.84.193:46087): Illegal state: must be running to vote when last-logged opid is not known
I20260608 12:48:36.935259 27795 catalog_manager.cc:5696] T 86b78a14e71644b6968fa7f261f4b9e3 P 3c837ebef8d84e99b69603cb2d8a33de reported cstate change: term changed from 0 to 1, leader changed from <none> to 3c837ebef8d84e99b69603cb2d8a33de (127.24.84.194). New cstate: current_term: 1 leader_uuid: "3c837ebef8d84e99b69603cb2d8a33de" committed_config { opid_index: -1 OBSOLETE_local: false peers { permanent_uuid: "d780f668ab2045558c568282e81fc8a8" member_type: VOTER last_known_addr { host: "127.24.84.193" port: 46087 } health_report { overall_health: UNKNOWN } } peers { permanent_uuid: "3c837ebef8d84e99b69603cb2d8a33de" member_type: VOTER last_known_addr { host: "127.24.84.194" port: 33887 } health_report { overall_health: HEALTHY } } peers { permanent_uuid: "93ab9a0129514dd8bddf2e1f806d08d8" member_type: VOTER last_known_addr { host: "127.24.84.195" port: 41855 } health_report { overall_health: UNKNOWN } } }
I20260608 12:48:36.936808 28093 tablet_bootstrap.cc:492] T 4b892ff46c25479990ab812492a1f9af P 3c837ebef8d84e99b69603cb2d8a33de: No bootstrap required, opened a new log
I20260608 12:48:36.937326 28093 ts_tablet_manager.cc:1403] T 4b892ff46c25479990ab812492a1f9af P 3c837ebef8d84e99b69603cb2d8a33de: Time spent bootstrapping tablet: real 0.034s	user 0.012s	sys 0.009s
I20260608 12:48:36.938457 27895 tablet_service.cc:1917] Received RequestConsensusVote() RPC: tablet_id: "aa39d05ce68f4bfc9703b0cdb4834767" candidate_uuid: "93ab9a0129514dd8bddf2e1f806d08d8" candidate_term: 1 candidate_status { last_received { term: 0 index: 0 } } ignore_live_leader: false dest_uuid: "d780f668ab2045558c568282e81fc8a8" is_pre_election: true
I20260608 12:48:36.931700 27896 tablet_service.cc:1917] Received RequestConsensusVote() RPC: tablet_id: "a54d9fe527bf4df48d3cf26f2e710f83" candidate_uuid: "93ab9a0129514dd8bddf2e1f806d08d8" candidate_term: 1 candidate_status { last_received { term: 0 index: 0 } } ignore_live_leader: false dest_uuid: "d780f668ab2045558c568282e81fc8a8" is_pre_election: true
I20260608 12:48:36.940868 27896 raft_consensus.cc:2468] T a54d9fe527bf4df48d3cf26f2e710f83 P d780f668ab2045558c568282e81fc8a8 [term 0 FOLLOWER]: Leader pre-election vote request: Granting yes vote for candidate 93ab9a0129514dd8bddf2e1f806d08d8 in term 0.
I20260608 12:48:36.940750 28093 raft_consensus.cc:359] T 4b892ff46c25479990ab812492a1f9af P 3c837ebef8d84e99b69603cb2d8a33de [term 0 FOLLOWER]: Replica starting. Triggering 0 pending ops. Active config: opid_index: -1 OBSOLETE_local: false peers { permanent_uuid: "3c837ebef8d84e99b69603cb2d8a33de" member_type: VOTER last_known_addr { host: "127.24.84.194" port: 33887 } } peers { permanent_uuid: "d780f668ab2045558c568282e81fc8a8" member_type: VOTER last_known_addr { host: "127.24.84.193" port: 46087 } } peers { permanent_uuid: "93ab9a0129514dd8bddf2e1f806d08d8" member_type: VOTER last_known_addr { host: "127.24.84.195" port: 41855 } }
I20260608 12:48:36.941716 28093 raft_consensus.cc:385] T 4b892ff46c25479990ab812492a1f9af P 3c837ebef8d84e99b69603cb2d8a33de [term 0 FOLLOWER]: Consensus starting up: Expiring failure detector timer to make a prompt election more likely
I20260608 12:48:36.942032 28093 raft_consensus.cc:740] T 4b892ff46c25479990ab812492a1f9af P 3c837ebef8d84e99b69603cb2d8a33de [term 0 FOLLOWER]: Becoming Follower/Learner. State: Replica: 3c837ebef8d84e99b69603cb2d8a33de, State: Initialized, Role: FOLLOWER
I20260608 12:48:36.942941 28093 consensus_queue.cc:260] T 4b892ff46c25479990ab812492a1f9af P 3c837ebef8d84e99b69603cb2d8a33de [NON_LEADER]: Queue going to NON_LEADER mode. State: All replicated index: 0, Majority replicated index: 0, Committed index: 0, Last appended: 0.0, Last appended by leader: 0, Current term: 0, Majority size: -1, State: 0, Mode: NON_LEADER, active raft config: opid_index: -1 OBSOLETE_local: false peers { permanent_uuid: "3c837ebef8d84e99b69603cb2d8a33de" member_type: VOTER last_known_addr { host: "127.24.84.194" port: 33887 } } peers { permanent_uuid: "d780f668ab2045558c568282e81fc8a8" member_type: VOTER last_known_addr { host: "127.24.84.193" port: 46087 } } peers { permanent_uuid: "93ab9a0129514dd8bddf2e1f806d08d8" member_type: VOTER last_known_addr { host: "127.24.84.195" port: 41855 } }
W20260608 12:48:36.943282 28011 leader_election.cc:343] T aa39d05ce68f4bfc9703b0cdb4834767 P 93ab9a0129514dd8bddf2e1f806d08d8 [CANDIDATE]: Term 1 pre-election: Tablet error from VoteRequest() call to peer d780f668ab2045558c568282e81fc8a8 (127.24.84.193:46087): Illegal state: must be running to vote when last-logged opid is not known
I20260608 12:48:36.944597 28011 leader_election.cc:304] T a54d9fe527bf4df48d3cf26f2e710f83 P 93ab9a0129514dd8bddf2e1f806d08d8 [CANDIDATE]: Term 1 pre-election: Election decided. Result: candidate won. Election summary: received 2 responses out of 3 voters: 2 yes votes; 0 no votes. yes voters: 93ab9a0129514dd8bddf2e1f806d08d8, d780f668ab2045558c568282e81fc8a8; no voters: 
I20260608 12:48:36.945722 28093 ts_tablet_manager.cc:1434] T 4b892ff46c25479990ab812492a1f9af P 3c837ebef8d84e99b69603cb2d8a33de: Time spent starting tablet: real 0.008s	user 0.007s	sys 0.000s
I20260608 12:48:36.945782 28097 raft_consensus.cc:2804] T a54d9fe527bf4df48d3cf26f2e710f83 P 93ab9a0129514dd8bddf2e1f806d08d8 [term 0 FOLLOWER]: Leader pre-election won for term 1
I20260608 12:48:36.946358 28097 raft_consensus.cc:493] T a54d9fe527bf4df48d3cf26f2e710f83 P 93ab9a0129514dd8bddf2e1f806d08d8 [term 0 FOLLOWER]: Starting leader election (no leader contacted us within the election timeout)
I20260608 12:48:36.946703 28097 raft_consensus.cc:3060] T a54d9fe527bf4df48d3cf26f2e710f83 P 93ab9a0129514dd8bddf2e1f806d08d8 [term 0 FOLLOWER]: Advancing to term 1
I20260608 12:48:36.946997 28093 tablet_bootstrap.cc:492] T aa39d05ce68f4bfc9703b0cdb4834767 P 3c837ebef8d84e99b69603cb2d8a33de: Bootstrap starting.
