1 data directories: /tmp/dist-test-taskKxEgC1/test-tmp/auto_rebalancer-test.0.AutoRebalancerTest.MovesScheduledIfAddTserver.1780922838607464-25070-0/minicluster-data/master-0-root/data
Total live blocks: 0
Total live bytes: 0
Total live bytes (after alignment): 0
Total number of LBM containers: 0 (0 full)
Did not check for missing blocks
Did not check for orphaned blocks
Total full LBM containers with extra space: 0 (0 repaired)
Total full LBM container extra space in bytes: 0 (0 repaired)
Total incomplete LBM containers: 0 (0 repaired)
Total LBM partial records: 0 (0 repaired)
Total corrupted LBM metadata records in RocksDB: 0 (0 repaired)
I20260608 12:47:39.991828 25070 rpc_server.cc:225] running with OpenSSL 1.1.1  11 Sep 2018
I20260608 12:47:39.993148 25070 kserver.cc:163] Server-wide thread pool size limit: 3276
I20260608 12:47:40.036118 25070 rpc_server.cc:307] RPC server started. Bound to: 127.24.123.190:35225
I20260608 12:47:40.036231 26762 acceptor_pool.cc:272] collecting diagnostics on the listening RPC socket 127.24.123.190:35225 every 8 connection(s)
I20260608 12:47:40.040657 26763 data_dirs.cc:400] Could only allocate 1 dirs of requested 3 for tablet 00000000000000000000000000000000. 1 dirs total, 0 dirs full, 0 dirs failed
I20260608 12:47:40.051489 26763 tablet_bootstrap.cc:492] T 00000000000000000000000000000000 P 13665ffbdc8f4775ae2003721f253f5f: Bootstrap starting.
I20260608 12:47:40.056841 26763 tablet_bootstrap.cc:654] T 00000000000000000000000000000000 P 13665ffbdc8f4775ae2003721f253f5f: Neither blocks nor log segments found. Creating new log.
I20260608 12:47:40.061863 26763 tablet_bootstrap.cc:492] T 00000000000000000000000000000000 P 13665ffbdc8f4775ae2003721f253f5f: No bootstrap required, opened a new log
I20260608 12:47:40.064450 26763 raft_consensus.cc:359] T 00000000000000000000000000000000 P 13665ffbdc8f4775ae2003721f253f5f [term 0 FOLLOWER]: Replica starting. Triggering 0 pending ops. Active config: opid_index: -1 OBSOLETE_local: true peers { permanent_uuid: "13665ffbdc8f4775ae2003721f253f5f" member_type: VOTER }
I20260608 12:47:40.064880 26763 raft_consensus.cc:385] T 00000000000000000000000000000000 P 13665ffbdc8f4775ae2003721f253f5f [term 0 FOLLOWER]: Consensus starting up: Expiring failure detector timer to make a prompt election more likely
I20260608 12:47:40.065157 26763 raft_consensus.cc:740] T 00000000000000000000000000000000 P 13665ffbdc8f4775ae2003721f253f5f [term 0 FOLLOWER]: Becoming Follower/Learner. State: Replica: 13665ffbdc8f4775ae2003721f253f5f, State: Initialized, Role: FOLLOWER
I20260608 12:47:40.065841 26763 consensus_queue.cc:260] T 00000000000000000000000000000000 P 13665ffbdc8f4775ae2003721f253f5f [NON_LEADER]: Queue going to NON_LEADER mode. State: All replicated index: 0, Majority replicated index: 0, Committed index: 0, Last appended: 0.0, Last appended by leader: 0, Current term: 0, Majority size: -1, State: 0, Mode: NON_LEADER, active raft config: opid_index: -1 OBSOLETE_local: true peers { permanent_uuid: "13665ffbdc8f4775ae2003721f253f5f" member_type: VOTER }
I20260608 12:47:40.066308 26763 raft_consensus.cc:399] T 00000000000000000000000000000000 P 13665ffbdc8f4775ae2003721f253f5f [term 0 FOLLOWER]: Only one voter in the Raft config. Triggering election immediately
I20260608 12:47:40.066541 26763 raft_consensus.cc:493] T 00000000000000000000000000000000 P 13665ffbdc8f4775ae2003721f253f5f [term 0 FOLLOWER]: Starting leader election (initial election of a single-replica configuration)
I20260608 12:47:40.066881 26763 raft_consensus.cc:3060] T 00000000000000000000000000000000 P 13665ffbdc8f4775ae2003721f253f5f [term 0 FOLLOWER]: Advancing to term 1
I20260608 12:47:40.071656 26763 raft_consensus.cc:515] T 00000000000000000000000000000000 P 13665ffbdc8f4775ae2003721f253f5f [term 1 FOLLOWER]: Starting leader election with config: opid_index: -1 OBSOLETE_local: true peers { permanent_uuid: "13665ffbdc8f4775ae2003721f253f5f" member_type: VOTER }
I20260608 12:47:40.072494 26763 leader_election.cc:304] T 00000000000000000000000000000000 P 13665ffbdc8f4775ae2003721f253f5f [CANDIDATE]: Term 1 election: Election decided. Result: candidate won. Election summary: received 1 responses out of 1 voters: 1 yes votes; 0 no votes. yes voters: 13665ffbdc8f4775ae2003721f253f5f; no voters: 
I20260608 12:47:40.073908 26763 leader_election.cc:290] T 00000000000000000000000000000000 P 13665ffbdc8f4775ae2003721f253f5f [CANDIDATE]: Term 1 election: Requested vote from peers 
I20260608 12:47:40.074541 26766 raft_consensus.cc:2804] T 00000000000000000000000000000000 P 13665ffbdc8f4775ae2003721f253f5f [term 1 FOLLOWER]: Leader election won for term 1
I20260608 12:47:40.076368 26766 raft_consensus.cc:697] T 00000000000000000000000000000000 P 13665ffbdc8f4775ae2003721f253f5f [term 1 LEADER]: Becoming Leader. State: Replica: 13665ffbdc8f4775ae2003721f253f5f, State: Running, Role: LEADER
I20260608 12:47:40.077306 26763 sys_catalog.cc:565] T 00000000000000000000000000000000 P 13665ffbdc8f4775ae2003721f253f5f [sys.catalog]: configured and running, proceeding with master startup.
I20260608 12:47:40.077250 26766 consensus_queue.cc:237] T 00000000000000000000000000000000 P 13665ffbdc8f4775ae2003721f253f5f [LEADER]: Queue going to LEADER mode. State: All replicated index: 0, Majority replicated index: 0, Committed index: 0, Last appended: 0.0, Last appended by leader: 0, Current term: 1, Majority size: 1, State: 0, Mode: LEADER, active raft config: opid_index: -1 OBSOLETE_local: true peers { permanent_uuid: "13665ffbdc8f4775ae2003721f253f5f" member_type: VOTER }
I20260608 12:47:40.081193 26768 sys_catalog.cc:455] T 00000000000000000000000000000000 P 13665ffbdc8f4775ae2003721f253f5f [sys.catalog]: SysCatalogTable state changed. Reason: New leader 13665ffbdc8f4775ae2003721f253f5f. Latest consensus state: current_term: 1 leader_uuid: "13665ffbdc8f4775ae2003721f253f5f" committed_config { opid_index: -1 OBSOLETE_local: true peers { permanent_uuid: "13665ffbdc8f4775ae2003721f253f5f" member_type: VOTER } }
I20260608 12:47:40.081825 26767 sys_catalog.cc:455] T 00000000000000000000000000000000 P 13665ffbdc8f4775ae2003721f253f5f [sys.catalog]: SysCatalogTable state changed. Reason: RaftConsensus started. Latest consensus state: current_term: 1 leader_uuid: "13665ffbdc8f4775ae2003721f253f5f" committed_config { opid_index: -1 OBSOLETE_local: true peers { permanent_uuid: "13665ffbdc8f4775ae2003721f253f5f" member_type: VOTER } }
I20260608 12:47:40.082243 26768 sys_catalog.cc:458] T 00000000000000000000000000000000 P 13665ffbdc8f4775ae2003721f253f5f [sys.catalog]: This master's current role is: LEADER
I20260608 12:47:40.082631 26767 sys_catalog.cc:458] T 00000000000000000000000000000000 P 13665ffbdc8f4775ae2003721f253f5f [sys.catalog]: This master's current role is: LEADER
I20260608 12:47:40.087853 26772 catalog_manager.cc:1510] Loading table and tablet metadata into memory...
I20260608 12:47:40.093518 26772 catalog_manager.cc:1519] Initializing Kudu cluster ID...
I20260608 12:47:40.094985 25070 internal_mini_cluster.cc:184] Waiting to initialize catalog manager on master 0
I20260608 12:47:40.104844 26772 catalog_manager.cc:1382] Generated new cluster ID: 6aa328f30e644a4db72780c94f55a1d7
I20260608 12:47:40.105224 26772 catalog_manager.cc:1530] Initializing Kudu internal certificate authority...
I20260608 12:47:40.120113 26772 catalog_manager.cc:1405] Generated new certificate authority record
I20260608 12:47:40.121495 26772 catalog_manager.cc:1539] Loading token signing keys...
I20260608 12:47:40.139129 26772 catalog_manager.cc:6069] T 00000000000000000000000000000000 P 13665ffbdc8f4775ae2003721f253f5f: Generated new TSK 0
I20260608 12:47:40.139817 26772 catalog_manager.cc:1549] Initializing in-progress tserver states...
I20260608 12:47:40.162235 25070 file_cache.cc:492] Constructed file cache file cache with capacity 419430
W20260608 12:47:40.169334 26784 instance_detector.cc:116] could not retrieve AWS instance metadata: Network error: curl error: HTTP response code said error: The requested URL returned error: 404
W20260608 12:47:40.170924 26785 instance_detector.cc:116] could not retrieve Azure instance metadata: Network error: curl error: HTTP response code said error: The requested URL returned error: 404
W20260608 12:47:40.172931 26787 instance_detector.cc:116] could not retrieve OpenStack instance metadata: Network error: curl error: HTTP response code said error: The requested URL returned error: 404
I20260608 12:47:40.173453 25070 server_base.cc:1061] running on GCE node
I20260608 12:47:40.174527 25070 hybrid_clock.cc:584] initializing the hybrid clock with 'system_unsync' time source
W20260608 12:47:40.174816 25070 system_unsync_time.cc:38] NTP support is disabled. Clock error bounds will not be accurate. This configuration is not suitable for distributed clusters.
I20260608 12:47:40.175036 25070 hybrid_clock.cc:648] HybridClock initialized: now 1780922860175016 us; error 0 us; skew 500 ppm
I20260608 12:47:40.175799 25070 server_base.cc:861] Flag tcmalloc_max_total_thread_cache_bytes is not working since tcmalloc is not enabled.
I20260608 12:47:40.178871 25070 webserver.cc:533] Webserver started at http://127.24.123.129:38757/ using document root <none> and password file <none>
I20260608 12:47:40.179585 25070 fs_manager.cc:362] Metadata directory not provided
I20260608 12:47:40.179811 25070 fs_manager.cc:368] Using write-ahead log directory (fs_wal_dir) as metadata directory
I20260608 12:47:40.180158 25070 server_base.cc:909] This appears to be a new deployment of Kudu; creating new FS layout
I20260608 12:47:40.181425 25070 fs_manager.cc:1068] Generated new instance metadata in path /tmp/dist-test-taskKxEgC1/test-tmp/auto_rebalancer-test.0.AutoRebalancerTest.MovesScheduledIfAddTserver.1780922838607464-25070-0/minicluster-data/ts-0-root/instance:
uuid: "387f9843ca4745b6b8f3d7c933f4293c"
format_stamp: "Formatted at 2026-06-08 12:47:40 on dist-test-slave-qhvl"
I20260608 12:47:40.187139 25070 fs_manager.cc:696] Time spent creating directory manager: real 0.005s	user 0.005s	sys 0.003s
I20260608 12:47:40.191042 26792 log_block_manager.cc:4031] Time spent loading block containers with low live blocks: real 0.000s	user 0.000s	sys 0.000s
I20260608 12:47:40.192032 25070 fs_manager.cc:730] Time spent opening block manager: real 0.003s	user 0.002s	sys 0.001s
I20260608 12:47:40.192404 25070 fs_manager.cc:647] Opened local filesystem: /tmp/dist-test-taskKxEgC1/test-tmp/auto_rebalancer-test.0.AutoRebalancerTest.MovesScheduledIfAddTserver.1780922838607464-25070-0/minicluster-data/ts-0-root
uuid: "387f9843ca4745b6b8f3d7c933f4293c"
format_stamp: "Formatted at 2026-06-08 12:47:40 on dist-test-slave-qhvl"
I20260608 12:47:40.192762 25070 fs_report.cc:389] FS layout report
--------------------
wal directory: /tmp/dist-test-taskKxEgC1/test-tmp/auto_rebalancer-test.0.AutoRebalancerTest.MovesScheduledIfAddTserver.1780922838607464-25070-0/minicluster-data/ts-0-root
metadata directory: /tmp/dist-test-taskKxEgC1/test-tmp/auto_rebalancer-test.0.AutoRebalancerTest.MovesScheduledIfAddTserver.1780922838607464-25070-0/minicluster-data/ts-0-root
1 data directories: /tmp/dist-test-taskKxEgC1/test-tmp/auto_rebalancer-test.0.AutoRebalancerTest.MovesScheduledIfAddTserver.1780922838607464-25070-0/minicluster-data/ts-0-root/data
Total live blocks: 0
Total live bytes: 0
Total live bytes (after alignment): 0
Total number of LBM containers: 0 (0 full)
Did not check for missing blocks
Did not check for orphaned blocks
Total full LBM containers with extra space: 0 (0 repaired)
Total full LBM container extra space in bytes: 0 (0 repaired)
Total incomplete LBM containers: 0 (0 repaired)
Total LBM partial records: 0 (0 repaired)
Total corrupted LBM metadata records in RocksDB: 0 (0 repaired)
I20260608 12:47:40.213053 25070 rpc_server.cc:225] running with OpenSSL 1.1.1  11 Sep 2018
I20260608 12:47:40.214514 25070 kserver.cc:163] Server-wide thread pool size limit: 3276
I20260608 12:47:40.216295 25070 txn_system_client.cc:432] TxnSystemClient initialization is disabled...
I20260608 12:47:40.219225 25070 ts_tablet_manager.cc:585] Loaded tablet metadata (0 total tablets, 0 live tablets)
I20260608 12:47:40.219501 25070 ts_tablet_manager.cc:531] Time spent load tablet metadata: real 0.000s	user 0.000s	sys 0.000s
I20260608 12:47:40.219786 25070 ts_tablet_manager.cc:616] Registered 0 tablets
I20260608 12:47:40.220019 25070 ts_tablet_manager.cc:595] Time spent register tablets: real 0.000s	user 0.000s	sys 0.000s
I20260608 12:47:40.267195 25070 rpc_server.cc:307] RPC server started. Bound to: 127.24.123.129:40151
I20260608 12:47:40.267302 26854 acceptor_pool.cc:272] collecting diagnostics on the listening RPC socket 127.24.123.129:40151 every 8 connection(s)
I20260608 12:47:40.272620 25070 file_cache.cc:492] Constructed file cache file cache with capacity 419430
W20260608 12:47:40.283022 26859 instance_detector.cc:116] could not retrieve AWS instance metadata: Network error: curl error: HTTP response code said error: The requested URL returned error: 404
W20260608 12:47:40.285717 26860 instance_detector.cc:116] could not retrieve Azure instance metadata: Network error: curl error: HTTP response code said error: The requested URL returned error: 404
I20260608 12:47:40.287814 25070 server_base.cc:1061] running on GCE node
W20260608 12:47:40.287763 26862 instance_detector.cc:116] could not retrieve OpenStack instance metadata: Network error: curl error: HTTP response code said error: The requested URL returned error: 404
I20260608 12:47:40.289646 25070 hybrid_clock.cc:584] initializing the hybrid clock with 'system_unsync' time source
W20260608 12:47:40.289891 25070 system_unsync_time.cc:38] NTP support is disabled. Clock error bounds will not be accurate. This configuration is not suitable for distributed clusters.
I20260608 12:47:40.290158 25070 hybrid_clock.cc:648] HybridClock initialized: now 1780922860290135 us; error 0 us; skew 500 ppm
I20260608 12:47:40.290925 25070 server_base.cc:861] Flag tcmalloc_max_total_thread_cache_bytes is not working since tcmalloc is not enabled.
I20260608 12:47:40.294296 26855 heartbeater.cc:344] Connected to a master server at 127.24.123.190:35225
I20260608 12:47:40.294921 26855 heartbeater.cc:461] Registering TS with master...
I20260608 12:47:40.295110 25070 webserver.cc:533] Webserver started at http://127.24.123.130:41345/ using document root <none> and password file <none>
I20260608 12:47:40.295898 25070 fs_manager.cc:362] Metadata directory not provided
I20260608 12:47:40.295979 26855 heartbeater.cc:507] Master 127.24.123.190:35225 requested a full tablet report, sending...
I20260608 12:47:40.296250 25070 fs_manager.cc:368] Using write-ahead log directory (fs_wal_dir) as metadata directory
I20260608 12:47:40.296705 25070 server_base.cc:909] This appears to be a new deployment of Kudu; creating new FS layout
I20260608 12:47:40.298429 25070 fs_manager.cc:1068] Generated new instance metadata in path /tmp/dist-test-taskKxEgC1/test-tmp/auto_rebalancer-test.0.AutoRebalancerTest.MovesScheduledIfAddTserver.1780922838607464-25070-0/minicluster-data/ts-1-root/instance:
uuid: "483fb4ac98dd48bda0861d518db20c3a"
format_stamp: "Formatted at 2026-06-08 12:47:40 on dist-test-slave-qhvl"
I20260608 12:47:40.299322 26728 ts_manager.cc:194] Registered new tserver with Master: 387f9843ca4745b6b8f3d7c933f4293c (127.24.123.129:40151)
I20260608 12:47:40.301496 26728 master_service.cc:502] Signed X509 certificate for tserver {username='slave'} at 127.0.0.1:42320
I20260608 12:47:40.304744 25070 fs_manager.cc:696] Time spent creating directory manager: real 0.006s	user 0.001s	sys 0.004s
I20260608 12:47:40.309185 26867 log_block_manager.cc:4031] Time spent loading block containers with low live blocks: real 0.000s	user 0.000s	sys 0.000s
I20260608 12:47:40.310195 25070 fs_manager.cc:730] Time spent opening block manager: real 0.003s	user 0.002s	sys 0.000s
I20260608 12:47:40.310776 25070 fs_manager.cc:647] Opened local filesystem: /tmp/dist-test-taskKxEgC1/test-tmp/auto_rebalancer-test.0.AutoRebalancerTest.MovesScheduledIfAddTserver.1780922838607464-25070-0/minicluster-data/ts-1-root
uuid: "483fb4ac98dd48bda0861d518db20c3a"
format_stamp: "Formatted at 2026-06-08 12:47:40 on dist-test-slave-qhvl"
I20260608 12:47:40.311137 25070 fs_report.cc:389] FS layout report
--------------------
wal directory: /tmp/dist-test-taskKxEgC1/test-tmp/auto_rebalancer-test.0.AutoRebalancerTest.MovesScheduledIfAddTserver.1780922838607464-25070-0/minicluster-data/ts-1-root
metadata directory: /tmp/dist-test-taskKxEgC1/test-tmp/auto_rebalancer-test.0.AutoRebalancerTest.MovesScheduledIfAddTserver.1780922838607464-25070-0/minicluster-data/ts-1-root
1 data directories: /tmp/dist-test-taskKxEgC1/test-tmp/auto_rebalancer-test.0.AutoRebalancerTest.MovesScheduledIfAddTserver.1780922838607464-25070-0/minicluster-data/ts-1-root/data
Total live blocks: 0
Total live bytes: 0
Total live bytes (after alignment): 0
Total number of LBM containers: 0 (0 full)
Did not check for missing blocks
Did not check for orphaned blocks
Total full LBM containers with extra space: 0 (0 repaired)
Total full LBM container extra space in bytes: 0 (0 repaired)
Total incomplete LBM containers: 0 (0 repaired)
Total LBM partial records: 0 (0 repaired)
Total corrupted LBM metadata records in RocksDB: 0 (0 repaired)
I20260608 12:47:40.322886 25070 rpc_server.cc:225] running with OpenSSL 1.1.1  11 Sep 2018
I20260608 12:47:40.324229 25070 kserver.cc:163] Server-wide thread pool size limit: 3276
I20260608 12:47:40.325762 25070 txn_system_client.cc:432] TxnSystemClient initialization is disabled...
I20260608 12:47:40.328317 25070 ts_tablet_manager.cc:585] Loaded tablet metadata (0 total tablets, 0 live tablets)
I20260608 12:47:40.328559 25070 ts_tablet_manager.cc:531] Time spent load tablet metadata: real 0.000s	user 0.000s	sys 0.000s
I20260608 12:47:40.328809 25070 ts_tablet_manager.cc:616] Registered 0 tablets
I20260608 12:47:40.328991 25070 ts_tablet_manager.cc:595] Time spent register tablets: real 0.000s	user 0.000s	sys 0.000s
I20260608 12:47:40.371863 25070 rpc_server.cc:307] RPC server started. Bound to: 127.24.123.130:38379
I20260608 12:47:40.371973 26929 acceptor_pool.cc:272] collecting diagnostics on the listening RPC socket 127.24.123.130:38379 every 8 connection(s)
I20260608 12:47:40.377493 25070 file_cache.cc:492] Constructed file cache file cache with capacity 419430
W20260608 12:47:40.387857 26934 instance_detector.cc:116] could not retrieve Azure instance metadata: Network error: curl error: HTTP response code said error: The requested URL returned error: 404
W20260608 12:47:40.388295 26933 instance_detector.cc:116] could not retrieve AWS instance metadata: Network error: curl error: HTTP response code said error: The requested URL returned error: 404
I20260608 12:47:40.390470 25070 server_base.cc:1061] running on GCE node
W20260608 12:47:40.392102 26936 instance_detector.cc:116] could not retrieve OpenStack instance metadata: Network error: curl error: HTTP response code said error: The requested URL returned error: 404
I20260608 12:47:40.393330 25070 hybrid_clock.cc:584] initializing the hybrid clock with 'system_unsync' time source
W20260608 12:47:40.393689 25070 system_unsync_time.cc:38] NTP support is disabled. Clock error bounds will not be accurate. This configuration is not suitable for distributed clusters.
I20260608 12:47:40.393728 26930 heartbeater.cc:344] Connected to a master server at 127.24.123.190:35225
I20260608 12:47:40.394029 25070 hybrid_clock.cc:648] HybridClock initialized: now 1780922860394010 us; error 0 us; skew 500 ppm
I20260608 12:47:40.394259 26930 heartbeater.cc:461] Registering TS with master...
I20260608 12:47:40.395044 25070 server_base.cc:861] Flag tcmalloc_max_total_thread_cache_bytes is not working since tcmalloc is not enabled.
I20260608 12:47:40.395324 26930 heartbeater.cc:507] Master 127.24.123.190:35225 requested a full tablet report, sending...
I20260608 12:47:40.398051 25070 webserver.cc:533] Webserver started at http://127.24.123.131:34953/ using document root <none> and password file <none>
I20260608 12:47:40.398268 26728 ts_manager.cc:194] Registered new tserver with Master: 483fb4ac98dd48bda0861d518db20c3a (127.24.123.130:38379)
I20260608 12:47:40.398867 25070 fs_manager.cc:362] Metadata directory not provided
I20260608 12:47:40.399160 25070 fs_manager.cc:368] Using write-ahead log directory (fs_wal_dir) as metadata directory
I20260608 12:47:40.399518 25070 server_base.cc:909] This appears to be a new deployment of Kudu; creating new FS layout
I20260608 12:47:40.400346 26728 master_service.cc:502] Signed X509 certificate for tserver {username='slave'} at 127.0.0.1:42324
I20260608 12:47:40.401224 25070 fs_manager.cc:1068] Generated new instance metadata in path /tmp/dist-test-taskKxEgC1/test-tmp/auto_rebalancer-test.0.AutoRebalancerTest.MovesScheduledIfAddTserver.1780922838607464-25070-0/minicluster-data/ts-2-root/instance:
uuid: "664c444890d4423480f528356a405d2a"
format_stamp: "Formatted at 2026-06-08 12:47:40 on dist-test-slave-qhvl"
I20260608 12:47:40.407068 25070 fs_manager.cc:696] Time spent creating directory manager: real 0.005s	user 0.004s	sys 0.003s
I20260608 12:47:40.411201 26941 log_block_manager.cc:4031] Time spent loading block containers with low live blocks: real 0.000s	user 0.000s	sys 0.000s
I20260608 12:47:40.412317 25070 fs_manager.cc:730] Time spent opening block manager: real 0.003s	user 0.003s	sys 0.001s
I20260608 12:47:40.412708 25070 fs_manager.cc:647] Opened local filesystem: /tmp/dist-test-taskKxEgC1/test-tmp/auto_rebalancer-test.0.AutoRebalancerTest.MovesScheduledIfAddTserver.1780922838607464-25070-0/minicluster-data/ts-2-root
uuid: "664c444890d4423480f528356a405d2a"
format_stamp: "Formatted at 2026-06-08 12:47:40 on dist-test-slave-qhvl"
I20260608 12:47:40.413007 25070 fs_report.cc:389] FS layout report
--------------------
wal directory: /tmp/dist-test-taskKxEgC1/test-tmp/auto_rebalancer-test.0.AutoRebalancerTest.MovesScheduledIfAddTserver.1780922838607464-25070-0/minicluster-data/ts-2-root
metadata directory: /tmp/dist-test-taskKxEgC1/test-tmp/auto_rebalancer-test.0.AutoRebalancerTest.MovesScheduledIfAddTserver.1780922838607464-25070-0/minicluster-data/ts-2-root
1 data directories: /tmp/dist-test-taskKxEgC1/test-tmp/auto_rebalancer-test.0.AutoRebalancerTest.MovesScheduledIfAddTserver.1780922838607464-25070-0/minicluster-data/ts-2-root/data
Total live blocks: 0
Total live bytes: 0
Total live bytes (after alignment): 0
Total number of LBM containers: 0 (0 full)
Did not check for missing blocks
Did not check for orphaned blocks
Total full LBM containers with extra space: 0 (0 repaired)
Total full LBM container extra space in bytes: 0 (0 repaired)
Total incomplete LBM containers: 0 (0 repaired)
Total LBM partial records: 0 (0 repaired)
Total corrupted LBM metadata records in RocksDB: 0 (0 repaired)
I20260608 12:47:40.423010 25070 rpc_server.cc:225] running with OpenSSL 1.1.1  11 Sep 2018
I20260608 12:47:40.424310 25070 kserver.cc:163] Server-wide thread pool size limit: 3276
I20260608 12:47:40.426029 25070 txn_system_client.cc:432] TxnSystemClient initialization is disabled...
I20260608 12:47:40.428864 25070 ts_tablet_manager.cc:585] Loaded tablet metadata (0 total tablets, 0 live tablets)
I20260608 12:47:40.429111 25070 ts_tablet_manager.cc:531] Time spent load tablet metadata: real 0.000s	user 0.000s	sys 0.000s
I20260608 12:47:40.429438 25070 ts_tablet_manager.cc:616] Registered 0 tablets
I20260608 12:47:40.429632 25070 ts_tablet_manager.cc:595] Time spent register tablets: real 0.000s	user 0.000s	sys 0.000s
I20260608 12:47:40.475522 25070 rpc_server.cc:307] RPC server started. Bound to: 127.24.123.131:45047
I20260608 12:47:40.475658 27003 acceptor_pool.cc:272] collecting diagnostics on the listening RPC socket 127.24.123.131:45047 every 8 connection(s)
I20260608 12:47:40.492933 27004 heartbeater.cc:344] Connected to a master server at 127.24.123.190:35225
I20260608 12:47:40.493306 27004 heartbeater.cc:461] Registering TS with master...
I20260608 12:47:40.494160 27004 heartbeater.cc:507] Master 127.24.123.190:35225 requested a full tablet report, sending...
I20260608 12:47:40.496649 26728 ts_manager.cc:194] Registered new tserver with Master: 664c444890d4423480f528356a405d2a (127.24.123.131:45047)
I20260608 12:47:40.497349 25070 internal_mini_cluster.cc:371] 3 TS(s) registered with all masters after 0.018189093s
I20260608 12:47:40.498346 26728 master_service.cc:502] Signed X509 certificate for tserver {username='slave'} at 127.0.0.1:42328
I20260608 12:47:41.305066 26855 heartbeater.cc:499] Master 127.24.123.190:35225 was elected leader, sending a full tablet report...
I20260608 12:47:41.403851 26930 heartbeater.cc:499] Master 127.24.123.190:35225 was elected leader, sending a full tablet report...
I20260608 12:47:41.501538 27004 heartbeater.cc:499] Master 127.24.123.190:35225 was elected leader, sending a full tablet report...
I20260608 12:47:41.559075 26728 catalog_manager.cc:2282] Servicing CreateTable request from {username='slave'} at 127.0.0.1:42344:
name: "test-workload"
schema {
  columns {
    name: "key"
    type: INT32
    is_key: true
    is_nullable: false
    encoding: AUTO_ENCODING
    compression: DEFAULT_COMPRESSION
    cfile_block_size: 0
    immutable: false
  }
  columns {
    name: "int_val"
    type: INT32
    is_key: false
    is_nullable: false
    encoding: AUTO_ENCODING
    compression: DEFAULT_COMPRESSION
    cfile_block_size: 0
    immutable: false
  }
  columns {
    name: "string_val"
    type: STRING
    is_key: false
    is_nullable: true
    encoding: AUTO_ENCODING
    compression: DEFAULT_COMPRESSION
    cfile_block_size: 0
    immutable: false
  }
}
num_replicas: 3
split_rows_range_bounds {
  rows: "\004\001\000\377\377\377?""\004\001\000\377\377\377?"
  indirect_data: """"
}
partition_schema {
  range_schema {
    columns {
      name: "key"
    }
  }
}
W20260608 12:47:41.561687 26728 catalog_manager.cc:7076] The number of live tablet servers is not enough to re-replicate a tablet replica of the newly created table test-workload in case of a server failure: 4 tablet servers would be needed, 3 are available. Consider bringing up more tablet servers.
I20260608 12:47:41.617424 26895 tablet_service.cc:1511] Processing CreateTablet for tablet 1b3dd8b1275e4b228e0adcadd99b75b2 (DEFAULT_TABLE table=test-workload [id=aacca1a98a0e4b7880d7e0ade7c89000]), partition=RANGE (key) PARTITION VALUES < 1073741823
I20260608 12:47:41.618021 26894 tablet_service.cc:1511] Processing CreateTablet for tablet 37749cfe66a54e88bd9f12e1d2a6da96 (DEFAULT_TABLE table=test-workload [id=aacca1a98a0e4b7880d7e0ade7c89000]), partition=RANGE (key) PARTITION 1073741823 <= VALUES
I20260608 12:47:41.619352 26895 data_dirs.cc:400] Could only allocate 1 dirs of requested 3 for tablet 1b3dd8b1275e4b228e0adcadd99b75b2. 1 dirs total, 0 dirs full, 0 dirs failed
I20260608 12:47:41.620123 26894 data_dirs.cc:400] Could only allocate 1 dirs of requested 3 for tablet 37749cfe66a54e88bd9f12e1d2a6da96. 1 dirs total, 0 dirs full, 0 dirs failed
I20260608 12:47:41.632102 26969 tablet_service.cc:1511] Processing CreateTablet for tablet 1b3dd8b1275e4b228e0adcadd99b75b2 (DEFAULT_TABLE table=test-workload [id=aacca1a98a0e4b7880d7e0ade7c89000]), partition=RANGE (key) PARTITION VALUES < 1073741823
I20260608 12:47:41.632426 26819 tablet_service.cc:1511] Processing CreateTablet for tablet 37749cfe66a54e88bd9f12e1d2a6da96 (DEFAULT_TABLE table=test-workload [id=aacca1a98a0e4b7880d7e0ade7c89000]), partition=RANGE (key) PARTITION 1073741823 <= VALUES
I20260608 12:47:41.633821 26969 data_dirs.cc:400] Could only allocate 1 dirs of requested 3 for tablet 1b3dd8b1275e4b228e0adcadd99b75b2. 1 dirs total, 0 dirs full, 0 dirs failed
I20260608 12:47:41.634053 26819 data_dirs.cc:400] Could only allocate 1 dirs of requested 3 for tablet 37749cfe66a54e88bd9f12e1d2a6da96. 1 dirs total, 0 dirs full, 0 dirs failed
I20260608 12:47:41.632130 26968 tablet_service.cc:1511] Processing CreateTablet for tablet 37749cfe66a54e88bd9f12e1d2a6da96 (DEFAULT_TABLE table=test-workload [id=aacca1a98a0e4b7880d7e0ade7c89000]), partition=RANGE (key) PARTITION 1073741823 <= VALUES
I20260608 12:47:41.636392 26968 data_dirs.cc:400] Could only allocate 1 dirs of requested 3 for tablet 37749cfe66a54e88bd9f12e1d2a6da96. 1 dirs total, 0 dirs full, 0 dirs failed
I20260608 12:47:41.633601 26820 tablet_service.cc:1511] Processing CreateTablet for tablet 1b3dd8b1275e4b228e0adcadd99b75b2 (DEFAULT_TABLE table=test-workload [id=aacca1a98a0e4b7880d7e0ade7c89000]), partition=RANGE (key) PARTITION VALUES < 1073741823
I20260608 12:47:41.639148 26820 data_dirs.cc:400] Could only allocate 1 dirs of requested 3 for tablet 1b3dd8b1275e4b228e0adcadd99b75b2. 1 dirs total, 0 dirs full, 0 dirs failed
I20260608 12:47:41.673974 27024 tablet_bootstrap.cc:492] T 1b3dd8b1275e4b228e0adcadd99b75b2 P 483fb4ac98dd48bda0861d518db20c3a: Bootstrap starting.
I20260608 12:47:41.677214 27026 tablet_bootstrap.cc:492] T 37749cfe66a54e88bd9f12e1d2a6da96 P 664c444890d4423480f528356a405d2a: Bootstrap starting.
I20260608 12:47:41.679364 27025 tablet_bootstrap.cc:492] T 37749cfe66a54e88bd9f12e1d2a6da96 P 387f9843ca4745b6b8f3d7c933f4293c: Bootstrap starting.
I20260608 12:47:41.682979 27024 tablet_bootstrap.cc:654] T 1b3dd8b1275e4b228e0adcadd99b75b2 P 483fb4ac98dd48bda0861d518db20c3a: Neither blocks nor log segments found. Creating new log.
I20260608 12:47:41.686158 27026 tablet_bootstrap.cc:654] T 37749cfe66a54e88bd9f12e1d2a6da96 P 664c444890d4423480f528356a405d2a: Neither blocks nor log segments found. Creating new log.
I20260608 12:47:41.688103 27025 tablet_bootstrap.cc:654] T 37749cfe66a54e88bd9f12e1d2a6da96 P 387f9843ca4745b6b8f3d7c933f4293c: Neither blocks nor log segments found. Creating new log.
I20260608 12:47:41.693655 27024 tablet_bootstrap.cc:492] T 1b3dd8b1275e4b228e0adcadd99b75b2 P 483fb4ac98dd48bda0861d518db20c3a: No bootstrap required, opened a new log
I20260608 12:47:41.693928 27026 tablet_bootstrap.cc:492] T 37749cfe66a54e88bd9f12e1d2a6da96 P 664c444890d4423480f528356a405d2a: No bootstrap required, opened a new log
I20260608 12:47:41.694267 27024 ts_tablet_manager.cc:1403] T 1b3dd8b1275e4b228e0adcadd99b75b2 P 483fb4ac98dd48bda0861d518db20c3a: Time spent bootstrapping tablet: real 0.026s	user 0.014s	sys 0.004s
I20260608 12:47:41.694561 27026 ts_tablet_manager.cc:1403] T 37749cfe66a54e88bd9f12e1d2a6da96 P 664c444890d4423480f528356a405d2a: Time spent bootstrapping tablet: real 0.018s	user 0.003s	sys 0.012s
I20260608 12:47:41.695266 27025 tablet_bootstrap.cc:492] T 37749cfe66a54e88bd9f12e1d2a6da96 P 387f9843ca4745b6b8f3d7c933f4293c: No bootstrap required, opened a new log
I20260608 12:47:41.695811 27025 ts_tablet_manager.cc:1403] T 37749cfe66a54e88bd9f12e1d2a6da96 P 387f9843ca4745b6b8f3d7c933f4293c: Time spent bootstrapping tablet: real 0.017s	user 0.007s	sys 0.008s
I20260608 12:47:41.697592 27026 raft_consensus.cc:359] T 37749cfe66a54e88bd9f12e1d2a6da96 P 664c444890d4423480f528356a405d2a [term 0 FOLLOWER]: Replica starting. Triggering 0 pending ops. Active config: opid_index: -1 OBSOLETE_local: false peers { permanent_uuid: "387f9843ca4745b6b8f3d7c933f4293c" member_type: VOTER last_known_addr { host: "127.24.123.129" port: 40151 } } peers { permanent_uuid: "483fb4ac98dd48bda0861d518db20c3a" member_type: VOTER last_known_addr { host: "127.24.123.130" port: 38379 } } peers { permanent_uuid: "664c444890d4423480f528356a405d2a" member_type: VOTER last_known_addr { host: "127.24.123.131" port: 45047 } }
I20260608 12:47:41.698251 27026 raft_consensus.cc:385] T 37749cfe66a54e88bd9f12e1d2a6da96 P 664c444890d4423480f528356a405d2a [term 0 FOLLOWER]: Consensus starting up: Expiring failure detector timer to make a prompt election more likely
I20260608 12:47:41.698115 27024 raft_consensus.cc:359] T 1b3dd8b1275e4b228e0adcadd99b75b2 P 483fb4ac98dd48bda0861d518db20c3a [term 0 FOLLOWER]: Replica starting. Triggering 0 pending ops. Active config: opid_index: -1 OBSOLETE_local: false peers { permanent_uuid: "483fb4ac98dd48bda0861d518db20c3a" member_type: VOTER last_known_addr { host: "127.24.123.130" port: 38379 } } peers { permanent_uuid: "387f9843ca4745b6b8f3d7c933f4293c" member_type: VOTER last_known_addr { host: "127.24.123.129" port: 40151 } } peers { permanent_uuid: "664c444890d4423480f528356a405d2a" member_type: VOTER last_known_addr { host: "127.24.123.131" port: 45047 } }
I20260608 12:47:41.698633 27026 raft_consensus.cc:740] T 37749cfe66a54e88bd9f12e1d2a6da96 P 664c444890d4423480f528356a405d2a [term 0 FOLLOWER]: Becoming Follower/Learner. State: Replica: 664c444890d4423480f528356a405d2a, State: Initialized, Role: FOLLOWER
I20260608 12:47:41.699103 27024 raft_consensus.cc:385] T 1b3dd8b1275e4b228e0adcadd99b75b2 P 483fb4ac98dd48bda0861d518db20c3a [term 0 FOLLOWER]: Consensus starting up: Expiring failure detector timer to make a prompt election more likely
I20260608 12:47:41.699198 27025 raft_consensus.cc:359] T 37749cfe66a54e88bd9f12e1d2a6da96 P 387f9843ca4745b6b8f3d7c933f4293c [term 0 FOLLOWER]: Replica starting. Triggering 0 pending ops. Active config: opid_index: -1 OBSOLETE_local: false peers { permanent_uuid: "387f9843ca4745b6b8f3d7c933f4293c" member_type: VOTER last_known_addr { host: "127.24.123.129" port: 40151 } } peers { permanent_uuid: "483fb4ac98dd48bda0861d518db20c3a" member_type: VOTER last_known_addr { host: "127.24.123.130" port: 38379 } } peers { permanent_uuid: "664c444890d4423480f528356a405d2a" member_type: VOTER last_known_addr { host: "127.24.123.131" port: 45047 } }
I20260608 12:47:41.699651 27024 raft_consensus.cc:740] T 1b3dd8b1275e4b228e0adcadd99b75b2 P 483fb4ac98dd48bda0861d518db20c3a [term 0 FOLLOWER]: Becoming Follower/Learner. State: Replica: 483fb4ac98dd48bda0861d518db20c3a, State: Initialized, Role: FOLLOWER
I20260608 12:47:41.700106 27025 raft_consensus.cc:385] T 37749cfe66a54e88bd9f12e1d2a6da96 P 387f9843ca4745b6b8f3d7c933f4293c [term 0 FOLLOWER]: Consensus starting up: Expiring failure detector timer to make a prompt election more likely
I20260608 12:47:41.699757 27026 consensus_queue.cc:260] T 37749cfe66a54e88bd9f12e1d2a6da96 P 664c444890d4423480f528356a405d2a [NON_LEADER]: Queue going to NON_LEADER mode. State: All replicated index: 0, Majority replicated index: 0, Committed index: 0, Last appended: 0.0, Last appended by leader: 0, Current term: 0, Majority size: -1, State: 0, Mode: NON_LEADER, active raft config: opid_index: -1 OBSOLETE_local: false peers { permanent_uuid: "387f9843ca4745b6b8f3d7c933f4293c" member_type: VOTER last_known_addr { host: "127.24.123.129" port: 40151 } } peers { permanent_uuid: "483fb4ac98dd48bda0861d518db20c3a" member_type: VOTER last_known_addr { host: "127.24.123.130" port: 38379 } } peers { permanent_uuid: "664c444890d4423480f528356a405d2a" member_type: VOTER last_known_addr { host: "127.24.123.131" port: 45047 } }
I20260608 12:47:41.700574 27025 raft_consensus.cc:740] T 37749cfe66a54e88bd9f12e1d2a6da96 P 387f9843ca4745b6b8f3d7c933f4293c [term 0 FOLLOWER]: Becoming Follower/Learner. State: Replica: 387f9843ca4745b6b8f3d7c933f4293c, State: Initialized, Role: FOLLOWER
I20260608 12:47:41.700624 27024 consensus_queue.cc:260] T 1b3dd8b1275e4b228e0adcadd99b75b2 P 483fb4ac98dd48bda0861d518db20c3a [NON_LEADER]: Queue going to NON_LEADER mode. State: All replicated index: 0, Majority replicated index: 0, Committed index: 0, Last appended: 0.0, Last appended by leader: 0, Current term: 0, Majority size: -1, State: 0, Mode: NON_LEADER, active raft config: opid_index: -1 OBSOLETE_local: false peers { permanent_uuid: "483fb4ac98dd48bda0861d518db20c3a" member_type: VOTER last_known_addr { host: "127.24.123.130" port: 38379 } } peers { permanent_uuid: "387f9843ca4745b6b8f3d7c933f4293c" member_type: VOTER last_known_addr { host: "127.24.123.129" port: 40151 } } peers { permanent_uuid: "664c444890d4423480f528356a405d2a" member_type: VOTER last_known_addr { host: "127.24.123.131" port: 45047 } }
I20260608 12:47:41.703214 27026 ts_tablet_manager.cc:1434] T 37749cfe66a54e88bd9f12e1d2a6da96 P 664c444890d4423480f528356a405d2a: Time spent starting tablet: real 0.008s	user 0.006s	sys 0.002s
I20260608 12:47:41.701779 27025 consensus_queue.cc:260] T 37749cfe66a54e88bd9f12e1d2a6da96 P 387f9843ca4745b6b8f3d7c933f4293c [NON_LEADER]: Queue going to NON_LEADER mode. State: All replicated index: 0, Majority replicated index: 0, Committed index: 0, Last appended: 0.0, Last appended by leader: 0, Current term: 0, Majority size: -1, State: 0, Mode: NON_LEADER, active raft config: opid_index: -1 OBSOLETE_local: false peers { permanent_uuid: "387f9843ca4745b6b8f3d7c933f4293c" member_type: VOTER last_known_addr { host: "127.24.123.129" port: 40151 } } peers { permanent_uuid: "483fb4ac98dd48bda0861d518db20c3a" member_type: VOTER last_known_addr { host: "127.24.123.130" port: 38379 } } peers { permanent_uuid: "664c444890d4423480f528356a405d2a" member_type: VOTER last_known_addr { host: "127.24.123.131" port: 45047 } }
I20260608 12:47:41.704732 27026 tablet_bootstrap.cc:492] T 1b3dd8b1275e4b228e0adcadd99b75b2 P 664c444890d4423480f528356a405d2a: Bootstrap starting.
I20260608 12:47:41.706199 27030 raft_consensus.cc:493] T 37749cfe66a54e88bd9f12e1d2a6da96 P 664c444890d4423480f528356a405d2a [term 0 FOLLOWER]: Starting pre-election (no leader contacted us within the election timeout)
I20260608 12:47:41.706857 27030 raft_consensus.cc:515] T 37749cfe66a54e88bd9f12e1d2a6da96 P 664c444890d4423480f528356a405d2a [term 0 FOLLOWER]: Starting pre-election with config: opid_index: -1 OBSOLETE_local: false peers { permanent_uuid: "387f9843ca4745b6b8f3d7c933f4293c" member_type: VOTER last_known_addr { host: "127.24.123.129" port: 40151 } } peers { permanent_uuid: "483fb4ac98dd48bda0861d518db20c3a" member_type: VOTER last_known_addr { host: "127.24.123.130" port: 38379 } } peers { permanent_uuid: "664c444890d4423480f528356a405d2a" member_type: VOTER last_known_addr { host: "127.24.123.131" port: 45047 } }
I20260608 12:47:41.716064 27024 ts_tablet_manager.cc:1434] T 1b3dd8b1275e4b228e0adcadd99b75b2 P 483fb4ac98dd48bda0861d518db20c3a: Time spent starting tablet: real 0.021s	user 0.015s	sys 0.009s
I20260608 12:47:41.717732 27024 tablet_bootstrap.cc:492] T 37749cfe66a54e88bd9f12e1d2a6da96 P 483fb4ac98dd48bda0861d518db20c3a: Bootstrap starting.
I20260608 12:47:41.725436 27024 tablet_bootstrap.cc:654] T 37749cfe66a54e88bd9f12e1d2a6da96 P 483fb4ac98dd48bda0861d518db20c3a: Neither blocks nor log segments found. Creating new log.
I20260608 12:47:41.729863 27026 tablet_bootstrap.cc:654] T 1b3dd8b1275e4b228e0adcadd99b75b2 P 664c444890d4423480f528356a405d2a: Neither blocks nor log segments found. Creating new log.
I20260608 12:47:41.747359 27030 leader_election.cc:290] T 37749cfe66a54e88bd9f12e1d2a6da96 P 664c444890d4423480f528356a405d2a [CANDIDATE]: Term 1 pre-election: Requested pre-vote from peers 387f9843ca4745b6b8f3d7c933f4293c (127.24.123.129:40151), 483fb4ac98dd48bda0861d518db20c3a (127.24.123.130:38379)
I20260608 12:47:41.748051 27031 raft_consensus.cc:493] T 1b3dd8b1275e4b228e0adcadd99b75b2 P 483fb4ac98dd48bda0861d518db20c3a [term 0 FOLLOWER]: Starting pre-election (no leader contacted us within the election timeout)
I20260608 12:47:41.758086 27031 raft_consensus.cc:515] T 1b3dd8b1275e4b228e0adcadd99b75b2 P 483fb4ac98dd48bda0861d518db20c3a [term 0 FOLLOWER]: Starting pre-election with config: opid_index: -1 OBSOLETE_local: false peers { permanent_uuid: "483fb4ac98dd48bda0861d518db20c3a" member_type: VOTER last_known_addr { host: "127.24.123.130" port: 38379 } } peers { permanent_uuid: "387f9843ca4745b6b8f3d7c933f4293c" member_type: VOTER last_known_addr { host: "127.24.123.129" port: 40151 } } peers { permanent_uuid: "664c444890d4423480f528356a405d2a" member_type: VOTER last_known_addr { host: "127.24.123.131" port: 45047 } }
I20260608 12:47:41.761849 27031 leader_election.cc:290] T 1b3dd8b1275e4b228e0adcadd99b75b2 P 483fb4ac98dd48bda0861d518db20c3a [CANDIDATE]: Term 1 pre-election: Requested pre-vote from peers 387f9843ca4745b6b8f3d7c933f4293c (127.24.123.129:40151), 664c444890d4423480f528356a405d2a (127.24.123.131:45047)
I20260608 12:47:41.757225 27025 ts_tablet_manager.cc:1434] T 37749cfe66a54e88bd9f12e1d2a6da96 P 387f9843ca4745b6b8f3d7c933f4293c: Time spent starting tablet: real 0.061s	user 0.013s	sys 0.039s
I20260608 12:47:41.766271 27025 tablet_bootstrap.cc:492] T 1b3dd8b1275e4b228e0adcadd99b75b2 P 387f9843ca4745b6b8f3d7c933f4293c: Bootstrap starting.
I20260608 12:47:41.774156 27025 tablet_bootstrap.cc:654] T 1b3dd8b1275e4b228e0adcadd99b75b2 P 387f9843ca4745b6b8f3d7c933f4293c: Neither blocks nor log segments found. Creating new log.
I20260608 12:47:41.775271 26830 tablet_service.cc:1917] Received RequestConsensusVote() RPC: tablet_id: "37749cfe66a54e88bd9f12e1d2a6da96" candidate_uuid: "664c444890d4423480f528356a405d2a" candidate_term: 1 candidate_status { last_received { term: 0 index: 0 } } ignore_live_leader: false dest_uuid: "387f9843ca4745b6b8f3d7c933f4293c" is_pre_election: true
I20260608 12:47:41.776191 26830 raft_consensus.cc:2468] T 37749cfe66a54e88bd9f12e1d2a6da96 P 387f9843ca4745b6b8f3d7c933f4293c [term 0 FOLLOWER]: Leader pre-election vote request: Granting yes vote for candidate 664c444890d4423480f528356a405d2a in term 0.
I20260608 12:47:41.778443 26943 leader_election.cc:304] T 37749cfe66a54e88bd9f12e1d2a6da96 P 664c444890d4423480f528356a405d2a [CANDIDATE]: Term 1 pre-election: Election decided. Result: candidate won. Election summary: received 2 responses out of 3 voters: 2 yes votes; 0 no votes. yes voters: 387f9843ca4745b6b8f3d7c933f4293c, 664c444890d4423480f528356a405d2a; no voters: 
I20260608 12:47:41.779949 27030 raft_consensus.cc:2804] T 37749cfe66a54e88bd9f12e1d2a6da96 P 664c444890d4423480f528356a405d2a [term 0 FOLLOWER]: Leader pre-election won for term 1
I20260608 12:47:41.780536 27030 raft_consensus.cc:493] T 37749cfe66a54e88bd9f12e1d2a6da96 P 664c444890d4423480f528356a405d2a [term 0 FOLLOWER]: Starting leader election (no leader contacted us within the election timeout)
I20260608 12:47:41.781018 27030 raft_consensus.cc:3060] T 37749cfe66a54e88bd9f12e1d2a6da96 P 664c444890d4423480f528356a405d2a [term 0 FOLLOWER]: Advancing to term 1
I20260608 12:47:41.788340 27025 tablet_bootstrap.cc:492] T 1b3dd8b1275e4b228e0adcadd99b75b2 P 387f9843ca4745b6b8f3d7c933f4293c: No bootstrap required, opened a new log
I20260608 12:47:41.789157 27025 ts_tablet_manager.cc:1403] T 1b3dd8b1275e4b228e0adcadd99b75b2 P 387f9843ca4745b6b8f3d7c933f4293c: Time spent bootstrapping tablet: real 0.023s	user 0.019s	sys 0.003s
I20260608 12:47:41.790197 27030 raft_consensus.cc:515] T 37749cfe66a54e88bd9f12e1d2a6da96 P 664c444890d4423480f528356a405d2a [term 1 FOLLOWER]: Starting leader election with config: opid_index: -1 OBSOLETE_local: false peers { permanent_uuid: "387f9843ca4745b6b8f3d7c933f4293c" member_type: VOTER last_known_addr { host: "127.24.123.129" port: 40151 } } peers { permanent_uuid: "483fb4ac98dd48bda0861d518db20c3a" member_type: VOTER last_known_addr { host: "127.24.123.130" port: 38379 } } peers { permanent_uuid: "664c444890d4423480f528356a405d2a" member_type: VOTER last_known_addr { host: "127.24.123.131" port: 45047 } }
I20260608 12:47:41.792766 27025 raft_consensus.cc:359] T 1b3dd8b1275e4b228e0adcadd99b75b2 P 387f9843ca4745b6b8f3d7c933f4293c [term 0 FOLLOWER]: Replica starting. Triggering 0 pending ops. Active config: opid_index: -1 OBSOLETE_local: false peers { permanent_uuid: "483fb4ac98dd48bda0861d518db20c3a" member_type: VOTER last_known_addr { host: "127.24.123.130" port: 38379 } } peers { permanent_uuid: "387f9843ca4745b6b8f3d7c933f4293c" member_type: VOTER last_known_addr { host: "127.24.123.129" port: 40151 } } peers { permanent_uuid: "664c444890d4423480f528356a405d2a" member_type: VOTER last_known_addr { host: "127.24.123.131" port: 45047 } }
I20260608 12:47:41.793684 27025 raft_consensus.cc:385] T 1b3dd8b1275e4b228e0adcadd99b75b2 P 387f9843ca4745b6b8f3d7c933f4293c [term 0 FOLLOWER]: Consensus starting up: Expiring failure detector timer to make a prompt election more likely
I20260608 12:47:41.794099 27025 raft_consensus.cc:740] T 1b3dd8b1275e4b228e0adcadd99b75b2 P 387f9843ca4745b6b8f3d7c933f4293c [term 0 FOLLOWER]: Becoming Follower/Learner. State: Replica: 387f9843ca4745b6b8f3d7c933f4293c, State: Initialized, Role: FOLLOWER
I20260608 12:47:41.795140 26830 tablet_service.cc:1917] Received RequestConsensusVote() RPC: tablet_id: "37749cfe66a54e88bd9f12e1d2a6da96" candidate_uuid: "664c444890d4423480f528356a405d2a" candidate_term: 1 candidate_status { last_received { term: 0 index: 0 } } ignore_live_leader: false dest_uuid: "387f9843ca4745b6b8f3d7c933f4293c"
I20260608 12:47:41.795349 27025 consensus_queue.cc:260] T 1b3dd8b1275e4b228e0adcadd99b75b2 P 387f9843ca4745b6b8f3d7c933f4293c [NON_LEADER]: Queue going to NON_LEADER mode. State: All replicated index: 0, Majority replicated index: 0, Committed index: 0, Last appended: 0.0, Last appended by leader: 0, Current term: 0, Majority size: -1, State: 0, Mode: NON_LEADER, active raft config: opid_index: -1 OBSOLETE_local: false peers { permanent_uuid: "483fb4ac98dd48bda0861d518db20c3a" member_type: VOTER last_known_addr { host: "127.24.123.130" port: 38379 } } peers { permanent_uuid: "387f9843ca4745b6b8f3d7c933f4293c" member_type: VOTER last_known_addr { host: "127.24.123.129" port: 40151 } } peers { permanent_uuid: "664c444890d4423480f528356a405d2a" member_type: VOTER last_known_addr { host: "127.24.123.131" port: 45047 } }
I20260608 12:47:41.795866 26830 raft_consensus.cc:3060] T 37749cfe66a54e88bd9f12e1d2a6da96 P 387f9843ca4745b6b8f3d7c933f4293c [term 0 FOLLOWER]: Advancing to term 1
I20260608 12:47:41.791898 27026 tablet_bootstrap.cc:492] T 1b3dd8b1275e4b228e0adcadd99b75b2 P 664c444890d4423480f528356a405d2a: No bootstrap required, opened a new log
I20260608 12:47:41.803438 27026 ts_tablet_manager.cc:1403] T 1b3dd8b1275e4b228e0adcadd99b75b2 P 664c444890d4423480f528356a405d2a: Time spent bootstrapping tablet: real 0.099s	user 0.014s	sys 0.009s
I20260608 12:47:41.805825 27025 ts_tablet_manager.cc:1434] T 1b3dd8b1275e4b228e0adcadd99b75b2 P 387f9843ca4745b6b8f3d7c933f4293c: Time spent starting tablet: real 0.016s	user 0.007s	sys 0.006s
I20260608 12:47:41.809491 27026 raft_consensus.cc:359] T 1b3dd8b1275e4b228e0adcadd99b75b2 P 664c444890d4423480f528356a405d2a [term 0 FOLLOWER]: Replica starting. Triggering 0 pending ops. Active config: opid_index: -1 OBSOLETE_local: false peers { permanent_uuid: "483fb4ac98dd48bda0861d518db20c3a" member_type: VOTER last_known_addr { host: "127.24.123.130" port: 38379 } } peers { permanent_uuid: "387f9843ca4745b6b8f3d7c933f4293c" member_type: VOTER last_known_addr { host: "127.24.123.129" port: 40151 } } peers { permanent_uuid: "664c444890d4423480f528356a405d2a" member_type: VOTER last_known_addr { host: "127.24.123.131" port: 45047 } }
I20260608 12:47:41.813892 27030 leader_election.cc:290] T 37749cfe66a54e88bd9f12e1d2a6da96 P 664c444890d4423480f528356a405d2a [CANDIDATE]: Term 1 election: Requested vote from peers 387f9843ca4745b6b8f3d7c933f4293c (127.24.123.129:40151), 483fb4ac98dd48bda0861d518db20c3a (127.24.123.130:38379)
I20260608 12:47:41.812474 26830 raft_consensus.cc:2468] T 37749cfe66a54e88bd9f12e1d2a6da96 P 387f9843ca4745b6b8f3d7c933f4293c [term 1 FOLLOWER]: Leader election vote request: Granting yes vote for candidate 664c444890d4423480f528356a405d2a in term 1.
I20260608 12:47:41.816449 26943 leader_election.cc:304] T 37749cfe66a54e88bd9f12e1d2a6da96 P 664c444890d4423480f528356a405d2a [CANDIDATE]: Term 1 election: Election decided. Result: candidate won. Election summary: received 2 responses out of 3 voters: 2 yes votes; 0 no votes. yes voters: 387f9843ca4745b6b8f3d7c933f4293c, 664c444890d4423480f528356a405d2a; no voters: 
I20260608 12:47:41.814572 27026 raft_consensus.cc:385] T 1b3dd8b1275e4b228e0adcadd99b75b2 P 664c444890d4423480f528356a405d2a [term 0 FOLLOWER]: Consensus starting up: Expiring failure detector timer to make a prompt election more likely
I20260608 12:47:41.819648 27026 raft_consensus.cc:740] T 1b3dd8b1275e4b228e0adcadd99b75b2 P 664c444890d4423480f528356a405d2a [term 0 FOLLOWER]: Becoming Follower/Learner. State: Replica: 664c444890d4423480f528356a405d2a, State: Initialized, Role: FOLLOWER
I20260608 12:47:41.821390 27024 tablet_bootstrap.cc:492] T 37749cfe66a54e88bd9f12e1d2a6da96 P 483fb4ac98dd48bda0861d518db20c3a: No bootstrap required, opened a new log
I20260608 12:47:41.819329 27030 raft_consensus.cc:2804] T 37749cfe66a54e88bd9f12e1d2a6da96 P 664c444890d4423480f528356a405d2a [term 1 FOLLOWER]: Leader election won for term 1
I20260608 12:47:41.822510 27026 consensus_queue.cc:260] T 1b3dd8b1275e4b228e0adcadd99b75b2 P 664c444890d4423480f528356a405d2a [NON_LEADER]: Queue going to NON_LEADER mode. State: All replicated index: 0, Majority replicated index: 0, Committed index: 0, Last appended: 0.0, Last appended by leader: 0, Current term: 0, Majority size: -1, State: 0, Mode: NON_LEADER, active raft config: opid_index: -1 OBSOLETE_local: false peers { permanent_uuid: "483fb4ac98dd48bda0861d518db20c3a" member_type: VOTER last_known_addr { host: "127.24.123.130" port: 38379 } } peers { permanent_uuid: "387f9843ca4745b6b8f3d7c933f4293c" member_type: VOTER last_known_addr { host: "127.24.123.129" port: 40151 } } peers { permanent_uuid: "664c444890d4423480f528356a405d2a" member_type: VOTER last_known_addr { host: "127.24.123.131" port: 45047 } }
I20260608 12:47:41.822388 27024 ts_tablet_manager.cc:1403] T 37749cfe66a54e88bd9f12e1d2a6da96 P 483fb4ac98dd48bda0861d518db20c3a: Time spent bootstrapping tablet: real 0.105s	user 0.034s	sys 0.062s
