I20260608 12:48:37.765781 24965 kserver.cc:163] Server-wide thread pool size limit: 3276
I20260608 12:48:37.767238 24965 txn_system_client.cc:432] TxnSystemClient initialization is disabled...
I20260608 12:48:37.769480 24965 ts_tablet_manager.cc:585] Loaded tablet metadata (0 total tablets, 0 live tablets)
I20260608 12:48:37.769685 24965 ts_tablet_manager.cc:531] Time spent load tablet metadata: real 0.000s	user 0.000s	sys 0.000s
I20260608 12:48:37.769956 24965 ts_tablet_manager.cc:616] Registered 0 tablets
I20260608 12:48:37.770099 24965 ts_tablet_manager.cc:595] Time spent register tablets: real 0.000s	user 0.000s	sys 0.000s
I20260608 12:48:37.810541 24965 rpc_server.cc:307] RPC server started. Bound to: 127.24.97.66:45269
I20260608 12:48:37.810658 28761 acceptor_pool.cc:272] collecting diagnostics on the listening RPC socket 127.24.97.66:45269 every 8 connection(s)
I20260608 12:48:37.815603 24965 file_cache.cc:492] Constructed file cache file cache with capacity 419430
W20260608 12:48:37.822328 28765 instance_detector.cc:116] could not retrieve AWS instance metadata: Network error: curl error: HTTP response code said error: The requested URL returned error: 404
W20260608 12:48:37.823563 28766 instance_detector.cc:116] could not retrieve Azure instance metadata: Network error: curl error: HTTP response code said error: The requested URL returned error: 404
W20260608 12:48:37.825373 28768 instance_detector.cc:116] could not retrieve OpenStack instance metadata: Network error: curl error: HTTP response code said error: The requested URL returned error: 404
I20260608 12:48:37.826774 24965 server_base.cc:1061] running on GCE node
I20260608 12:48:37.827692 24965 hybrid_clock.cc:584] initializing the hybrid clock with 'system_unsync' time source
W20260608 12:48:37.827927 24965 system_unsync_time.cc:38] NTP support is disabled. Clock error bounds will not be accurate. This configuration is not suitable for distributed clusters.
I20260608 12:48:37.828135 24965 hybrid_clock.cc:648] HybridClock initialized: now 1780922917828113 us; error 0 us; skew 500 ppm
I20260608 12:48:37.828824 24965 server_base.cc:861] Flag tcmalloc_max_total_thread_cache_bytes is not working since tcmalloc is not enabled.
I20260608 12:48:37.829535 28762 heartbeater.cc:344] Connected to a master server at 127.24.97.126:37061
I20260608 12:48:37.830046 28762 heartbeater.cc:461] Registering TS with master...
I20260608 12:48:37.830914 28762 heartbeater.cc:507] Master 127.24.97.126:37061 requested a full tablet report, sending...
I20260608 12:48:37.831851 24965 webserver.cc:533] Webserver started at http://127.24.97.67:40301/ using document root <none> and password file <none>
I20260608 12:48:37.832585 24965 fs_manager.cc:362] Metadata directory not provided
I20260608 12:48:37.832826 24965 fs_manager.cc:368] Using write-ahead log directory (fs_wal_dir) as metadata directory
I20260608 12:48:37.833179 24965 server_base.cc:909] This appears to be a new deployment of Kudu; creating new FS layout
I20260608 12:48:37.833590 28560 ts_manager.cc:194] Registered new tserver with Master: b169a85a4eb74e819368ecfbb2b51eae (127.24.97.66:45269)
I20260608 12:48:37.834311 24965 fs_manager.cc:1068] Generated new instance metadata in path /tmp/dist-test-task_hiy5G/test-tmp/auto_rebalancer-test.0.AutoRebalancerTest.NoReplicaMovesIfLocationLoadSkewedByOne.1780922824308354-24965-0/minicluster-data/ts-2-root/instance:
uuid: "7d2ca919729c47abbff810f46beaf078"
format_stamp: "Formatted at 2026-06-08 12:48:37 on dist-test-slave-60nl"
I20260608 12:48:37.835192 28560 master_service.cc:502] Signed X509 certificate for tserver {username='slave'} at 127.0.0.1:38088
I20260608 12:48:37.839926 24965 fs_manager.cc:696] Time spent creating directory manager: real 0.005s	user 0.008s	sys 0.000s
I20260608 12:48:37.843459 28773 log_block_manager.cc:4031] Time spent loading block containers with low live blocks: real 0.000s	user 0.000s	sys 0.000s
I20260608 12:48:37.844298 24965 fs_manager.cc:730] Time spent opening block manager: real 0.002s	user 0.002s	sys 0.001s
I20260608 12:48:37.844619 24965 fs_manager.cc:647] Opened local filesystem: /tmp/dist-test-task_hiy5G/test-tmp/auto_rebalancer-test.0.AutoRebalancerTest.NoReplicaMovesIfLocationLoadSkewedByOne.1780922824308354-24965-0/minicluster-data/ts-2-root
uuid: "7d2ca919729c47abbff810f46beaf078"
format_stamp: "Formatted at 2026-06-08 12:48:37 on dist-test-slave-60nl"
I20260608 12:48:37.844923 24965 fs_report.cc:389] FS layout report
--------------------
wal directory: /tmp/dist-test-task_hiy5G/test-tmp/auto_rebalancer-test.0.AutoRebalancerTest.NoReplicaMovesIfLocationLoadSkewedByOne.1780922824308354-24965-0/minicluster-data/ts-2-root
metadata directory: /tmp/dist-test-task_hiy5G/test-tmp/auto_rebalancer-test.0.AutoRebalancerTest.NoReplicaMovesIfLocationLoadSkewedByOne.1780922824308354-24965-0/minicluster-data/ts-2-root
1 data directories: /tmp/dist-test-task_hiy5G/test-tmp/auto_rebalancer-test.0.AutoRebalancerTest.NoReplicaMovesIfLocationLoadSkewedByOne.1780922824308354-24965-0/minicluster-data/ts-2-root/data
Total live blocks: 0
Total live bytes: 0
Total live bytes (after alignment): 0
Total number of LBM containers: 0 (0 full)
Did not check for missing blocks
Did not check for orphaned blocks
Total full LBM containers with extra space: 0 (0 repaired)
Total full LBM container extra space in bytes: 0 (0 repaired)
Total incomplete LBM containers: 0 (0 repaired)
Total LBM partial records: 0 (0 repaired)
Total corrupted LBM metadata records in RocksDB: 0 (0 repaired)
I20260608 12:48:37.856866 24965 rpc_server.cc:225] running with OpenSSL 1.1.1  11 Sep 2018
I20260608 12:48:37.858090 24965 kserver.cc:163] Server-wide thread pool size limit: 3276
I20260608 12:48:37.859637 24965 txn_system_client.cc:432] TxnSystemClient initialization is disabled...
I20260608 12:48:37.862051 24965 ts_tablet_manager.cc:585] Loaded tablet metadata (0 total tablets, 0 live tablets)
I20260608 12:48:37.862308 24965 ts_tablet_manager.cc:531] Time spent load tablet metadata: real 0.000s	user 0.000s	sys 0.000s
I20260608 12:48:37.862563 24965 ts_tablet_manager.cc:616] Registered 0 tablets
I20260608 12:48:37.862749 24965 ts_tablet_manager.cc:595] Time spent register tablets: real 0.000s	user 0.000s	sys 0.000s
I20260608 12:48:37.904232 24965 rpc_server.cc:307] RPC server started. Bound to: 127.24.97.67:37731
I20260608 12:48:37.904387 28835 acceptor_pool.cc:272] collecting diagnostics on the listening RPC socket 127.24.97.67:37731 every 8 connection(s)
I20260608 12:48:37.909824 24965 file_cache.cc:492] Constructed file cache file cache with capacity 419430
W20260608 12:48:37.917440 28839 instance_detector.cc:116] could not retrieve AWS instance metadata: Network error: curl error: HTTP response code said error: The requested URL returned error: 404
W20260608 12:48:37.920593 28840 instance_detector.cc:116] could not retrieve Azure instance metadata: Network error: curl error: HTTP response code said error: The requested URL returned error: 404
I20260608 12:48:37.921976 24965 server_base.cc:1061] running on GCE node
W20260608 12:48:37.922135 28842 instance_detector.cc:116] could not retrieve OpenStack instance metadata: Network error: curl error: HTTP response code said error: The requested URL returned error: 404
I20260608 12:48:37.923404 24965 hybrid_clock.cc:584] initializing the hybrid clock with 'system_unsync' time source
W20260608 12:48:37.923713 24965 system_unsync_time.cc:38] NTP support is disabled. Clock error bounds will not be accurate. This configuration is not suitable for distributed clusters.
I20260608 12:48:37.923941 24965 hybrid_clock.cc:648] HybridClock initialized: now 1780922917923898 us; error 0 us; skew 500 ppm
I20260608 12:48:37.924677 24965 server_base.cc:861] Flag tcmalloc_max_total_thread_cache_bytes is not working since tcmalloc is not enabled.
I20260608 12:48:37.924733 28836 heartbeater.cc:344] Connected to a master server at 127.24.97.126:37061
I20260608 12:48:37.925204 28836 heartbeater.cc:461] Registering TS with master...
I20260608 12:48:37.926052 28836 heartbeater.cc:507] Master 127.24.97.126:37061 requested a full tablet report, sending...
I20260608 12:48:37.927727 24965 webserver.cc:533] Webserver started at http://127.24.97.68:46193/ using document root <none> and password file <none>
I20260608 12:48:37.928454 24965 fs_manager.cc:362] Metadata directory not provided
I20260608 12:48:37.928588 28560 ts_manager.cc:194] Registered new tserver with Master: 7d2ca919729c47abbff810f46beaf078 (127.24.97.67:37731)
I20260608 12:48:37.928757 24965 fs_manager.cc:368] Using write-ahead log directory (fs_wal_dir) as metadata directory
I20260608 12:48:37.929260 24965 server_base.cc:909] This appears to be a new deployment of Kudu; creating new FS layout
I20260608 12:48:37.930331 28560 master_service.cc:502] Signed X509 certificate for tserver {username='slave'} at 127.0.0.1:38104
I20260608 12:48:37.930500 24965 fs_manager.cc:1068] Generated new instance metadata in path /tmp/dist-test-task_hiy5G/test-tmp/auto_rebalancer-test.0.AutoRebalancerTest.NoReplicaMovesIfLocationLoadSkewedByOne.1780922824308354-24965-0/minicluster-data/ts-3-root/instance:
uuid: "f9b208662cc74e4392a2278e269c848e"
format_stamp: "Formatted at 2026-06-08 12:48:37 on dist-test-slave-60nl"
I20260608 12:48:37.935618 24965 fs_manager.cc:696] Time spent creating directory manager: real 0.004s	user 0.002s	sys 0.002s
I20260608 12:48:37.939373 28847 log_block_manager.cc:4031] Time spent loading block containers with low live blocks: real 0.000s	user 0.000s	sys 0.000s
I20260608 12:48:37.940127 24965 fs_manager.cc:730] Time spent opening block manager: real 0.002s	user 0.002s	sys 0.001s
I20260608 12:48:37.940433 24965 fs_manager.cc:647] Opened local filesystem: /tmp/dist-test-task_hiy5G/test-tmp/auto_rebalancer-test.0.AutoRebalancerTest.NoReplicaMovesIfLocationLoadSkewedByOne.1780922824308354-24965-0/minicluster-data/ts-3-root
uuid: "f9b208662cc74e4392a2278e269c848e"
format_stamp: "Formatted at 2026-06-08 12:48:37 on dist-test-slave-60nl"
I20260608 12:48:37.940677 24965 fs_report.cc:389] FS layout report
--------------------
wal directory: /tmp/dist-test-task_hiy5G/test-tmp/auto_rebalancer-test.0.AutoRebalancerTest.NoReplicaMovesIfLocationLoadSkewedByOne.1780922824308354-24965-0/minicluster-data/ts-3-root
metadata directory: /tmp/dist-test-task_hiy5G/test-tmp/auto_rebalancer-test.0.AutoRebalancerTest.NoReplicaMovesIfLocationLoadSkewedByOne.1780922824308354-24965-0/minicluster-data/ts-3-root
1 data directories: /tmp/dist-test-task_hiy5G/test-tmp/auto_rebalancer-test.0.AutoRebalancerTest.NoReplicaMovesIfLocationLoadSkewedByOne.1780922824308354-24965-0/minicluster-data/ts-3-root/data
Total live blocks: 0
Total live bytes: 0
Total live bytes (after alignment): 0
Total number of LBM containers: 0 (0 full)
Did not check for missing blocks
Did not check for orphaned blocks
Total full LBM containers with extra space: 0 (0 repaired)
Total full LBM container extra space in bytes: 0 (0 repaired)
Total incomplete LBM containers: 0 (0 repaired)
Total LBM partial records: 0 (0 repaired)
Total corrupted LBM metadata records in RocksDB: 0 (0 repaired)
I20260608 12:48:37.949496 24965 rpc_server.cc:225] running with OpenSSL 1.1.1  11 Sep 2018
I20260608 12:48:37.950778 24965 kserver.cc:163] Server-wide thread pool size limit: 3276
I20260608 12:48:37.952359 24965 txn_system_client.cc:432] TxnSystemClient initialization is disabled...
I20260608 12:48:37.954653 24965 ts_tablet_manager.cc:585] Loaded tablet metadata (0 total tablets, 0 live tablets)
I20260608 12:48:37.954857 24965 ts_tablet_manager.cc:531] Time spent load tablet metadata: real 0.000s	user 0.000s	sys 0.000s
I20260608 12:48:37.955191 24965 ts_tablet_manager.cc:616] Registered 0 tablets
I20260608 12:48:37.955358 24965 ts_tablet_manager.cc:595] Time spent register tablets: real 0.000s	user 0.000s	sys 0.000s
I20260608 12:48:37.996186 24965 rpc_server.cc:307] RPC server started. Bound to: 127.24.97.68:36603
I20260608 12:48:37.996299 28909 acceptor_pool.cc:272] collecting diagnostics on the listening RPC socket 127.24.97.68:36603 every 8 connection(s)
I20260608 12:48:38.010059 28910 heartbeater.cc:344] Connected to a master server at 127.24.97.126:37061
I20260608 12:48:38.010438 28910 heartbeater.cc:461] Registering TS with master...
I20260608 12:48:38.011191 28910 heartbeater.cc:507] Master 127.24.97.126:37061 requested a full tablet report, sending...
I20260608 12:48:38.013068 28560 ts_manager.cc:194] Registered new tserver with Master: f9b208662cc74e4392a2278e269c848e (127.24.97.68:36603)
I20260608 12:48:38.013187 24965 internal_mini_cluster.cc:371] 4 TS(s) registered with all masters after 0.013664769s
I20260608 12:48:38.014473 28560 master_service.cc:502] Signed X509 certificate for tserver {username='slave'} at 127.0.0.1:38110
I20260608 12:48:38.745853 28687 heartbeater.cc:499] Master 127.24.97.126:37061 was elected leader, sending a full tablet report...
I20260608 12:48:38.838101 28762 heartbeater.cc:499] Master 127.24.97.126:37061 was elected leader, sending a full tablet report...
I20260608 12:48:38.932993 28836 heartbeater.cc:499] Master 127.24.97.126:37061 was elected leader, sending a full tablet report...
I20260608 12:48:39.017369 28910 heartbeater.cc:499] Master 127.24.97.126:37061 was elected leader, sending a full tablet report...
I20260608 12:48:39.082046 28560 catalog_manager.cc:2282] Servicing CreateTable request from {username='slave'} at 127.0.0.1:38134:
name: "test-workload"
schema {
  columns {
    name: "key"
    type: INT32
    is_key: true
    is_nullable: false
    encoding: AUTO_ENCODING
    compression: DEFAULT_COMPRESSION
    cfile_block_size: 0
    immutable: false
  }
  columns {
    name: "int_val"
    type: INT32
    is_key: false
    is_nullable: false
    encoding: AUTO_ENCODING
    compression: DEFAULT_COMPRESSION
    cfile_block_size: 0
    immutable: false
  }
  columns {
    name: "string_val"
    type: STRING
    is_key: false
    is_nullable: true
    encoding: AUTO_ENCODING
    compression: DEFAULT_COMPRESSION
    cfile_block_size: 0
    immutable: false
  }
}
num_replicas: 3
split_rows_range_bounds {
}
partition_schema {
  range_schema {
    columns {
      name: "key"
    }
  }
}
I20260608 12:48:39.138316 28652 tablet_service.cc:1511] Processing CreateTablet for tablet d65da6035b8b4c428bbb0abdacbd3043 (DEFAULT_TABLE table=test-workload [id=60df5112ab8f434fb8d17500570348b4]), partition=RANGE (key) PARTITION UNBOUNDED
I20260608 12:48:39.139767 28652 data_dirs.cc:400] Could only allocate 1 dirs of requested 3 for tablet d65da6035b8b4c428bbb0abdacbd3043. 1 dirs total, 0 dirs full, 0 dirs failed
I20260608 12:48:39.140781 28875 tablet_service.cc:1511] Processing CreateTablet for tablet d65da6035b8b4c428bbb0abdacbd3043 (DEFAULT_TABLE table=test-workload [id=60df5112ab8f434fb8d17500570348b4]), partition=RANGE (key) PARTITION UNBOUNDED
I20260608 12:48:39.142132 28875 data_dirs.cc:400] Could only allocate 1 dirs of requested 3 for tablet d65da6035b8b4c428bbb0abdacbd3043. 1 dirs total, 0 dirs full, 0 dirs failed
I20260608 12:48:39.143239 28801 tablet_service.cc:1511] Processing CreateTablet for tablet d65da6035b8b4c428bbb0abdacbd3043 (DEFAULT_TABLE table=test-workload [id=60df5112ab8f434fb8d17500570348b4]), partition=RANGE (key) PARTITION UNBOUNDED
I20260608 12:48:39.144260 28801 data_dirs.cc:400] Could only allocate 1 dirs of requested 3 for tablet d65da6035b8b4c428bbb0abdacbd3043. 1 dirs total, 0 dirs full, 0 dirs failed
I20260608 12:48:39.162801 28933 tablet_bootstrap.cc:492] T d65da6035b8b4c428bbb0abdacbd3043 P f9b208662cc74e4392a2278e269c848e: Bootstrap starting.
I20260608 12:48:39.164916 28932 tablet_bootstrap.cc:492] T d65da6035b8b4c428bbb0abdacbd3043 P 7d2ca919729c47abbff810f46beaf078: Bootstrap starting.
I20260608 12:48:39.165474 28931 tablet_bootstrap.cc:492] T d65da6035b8b4c428bbb0abdacbd3043 P d492036f94394f44860d0b1898e23937: Bootstrap starting.
I20260608 12:48:39.170311 28932 tablet_bootstrap.cc:654] T d65da6035b8b4c428bbb0abdacbd3043 P 7d2ca919729c47abbff810f46beaf078: Neither blocks nor log segments found. Creating new log.
I20260608 12:48:39.172468 28931 tablet_bootstrap.cc:654] T d65da6035b8b4c428bbb0abdacbd3043 P d492036f94394f44860d0b1898e23937: Neither blocks nor log segments found. Creating new log.
I20260608 12:48:39.172468 28933 tablet_bootstrap.cc:654] T d65da6035b8b4c428bbb0abdacbd3043 P f9b208662cc74e4392a2278e269c848e: Neither blocks nor log segments found. Creating new log.
I20260608 12:48:39.175765 28932 tablet_bootstrap.cc:492] T d65da6035b8b4c428bbb0abdacbd3043 P 7d2ca919729c47abbff810f46beaf078: No bootstrap required, opened a new log
I20260608 12:48:39.176342 28932 ts_tablet_manager.cc:1403] T d65da6035b8b4c428bbb0abdacbd3043 P 7d2ca919729c47abbff810f46beaf078: Time spent bootstrapping tablet: real 0.012s	user 0.006s	sys 0.005s
I20260608 12:48:39.179709 28931 tablet_bootstrap.cc:492] T d65da6035b8b4c428bbb0abdacbd3043 P d492036f94394f44860d0b1898e23937: No bootstrap required, opened a new log
I20260608 12:48:39.179539 28932 raft_consensus.cc:359] T d65da6035b8b4c428bbb0abdacbd3043 P 7d2ca919729c47abbff810f46beaf078 [term 0 FOLLOWER]: Replica starting. Triggering 0 pending ops. Active config: opid_index: -1 OBSOLETE_local: false peers { permanent_uuid: "d492036f94394f44860d0b1898e23937" member_type: VOTER last_known_addr { host: "127.24.97.65" port: 46851 } } peers { permanent_uuid: "7d2ca919729c47abbff810f46beaf078" member_type: VOTER last_known_addr { host: "127.24.97.67" port: 37731 } } peers { permanent_uuid: "f9b208662cc74e4392a2278e269c848e" member_type: VOTER last_known_addr { host: "127.24.97.68" port: 36603 } }
I20260608 12:48:39.180246 28931 ts_tablet_manager.cc:1403] T d65da6035b8b4c428bbb0abdacbd3043 P d492036f94394f44860d0b1898e23937: Time spent bootstrapping tablet: real 0.016s	user 0.013s	sys 0.000s
I20260608 12:48:39.180333 28933 tablet_bootstrap.cc:492] T d65da6035b8b4c428bbb0abdacbd3043 P f9b208662cc74e4392a2278e269c848e: No bootstrap required, opened a new log
I20260608 12:48:39.180356 28932 raft_consensus.cc:385] T d65da6035b8b4c428bbb0abdacbd3043 P 7d2ca919729c47abbff810f46beaf078 [term 0 FOLLOWER]: Consensus starting up: Expiring failure detector timer to make a prompt election more likely
I20260608 12:48:39.180893 28932 raft_consensus.cc:740] T d65da6035b8b4c428bbb0abdacbd3043 P 7d2ca919729c47abbff810f46beaf078 [term 0 FOLLOWER]: Becoming Follower/Learner. State: Replica: 7d2ca919729c47abbff810f46beaf078, State: Initialized, Role: FOLLOWER
I20260608 12:48:39.181006 28933 ts_tablet_manager.cc:1403] T d65da6035b8b4c428bbb0abdacbd3043 P f9b208662cc74e4392a2278e269c848e: Time spent bootstrapping tablet: real 0.019s	user 0.010s	sys 0.004s
I20260608 12:48:39.181772 28932 consensus_queue.cc:260] T d65da6035b8b4c428bbb0abdacbd3043 P 7d2ca919729c47abbff810f46beaf078 [NON_LEADER]: Queue going to NON_LEADER mode. State: All replicated index: 0, Majority replicated index: 0, Committed index: 0, Last appended: 0.0, Last appended by leader: 0, Current term: 0, Majority size: -1, State: 0, Mode: NON_LEADER, active raft config: opid_index: -1 OBSOLETE_local: false peers { permanent_uuid: "d492036f94394f44860d0b1898e23937" member_type: VOTER last_known_addr { host: "127.24.97.65" port: 46851 } } peers { permanent_uuid: "7d2ca919729c47abbff810f46beaf078" member_type: VOTER last_known_addr { host: "127.24.97.67" port: 37731 } } peers { permanent_uuid: "f9b208662cc74e4392a2278e269c848e" member_type: VOTER last_known_addr { host: "127.24.97.68" port: 36603 } }
I20260608 12:48:39.183390 28931 raft_consensus.cc:359] T d65da6035b8b4c428bbb0abdacbd3043 P d492036f94394f44860d0b1898e23937 [term 0 FOLLOWER]: Replica starting. Triggering 0 pending ops. Active config: opid_index: -1 OBSOLETE_local: false peers { permanent_uuid: "d492036f94394f44860d0b1898e23937" member_type: VOTER last_known_addr { host: "127.24.97.65" port: 46851 } } peers { permanent_uuid: "7d2ca919729c47abbff810f46beaf078" member_type: VOTER last_known_addr { host: "127.24.97.67" port: 37731 } } peers { permanent_uuid: "f9b208662cc74e4392a2278e269c848e" member_type: VOTER last_known_addr { host: "127.24.97.68" port: 36603 } }
I20260608 12:48:39.184202 28931 raft_consensus.cc:385] T d65da6035b8b4c428bbb0abdacbd3043 P d492036f94394f44860d0b1898e23937 [term 0 FOLLOWER]: Consensus starting up: Expiring failure detector timer to make a prompt election more likely
I20260608 12:48:39.184623 28932 ts_tablet_manager.cc:1434] T d65da6035b8b4c428bbb0abdacbd3043 P 7d2ca919729c47abbff810f46beaf078: Time spent starting tablet: real 0.008s	user 0.005s	sys 0.002s
I20260608 12:48:39.184204 28933 raft_consensus.cc:359] T d65da6035b8b4c428bbb0abdacbd3043 P f9b208662cc74e4392a2278e269c848e [term 0 FOLLOWER]: Replica starting. Triggering 0 pending ops. Active config: opid_index: -1 OBSOLETE_local: false peers { permanent_uuid: "d492036f94394f44860d0b1898e23937" member_type: VOTER last_known_addr { host: "127.24.97.65" port: 46851 } } peers { permanent_uuid: "7d2ca919729c47abbff810f46beaf078" member_type: VOTER last_known_addr { host: "127.24.97.67" port: 37731 } } peers { permanent_uuid: "f9b208662cc74e4392a2278e269c848e" member_type: VOTER last_known_addr { host: "127.24.97.68" port: 36603 } }
I20260608 12:48:39.184762 28931 raft_consensus.cc:740] T d65da6035b8b4c428bbb0abdacbd3043 P d492036f94394f44860d0b1898e23937 [term 0 FOLLOWER]: Becoming Follower/Learner. State: Replica: d492036f94394f44860d0b1898e23937, State: Initialized, Role: FOLLOWER
I20260608 12:48:39.185357 28933 raft_consensus.cc:385] T d65da6035b8b4c428bbb0abdacbd3043 P f9b208662cc74e4392a2278e269c848e [term 0 FOLLOWER]: Consensus starting up: Expiring failure detector timer to make a prompt election more likely
I20260608 12:48:39.185706 28933 raft_consensus.cc:740] T d65da6035b8b4c428bbb0abdacbd3043 P f9b208662cc74e4392a2278e269c848e [term 0 FOLLOWER]: Becoming Follower/Learner. State: Replica: f9b208662cc74e4392a2278e269c848e, State: Initialized, Role: FOLLOWER
I20260608 12:48:39.185886 28931 consensus_queue.cc:260] T d65da6035b8b4c428bbb0abdacbd3043 P d492036f94394f44860d0b1898e23937 [NON_LEADER]: Queue going to NON_LEADER mode. State: All replicated index: 0, Majority replicated index: 0, Committed index: 0, Last appended: 0.0, Last appended by leader: 0, Current term: 0, Majority size: -1, State: 0, Mode: NON_LEADER, active raft config: opid_index: -1 OBSOLETE_local: false peers { permanent_uuid: "d492036f94394f44860d0b1898e23937" member_type: VOTER last_known_addr { host: "127.24.97.65" port: 46851 } } peers { permanent_uuid: "7d2ca919729c47abbff810f46beaf078" member_type: VOTER last_known_addr { host: "127.24.97.67" port: 37731 } } peers { permanent_uuid: "f9b208662cc74e4392a2278e269c848e" member_type: VOTER last_known_addr { host: "127.24.97.68" port: 36603 } }
I20260608 12:48:39.186517 28933 consensus_queue.cc:260] T d65da6035b8b4c428bbb0abdacbd3043 P f9b208662cc74e4392a2278e269c848e [NON_LEADER]: Queue going to NON_LEADER mode. State: All replicated index: 0, Majority replicated index: 0, Committed index: 0, Last appended: 0.0, Last appended by leader: 0, Current term: 0, Majority size: -1, State: 0, Mode: NON_LEADER, active raft config: opid_index: -1 OBSOLETE_local: false peers { permanent_uuid: "d492036f94394f44860d0b1898e23937" member_type: VOTER last_known_addr { host: "127.24.97.65" port: 46851 } } peers { permanent_uuid: "7d2ca919729c47abbff810f46beaf078" member_type: VOTER last_known_addr { host: "127.24.97.67" port: 37731 } } peers { permanent_uuid: "f9b208662cc74e4392a2278e269c848e" member_type: VOTER last_known_addr { host: "127.24.97.68" port: 36603 } }
I20260608 12:48:39.189574 28931 ts_tablet_manager.cc:1434] T d65da6035b8b4c428bbb0abdacbd3043 P d492036f94394f44860d0b1898e23937: Time spent starting tablet: real 0.009s	user 0.007s	sys 0.000s
I20260608 12:48:39.193477 28933 ts_tablet_manager.cc:1434] T d65da6035b8b4c428bbb0abdacbd3043 P f9b208662cc74e4392a2278e269c848e: Time spent starting tablet: real 0.012s	user 0.007s	sys 0.003s
I20260608 12:48:39.200958 28937 raft_consensus.cc:493] T d65da6035b8b4c428bbb0abdacbd3043 P 7d2ca919729c47abbff810f46beaf078 [term 0 FOLLOWER]: Starting pre-election (no leader contacted us within the election timeout)
I20260608 12:48:39.201542 28937 raft_consensus.cc:515] T d65da6035b8b4c428bbb0abdacbd3043 P 7d2ca919729c47abbff810f46beaf078 [term 0 FOLLOWER]: Starting pre-election with config: opid_index: -1 OBSOLETE_local: false peers { permanent_uuid: "d492036f94394f44860d0b1898e23937" member_type: VOTER last_known_addr { host: "127.24.97.65" port: 46851 } } peers { permanent_uuid: "7d2ca919729c47abbff810f46beaf078" member_type: VOTER last_known_addr { host: "127.24.97.67" port: 37731 } } peers { permanent_uuid: "f9b208662cc74e4392a2278e269c848e" member_type: VOTER last_known_addr { host: "127.24.97.68" port: 36603 } }
I20260608 12:48:39.206146 28937 leader_election.cc:290] T d65da6035b8b4c428bbb0abdacbd3043 P 7d2ca919729c47abbff810f46beaf078 [CANDIDATE]: Term 1 pre-election: Requested pre-vote from peers d492036f94394f44860d0b1898e23937 (127.24.97.65:46851), f9b208662cc74e4392a2278e269c848e (127.24.97.68:36603)
I20260608 12:48:39.216377 28662 tablet_service.cc:1917] Received RequestConsensusVote() RPC: tablet_id: "d65da6035b8b4c428bbb0abdacbd3043" candidate_uuid: "7d2ca919729c47abbff810f46beaf078" candidate_term: 1 candidate_status { last_received { term: 0 index: 0 } } ignore_live_leader: false dest_uuid: "d492036f94394f44860d0b1898e23937" is_pre_election: true
I20260608 12:48:39.217185 28662 raft_consensus.cc:2468] T d65da6035b8b4c428bbb0abdacbd3043 P d492036f94394f44860d0b1898e23937 [term 0 FOLLOWER]: Leader pre-election vote request: Granting yes vote for candidate 7d2ca919729c47abbff810f46beaf078 in term 0.
I20260608 12:48:39.217697 28885 tablet_service.cc:1917] Received RequestConsensusVote() RPC: tablet_id: "d65da6035b8b4c428bbb0abdacbd3043" candidate_uuid: "7d2ca919729c47abbff810f46beaf078" candidate_term: 1 candidate_status { last_received { term: 0 index: 0 } } ignore_live_leader: false dest_uuid: "f9b208662cc74e4392a2278e269c848e" is_pre_election: true
I20260608 12:48:39.218369 28885 raft_consensus.cc:2468] T d65da6035b8b4c428bbb0abdacbd3043 P f9b208662cc74e4392a2278e269c848e [term 0 FOLLOWER]: Leader pre-election vote request: Granting yes vote for candidate 7d2ca919729c47abbff810f46beaf078 in term 0.
I20260608 12:48:39.218624 28774 leader_election.cc:304] T d65da6035b8b4c428bbb0abdacbd3043 P 7d2ca919729c47abbff810f46beaf078 [CANDIDATE]: Term 1 pre-election: Election decided. Result: candidate won. Election summary: received 2 responses out of 3 voters: 2 yes votes; 0 no votes. yes voters: 7d2ca919729c47abbff810f46beaf078, d492036f94394f44860d0b1898e23937; no voters: 
I20260608 12:48:39.219556 28937 raft_consensus.cc:2804] T d65da6035b8b4c428bbb0abdacbd3043 P 7d2ca919729c47abbff810f46beaf078 [term 0 FOLLOWER]: Leader pre-election won for term 1
I20260608 12:48:39.219887 28937 raft_consensus.cc:493] T d65da6035b8b4c428bbb0abdacbd3043 P 7d2ca919729c47abbff810f46beaf078 [term 0 FOLLOWER]: Starting leader election (no leader contacted us within the election timeout)
I20260608 12:48:39.220182 28937 raft_consensus.cc:3060] T d65da6035b8b4c428bbb0abdacbd3043 P 7d2ca919729c47abbff810f46beaf078 [term 0 FOLLOWER]: Advancing to term 1
I20260608 12:48:39.224804 28937 raft_consensus.cc:515] T d65da6035b8b4c428bbb0abdacbd3043 P 7d2ca919729c47abbff810f46beaf078 [term 1 FOLLOWER]: Starting leader election with config: opid_index: -1 OBSOLETE_local: false peers { permanent_uuid: "d492036f94394f44860d0b1898e23937" member_type: VOTER last_known_addr { host: "127.24.97.65" port: 46851 } } peers { permanent_uuid: "7d2ca919729c47abbff810f46beaf078" member_type: VOTER last_known_addr { host: "127.24.97.67" port: 37731 } } peers { permanent_uuid: "f9b208662cc74e4392a2278e269c848e" member_type: VOTER last_known_addr { host: "127.24.97.68" port: 36603 } }
I20260608 12:48:39.226631 28937 leader_election.cc:290] T d65da6035b8b4c428bbb0abdacbd3043 P 7d2ca919729c47abbff810f46beaf078 [CANDIDATE]: Term 1 election: Requested vote from peers d492036f94394f44860d0b1898e23937 (127.24.97.65:46851), f9b208662cc74e4392a2278e269c848e (127.24.97.68:36603)
I20260608 12:48:39.227365 28662 tablet_service.cc:1917] Received RequestConsensusVote() RPC: tablet_id: "d65da6035b8b4c428bbb0abdacbd3043" candidate_uuid: "7d2ca919729c47abbff810f46beaf078" candidate_term: 1 candidate_status { last_received { term: 0 index: 0 } } ignore_live_leader: false dest_uuid: "d492036f94394f44860d0b1898e23937"
I20260608 12:48:39.227613 28885 tablet_service.cc:1917] Received RequestConsensusVote() RPC: tablet_id: "d65da6035b8b4c428bbb0abdacbd3043" candidate_uuid: "7d2ca919729c47abbff810f46beaf078" candidate_term: 1 candidate_status { last_received { term: 0 index: 0 } } ignore_live_leader: false dest_uuid: "f9b208662cc74e4392a2278e269c848e"
I20260608 12:48:39.227888 28662 raft_consensus.cc:3060] T d65da6035b8b4c428bbb0abdacbd3043 P d492036f94394f44860d0b1898e23937 [term 0 FOLLOWER]: Advancing to term 1
I20260608 12:48:39.228133 28885 raft_consensus.cc:3060] T d65da6035b8b4c428bbb0abdacbd3043 P f9b208662cc74e4392a2278e269c848e [term 0 FOLLOWER]: Advancing to term 1
I20260608 12:48:39.233891 28885 raft_consensus.cc:2468] T d65da6035b8b4c428bbb0abdacbd3043 P f9b208662cc74e4392a2278e269c848e [term 1 FOLLOWER]: Leader election vote request: Granting yes vote for candidate 7d2ca919729c47abbff810f46beaf078 in term 1.
I20260608 12:48:39.234067 28662 raft_consensus.cc:2468] T d65da6035b8b4c428bbb0abdacbd3043 P d492036f94394f44860d0b1898e23937 [term 1 FOLLOWER]: Leader election vote request: Granting yes vote for candidate 7d2ca919729c47abbff810f46beaf078 in term 1.
I20260608 12:48:39.235050 28776 leader_election.cc:304] T d65da6035b8b4c428bbb0abdacbd3043 P 7d2ca919729c47abbff810f46beaf078 [CANDIDATE]: Term 1 election: Election decided. Result: candidate won. Election summary: received 2 responses out of 3 voters: 2 yes votes; 0 no votes. yes voters: 7d2ca919729c47abbff810f46beaf078, f9b208662cc74e4392a2278e269c848e; no voters: 
I20260608 12:48:39.235773 28937 raft_consensus.cc:2804] T d65da6035b8b4c428bbb0abdacbd3043 P 7d2ca919729c47abbff810f46beaf078 [term 1 FOLLOWER]: Leader election won for term 1
I20260608 12:48:39.236881 28937 raft_consensus.cc:697] T d65da6035b8b4c428bbb0abdacbd3043 P 7d2ca919729c47abbff810f46beaf078 [term 1 LEADER]: Becoming Leader. State: Replica: 7d2ca919729c47abbff810f46beaf078, State: Running, Role: LEADER
I20260608 12:48:39.237732 28937 consensus_queue.cc:237] T d65da6035b8b4c428bbb0abdacbd3043 P 7d2ca919729c47abbff810f46beaf078 [LEADER]: Queue going to LEADER mode. State: All replicated index: 0, Majority replicated index: 0, Committed index: 0, Last appended: 0.0, Last appended by leader: 0, Current term: 1, Majority size: 2, State: 0, Mode: LEADER, active raft config: opid_index: -1 OBSOLETE_local: false peers { permanent_uuid: "d492036f94394f44860d0b1898e23937" member_type: VOTER last_known_addr { host: "127.24.97.65" port: 46851 } } peers { permanent_uuid: "7d2ca919729c47abbff810f46beaf078" member_type: VOTER last_known_addr { host: "127.24.97.67" port: 37731 } } peers { permanent_uuid: "f9b208662cc74e4392a2278e269c848e" member_type: VOTER last_known_addr { host: "127.24.97.68" port: 36603 } }
I20260608 12:48:39.247651 28560 catalog_manager.cc:5696] T d65da6035b8b4c428bbb0abdacbd3043 P 7d2ca919729c47abbff810f46beaf078 reported cstate change: term changed from 0 to 1, leader changed from <none> to 7d2ca919729c47abbff810f46beaf078 (127.24.97.67). New cstate: current_term: 1 leader_uuid: "7d2ca919729c47abbff810f46beaf078" committed_config { opid_index: -1 OBSOLETE_local: false peers { permanent_uuid: "d492036f94394f44860d0b1898e23937" member_type: VOTER last_known_addr { host: "127.24.97.65" port: 46851 } health_report { overall_health: UNKNOWN } } peers { permanent_uuid: "7d2ca919729c47abbff810f46beaf078" member_type: VOTER last_known_addr { host: "127.24.97.67" port: 37731 } health_report { overall_health: HEALTHY } } peers { permanent_uuid: "f9b208662cc74e4392a2278e269c848e" member_type: VOTER last_known_addr { host: "127.24.97.68" port: 36603 } health_report { overall_health: UNKNOWN } } }
I20260608 12:48:39.983680 28613 auto_leader_rebalancer.cc:140] leader rebalance for table test-workload
I20260608 12:48:39.985703 28613 auto_leader_rebalancer.cc:388] table: test-workload, leader rebalance finish, leader transfer count: 0
I20260608 12:48:39.986122 28613 auto_leader_rebalancer.cc:451] All tables' leader rebalancing finished this round
I20260608 12:48:40.019632 28937 consensus_queue.cc:1048] T d65da6035b8b4c428bbb0abdacbd3043 P 7d2ca919729c47abbff810f46beaf078 [LEADER]: Connected to new peer: Peer: permanent_uuid: "f9b208662cc74e4392a2278e269c848e" member_type: VOTER last_known_addr { host: "127.24.97.68" port: 36603 }, Status: LMP_MISMATCH, Last received: 0.0, Next index: 1, Last known committed idx: 0, Time since last communication: 0.001s
I20260608 12:48:40.020547 28942 consensus_queue.cc:1048] T d65da6035b8b4c428bbb0abdacbd3043 P 7d2ca919729c47abbff810f46beaf078 [LEADER]: Connected to new peer: Peer: permanent_uuid: "d492036f94394f44860d0b1898e23937" member_type: VOTER last_known_addr { host: "127.24.97.65" port: 46851 }, Status: LMP_MISMATCH, Last received: 0.0, Next index: 1, Last known committed idx: 0, Time since last communication: 0.000s
W20260608 12:48:40.583344 28591 debug-util.cc:398] Leaking SignalData structure 0x7b080019ef60 after lost signal to thread 24968
W20260608 12:48:40.584225 28591 debug-util.cc:398] Leaking SignalData structure 0x7b080022fd00 after lost signal to thread 28594
W20260608 12:48:40.585111 28591 debug-util.cc:398] Leaking SignalData structure 0x7b0800171360 after lost signal to thread 28686
W20260608 12:48:40.586006 28591 debug-util.cc:398] Leaking SignalData structure 0x7b08001d8360 after lost signal to thread 28761
W20260608 12:48:40.586846 28591 debug-util.cc:398] Leaking SignalData structure 0x7b0800071340 after lost signal to thread 28835
W20260608 12:48:40.587677 28591 debug-util.cc:398] Leaking SignalData structure 0x7b0800099520 after lost signal to thread 28909
I20260608 12:48:41.987242 28613 auto_leader_rebalancer.cc:140] leader rebalance for table test-workload
I20260608 12:48:41.988662 28613 auto_leader_rebalancer.cc:388] table: test-workload, leader rebalance finish, leader transfer count: 0
I20260608 12:48:41.989004 28613 auto_leader_rebalancer.cc:451] All tables' leader rebalancing finished this round
W20260608 12:48:43.260430 28906 debug-util.cc:398] Leaking SignalData structure 0x7b08001084a0 after lost signal to thread 24968
W20260608 12:48:43.261351 28906 debug-util.cc:398] Leaking SignalData structure 0x7b0800208340 after lost signal to thread 28594
W20260608 12:48:43.262385 28906 debug-util.cc:398] Leaking SignalData structure 0x7b080007d9a0 after lost signal to thread 28686
W20260608 12:48:43.263314 28906 debug-util.cc:398] Leaking SignalData structure 0x7b080007d280 after lost signal to thread 28761
W20260608 12:48:43.264277 28906 debug-util.cc:398] Leaking SignalData structure 0x7b08001285e0 after lost signal to thread 28835
W20260608 12:48:43.265108 28906 debug-util.cc:398] Leaking SignalData structure 0x7b0800220a20 after lost signal to thread 28909
I20260608 12:48:44.266762 28613 auto_leader_rebalancer.cc:140] leader rebalance for table test-workload
I20260608 12:48:44.268780 28613 auto_leader_rebalancer.cc:388] table: test-workload, leader rebalance finish, leader transfer count: 0
I20260608 12:48:44.269153 28613 auto_leader_rebalancer.cc:451] All tables' leader rebalancing finished this round
W20260608 12:48:45.745863 28758 debug-util.cc:398] Leaking SignalData structure 0x7b080005e0c0 after lost signal to thread 24968
W20260608 12:48:45.747516 28758 debug-util.cc:398] Leaking SignalData structure 0x7b080003a160 after lost signal to thread 28594
W20260608 12:48:45.749096 28758 debug-util.cc:398] Leaking SignalData structure 0x7b08000b7520 after lost signal to thread 28686
W20260608 12:48:45.750461 28758 debug-util.cc:398] Leaking SignalData structure 0x7b08000cd680 after lost signal to thread 28761
W20260608 12:48:45.751984 28758 debug-util.cc:398] Leaking SignalData structure 0x7b08001df040 after lost signal to thread 28835
W20260608 12:48:45.753597 28758 debug-util.cc:398] Leaking SignalData structure 0x7b0800262300 after lost signal to thread 28909
I20260608 12:48:46.270542 28613 auto_leader_rebalancer.cc:140] leader rebalance for table test-workload
I20260608 12:48:46.272857 28613 auto_leader_rebalancer.cc:388] table: test-workload, leader rebalance finish, leader transfer count: 0
I20260608 12:48:46.273303 28613 auto_leader_rebalancer.cc:451] All tables' leader rebalancing finished this round
I20260608 12:48:48.274475 28613 auto_leader_rebalancer.cc:140] leader rebalance for table test-workload
I20260608 12:48:48.276463 28613 auto_leader_rebalancer.cc:388] table: test-workload, leader rebalance finish, leader transfer count: 0
I20260608 12:48:48.276909 28613 auto_leader_rebalancer.cc:451] All tables' leader rebalancing finished this round
I20260608 12:48:50.277856 28613 auto_leader_rebalancer.cc:140] leader rebalance for table test-workload
I20260608 12:48:50.279255 28613 auto_leader_rebalancer.cc:388] table: test-workload, leader rebalance finish, leader transfer count: 0
I20260608 12:48:50.279592 28613 auto_leader_rebalancer.cc:451] All tables' leader rebalancing finished this round
I20260608 12:48:50.999622 24965 tablet_server.cc:179] TabletServer@127.24.97.65:0 shutting down...
I20260608 12:48:51.026783 24965 ts_tablet_manager.cc:1507] Shutting down tablet manager...
I20260608 12:48:51.027634 24965 tablet_replica.cc:333] T d65da6035b8b4c428bbb0abdacbd3043 P d492036f94394f44860d0b1898e23937: stopping tablet replica
I20260608 12:48:51.028301 24965 raft_consensus.cc:2243] T d65da6035b8b4c428bbb0abdacbd3043 P d492036f94394f44860d0b1898e23937 [term 1 FOLLOWER]: Raft consensus shutting down.
I20260608 12:48:51.028851 24965 raft_consensus.cc:2272] T d65da6035b8b4c428bbb0abdacbd3043 P d492036f94394f44860d0b1898e23937 [term 1 FOLLOWER]: Raft consensus is shut down!
I20260608 12:48:51.049775 24965 tablet_server.cc:196] TabletServer@127.24.97.65:0 shutdown complete.
I20260608 12:48:51.062399 24965 tablet_server.cc:179] TabletServer@127.24.97.66:0 shutting down...
I20260608 12:48:51.083110 24965 ts_tablet_manager.cc:1507] Shutting down tablet manager...
I20260608 12:48:51.116677 24965 tablet_server.cc:196] TabletServer@127.24.97.66:0 shutdown complete.
I20260608 12:48:51.125959 24965 tablet_server.cc:179] TabletServer@127.24.97.67:0 shutting down...
I20260608 12:48:51.148265 24965 ts_tablet_manager.cc:1507] Shutting down tablet manager...
I20260608 12:48:51.149005 24965 tablet_replica.cc:333] T d65da6035b8b4c428bbb0abdacbd3043 P 7d2ca919729c47abbff810f46beaf078: stopping tablet replica
I20260608 12:48:51.149619 24965 raft_consensus.cc:2243] T d65da6035b8b4c428bbb0abdacbd3043 P 7d2ca919729c47abbff810f46beaf078 [term 1 LEADER]: Raft consensus shutting down.
I20260608 12:48:51.150527 24965 raft_consensus.cc:2272] T d65da6035b8b4c428bbb0abdacbd3043 P 7d2ca919729c47abbff810f46beaf078 [term 1 FOLLOWER]: Raft consensus is shut down!
I20260608 12:48:51.171422 24965 tablet_server.cc:196] TabletServer@127.24.97.67:0 shutdown complete.
I20260608 12:48:51.182232 24965 tablet_server.cc:179] TabletServer@127.24.97.68:0 shutting down...
I20260608 12:48:51.204679 24965 ts_tablet_manager.cc:1507] Shutting down tablet manager...
I20260608 12:48:51.205442 24965 tablet_replica.cc:333] T d65da6035b8b4c428bbb0abdacbd3043 P f9b208662cc74e4392a2278e269c848e: stopping tablet replica
I20260608 12:48:51.205982 24965 raft_consensus.cc:2243] T d65da6035b8b4c428bbb0abdacbd3043 P f9b208662cc74e4392a2278e269c848e [term 1 FOLLOWER]: Raft consensus shutting down.
I20260608 12:48:51.206502 24965 raft_consensus.cc:2272] T d65da6035b8b4c428bbb0abdacbd3043 P f9b208662cc74e4392a2278e269c848e [term 1 FOLLOWER]: Raft consensus is shut down!
I20260608 12:48:51.242733 24965 tablet_server.cc:196] TabletServer@127.24.97.68:0 shutdown complete.
I20260608 12:48:51.254508 24965 master.cc:562] Master@127.24.97.126:37061 shutting down...
I20260608 12:48:51.273331 24965 raft_consensus.cc:2243] T 00000000000000000000000000000000 P d0e6052f675e46a5b1d1615e7442c7c7 [term 1 LEADER]: Raft consensus shutting down.
I20260608 12:48:51.274026 24965 raft_consensus.cc:2272] T 00000000000000000000000000000000 P d0e6052f675e46a5b1d1615e7442c7c7 [term 1 FOLLOWER]: Raft consensus is shut down!
I20260608 12:48:51.274479 24965 tablet_replica.cc:333] T 00000000000000000000000000000000 P d0e6052f675e46a5b1d1615e7442c7c7: stopping tablet replica
I20260608 12:48:51.309526 24965 master.cc:584] Master@127.24.97.126:37061 shutdown complete.
[       OK ] AutoRebalancerTest.NoReplicaMovesIfLocationLoadSkewedByOne (13942 ms)
[ RUN      ] AutoRebalancerTest.NoReplicaMovesIfCannotFixPlacementPolicy
I20260608 12:48:51.345767 24965 internal_mini_cluster.cc:156] Creating distributed mini masters. Addrs: 127.24.97.126:41415
I20260608 12:48:51.347060 24965 file_cache.cc:492] Constructed file cache file cache with capacity 419430
W20260608 12:48:51.353037 28958 instance_detector.cc:116] could not retrieve AWS instance metadata: Network error: curl error: HTTP response code said error: The requested URL returned error: 404
W20260608 12:48:51.353293 28959 instance_detector.cc:116] could not retrieve Azure instance metadata: Network error: curl error: HTTP response code said error: The requested URL returned error: 404
W20260608 12:48:51.353412 28961 instance_detector.cc:116] could not retrieve OpenStack instance metadata: Network error: curl error: HTTP response code said error: The requested URL returned error: 404
I20260608 12:48:51.354508 24965 server_base.cc:1061] running on GCE node
I20260608 12:48:51.355403 24965 hybrid_clock.cc:584] initializing the hybrid clock with 'system_unsync' time source
W20260608 12:48:51.355576 24965 system_unsync_time.cc:38] NTP support is disabled. Clock error bounds will not be accurate. This configuration is not suitable for distributed clusters.
I20260608 12:48:51.355777 24965 hybrid_clock.cc:648] HybridClock initialized: now 1780922931355731 us; error 0 us; skew 500 ppm
I20260608 12:48:51.356391 24965 server_base.cc:861] Flag tcmalloc_max_total_thread_cache_bytes is not working since tcmalloc is not enabled.
I20260608 12:48:51.359056 24965 webserver.cc:533] Webserver started at http://127.24.97.126:37789/ using document root <none> and password file <none>
I20260608 12:48:51.359591 24965 fs_manager.cc:362] Metadata directory not provided
I20260608 12:48:51.359787 24965 fs_manager.cc:368] Using write-ahead log directory (fs_wal_dir) as metadata directory
I20260608 12:48:51.360092 24965 server_base.cc:909] This appears to be a new deployment of Kudu; creating new FS layout
I20260608 12:48:51.361280 24965 fs_manager.cc:1068] Generated new instance metadata in path /tmp/dist-test-task_hiy5G/test-tmp/auto_rebalancer-test.0.AutoRebalancerTest.NoReplicaMovesIfCannotFixPlacementPolicy.1780922824308354-24965-0/minicluster-data/master-0-root/instance:
uuid: "c8470aaef13246ca862e528ffadcce51"
format_stamp: "Formatted at 2026-06-08 12:48:51 on dist-test-slave-60nl"
I20260608 12:48:51.365913 24965 fs_manager.cc:696] Time spent creating directory manager: real 0.004s	user 0.006s	sys 0.000s
I20260608 12:48:51.370512 28966 log_block_manager.cc:4031] Time spent loading block containers with low live blocks: real 0.000s	user 0.000s	sys 0.000s
I20260608 12:48:51.371398 24965 fs_manager.cc:730] Time spent opening block manager: real 0.003s	user 0.003s	sys 0.000s
I20260608 12:48:51.371713 24965 fs_manager.cc:647] Opened local filesystem: /tmp/dist-test-task_hiy5G/test-tmp/auto_rebalancer-test.0.AutoRebalancerTest.NoReplicaMovesIfCannotFixPlacementPolicy.1780922824308354-24965-0/minicluster-data/master-0-root
uuid: "c8470aaef13246ca862e528ffadcce51"
format_stamp: "Formatted at 2026-06-08 12:48:51 on dist-test-slave-60nl"
I20260608 12:48:51.371963 24965 fs_report.cc:389] FS layout report
--------------------
wal directory: /tmp/dist-test-task_hiy5G/test-tmp/auto_rebalancer-test.0.AutoRebalancerTest.NoReplicaMovesIfCannotFixPlacementPolicy.1780922824308354-24965-0/minicluster-data/master-0-root
metadata directory: /tmp/dist-test-task_hiy5G/test-tmp/auto_rebalancer-test.0.AutoRebalancerTest.NoReplicaMovesIfCannotFixPlacementPolicy.1780922824308354-24965-0/minicluster-data/master-0-root
1 data directories: /tmp/dist-test-task_hiy5G/test-tmp/auto_rebalancer-test.0.AutoRebalancerTest.NoReplicaMovesIfCannotFixPlacementPolicy.1780922824308354-24965-0/minicluster-data/master-0-root/data
Total live blocks: 0
Total live bytes: 0
Total live bytes (after alignment): 0
Total number of LBM containers: 0 (0 full)
Did not check for missing blocks
Did not check for orphaned blocks
Total full LBM containers with extra space: 0 (0 repaired)
Total full LBM container extra space in bytes: 0 (0 repaired)
Total incomplete LBM containers: 0 (0 repaired)
Total LBM partial records: 0 (0 repaired)
Total corrupted LBM metadata records in RocksDB: 0 (0 repaired)
I20260608 12:48:51.381666 24965 rpc_server.cc:225] running with OpenSSL 1.1.1  11 Sep 2018
I20260608 12:48:51.383060 24965 kserver.cc:163] Server-wide thread pool size limit: 3276
I20260608 12:48:51.421963 24965 rpc_server.cc:307] RPC server started. Bound to: 127.24.97.126:41415
I20260608 12:48:51.422089 29017 acceptor_pool.cc:272] collecting diagnostics on the listening RPC socket 127.24.97.126:41415 every 8 connection(s)
I20260608 12:48:51.426278 29018 data_dirs.cc:400] Could only allocate 1 dirs of requested 3 for tablet 00000000000000000000000000000000. 1 dirs total, 0 dirs full, 0 dirs failed
I20260608 12:48:51.437122 29018 tablet_bootstrap.cc:492] T 00000000000000000000000000000000 P c8470aaef13246ca862e528ffadcce51: Bootstrap starting.
I20260608 12:48:51.442034 29018 tablet_bootstrap.cc:654] T 00000000000000000000000000000000 P c8470aaef13246ca862e528ffadcce51: Neither blocks nor log segments found. Creating new log.
I20260608 12:48:51.446390 29018 tablet_bootstrap.cc:492] T 00000000000000000000000000000000 P c8470aaef13246ca862e528ffadcce51: No bootstrap required, opened a new log
I20260608 12:48:51.448648 29018 raft_consensus.cc:359] T 00000000000000000000000000000000 P c8470aaef13246ca862e528ffadcce51 [term 0 FOLLOWER]: Replica starting. Triggering 0 pending ops. Active config: opid_index: -1 OBSOLETE_local: true peers { permanent_uuid: "c8470aaef13246ca862e528ffadcce51" member_type: VOTER }
I20260608 12:48:51.449092 29018 raft_consensus.cc:385] T 00000000000000000000000000000000 P c8470aaef13246ca862e528ffadcce51 [term 0 FOLLOWER]: Consensus starting up: Expiring failure detector timer to make a prompt election more likely
I20260608 12:48:51.449331 29018 raft_consensus.cc:740] T 00000000000000000000000000000000 P c8470aaef13246ca862e528ffadcce51 [term 0 FOLLOWER]: Becoming Follower/Learner. State: Replica: c8470aaef13246ca862e528ffadcce51, State: Initialized, Role: FOLLOWER
I20260608 12:48:51.450053 29018 consensus_queue.cc:260] T 00000000000000000000000000000000 P c8470aaef13246ca862e528ffadcce51 [NON_LEADER]: Queue going to NON_LEADER mode. State: All replicated index: 0, Majority replicated index: 0, Committed index: 0, Last appended: 0.0, Last appended by leader: 0, Current term: 0, Majority size: -1, State: 0, Mode: NON_LEADER, active raft config: opid_index: -1 OBSOLETE_local: true peers { permanent_uuid: "c8470aaef13246ca862e528ffadcce51" member_type: VOTER }
I20260608 12:48:51.450502 29018 raft_consensus.cc:399] T 00000000000000000000000000000000 P c8470aaef13246ca862e528ffadcce51 [term 0 FOLLOWER]: Only one voter in the Raft config. Triggering election immediately
I20260608 12:48:51.450699 29018 raft_consensus.cc:493] T 00000000000000000000000000000000 P c8470aaef13246ca862e528ffadcce51 [term 0 FOLLOWER]: Starting leader election (initial election of a single-replica configuration)
I20260608 12:48:51.451040 29018 raft_consensus.cc:3060] T 00000000000000000000000000000000 P c8470aaef13246ca862e528ffadcce51 [term 0 FOLLOWER]: Advancing to term 1
I20260608 12:48:51.455492 29018 raft_consensus.cc:515] T 00000000000000000000000000000000 P c8470aaef13246ca862e528ffadcce51 [term 1 FOLLOWER]: Starting leader election with config: opid_index: -1 OBSOLETE_local: true peers { permanent_uuid: "c8470aaef13246ca862e528ffadcce51" member_type: VOTER }
I20260608 12:48:51.456005 29018 leader_election.cc:304] T 00000000000000000000000000000000 P c8470aaef13246ca862e528ffadcce51 [CANDIDATE]: Term 1 election: Election decided. Result: candidate won. Election summary: received 1 responses out of 1 voters: 1 yes votes; 0 no votes. yes voters: c8470aaef13246ca862e528ffadcce51; no voters: 
I20260608 12:48:51.457156 29018 leader_election.cc:290] T 00000000000000000000000000000000 P c8470aaef13246ca862e528ffadcce51 [CANDIDATE]: Term 1 election: Requested vote from peers 
I20260608 12:48:51.457574 29021 raft_consensus.cc:2804] T 00000000000000000000000000000000 P c8470aaef13246ca862e528ffadcce51 [term 1 FOLLOWER]: Leader election won for term 1
I20260608 12:48:51.458940 29021 raft_consensus.cc:697] T 00000000000000000000000000000000 P c8470aaef13246ca862e528ffadcce51 [term 1 LEADER]: Becoming Leader. State: Replica: c8470aaef13246ca862e528ffadcce51, State: Running, Role: LEADER
I20260608 12:48:51.459713 29021 consensus_queue.cc:237] T 00000000000000000000000000000000 P c8470aaef13246ca862e528ffadcce51 [LEADER]: Queue going to LEADER mode. State: All replicated index: 0, Majority replicated index: 0, Committed index: 0, Last appended: 0.0, Last appended by leader: 0, Current term: 1, Majority size: 1, State: 0, Mode: LEADER, active raft config: opid_index: -1 OBSOLETE_local: true peers { permanent_uuid: "c8470aaef13246ca862e528ffadcce51" member_type: VOTER }
