I20260608 12:49:00.313602 29265 tablet_service.cc:1917] Received RequestConsensusVote() RPC: tablet_id: "08a83f4117024a818858b1b0c581f926" candidate_uuid: "47611452b75a4a6d9d5b76fd6aadde81" candidate_term: 1 candidate_status { last_received { term: 0 index: 0 } } ignore_live_leader: false dest_uuid: "83075566b1924088b31356fc84fd9c82"
I20260608 12:49:00.313969 29416 tablet_service.cc:1917] Received RequestConsensusVote() RPC: tablet_id: "08a83f4117024a818858b1b0c581f926" candidate_uuid: "47611452b75a4a6d9d5b76fd6aadde81" candidate_term: 1 candidate_status { last_received { term: 0 index: 0 } } ignore_live_leader: false dest_uuid: "1416af70115f4bffb61d5fceecd078e4"
I20260608 12:49:00.314226 29265 raft_consensus.cc:3060] T 08a83f4117024a818858b1b0c581f926 P 83075566b1924088b31356fc84fd9c82 [term 0 FOLLOWER]: Advancing to term 1
I20260608 12:49:00.314574 29416 raft_consensus.cc:3060] T 08a83f4117024a818858b1b0c581f926 P 1416af70115f4bffb61d5fceecd078e4 [term 0 FOLLOWER]: Advancing to term 1
I20260608 12:49:00.321198 29416 raft_consensus.cc:2468] T 08a83f4117024a818858b1b0c581f926 P 1416af70115f4bffb61d5fceecd078e4 [term 1 FOLLOWER]: Leader election vote request: Granting yes vote for candidate 47611452b75a4a6d9d5b76fd6aadde81 in term 1.
I20260608 12:49:00.321198 29265 raft_consensus.cc:2468] T 08a83f4117024a818858b1b0c581f926 P 83075566b1924088b31356fc84fd9c82 [term 1 FOLLOWER]: Leader election vote request: Granting yes vote for candidate 47611452b75a4a6d9d5b76fd6aadde81 in term 1.
I20260608 12:49:00.322507 29308 leader_election.cc:304] T 08a83f4117024a818858b1b0c581f926 P 47611452b75a4a6d9d5b76fd6aadde81 [CANDIDATE]: Term 1 election: Election decided. Result: candidate won. Election summary: received 2 responses out of 3 voters: 2 yes votes; 0 no votes. yes voters: 1416af70115f4bffb61d5fceecd078e4, 47611452b75a4a6d9d5b76fd6aadde81; no voters: 
I20260608 12:49:00.323285 29481 raft_consensus.cc:2804] T 08a83f4117024a818858b1b0c581f926 P 47611452b75a4a6d9d5b76fd6aadde81 [term 1 FOLLOWER]: Leader election won for term 1
I20260608 12:49:00.323803 29481 raft_consensus.cc:697] T 08a83f4117024a818858b1b0c581f926 P 47611452b75a4a6d9d5b76fd6aadde81 [term 1 LEADER]: Becoming Leader. State: Replica: 47611452b75a4a6d9d5b76fd6aadde81, State: Running, Role: LEADER
I20260608 12:49:00.324600 29481 consensus_queue.cc:237] T 08a83f4117024a818858b1b0c581f926 P 47611452b75a4a6d9d5b76fd6aadde81 [LEADER]: Queue going to LEADER mode. State: All replicated index: 0, Majority replicated index: 0, Committed index: 0, Last appended: 0.0, Last appended by leader: 0, Current term: 1, Majority size: 2, State: 0, Mode: LEADER, active raft config: opid_index: -1 OBSOLETE_local: false peers { permanent_uuid: "83075566b1924088b31356fc84fd9c82" member_type: VOTER last_known_addr { host: "127.24.55.65" port: 44211 } } peers { permanent_uuid: "47611452b75a4a6d9d5b76fd6aadde81" member_type: VOTER last_known_addr { host: "127.24.55.66" port: 40451 } } peers { permanent_uuid: "1416af70115f4bffb61d5fceecd078e4" member_type: VOTER last_known_addr { host: "127.24.55.67" port: 42073 } }
I20260608 12:49:00.332871 29164 catalog_manager.cc:5696] T 08a83f4117024a818858b1b0c581f926 P 47611452b75a4a6d9d5b76fd6aadde81 reported cstate change: term changed from 0 to 1, leader changed from <none> to 47611452b75a4a6d9d5b76fd6aadde81 (127.24.55.66). New cstate: current_term: 1 leader_uuid: "47611452b75a4a6d9d5b76fd6aadde81" committed_config { opid_index: -1 OBSOLETE_local: false peers { permanent_uuid: "83075566b1924088b31356fc84fd9c82" member_type: VOTER last_known_addr { host: "127.24.55.65" port: 44211 } health_report { overall_health: UNKNOWN } } peers { permanent_uuid: "47611452b75a4a6d9d5b76fd6aadde81" member_type: VOTER last_known_addr { host: "127.24.55.66" port: 40451 } health_report { overall_health: HEALTHY } } peers { permanent_uuid: "1416af70115f4bffb61d5fceecd078e4" member_type: VOTER last_known_addr { host: "127.24.55.67" port: 42073 } health_report { overall_health: UNKNOWN } } }
I20260608 12:49:00.427392 29481 consensus_queue.cc:1048] T 33224ca28da447899f863bc39b0196da P 47611452b75a4a6d9d5b76fd6aadde81 [LEADER]: Connected to new peer: Peer: permanent_uuid: "1416af70115f4bffb61d5fceecd078e4" member_type: VOTER last_known_addr { host: "127.24.55.67" port: 42073 }, Status: LMP_MISMATCH, Last received: 0.0, Next index: 1, Last known committed idx: 0, Time since last communication: 0.000s
I20260608 12:49:00.438841 29467 consensus_queue.cc:1048] T 33224ca28da447899f863bc39b0196da P 47611452b75a4a6d9d5b76fd6aadde81 [LEADER]: Connected to new peer: Peer: permanent_uuid: "83075566b1924088b31356fc84fd9c82" member_type: VOTER last_known_addr { host: "127.24.55.65" port: 44211 }, Status: LMP_MISMATCH, Last received: 0.0, Next index: 1, Last known committed idx: 0, Time since last communication: 0.000s
I20260608 12:49:00.522871 29482 consensus_queue.cc:1048] T 42dfe0988f01412593fba6e23920e8e1 P 47611452b75a4a6d9d5b76fd6aadde81 [LEADER]: Connected to new peer: Peer: permanent_uuid: "1416af70115f4bffb61d5fceecd078e4" member_type: VOTER last_known_addr { host: "127.24.55.67" port: 42073 }, Status: LMP_MISMATCH, Last received: 0.0, Next index: 1, Last known committed idx: 0, Time since last communication: 0.000s
I20260608 12:49:00.533313 29467 consensus_queue.cc:1048] T 42dfe0988f01412593fba6e23920e8e1 P 47611452b75a4a6d9d5b76fd6aadde81 [LEADER]: Connected to new peer: Peer: permanent_uuid: "83075566b1924088b31356fc84fd9c82" member_type: VOTER last_known_addr { host: "127.24.55.65" port: 44211 }, Status: LMP_MISMATCH, Last received: 0.0, Next index: 1, Last known committed idx: 0, Time since last communication: 0.000s
I20260608 12:49:00.540315 29469 consensus_queue.cc:1048] T 34ae0c4bff8b44a8baad1e05632cbaa9 P 1416af70115f4bffb61d5fceecd078e4 [LEADER]: Connected to new peer: Peer: permanent_uuid: "83075566b1924088b31356fc84fd9c82" member_type: VOTER last_known_addr { host: "127.24.55.65" port: 44211 }, Status: LMP_MISMATCH, Last received: 0.0, Next index: 1, Last known committed idx: 0, Time since last communication: 0.001s
I20260608 12:49:00.563431 29502 consensus_queue.cc:1048] T 34ae0c4bff8b44a8baad1e05632cbaa9 P 1416af70115f4bffb61d5fceecd078e4 [LEADER]: Connected to new peer: Peer: permanent_uuid: "47611452b75a4a6d9d5b76fd6aadde81" member_type: VOTER last_known_addr { host: "127.24.55.66" port: 40451 }, Status: LMP_MISMATCH, Last received: 0.0, Next index: 1, Last known committed idx: 0, Time since last communication: 0.000s
I20260608 12:49:00.873162 29467 consensus_queue.cc:1048] T 08a83f4117024a818858b1b0c581f926 P 47611452b75a4a6d9d5b76fd6aadde81 [LEADER]: Connected to new peer: Peer: permanent_uuid: "83075566b1924088b31356fc84fd9c82" member_type: VOTER last_known_addr { host: "127.24.55.65" port: 44211 }, Status: LMP_MISMATCH, Last received: 0.0, Next index: 1, Last known committed idx: 0, Time since last communication: 0.000s
W20260608 12:49:01.091915 29379 outbound_call.cc:321] RPC callback for RPC call kudu.consensus.ConsensusService.UpdateConsensus -> {remote=127.24.55.66:40451, user_credentials={real_user=slave}} blocked reactor thread for 167084us
W20260608 12:49:01.218338 29574 log.cc:927] Time spent T 08a83f4117024a818858b1b0c581f926 P 83075566b1924088b31356fc84fd9c82: Append to log took a long time: real 0.053s	user 0.001s	sys 0.000s
W20260608 12:49:01.254019 29596 log.cc:927] Time spent T 92d4fa7ea6634fe292864684baef8c23 P 83075566b1924088b31356fc84fd9c82: Append to log took a long time: real 0.055s	user 0.001s	sys 0.000s
I20260608 12:49:01.496379 29481 consensus_queue.cc:1048] T 08a83f4117024a818858b1b0c581f926 P 47611452b75a4a6d9d5b76fd6aadde81 [LEADER]: Connected to new peer: Peer: permanent_uuid: "1416af70115f4bffb61d5fceecd078e4" member_type: VOTER last_known_addr { host: "127.24.55.67" port: 42073 }, Status: LMP_MISMATCH, Last received: 0.0, Next index: 1, Last known committed idx: 0, Time since last communication: 0.000s
W20260608 12:49:01.592329 29308 outbound_call.cc:321] RPC callback for RPC call kudu.consensus.ConsensusService.UpdateConsensus -> {remote=127.24.55.67:42073, user_credentials={real_user=slave}} blocked reactor thread for 57516.5us
W20260608 12:49:01.675166 29305 outbound_call.cc:321] RPC callback for RPC call kudu.consensus.ConsensusService.UpdateConsensus -> {remote=127.24.55.65:44211, user_credentials={real_user=slave}} blocked reactor thread for 93671.5us
W20260608 12:49:03.025673 29556 meta_cache.cc:1261] Time spent looking up entry by key: real 0.057s	user 0.000s	sys 0.000s
W20260608 12:49:03.026422 29305 outbound_call.cc:321] RPC callback for RPC call kudu.consensus.ConsensusService.UpdateConsensus -> {remote=127.24.55.65:44211, user_credentials={real_user=slave}} blocked reactor thread for 68905us
W20260608 12:49:03.033828 29560 meta_cache.cc:1261] Time spent looking up entry by key: real 0.064s	user 0.001s	sys 0.000s
W20260608 12:49:03.333820 29379 outbound_call.cc:321] RPC callback for RPC call kudu.consensus.ConsensusService.UpdateConsensus -> {remote=127.24.55.65:44211, user_credentials={real_user=slave}} blocked reactor thread for 150865us
W20260608 12:49:03.390522 29233 outbound_call.cc:321] RPC callback for RPC call kudu.consensus.ConsensusService.UpdateConsensus -> {remote=127.24.55.67:42073, user_credentials={real_user=slave}} blocked reactor thread for 51296.3us
W20260608 12:49:03.401680 29305 outbound_call.cc:321] RPC callback for RPC call kudu.master.MasterService.TSHeartbeat -> {remote=127.24.55.126:39653, user_credentials={real_user=slave}} blocked reactor thread for 88039.2us
W20260608 12:49:03.461628 29379 outbound_call.cc:321] RPC callback for RPC call kudu.consensus.ConsensusService.UpdateConsensus -> {remote=127.24.55.65:44211, user_credentials={real_user=slave}} blocked reactor thread for 57964.5us
W20260608 12:49:03.628393 29308 outbound_call.cc:321] RPC callback for RPC call kudu.consensus.ConsensusService.UpdateConsensus -> {remote=127.24.55.67:42073, user_credentials={real_user=slave}} blocked reactor thread for 53631.5us
W20260608 12:49:04.014375 29233 outbound_call.cc:321] RPC callback for RPC call kudu.consensus.ConsensusService.UpdateConsensus -> {remote=127.24.55.67:42073, user_credentials={real_user=slave}} blocked reactor thread for 55660.6us
W20260608 12:49:04.123201 29558 meta_cache.cc:1261] Time spent looking up entry by key: real 0.095s	user 0.004s	sys 0.000s
W20260608 12:49:04.437256 29556 meta_cache.cc:1261] Time spent looking up entry by key: real 0.054s	user 0.003s	sys 0.000s
W20260608 12:49:04.437285 29559 meta_cache.cc:1261] Time spent looking up entry by key: real 0.054s	user 0.014s	sys 0.013s
W20260608 12:49:04.674237 29379 outbound_call.cc:321] RPC callback for RPC call kudu.consensus.ConsensusService.UpdateConsensus -> {remote=127.24.55.65:44211, user_credentials={real_user=slave}} blocked reactor thread for 48654us
W20260608 12:49:04.860482 29230 outbound_call.cc:321] RPC callback for RPC call kudu.consensus.ConsensusService.UpdateConsensus -> {remote=127.24.55.66:40451, user_credentials={real_user=slave}} blocked reactor thread for 76698.4us
I20260608 12:49:04.919646 24797 file_cache.cc:492] Constructed file cache file cache with capacity 419430
W20260608 12:49:04.926635 29653 instance_detector.cc:116] could not retrieve AWS instance metadata: Network error: curl error: HTTP response code said error: The requested URL returned error: 404
W20260608 12:49:04.927829 29654 instance_detector.cc:116] could not retrieve Azure instance metadata: Network error: curl error: HTTP response code said error: The requested URL returned error: 404
W20260608 12:49:04.929967 29656 instance_detector.cc:116] could not retrieve OpenStack instance metadata: Network error: curl error: HTTP response code said error: The requested URL returned error: 404
I20260608 12:49:04.930999 24797 server_base.cc:1061] running on GCE node
I20260608 12:49:04.933286 24797 hybrid_clock.cc:584] initializing the hybrid clock with 'system_unsync' time source
W20260608 12:49:04.933529 24797 system_unsync_time.cc:38] NTP support is disabled. Clock error bounds will not be accurate. This configuration is not suitable for distributed clusters.
I20260608 12:49:04.933746 24797 hybrid_clock.cc:648] HybridClock initialized: now 1780922944933723 us; error 0 us; skew 500 ppm
I20260608 12:49:04.934399 24797 server_base.cc:861] Flag tcmalloc_max_total_thread_cache_bytes is not working since tcmalloc is not enabled.
I20260608 12:49:04.937147 24797 webserver.cc:533] Webserver started at http://127.24.55.68:37047/ using document root <none> and password file <none>
I20260608 12:49:04.937695 24797 fs_manager.cc:362] Metadata directory not provided
I20260608 12:49:04.937919 24797 fs_manager.cc:368] Using write-ahead log directory (fs_wal_dir) as metadata directory
I20260608 12:49:04.938238 24797 server_base.cc:909] This appears to be a new deployment of Kudu; creating new FS layout
I20260608 12:49:04.939548 24797 fs_manager.cc:1068] Generated new instance metadata in path /tmp/dist-test-taskiRhyFj/test-tmp/auto_rebalancer-test.0.AutoRebalancerTest.TestMaxMovesPerServer.1780922822108195-24797-0/minicluster-data/ts-3-root/instance:
uuid: "17bcf6b41baa45dda9f770aa2a4c5bd2"
format_stamp: "Formatted at 2026-06-08 12:49:04 on dist-test-slave-vkhm"
I20260608 12:49:04.945255 24797 fs_manager.cc:696] Time spent creating directory manager: real 0.005s	user 0.007s	sys 0.000s
I20260608 12:49:04.948922 29661 log_block_manager.cc:4031] Time spent loading block containers with low live blocks: real 0.000s	user 0.000s	sys 0.000s
I20260608 12:49:04.949661 24797 fs_manager.cc:730] Time spent opening block manager: real 0.002s	user 0.003s	sys 0.001s
I20260608 12:49:04.949987 24797 fs_manager.cc:647] Opened local filesystem: /tmp/dist-test-taskiRhyFj/test-tmp/auto_rebalancer-test.0.AutoRebalancerTest.TestMaxMovesPerServer.1780922822108195-24797-0/minicluster-data/ts-3-root
uuid: "17bcf6b41baa45dda9f770aa2a4c5bd2"
format_stamp: "Formatted at 2026-06-08 12:49:04 on dist-test-slave-vkhm"
I20260608 12:49:04.950662 24797 fs_report.cc:389] FS layout report
--------------------
wal directory: /tmp/dist-test-taskiRhyFj/test-tmp/auto_rebalancer-test.0.AutoRebalancerTest.TestMaxMovesPerServer.1780922822108195-24797-0/minicluster-data/ts-3-root
metadata directory: /tmp/dist-test-taskiRhyFj/test-tmp/auto_rebalancer-test.0.AutoRebalancerTest.TestMaxMovesPerServer.1780922822108195-24797-0/minicluster-data/ts-3-root
1 data directories: /tmp/dist-test-taskiRhyFj/test-tmp/auto_rebalancer-test.0.AutoRebalancerTest.TestMaxMovesPerServer.1780922822108195-24797-0/minicluster-data/ts-3-root/data
Total live blocks: 0
Total live bytes: 0
Total live bytes (after alignment): 0
Total number of LBM containers: 0 (0 full)
Did not check for missing blocks
Did not check for orphaned blocks
Total full LBM containers with extra space: 0 (0 repaired)
Total full LBM container extra space in bytes: 0 (0 repaired)
Total incomplete LBM containers: 0 (0 repaired)
Total LBM partial records: 0 (0 repaired)
Total corrupted LBM metadata records in RocksDB: 0 (0 repaired)
I20260608 12:49:04.966233 24797 rpc_server.cc:225] running with OpenSSL 1.1.1  11 Sep 2018
I20260608 12:49:04.967641 24797 kserver.cc:163] Server-wide thread pool size limit: 3276
I20260608 12:49:04.969476 24797 txn_system_client.cc:432] TxnSystemClient initialization is disabled...
I20260608 12:49:04.972616 24797 ts_tablet_manager.cc:585] Loaded tablet metadata (0 total tablets, 0 live tablets)
I20260608 12:49:04.972836 24797 ts_tablet_manager.cc:531] Time spent load tablet metadata: real 0.000s	user 0.000s	sys 0.000s
I20260608 12:49:04.973129 24797 ts_tablet_manager.cc:616] Registered 0 tablets
I20260608 12:49:04.973304 24797 ts_tablet_manager.cc:595] Time spent register tablets: real 0.000s	user 0.000s	sys 0.000s
I20260608 12:49:05.015372 24797 rpc_server.cc:307] RPC server started. Bound to: 127.24.55.68:44583
I20260608 12:49:05.015502 29723 acceptor_pool.cc:272] collecting diagnostics on the listening RPC socket 127.24.55.68:44583 every 8 connection(s)
I20260608 12:49:05.021974 24797 file_cache.cc:492] Constructed file cache file cache with capacity 419430
W20260608 12:49:05.030243 29728 instance_detector.cc:116] could not retrieve AWS instance metadata: Network error: curl error: HTTP response code said error: The requested URL returned error: 404
W20260608 12:49:05.032106 29729 instance_detector.cc:116] could not retrieve Azure instance metadata: Network error: curl error: HTTP response code said error: The requested URL returned error: 404
W20260608 12:49:05.035406 29731 instance_detector.cc:116] could not retrieve OpenStack instance metadata: Network error: curl error: HTTP response code said error: The requested URL returned error: 404
I20260608 12:49:05.035833 24797 server_base.cc:1061] running on GCE node
I20260608 12:49:05.037943 24797 hybrid_clock.cc:584] initializing the hybrid clock with 'system_unsync' time source
W20260608 12:49:05.038261 24797 system_unsync_time.cc:38] NTP support is disabled. Clock error bounds will not be accurate. This configuration is not suitable for distributed clusters.
I20260608 12:49:05.038479 24797 hybrid_clock.cc:648] HybridClock initialized: now 1780922945038454 us; error 0 us; skew 500 ppm
I20260608 12:49:05.039083 24797 server_base.cc:861] Flag tcmalloc_max_total_thread_cache_bytes is not working since tcmalloc is not enabled.
I20260608 12:49:05.039309 29724 heartbeater.cc:344] Connected to a master server at 127.24.55.126:39653
I20260608 12:49:05.039779 29724 heartbeater.cc:461] Registering TS with master...
I20260608 12:49:05.040719 29724 heartbeater.cc:507] Master 127.24.55.126:39653 requested a full tablet report, sending...
I20260608 12:49:05.041998 24797 webserver.cc:533] Webserver started at http://127.24.55.69:40733/ using document root <none> and password file <none>
I20260608 12:49:05.042798 24797 fs_manager.cc:362] Metadata directory not provided
I20260608 12:49:05.043043 24797 fs_manager.cc:368] Using write-ahead log directory (fs_wal_dir) as metadata directory
I20260608 12:49:05.043424 24797 server_base.cc:909] This appears to be a new deployment of Kudu; creating new FS layout
I20260608 12:49:05.043071 29158 ts_manager.cc:194] Registered new tserver with Master: 17bcf6b41baa45dda9f770aa2a4c5bd2 (127.24.55.68:44583)
I20260608 12:49:05.044880 24797 fs_manager.cc:1068] Generated new instance metadata in path /tmp/dist-test-taskiRhyFj/test-tmp/auto_rebalancer-test.0.AutoRebalancerTest.TestMaxMovesPerServer.1780922822108195-24797-0/minicluster-data/ts-4-root/instance:
uuid: "96a3506235874edeb7df6d6efcc24f86"
format_stamp: "Formatted at 2026-06-08 12:49:05 on dist-test-slave-vkhm"
I20260608 12:49:05.045032 29158 master_service.cc:502] Signed X509 certificate for tserver {username='slave'} at 127.0.0.1:36438
I20260608 12:49:05.049991 24797 fs_manager.cc:696] Time spent creating directory manager: real 0.004s	user 0.002s	sys 0.003s
I20260608 12:49:05.053824 29736 log_block_manager.cc:4031] Time spent loading block containers with low live blocks: real 0.000s	user 0.000s	sys 0.000s
I20260608 12:49:05.054625 24797 fs_manager.cc:730] Time spent opening block manager: real 0.002s	user 0.001s	sys 0.000s
I20260608 12:49:05.055048 24797 fs_manager.cc:647] Opened local filesystem: /tmp/dist-test-taskiRhyFj/test-tmp/auto_rebalancer-test.0.AutoRebalancerTest.TestMaxMovesPerServer.1780922822108195-24797-0/minicluster-data/ts-4-root
uuid: "96a3506235874edeb7df6d6efcc24f86"
format_stamp: "Formatted at 2026-06-08 12:49:05 on dist-test-slave-vkhm"
I20260608 12:49:05.055325 24797 fs_report.cc:389] FS layout report
--------------------
wal directory: /tmp/dist-test-taskiRhyFj/test-tmp/auto_rebalancer-test.0.AutoRebalancerTest.TestMaxMovesPerServer.1780922822108195-24797-0/minicluster-data/ts-4-root
metadata directory: /tmp/dist-test-taskiRhyFj/test-tmp/auto_rebalancer-test.0.AutoRebalancerTest.TestMaxMovesPerServer.1780922822108195-24797-0/minicluster-data/ts-4-root
1 data directories: /tmp/dist-test-taskiRhyFj/test-tmp/auto_rebalancer-test.0.AutoRebalancerTest.TestMaxMovesPerServer.1780922822108195-24797-0/minicluster-data/ts-4-root/data
Total live blocks: 0
Total live bytes: 0
Total live bytes (after alignment): 0
Total number of LBM containers: 0 (0 full)
Did not check for missing blocks
Did not check for orphaned blocks
Total full LBM containers with extra space: 0 (0 repaired)
Total full LBM container extra space in bytes: 0 (0 repaired)
Total incomplete LBM containers: 0 (0 repaired)
Total LBM partial records: 0 (0 repaired)
Total corrupted LBM metadata records in RocksDB: 0 (0 repaired)
I20260608 12:49:05.074474 24797 rpc_server.cc:225] running with OpenSSL 1.1.1  11 Sep 2018
I20260608 12:49:05.075920 24797 kserver.cc:163] Server-wide thread pool size limit: 3276
I20260608 12:49:05.077595 24797 txn_system_client.cc:432] TxnSystemClient initialization is disabled...
I20260608 12:49:05.080076 24797 ts_tablet_manager.cc:585] Loaded tablet metadata (0 total tablets, 0 live tablets)
I20260608 12:49:05.080348 24797 ts_tablet_manager.cc:531] Time spent load tablet metadata: real 0.000s	user 0.000s	sys 0.001s
I20260608 12:49:05.080623 24797 ts_tablet_manager.cc:616] Registered 0 tablets
I20260608 12:49:05.080794 24797 ts_tablet_manager.cc:595] Time spent register tablets: real 0.000s	user 0.000s	sys 0.000s
I20260608 12:49:05.138839 24797 rpc_server.cc:307] RPC server started. Bound to: 127.24.55.69:44417
I20260608 12:49:05.138957 29798 acceptor_pool.cc:272] collecting diagnostics on the listening RPC socket 127.24.55.69:44417 every 8 connection(s)
I20260608 12:49:05.145576 24797 file_cache.cc:492] Constructed file cache file cache with capacity 419430
W20260608 12:49:05.155015 29802 instance_detector.cc:116] could not retrieve AWS instance metadata: Network error: curl error: HTTP response code said error: The requested URL returned error: 404
W20260608 12:49:05.157167 29803 instance_detector.cc:116] could not retrieve Azure instance metadata: Network error: curl error: HTTP response code said error: The requested URL returned error: 404
I20260608 12:49:05.158720 29799 heartbeater.cc:344] Connected to a master server at 127.24.55.126:39653
I20260608 12:49:05.159301 29799 heartbeater.cc:461] Registering TS with master...
I20260608 12:49:05.160599 29799 heartbeater.cc:507] Master 127.24.55.126:39653 requested a full tablet report, sending...
W20260608 12:49:05.162186 29805 instance_detector.cc:116] could not retrieve OpenStack instance metadata: Network error: curl error: HTTP response code said error: The requested URL returned error: 404
I20260608 12:49:05.163053 24797 server_base.cc:1061] running on GCE node
I20260608 12:49:05.163400 29158 ts_manager.cc:194] Registered new tserver with Master: 96a3506235874edeb7df6d6efcc24f86 (127.24.55.69:44417)
I20260608 12:49:05.164940 24797 hybrid_clock.cc:584] initializing the hybrid clock with 'system_unsync' time source
I20260608 12:49:05.164995 29158 master_service.cc:502] Signed X509 certificate for tserver {username='slave'} at 127.0.0.1:36444
W20260608 12:49:05.165256 24797 system_unsync_time.cc:38] NTP support is disabled. Clock error bounds will not be accurate. This configuration is not suitable for distributed clusters.
I20260608 12:49:05.165583 24797 hybrid_clock.cc:648] HybridClock initialized: now 1780922945165569 us; error 0 us; skew 500 ppm
I20260608 12:49:05.166433 24797 server_base.cc:861] Flag tcmalloc_max_total_thread_cache_bytes is not working since tcmalloc is not enabled.
I20260608 12:49:05.169261 24797 webserver.cc:533] Webserver started at http://127.24.55.70:45887/ using document root <none> and password file <none>
I20260608 12:49:05.169776 24797 fs_manager.cc:362] Metadata directory not provided
I20260608 12:49:05.169981 24797 fs_manager.cc:368] Using write-ahead log directory (fs_wal_dir) as metadata directory
I20260608 12:49:05.170269 24797 server_base.cc:909] This appears to be a new deployment of Kudu; creating new FS layout
I20260608 12:49:05.171427 24797 fs_manager.cc:1068] Generated new instance metadata in path /tmp/dist-test-taskiRhyFj/test-tmp/auto_rebalancer-test.0.AutoRebalancerTest.TestMaxMovesPerServer.1780922822108195-24797-0/minicluster-data/ts-5-root/instance:
uuid: "f994abff6921470bafd0b16fa7ca4dd6"
format_stamp: "Formatted at 2026-06-08 12:49:05 on dist-test-slave-vkhm"
I20260608 12:49:05.176148 24797 fs_manager.cc:696] Time spent creating directory manager: real 0.004s	user 0.005s	sys 0.001s
I20260608 12:49:05.179415 29810 log_block_manager.cc:4031] Time spent loading block containers with low live blocks: real 0.000s	user 0.000s	sys 0.000s
I20260608 12:49:05.180182 24797 fs_manager.cc:730] Time spent opening block manager: real 0.002s	user 0.003s	sys 0.000s
I20260608 12:49:05.180576 24797 fs_manager.cc:647] Opened local filesystem: /tmp/dist-test-taskiRhyFj/test-tmp/auto_rebalancer-test.0.AutoRebalancerTest.TestMaxMovesPerServer.1780922822108195-24797-0/minicluster-data/ts-5-root
uuid: "f994abff6921470bafd0b16fa7ca4dd6"
format_stamp: "Formatted at 2026-06-08 12:49:05 on dist-test-slave-vkhm"
I20260608 12:49:05.180951 24797 fs_report.cc:389] FS layout report
--------------------
wal directory: /tmp/dist-test-taskiRhyFj/test-tmp/auto_rebalancer-test.0.AutoRebalancerTest.TestMaxMovesPerServer.1780922822108195-24797-0/minicluster-data/ts-5-root
metadata directory: /tmp/dist-test-taskiRhyFj/test-tmp/auto_rebalancer-test.0.AutoRebalancerTest.TestMaxMovesPerServer.1780922822108195-24797-0/minicluster-data/ts-5-root
1 data directories: /tmp/dist-test-taskiRhyFj/test-tmp/auto_rebalancer-test.0.AutoRebalancerTest.TestMaxMovesPerServer.1780922822108195-24797-0/minicluster-data/ts-5-root/data
Total live blocks: 0
Total live bytes: 0
Total live bytes (after alignment): 0
Total number of LBM containers: 0 (0 full)
Did not check for missing blocks
Did not check for orphaned blocks
Total full LBM containers with extra space: 0 (0 repaired)
Total full LBM container extra space in bytes: 0 (0 repaired)
Total incomplete LBM containers: 0 (0 repaired)
Total LBM partial records: 0 (0 repaired)
Total corrupted LBM metadata records in RocksDB: 0 (0 repaired)
I20260608 12:49:05.199234 24797 rpc_server.cc:225] running with OpenSSL 1.1.1  11 Sep 2018
I20260608 12:49:05.200556 24797 kserver.cc:163] Server-wide thread pool size limit: 3276
I20260608 12:49:05.202711 24797 txn_system_client.cc:432] TxnSystemClient initialization is disabled...
I20260608 12:49:05.205621 24797 ts_tablet_manager.cc:585] Loaded tablet metadata (0 total tablets, 0 live tablets)
I20260608 12:49:05.205838 24797 ts_tablet_manager.cc:531] Time spent load tablet metadata: real 0.000s	user 0.000s	sys 0.000s
I20260608 12:49:05.206102 24797 ts_tablet_manager.cc:616] Registered 0 tablets
I20260608 12:49:05.206285 24797 ts_tablet_manager.cc:595] Time spent register tablets: real 0.000s	user 0.000s	sys 0.000s
I20260608 12:49:05.284406 24797 rpc_server.cc:307] RPC server started. Bound to: 127.24.55.70:35335
I20260608 12:49:05.284513 29872 acceptor_pool.cc:272] collecting diagnostics on the listening RPC socket 127.24.55.70:35335 every 8 connection(s)
I20260608 12:49:05.308406 29873 heartbeater.cc:344] Connected to a master server at 127.24.55.126:39653
I20260608 12:49:05.308852 29873 heartbeater.cc:461] Registering TS with master...
I20260608 12:49:05.309598 29873 heartbeater.cc:507] Master 127.24.55.126:39653 requested a full tablet report, sending...
I20260608 12:49:05.311600 29158 ts_manager.cc:194] Registered new tserver with Master: f994abff6921470bafd0b16fa7ca4dd6 (127.24.55.70:35335)
I20260608 12:49:05.313120 29158 master_service.cc:502] Signed X509 certificate for tserver {username='slave'} at 127.0.0.1:36460
I20260608 12:49:05.747239 29412 consensus_queue.cc:237] T acfac27e84654473b0ee99fcebdace77 P 1416af70115f4bffb61d5fceecd078e4 [LEADER]: Queue going to LEADER mode. State: All replicated index: 0, Majority replicated index: 25, Committed index: 25, Last appended: 1.25, Last appended by leader: 0, Current term: 1, Majority size: 2, State: 0, Mode: LEADER, active raft config: opid_index: 26 OBSOLETE_local: false peers { permanent_uuid: "83075566b1924088b31356fc84fd9c82" member_type: VOTER last_known_addr { host: "127.24.55.65" port: 44211 } } peers { permanent_uuid: "47611452b75a4a6d9d5b76fd6aadde81" member_type: VOTER last_known_addr { host: "127.24.55.66" port: 40451 } attrs { replace: true } } peers { permanent_uuid: "1416af70115f4bffb61d5fceecd078e4" member_type: VOTER last_known_addr { host: "127.24.55.67" port: 42073 } } peers { permanent_uuid: "17bcf6b41baa45dda9f770aa2a4c5bd2" member_type: NON_VOTER last_known_addr { host: "127.24.55.68" port: 44583 } attrs { promote: true } }
I20260608 12:49:05.754284 29339 raft_consensus.cc:1275] T acfac27e84654473b0ee99fcebdace77 P 47611452b75a4a6d9d5b76fd6aadde81 [term 1 FOLLOWER]: Refusing update from remote peer 1416af70115f4bffb61d5fceecd078e4: Log matching property violated. Preceding OpId in replica: term: 1 index: 25. Preceding OpId from leader: term: 1 index: 26. (index mismatch)
I20260608 12:49:05.755177 29263 raft_consensus.cc:1275] T acfac27e84654473b0ee99fcebdace77 P 83075566b1924088b31356fc84fd9c82 [term 1 FOLLOWER]: Refusing update from remote peer 1416af70115f4bffb61d5fceecd078e4: Log matching property violated. Preceding OpId in replica: term: 1 index: 25. Preceding OpId from leader: term: 1 index: 26. (index mismatch)
I20260608 12:49:05.756446 29646 consensus_queue.cc:1048] T acfac27e84654473b0ee99fcebdace77 P 1416af70115f4bffb61d5fceecd078e4 [LEADER]: Connected to new peer: Peer: permanent_uuid: "47611452b75a4a6d9d5b76fd6aadde81" member_type: VOTER last_known_addr { host: "127.24.55.66" port: 40451 } attrs { replace: true }, Status: LMP_MISMATCH, Last received: 0.0, Next index: 26, Last known committed idx: 25, Time since last communication: 0.001s
I20260608 12:49:05.757722 29640 consensus_queue.cc:1048] T acfac27e84654473b0ee99fcebdace77 P 1416af70115f4bffb61d5fceecd078e4 [LEADER]: Connected to new peer: Peer: permanent_uuid: "83075566b1924088b31356fc84fd9c82" member_type: VOTER last_known_addr { host: "127.24.55.65" port: 44211 }, Status: LMP_MISMATCH, Last received: 0.0, Next index: 26, Last known committed idx: 25, Time since last communication: 0.001s
I20260608 12:49:05.767997 29878 raft_consensus.cc:2955] T acfac27e84654473b0ee99fcebdace77 P 1416af70115f4bffb61d5fceecd078e4 [term 1 LEADER]: Committing config change with OpId 1.26: config changed from index -1 to 26, NON_VOTER 17bcf6b41baa45dda9f770aa2a4c5bd2 (127.24.55.68) added. New config: { opid_index: 26 OBSOLETE_local: false peers { permanent_uuid: "83075566b1924088b31356fc84fd9c82" member_type: VOTER last_known_addr { host: "127.24.55.65" port: 44211 } } peers { permanent_uuid: "47611452b75a4a6d9d5b76fd6aadde81" member_type: VOTER last_known_addr { host: "127.24.55.66" port: 40451 } attrs { replace: true } } peers { permanent_uuid: "1416af70115f4bffb61d5fceecd078e4" member_type: VOTER last_known_addr { host: "127.24.55.67" port: 42073 } } peers { permanent_uuid: "17bcf6b41baa45dda9f770aa2a4c5bd2" member_type: NON_VOTER last_known_addr { host: "127.24.55.68" port: 44583 } attrs { promote: true } } }
I20260608 12:49:05.769527 29263 raft_consensus.cc:2955] T acfac27e84654473b0ee99fcebdace77 P 83075566b1924088b31356fc84fd9c82 [term 1 FOLLOWER]: Committing config change with OpId 1.26: config changed from index -1 to 26, NON_VOTER 17bcf6b41baa45dda9f770aa2a4c5bd2 (127.24.55.68) added. New config: { opid_index: 26 OBSOLETE_local: false peers { permanent_uuid: "83075566b1924088b31356fc84fd9c82" member_type: VOTER last_known_addr { host: "127.24.55.65" port: 44211 } } peers { permanent_uuid: "47611452b75a4a6d9d5b76fd6aadde81" member_type: VOTER last_known_addr { host: "127.24.55.66" port: 40451 } attrs { replace: true } } peers { permanent_uuid: "1416af70115f4bffb61d5fceecd078e4" member_type: VOTER last_known_addr { host: "127.24.55.67" port: 42073 } } peers { permanent_uuid: "17bcf6b41baa45dda9f770aa2a4c5bd2" member_type: NON_VOTER last_known_addr { host: "127.24.55.68" port: 44583 } attrs { promote: true } } }
W20260608 12:49:05.783648 29382 consensus_peers.cc:597] T acfac27e84654473b0ee99fcebdace77 P 1416af70115f4bffb61d5fceecd078e4 -> Peer 17bcf6b41baa45dda9f770aa2a4c5bd2 (127.24.55.68:44583): Couldn't send request to peer 17bcf6b41baa45dda9f770aa2a4c5bd2. Error code: TABLET_NOT_FOUND (6). Status: Not found: Tablet not found: acfac27e84654473b0ee99fcebdace77. This is attempt 1: this message will repeat every 5th retry.
I20260608 12:49:05.777637 29339 raft_consensus.cc:2955] T acfac27e84654473b0ee99fcebdace77 P 47611452b75a4a6d9d5b76fd6aadde81 [term 1 FOLLOWER]: Committing config change with OpId 1.26: config changed from index -1 to 26, NON_VOTER 17bcf6b41baa45dda9f770aa2a4c5bd2 (127.24.55.68) added. New config: { opid_index: 26 OBSOLETE_local: false peers { permanent_uuid: "83075566b1924088b31356fc84fd9c82" member_type: VOTER last_known_addr { host: "127.24.55.65" port: 44211 } } peers { permanent_uuid: "47611452b75a4a6d9d5b76fd6aadde81" member_type: VOTER last_known_addr { host: "127.24.55.66" port: 40451 } attrs { replace: true } } peers { permanent_uuid: "1416af70115f4bffb61d5fceecd078e4" member_type: VOTER last_known_addr { host: "127.24.55.67" port: 42073 } } peers { permanent_uuid: "17bcf6b41baa45dda9f770aa2a4c5bd2" member_type: NON_VOTER last_known_addr { host: "127.24.55.68" port: 44583 } attrs { promote: true } } }
I20260608 12:49:05.791551 29158 catalog_manager.cc:5696] T acfac27e84654473b0ee99fcebdace77 P 83075566b1924088b31356fc84fd9c82 reported cstate change: config changed from index -1 to 26, NON_VOTER 17bcf6b41baa45dda9f770aa2a4c5bd2 (127.24.55.68) added. New cstate: current_term: 1 leader_uuid: "1416af70115f4bffb61d5fceecd078e4" committed_config { opid_index: 26 OBSOLETE_local: false peers { permanent_uuid: "83075566b1924088b31356fc84fd9c82" member_type: VOTER last_known_addr { host: "127.24.55.65" port: 44211 } } peers { permanent_uuid: "47611452b75a4a6d9d5b76fd6aadde81" member_type: VOTER last_known_addr { host: "127.24.55.66" port: 40451 } attrs { replace: true } } peers { permanent_uuid: "1416af70115f4bffb61d5fceecd078e4" member_type: VOTER last_known_addr { host: "127.24.55.67" port: 42073 } } peers { permanent_uuid: "17bcf6b41baa45dda9f770aa2a4c5bd2" member_type: NON_VOTER last_known_addr { host: "127.24.55.68" port: 44583 } attrs { promote: true } } }
I20260608 12:49:05.817555 29341 consensus_queue.cc:237] T dd4d25c0fea542d3ab48f7bc2954beab P 47611452b75a4a6d9d5b76fd6aadde81 [LEADER]: Queue going to LEADER mode. State: All replicated index: 0, Majority replicated index: 24, Committed index: 24, Last appended: 1.24, Last appended by leader: 0, Current term: 1, Majority size: 2, State: 0, Mode: LEADER, active raft config: opid_index: 25 OBSOLETE_local: false peers { permanent_uuid: "83075566b1924088b31356fc84fd9c82" member_type: VOTER last_known_addr { host: "127.24.55.65" port: 44211 } attrs { replace: true } } peers { permanent_uuid: "47611452b75a4a6d9d5b76fd6aadde81" member_type: VOTER last_known_addr { host: "127.24.55.66" port: 40451 } } peers { permanent_uuid: "1416af70115f4bffb61d5fceecd078e4" member_type: VOTER last_known_addr { host: "127.24.55.67" port: 42073 } } peers { permanent_uuid: "96a3506235874edeb7df6d6efcc24f86" member_type: NON_VOTER last_known_addr { host: "127.24.55.69" port: 44417 } attrs { promote: true } }
I20260608 12:49:05.824700 29412 raft_consensus.cc:1275] T dd4d25c0fea542d3ab48f7bc2954beab P 1416af70115f4bffb61d5fceecd078e4 [term 1 FOLLOWER]: Refusing update from remote peer 47611452b75a4a6d9d5b76fd6aadde81: Log matching property violated. Preceding OpId in replica: term: 1 index: 24. Preceding OpId from leader: term: 1 index: 25. (index mismatch)
I20260608 12:49:05.830024 29263 raft_consensus.cc:1275] T dd4d25c0fea542d3ab48f7bc2954beab P 83075566b1924088b31356fc84fd9c82 [term 1 FOLLOWER]: Refusing update from remote peer 47611452b75a4a6d9d5b76fd6aadde81: Log matching property violated. Preceding OpId in replica: term: 1 index: 24. Preceding OpId from leader: term: 1 index: 25. (index mismatch)
I20260608 12:49:05.830938 29481 consensus_queue.cc:1048] T dd4d25c0fea542d3ab48f7bc2954beab P 47611452b75a4a6d9d5b76fd6aadde81 [LEADER]: Connected to new peer: Peer: permanent_uuid: "1416af70115f4bffb61d5fceecd078e4" member_type: VOTER last_known_addr { host: "127.24.55.67" port: 42073 }, Status: LMP_MISMATCH, Last received: 0.0, Next index: 25, Last known committed idx: 24, Time since last communication: 0.001s
I20260608 12:49:05.831910 29885 consensus_queue.cc:1048] T dd4d25c0fea542d3ab48f7bc2954beab P 47611452b75a4a6d9d5b76fd6aadde81 [LEADER]: Connected to new peer: Peer: permanent_uuid: "83075566b1924088b31356fc84fd9c82" member_type: VOTER last_known_addr { host: "127.24.55.65" port: 44211 } attrs { replace: true }, Status: LMP_MISMATCH, Last received: 0.0, Next index: 25, Last known committed idx: 24, Time since last communication: 0.001s
I20260608 12:49:05.841439 29889 raft_consensus.cc:2955] T dd4d25c0fea542d3ab48f7bc2954beab P 47611452b75a4a6d9d5b76fd6aadde81 [term 1 LEADER]: Committing config change with OpId 1.25: config changed from index -1 to 25, NON_VOTER 96a3506235874edeb7df6d6efcc24f86 (127.24.55.69) added. New config: { opid_index: 25 OBSOLETE_local: false peers { permanent_uuid: "83075566b1924088b31356fc84fd9c82" member_type: VOTER last_known_addr { host: "127.24.55.65" port: 44211 } attrs { replace: true } } peers { permanent_uuid: "47611452b75a4a6d9d5b76fd6aadde81" member_type: VOTER last_known_addr { host: "127.24.55.66" port: 40451 } } peers { permanent_uuid: "1416af70115f4bffb61d5fceecd078e4" member_type: VOTER last_known_addr { host: "127.24.55.67" port: 42073 } } peers { permanent_uuid: "96a3506235874edeb7df6d6efcc24f86" member_type: NON_VOTER last_known_addr { host: "127.24.55.69" port: 44417 } attrs { promote: true } } }
I20260608 12:49:05.842187 29263 raft_consensus.cc:2955] T dd4d25c0fea542d3ab48f7bc2954beab P 83075566b1924088b31356fc84fd9c82 [term 1 FOLLOWER]: Committing config change with OpId 1.25: config changed from index -1 to 25, NON_VOTER 96a3506235874edeb7df6d6efcc24f86 (127.24.55.69) added. New config: { opid_index: 25 OBSOLETE_local: false peers { permanent_uuid: "83075566b1924088b31356fc84fd9c82" member_type: VOTER last_known_addr { host: "127.24.55.65" port: 44211 } attrs { replace: true } } peers { permanent_uuid: "47611452b75a4a6d9d5b76fd6aadde81" member_type: VOTER last_known_addr { host: "127.24.55.66" port: 40451 } } peers { permanent_uuid: "1416af70115f4bffb61d5fceecd078e4" member_type: VOTER last_known_addr { host: "127.24.55.67" port: 42073 } } peers { permanent_uuid: "96a3506235874edeb7df6d6efcc24f86" member_type: NON_VOTER last_known_addr { host: "127.24.55.69" port: 44417 } attrs { promote: true } } }
I20260608 12:49:05.849336 29412 raft_consensus.cc:2955] T dd4d25c0fea542d3ab48f7bc2954beab P 1416af70115f4bffb61d5fceecd078e4 [term 1 FOLLOWER]: Committing config change with OpId 1.25: config changed from index -1 to 25, NON_VOTER 96a3506235874edeb7df6d6efcc24f86 (127.24.55.69) added. New config: { opid_index: 25 OBSOLETE_local: false peers { permanent_uuid: "83075566b1924088b31356fc84fd9c82" member_type: VOTER last_known_addr { host: "127.24.55.65" port: 44211 } attrs { replace: true } } peers { permanent_uuid: "47611452b75a4a6d9d5b76fd6aadde81" member_type: VOTER last_known_addr { host: "127.24.55.66" port: 40451 } } peers { permanent_uuid: "1416af70115f4bffb61d5fceecd078e4" member_type: VOTER last_known_addr { host: "127.24.55.67" port: 42073 } } peers { permanent_uuid: "96a3506235874edeb7df6d6efcc24f86" member_type: NON_VOTER last_known_addr { host: "127.24.55.69" port: 44417 } attrs { promote: true } } }
W20260608 12:49:05.855057 29305 consensus_peers.cc:597] T dd4d25c0fea542d3ab48f7bc2954beab P 47611452b75a4a6d9d5b76fd6aadde81 -> Peer 96a3506235874edeb7df6d6efcc24f86 (127.24.55.69:44417): Couldn't send request to peer 96a3506235874edeb7df6d6efcc24f86. Error code: TABLET_NOT_FOUND (6). Status: Not found: Tablet not found: dd4d25c0fea542d3ab48f7bc2954beab. This is attempt 1: this message will repeat every 5th retry.
I20260608 12:49:05.863049 29162 catalog_manager.cc:5696] T dd4d25c0fea542d3ab48f7bc2954beab P 47611452b75a4a6d9d5b76fd6aadde81 reported cstate change: config changed from index -1 to 25, NON_VOTER 96a3506235874edeb7df6d6efcc24f86 (127.24.55.69) added. New cstate: current_term: 1 leader_uuid: "47611452b75a4a6d9d5b76fd6aadde81" committed_config { opid_index: 25 OBSOLETE_local: false peers { permanent_uuid: "83075566b1924088b31356fc84fd9c82" member_type: VOTER last_known_addr { host: "127.24.55.65" port: 44211 } attrs { replace: true } health_report { overall_health: HEALTHY } } peers { permanent_uuid: "47611452b75a4a6d9d5b76fd6aadde81" member_type: VOTER last_known_addr { host: "127.24.55.66" port: 40451 } health_report { overall_health: HEALTHY } } peers { permanent_uuid: "1416af70115f4bffb61d5fceecd078e4" member_type: VOTER last_known_addr { host: "127.24.55.67" port: 42073 } health_report { overall_health: HEALTHY } } peers { permanent_uuid: "96a3506235874edeb7df6d6efcc24f86" member_type: NON_VOTER last_known_addr { host: "127.24.55.69" port: 44417 } attrs { promote: true } health_report { overall_health: UNKNOWN } } }
I20260608 12:49:05.875981 29263 consensus_queue.cc:237] T 92d4fa7ea6634fe292864684baef8c23 P 83075566b1924088b31356fc84fd9c82 [LEADER]: Queue going to LEADER mode. State: All replicated index: 0, Majority replicated index: 25, Committed index: 25, Last appended: 1.25, Last appended by leader: 0, Current term: 1, Majority size: 2, State: 0, Mode: LEADER, active raft config: opid_index: 26 OBSOLETE_local: false peers { permanent_uuid: "83075566b1924088b31356fc84fd9c82" member_type: VOTER last_known_addr { host: "127.24.55.65" port: 44211 } } peers { permanent_uuid: "47611452b75a4a6d9d5b76fd6aadde81" member_type: VOTER last_known_addr { host: "127.24.55.66" port: 40451 } } peers { permanent_uuid: "1416af70115f4bffb61d5fceecd078e4" member_type: VOTER last_known_addr { host: "127.24.55.67" port: 42073 } attrs { replace: true } } peers { permanent_uuid: "f994abff6921470bafd0b16fa7ca4dd6" member_type: NON_VOTER last_known_addr { host: "127.24.55.70" port: 35335 } attrs { promote: true } }
I20260608 12:49:05.886721 29341 raft_consensus.cc:1275] T 92d4fa7ea6634fe292864684baef8c23 P 47611452b75a4a6d9d5b76fd6aadde81 [term 1 FOLLOWER]: Refusing update from remote peer 83075566b1924088b31356fc84fd9c82: Log matching property violated. Preceding OpId in replica: term: 1 index: 25. Preceding OpId from leader: term: 1 index: 26. (index mismatch)
I20260608 12:49:05.887781 29412 raft_consensus.cc:1275] T 92d4fa7ea6634fe292864684baef8c23 P 1416af70115f4bffb61d5fceecd078e4 [term 1 FOLLOWER]: Refusing update from remote peer 83075566b1924088b31356fc84fd9c82: Log matching property violated. Preceding OpId in replica: term: 1 index: 25. Preceding OpId from leader: term: 1 index: 26. (index mismatch)
I20260608 12:49:05.888644 29882 consensus_queue.cc:1048] T 92d4fa7ea6634fe292864684baef8c23 P 83075566b1924088b31356fc84fd9c82 [LEADER]: Connected to new peer: Peer: permanent_uuid: "47611452b75a4a6d9d5b76fd6aadde81" member_type: VOTER last_known_addr { host: "127.24.55.66" port: 40451 }, Status: LMP_MISMATCH, Last received: 0.0, Next index: 26, Last known committed idx: 25, Time since last communication: 0.001s
I20260608 12:49:05.895280 29651 consensus_queue.cc:1048] T 92d4fa7ea6634fe292864684baef8c23 P 83075566b1924088b31356fc84fd9c82 [LEADER]: Connected to new peer: Peer: permanent_uuid: "1416af70115f4bffb61d5fceecd078e4" member_type: VOTER last_known_addr { host: "127.24.55.67" port: 42073 } attrs { replace: true }, Status: LMP_MISMATCH, Last received: 0.0, Next index: 26, Last known committed idx: 25, Time since last communication: 0.001s
W20260608 12:49:05.911238 29232 consensus_peers.cc:597] T 92d4fa7ea6634fe292864684baef8c23 P 83075566b1924088b31356fc84fd9c82 -> Peer f994abff6921470bafd0b16fa7ca4dd6 (127.24.55.70:35335): Couldn't send request to peer f994abff6921470bafd0b16fa7ca4dd6. Error code: TABLET_NOT_FOUND (6). Status: Not found: Tablet not found: 92d4fa7ea6634fe292864684baef8c23. This is attempt 1: this message will repeat every 5th retry.
I20260608 12:49:05.912935 29651 raft_consensus.cc:2955] T 92d4fa7ea6634fe292864684baef8c23 P 83075566b1924088b31356fc84fd9c82 [term 1 LEADER]: Committing config change with OpId 1.26: config changed from index -1 to 26, NON_VOTER f994abff6921470bafd0b16fa7ca4dd6 (127.24.55.70) added. New config: { opid_index: 26 OBSOLETE_local: false peers { permanent_uuid: "83075566b1924088b31356fc84fd9c82" member_type: VOTER last_known_addr { host: "127.24.55.65" port: 44211 } } peers { permanent_uuid: "47611452b75a4a6d9d5b76fd6aadde81" member_type: VOTER last_known_addr { host: "127.24.55.66" port: 40451 } } peers { permanent_uuid: "1416af70115f4bffb61d5fceecd078e4" member_type: VOTER last_known_addr { host: "127.24.55.67" port: 42073 } attrs { replace: true } } peers { permanent_uuid: "f994abff6921470bafd0b16fa7ca4dd6" member_type: NON_VOTER last_known_addr { host: "127.24.55.70" port: 35335 } attrs { promote: true } } }
I20260608 12:49:05.915011 29412 raft_consensus.cc:2955] T 92d4fa7ea6634fe292864684baef8c23 P 1416af70115f4bffb61d5fceecd078e4 [term 1 FOLLOWER]: Committing config change with OpId 1.26: config changed from index -1 to 26, NON_VOTER f994abff6921470bafd0b16fa7ca4dd6 (127.24.55.70) added. New config: { opid_index: 26 OBSOLETE_local: false peers { permanent_uuid: "83075566b1924088b31356fc84fd9c82" member_type: VOTER last_known_addr { host: "127.24.55.65" port: 44211 } } peers { permanent_uuid: "47611452b75a4a6d9d5b76fd6aadde81" member_type: VOTER last_known_addr { host: "127.24.55.66" port: 40451 } } peers { permanent_uuid: "1416af70115f4bffb61d5fceecd078e4" member_type: VOTER last_known_addr { host: "127.24.55.67" port: 42073 } attrs { replace: true } } peers { permanent_uuid: "f994abff6921470bafd0b16fa7ca4dd6" member_type: NON_VOTER last_known_addr { host: "127.24.55.70" port: 35335 } attrs { promote: true } } }
I20260608 12:49:05.916535 29341 raft_consensus.cc:2955] T 92d4fa7ea6634fe292864684baef8c23 P 47611452b75a4a6d9d5b76fd6aadde81 [term 1 FOLLOWER]: Committing config change with OpId 1.26: config changed from index -1 to 26, NON_VOTER f994abff6921470bafd0b16fa7ca4dd6 (127.24.55.70) added. New config: { opid_index: 26 OBSOLETE_local: false peers { permanent_uuid: "83075566b1924088b31356fc84fd9c82" member_type: VOTER last_known_addr { host: "127.24.55.65" port: 44211 } } peers { permanent_uuid: "47611452b75a4a6d9d5b76fd6aadde81" member_type: VOTER last_known_addr { host: "127.24.55.66" port: 40451 } } peers { permanent_uuid: "1416af70115f4bffb61d5fceecd078e4" member_type: VOTER last_known_addr { host: "127.24.55.67" port: 42073 } attrs { replace: true } } peers { permanent_uuid: "f994abff6921470bafd0b16fa7ca4dd6" member_type: NON_VOTER last_known_addr { host: "127.24.55.70" port: 35335 } attrs { promote: true } } }
I20260608 12:49:05.930240 29339 consensus_queue.cc:237] T 33224ca28da447899f863bc39b0196da P 47611452b75a4a6d9d5b76fd6aadde81 [LEADER]: Queue going to LEADER mode. State: All replicated index: 0, Majority replicated index: 25, Committed index: 25, Last appended: 1.25, Last appended by leader: 0, Current term: 1, Majority size: 2, State: 0, Mode: LEADER, active raft config: opid_index: 26 OBSOLETE_local: false peers { permanent_uuid: "83075566b1924088b31356fc84fd9c82" member_type: VOTER last_known_addr { host: "127.24.55.65" port: 44211 } attrs { replace: true } } peers { permanent_uuid: "47611452b75a4a6d9d5b76fd6aadde81" member_type: VOTER last_known_addr { host: "127.24.55.66" port: 40451 } } peers { permanent_uuid: "1416af70115f4bffb61d5fceecd078e4" member_type: VOTER last_known_addr { host: "127.24.55.67" port: 42073 } } peers { permanent_uuid: "96a3506235874edeb7df6d6efcc24f86" member_type: NON_VOTER last_known_addr { host: "127.24.55.69" port: 44417 } attrs { promote: true } }
I20260608 12:49:05.930816 29159 catalog_manager.cc:5696] T 92d4fa7ea6634fe292864684baef8c23 P 47611452b75a4a6d9d5b76fd6aadde81 reported cstate change: config changed from index -1 to 26, NON_VOTER f994abff6921470bafd0b16fa7ca4dd6 (127.24.55.70) added. New cstate: current_term: 1 leader_uuid: "83075566b1924088b31356fc84fd9c82" committed_config { opid_index: 26 OBSOLETE_local: false peers { permanent_uuid: "83075566b1924088b31356fc84fd9c82" member_type: VOTER last_known_addr { host: "127.24.55.65" port: 44211 } } peers { permanent_uuid: "47611452b75a4a6d9d5b76fd6aadde81" member_type: VOTER last_known_addr { host: "127.24.55.66" port: 40451 } } peers { permanent_uuid: "1416af70115f4bffb61d5fceecd078e4" member_type: VOTER last_known_addr { host: "127.24.55.67" port: 42073 } attrs { replace: true } } peers { permanent_uuid: "f994abff6921470bafd0b16fa7ca4dd6" member_type: NON_VOTER last_known_addr { host: "127.24.55.70" port: 35335 } attrs { promote: true } } }
W20260608 12:49:05.943919 29305 consensus_peers.cc:597] T 33224ca28da447899f863bc39b0196da P 47611452b75a4a6d9d5b76fd6aadde81 -> Peer 96a3506235874edeb7df6d6efcc24f86 (127.24.55.69:44417): Couldn't send request to peer 96a3506235874edeb7df6d6efcc24f86. Error code: TABLET_NOT_FOUND (6). Status: Not found: Tablet not found: 33224ca28da447899f863bc39b0196da. This is attempt 1: this message will repeat every 5th retry.
I20260608 12:49:05.944346 29412 raft_consensus.cc:1275] T 33224ca28da447899f863bc39b0196da P 1416af70115f4bffb61d5fceecd078e4 [term 1 FOLLOWER]: Refusing update from remote peer 47611452b75a4a6d9d5b76fd6aadde81: Log matching property violated. Preceding OpId in replica: term: 1 index: 25. Preceding OpId from leader: term: 1 index: 26. (index mismatch)
