W20260608 12:48:21.211899 27814 leader_election.cc:343] T 0f2452e530d649b4b8fecd36cc99a850 P 762612a93ddd4e098f066778f32d4764 [CANDIDATE]: Term 1 pre-election: Tablet error from VoteRequest() call to peer 2e442057eab24e68b80f6c0068cd869a (127.24.83.194:33827): Illegal state: must be running to vote when last-logged opid is not known
I20260608 12:48:21.212548 27814 leader_election.cc:304] T 0f2452e530d649b4b8fecd36cc99a850 P 762612a93ddd4e098f066778f32d4764 [CANDIDATE]: Term 1 pre-election: Election decided. Result: candidate lost. Election summary: received 3 responses out of 3 voters: 1 yes votes; 2 no votes. yes voters: 762612a93ddd4e098f066778f32d4764; no voters: 2e442057eab24e68b80f6c0068cd869a, aaeb1cfe552e4cc79664275536ceb8b2
I20260608 12:48:21.213882 28097 raft_consensus.cc:2749] T 0f2452e530d649b4b8fecd36cc99a850 P 762612a93ddd4e098f066778f32d4764 [term 0 FOLLOWER]: Leader pre-election lost for term 1. Reason: could not achieve majority
I20260608 12:48:21.227620 27746 catalog_manager.cc:5696] T dd85e48a300f42aaa26dc9d41868ce98 P 2e442057eab24e68b80f6c0068cd869a reported cstate change: term changed from 0 to 1, leader changed from <none> to 2e442057eab24e68b80f6c0068cd869a (127.24.83.194). New cstate: current_term: 1 leader_uuid: "2e442057eab24e68b80f6c0068cd869a" committed_config { opid_index: -1 OBSOLETE_local: false peers { permanent_uuid: "d4fe38aa23584bcd8d054b84fa6aad05" member_type: VOTER last_known_addr { host: "127.24.83.195" port: 35353 } health_report { overall_health: UNKNOWN } } peers { permanent_uuid: "aaeb1cfe552e4cc79664275536ceb8b2" member_type: VOTER last_known_addr { host: "127.24.83.196" port: 33579 } health_report { overall_health: UNKNOWN } } peers { permanent_uuid: "2e442057eab24e68b80f6c0068cd869a" member_type: VOTER last_known_addr { host: "127.24.83.194" port: 33827 } health_report { overall_health: HEALTHY } } }
I20260608 12:48:21.244232 28198 raft_consensus.cc:493] T 67903c19c1804ab4a9f9ba133286859e P d4fe38aa23584bcd8d054b84fa6aad05 [term 0 FOLLOWER]: Starting pre-election (no leader contacted us within the election timeout)
I20260608 12:48:21.245256 28194 raft_consensus.cc:359] T 5f7e07e559f244a4855aeab92c768906 P aaeb1cfe552e4cc79664275536ceb8b2 [term 0 FOLLOWER]: Replica starting. Triggering 0 pending ops. Active config: opid_index: -1 OBSOLETE_local: false peers { permanent_uuid: "762612a93ddd4e098f066778f32d4764" member_type: VOTER last_known_addr { host: "127.24.83.193" port: 34707 } } peers { permanent_uuid: "aaeb1cfe552e4cc79664275536ceb8b2" member_type: VOTER last_known_addr { host: "127.24.83.196" port: 33579 } } peers { permanent_uuid: "d4fe38aa23584bcd8d054b84fa6aad05" member_type: VOTER last_known_addr { host: "127.24.83.195" port: 35353 } }
I20260608 12:48:21.245874 28198 raft_consensus.cc:515] T 67903c19c1804ab4a9f9ba133286859e P d4fe38aa23584bcd8d054b84fa6aad05 [term 0 FOLLOWER]: Starting pre-election with config: opid_index: -1 OBSOLETE_local: false peers { permanent_uuid: "d4fe38aa23584bcd8d054b84fa6aad05" member_type: VOTER last_known_addr { host: "127.24.83.195" port: 35353 } } peers { permanent_uuid: "aaeb1cfe552e4cc79664275536ceb8b2" member_type: VOTER last_known_addr { host: "127.24.83.196" port: 33579 } } peers { permanent_uuid: "762612a93ddd4e098f066778f32d4764" member_type: VOTER last_known_addr { host: "127.24.83.193" port: 34707 } }
I20260608 12:48:21.246191 28194 raft_consensus.cc:385] T 5f7e07e559f244a4855aeab92c768906 P aaeb1cfe552e4cc79664275536ceb8b2 [term 0 FOLLOWER]: Consensus starting up: Expiring failure detector timer to make a prompt election more likely
I20260608 12:48:21.246556 28194 raft_consensus.cc:740] T 5f7e07e559f244a4855aeab92c768906 P aaeb1cfe552e4cc79664275536ceb8b2 [term 0 FOLLOWER]: Becoming Follower/Learner. State: Replica: aaeb1cfe552e4cc79664275536ceb8b2, State: Initialized, Role: FOLLOWER
I20260608 12:48:21.247249 28194 consensus_queue.cc:260] T 5f7e07e559f244a4855aeab92c768906 P aaeb1cfe552e4cc79664275536ceb8b2 [NON_LEADER]: Queue going to NON_LEADER mode. State: All replicated index: 0, Majority replicated index: 0, Committed index: 0, Last appended: 0.0, Last appended by leader: 0, Current term: 0, Majority size: -1, State: 0, Mode: NON_LEADER, active raft config: opid_index: -1 OBSOLETE_local: false peers { permanent_uuid: "762612a93ddd4e098f066778f32d4764" member_type: VOTER last_known_addr { host: "127.24.83.193" port: 34707 } } peers { permanent_uuid: "aaeb1cfe552e4cc79664275536ceb8b2" member_type: VOTER last_known_addr { host: "127.24.83.196" port: 33579 } } peers { permanent_uuid: "d4fe38aa23584bcd8d054b84fa6aad05" member_type: VOTER last_known_addr { host: "127.24.83.195" port: 35353 } }
I20260608 12:48:21.247829 28198 leader_election.cc:290] T 67903c19c1804ab4a9f9ba133286859e P d4fe38aa23584bcd8d054b84fa6aad05 [CANDIDATE]: Term 1 pre-election: Requested pre-vote from peers aaeb1cfe552e4cc79664275536ceb8b2 (127.24.83.196:33579), 762612a93ddd4e098f066778f32d4764 (127.24.83.193:34707)
I20260608 12:48:21.250087 28194 ts_tablet_manager.cc:1434] T 5f7e07e559f244a4855aeab92c768906 P aaeb1cfe552e4cc79664275536ceb8b2: Time spent starting tablet: real 0.067s	user 0.000s	sys 0.008s
I20260608 12:48:21.251181 28194 tablet_bootstrap.cc:492] T 18d9feb405d84e7e997265554a940aa3 P aaeb1cfe552e4cc79664275536ceb8b2: Bootstrap starting.
I20260608 12:48:21.245302 28154 tablet_service.cc:1917] Received RequestConsensusVote() RPC: tablet_id: "5f7e07e559f244a4855aeab92c768906" candidate_uuid: "d4fe38aa23584bcd8d054b84fa6aad05" candidate_term: 1 candidate_status { last_received { term: 0 index: 0 } } ignore_live_leader: false dest_uuid: "aaeb1cfe552e4cc79664275536ceb8b2" is_pre_election: true
I20260608 12:48:21.252678 28154 raft_consensus.cc:2468] T 5f7e07e559f244a4855aeab92c768906 P aaeb1cfe552e4cc79664275536ceb8b2 [term 0 FOLLOWER]: Leader pre-election vote request: Granting yes vote for candidate d4fe38aa23584bcd8d054b84fa6aad05 in term 0.
I20260608 12:48:21.254732 28093 raft_consensus.cc:515] T 5f7e07e559f244a4855aeab92c768906 P d4fe38aa23584bcd8d054b84fa6aad05 [term 1 FOLLOWER]: Starting leader election with config: opid_index: -1 OBSOLETE_local: false peers { permanent_uuid: "762612a93ddd4e098f066778f32d4764" member_type: VOTER last_known_addr { host: "127.24.83.193" port: 34707 } } peers { permanent_uuid: "aaeb1cfe552e4cc79664275536ceb8b2" member_type: VOTER last_known_addr { host: "127.24.83.196" port: 33579 } } peers { permanent_uuid: "d4fe38aa23584bcd8d054b84fa6aad05" member_type: VOTER last_known_addr { host: "127.24.83.195" port: 35353 } }
I20260608 12:48:21.257400 28227 leader_election.cc:290] T 434d127073a542edaeba0db7443e18e3 P 2e442057eab24e68b80f6c0068cd869a [CANDIDATE]: Term 1 pre-election: Requested pre-vote from peers aaeb1cfe552e4cc79664275536ceb8b2 (127.24.83.196:33579), d4fe38aa23584bcd8d054b84fa6aad05 (127.24.83.195:35353)
I20260608 12:48:21.263706 27850 tablet_service.cc:1917] Received RequestConsensusVote() RPC: tablet_id: "67903c19c1804ab4a9f9ba133286859e" candidate_uuid: "d4fe38aa23584bcd8d054b84fa6aad05" candidate_term: 1 candidate_status { last_received { term: 0 index: 0 } } ignore_live_leader: false dest_uuid: "762612a93ddd4e098f066778f32d4764" is_pre_election: true
I20260608 12:48:21.268420 27999 tablet_service.cc:1917] Received RequestConsensusVote() RPC: tablet_id: "434d127073a542edaeba0db7443e18e3" candidate_uuid: "2e442057eab24e68b80f6c0068cd869a" candidate_term: 1 candidate_status { last_received { term: 0 index: 0 } } ignore_live_leader: false dest_uuid: "d4fe38aa23584bcd8d054b84fa6aad05" is_pre_election: true
I20260608 12:48:21.275560 28187 tablet_bootstrap.cc:492] T e3d9bfa30b42470e86284a47a4abfcf5 P 2e442057eab24e68b80f6c0068cd869a: No bootstrap required, opened a new log
I20260608 12:48:21.276079 28187 ts_tablet_manager.cc:1403] T e3d9bfa30b42470e86284a47a4abfcf5 P 2e442057eab24e68b80f6c0068cd869a: Time spent bootstrapping tablet: real 0.176s	user 0.011s	sys 0.040s
I20260608 12:48:21.267215 28153 tablet_service.cc:1917] Received RequestConsensusVote() RPC: tablet_id: "67903c19c1804ab4a9f9ba133286859e" candidate_uuid: "d4fe38aa23584bcd8d054b84fa6aad05" candidate_term: 1 candidate_status { last_received { term: 0 index: 0 } } ignore_live_leader: false dest_uuid: "aaeb1cfe552e4cc79664275536ceb8b2" is_pre_election: true
I20260608 12:48:21.279276 28189 tablet_bootstrap.cc:492] T 18d9feb405d84e7e997265554a940aa3 P d4fe38aa23584bcd8d054b84fa6aad05: No bootstrap required, opened a new log
I20260608 12:48:21.280429 28189 ts_tablet_manager.cc:1403] T 18d9feb405d84e7e997265554a940aa3 P d4fe38aa23584bcd8d054b84fa6aad05: Time spent bootstrapping tablet: real 0.193s	user 0.017s	sys 0.019s
I20260608 12:48:21.284255 27851 tablet_service.cc:1917] Received RequestConsensusVote() RPC: tablet_id: "5f7e07e559f244a4855aeab92c768906" candidate_uuid: "d4fe38aa23584bcd8d054b84fa6aad05" candidate_term: 1 candidate_status { last_received { term: 0 index: 0 } } ignore_live_leader: false dest_uuid: "762612a93ddd4e098f066778f32d4764"
I20260608 12:48:21.269191 27850 raft_consensus.cc:2468] T 67903c19c1804ab4a9f9ba133286859e P 762612a93ddd4e098f066778f32d4764 [term 0 FOLLOWER]: Leader pre-election vote request: Granting yes vote for candidate d4fe38aa23584bcd8d054b84fa6aad05 in term 0.
I20260608 12:48:21.285390 27851 raft_consensus.cc:3060] T 5f7e07e559f244a4855aeab92c768906 P 762612a93ddd4e098f066778f32d4764 [term 0 FOLLOWER]: Advancing to term 1
I20260608 12:48:21.288918 28153 tablet_service.cc:1917] Received RequestConsensusVote() RPC: tablet_id: "6eaba45b29fd4e1f91ae23702ab9994c" candidate_uuid: "2e442057eab24e68b80f6c0068cd869a" candidate_term: 1 candidate_status { last_received { term: 0 index: 0 } } ignore_live_leader: false dest_uuid: "aaeb1cfe552e4cc79664275536ceb8b2" is_pre_election: true
I20260608 12:48:21.289535 28153 raft_consensus.cc:2468] T 6eaba45b29fd4e1f91ae23702ab9994c P aaeb1cfe552e4cc79664275536ceb8b2 [term 0 FOLLOWER]: Leader pre-election vote request: Granting yes vote for candidate 2e442057eab24e68b80f6c0068cd869a in term 0.
W20260608 12:48:21.290961 27966 leader_election.cc:343] T 67903c19c1804ab4a9f9ba133286859e P d4fe38aa23584bcd8d054b84fa6aad05 [CANDIDATE]: Term 1 pre-election: Tablet error from VoteRequest() call to peer aaeb1cfe552e4cc79664275536ceb8b2 (127.24.83.196:33579): Illegal state: must be running to vote when last-logged opid is not known
I20260608 12:48:21.291900 28153 tablet_service.cc:1917] Received RequestConsensusVote() RPC: tablet_id: "5f7e07e559f244a4855aeab92c768906" candidate_uuid: "d4fe38aa23584bcd8d054b84fa6aad05" candidate_term: 1 candidate_status { last_received { term: 0 index: 0 } } ignore_live_leader: false dest_uuid: "aaeb1cfe552e4cc79664275536ceb8b2"
I20260608 12:48:21.292466 28153 raft_consensus.cc:3060] T 5f7e07e559f244a4855aeab92c768906 P aaeb1cfe552e4cc79664275536ceb8b2 [term 0 FOLLOWER]: Advancing to term 1
I20260608 12:48:21.287930 28093 leader_election.cc:290] T 5f7e07e559f244a4855aeab92c768906 P d4fe38aa23584bcd8d054b84fa6aad05 [CANDIDATE]: Term 1 election: Requested vote from peers 762612a93ddd4e098f066778f32d4764 (127.24.83.193:34707), aaeb1cfe552e4cc79664275536ceb8b2 (127.24.83.196:33579)
I20260608 12:48:21.294312 27966 leader_election.cc:304] T 67903c19c1804ab4a9f9ba133286859e P d4fe38aa23584bcd8d054b84fa6aad05 [CANDIDATE]: Term 1 pre-election: Election decided. Result: candidate won. Election summary: received 3 responses out of 3 voters: 2 yes votes; 1 no votes. yes voters: 762612a93ddd4e098f066778f32d4764, d4fe38aa23584bcd8d054b84fa6aad05; no voters: aaeb1cfe552e4cc79664275536ceb8b2
I20260608 12:48:21.296433 28093 raft_consensus.cc:2804] T 67903c19c1804ab4a9f9ba133286859e P d4fe38aa23584bcd8d054b84fa6aad05 [term 0 FOLLOWER]: Leader pre-election won for term 1
I20260608 12:48:21.296887 28093 raft_consensus.cc:493] T 67903c19c1804ab4a9f9ba133286859e P d4fe38aa23584bcd8d054b84fa6aad05 [term 0 FOLLOWER]: Starting leader election (no leader contacted us within the election timeout)
I20260608 12:48:21.297312 28093 raft_consensus.cc:3060] T 67903c19c1804ab4a9f9ba133286859e P d4fe38aa23584bcd8d054b84fa6aad05 [term 0 FOLLOWER]: Advancing to term 1
I20260608 12:48:21.298602 27924 tablet_service.cc:1917] Received RequestConsensusVote() RPC: tablet_id: "6eaba45b29fd4e1f91ae23702ab9994c" candidate_uuid: "aaeb1cfe552e4cc79664275536ceb8b2" candidate_term: 1 candidate_status { last_received { term: 0 index: 0 } } ignore_live_leader: false dest_uuid: "2e442057eab24e68b80f6c0068cd869a" is_pre_election: true
I20260608 12:48:21.304231 28185 tablet_bootstrap.cc:654] T 18d9feb405d84e7e997265554a940aa3 P 762612a93ddd4e098f066778f32d4764: Neither blocks nor log segments found. Creating new log.
I20260608 12:48:21.304841 28154 tablet_service.cc:1917] Received RequestConsensusVote() RPC: tablet_id: "6eaba45b29fd4e1f91ae23702ab9994c" candidate_uuid: "2e442057eab24e68b80f6c0068cd869a" candidate_term: 1 candidate_status { last_received { term: 0 index: 0 } } ignore_live_leader: false dest_uuid: "aaeb1cfe552e4cc79664275536ceb8b2"
I20260608 12:48:21.305747 28154 raft_consensus.cc:3060] T 6eaba45b29fd4e1f91ae23702ab9994c P aaeb1cfe552e4cc79664275536ceb8b2 [term 0 FOLLOWER]: Advancing to term 1
W20260608 12:48:21.307149 27734 catalog_manager.cc:4809] Async tablet task AlterTable RPC for tablet 67903c19c1804ab4a9f9ba133286859e (table range_aware_rebalance_new_range [id=6574380705d64698b12903fc5405acc1], current schema version=0) failed: Not found: failed to reset TS proxy: No leader found: Tablet 67903c19c1804ab4a9f9ba133286859e consensus state has no leader
I20260608 12:48:21.309011 27851 raft_consensus.cc:2468] T 5f7e07e559f244a4855aeab92c768906 P 762612a93ddd4e098f066778f32d4764 [term 1 FOLLOWER]: Leader election vote request: Granting yes vote for candidate d4fe38aa23584bcd8d054b84fa6aad05 in term 1.
I20260608 12:48:21.311679 27966 leader_election.cc:304] T 5f7e07e559f244a4855aeab92c768906 P d4fe38aa23584bcd8d054b84fa6aad05 [CANDIDATE]: Term 1 election: Election decided. Result: candidate won. Election summary: received 2 responses out of 3 voters: 2 yes votes; 0 no votes. yes voters: 762612a93ddd4e098f066778f32d4764, d4fe38aa23584bcd8d054b84fa6aad05; no voters: 
I20260608 12:48:21.319753 28150 tablet_service.cc:1917] Received RequestConsensusVote() RPC: tablet_id: "434d127073a542edaeba0db7443e18e3" candidate_uuid: "2e442057eab24e68b80f6c0068cd869a" candidate_term: 1 candidate_status { last_received { term: 0 index: 0 } } ignore_live_leader: false dest_uuid: "aaeb1cfe552e4cc79664275536ceb8b2" is_pre_election: true
I20260608 12:48:21.322985 28150 raft_consensus.cc:2393] T 434d127073a542edaeba0db7443e18e3 P aaeb1cfe552e4cc79664275536ceb8b2 [term 1 FOLLOWER]: Leader pre-election vote request: Denying vote to candidate 2e442057eab24e68b80f6c0068cd869a in current term 1: Already voted for candidate d4fe38aa23584bcd8d054b84fa6aad05 in this term.
I20260608 12:48:21.312892 28152 tablet_service.cc:1917] Received RequestConsensusVote() RPC: tablet_id: "dd85e48a300f42aaa26dc9d41868ce98" candidate_uuid: "2e442057eab24e68b80f6c0068cd869a" candidate_term: 1 candidate_status { last_received { term: 0 index: 0 } } ignore_live_leader: false dest_uuid: "aaeb1cfe552e4cc79664275536ceb8b2" is_pre_election: true
I20260608 12:48:21.316198 28151 tablet_service.cc:1917] Received RequestConsensusVote() RPC: tablet_id: "dd85e48a300f42aaa26dc9d41868ce98" candidate_uuid: "2e442057eab24e68b80f6c0068cd869a" candidate_term: 1 candidate_status { last_received { term: 0 index: 0 } } ignore_live_leader: false dest_uuid: "aaeb1cfe552e4cc79664275536ceb8b2"
I20260608 12:48:21.328338 28195 raft_consensus.cc:2804] T 5f7e07e559f244a4855aeab92c768906 P d4fe38aa23584bcd8d054b84fa6aad05 [term 1 FOLLOWER]: Leader election won for term 1
I20260608 12:48:21.328794 28185 tablet_bootstrap.cc:492] T 18d9feb405d84e7e997265554a940aa3 P 762612a93ddd4e098f066778f32d4764: No bootstrap required, opened a new log
I20260608 12:48:21.328905 28195 raft_consensus.cc:697] T 5f7e07e559f244a4855aeab92c768906 P d4fe38aa23584bcd8d054b84fa6aad05 [term 1 LEADER]: Becoming Leader. State: Replica: d4fe38aa23584bcd8d054b84fa6aad05, State: Running, Role: LEADER
I20260608 12:48:21.329425 28185 ts_tablet_manager.cc:1403] T 18d9feb405d84e7e997265554a940aa3 P 762612a93ddd4e098f066778f32d4764: Time spent bootstrapping tablet: real 0.168s	user 0.010s	sys 0.015s
I20260608 12:48:21.329878 28093 raft_consensus.cc:515] T 67903c19c1804ab4a9f9ba133286859e P d4fe38aa23584bcd8d054b84fa6aad05 [term 1 FOLLOWER]: Starting leader election with config: opid_index: -1 OBSOLETE_local: false peers { permanent_uuid: "d4fe38aa23584bcd8d054b84fa6aad05" member_type: VOTER last_known_addr { host: "127.24.83.195" port: 35353 } } peers { permanent_uuid: "aaeb1cfe552e4cc79664275536ceb8b2" member_type: VOTER last_known_addr { host: "127.24.83.196" port: 33579 } } peers { permanent_uuid: "762612a93ddd4e098f066778f32d4764" member_type: VOTER last_known_addr { host: "127.24.83.193" port: 34707 } }
I20260608 12:48:21.329882 28195 consensus_queue.cc:237] T 5f7e07e559f244a4855aeab92c768906 P d4fe38aa23584bcd8d054b84fa6aad05 [LEADER]: Queue going to LEADER mode. State: All replicated index: 0, Majority replicated index: 0, Committed index: 0, Last appended: 0.0, Last appended by leader: 0, Current term: 1, Majority size: 2, State: 0, Mode: LEADER, active raft config: opid_index: -1 OBSOLETE_local: false peers { permanent_uuid: "762612a93ddd4e098f066778f32d4764" member_type: VOTER last_known_addr { host: "127.24.83.193" port: 34707 } } peers { permanent_uuid: "aaeb1cfe552e4cc79664275536ceb8b2" member_type: VOTER last_known_addr { host: "127.24.83.196" port: 33579 } } peers { permanent_uuid: "d4fe38aa23584bcd8d054b84fa6aad05" member_type: VOTER last_known_addr { host: "127.24.83.195" port: 35353 } }
I20260608 12:48:21.331372 28153 raft_consensus.cc:2468] T 5f7e07e559f244a4855aeab92c768906 P aaeb1cfe552e4cc79664275536ceb8b2 [term 1 FOLLOWER]: Leader election vote request: Granting yes vote for candidate d4fe38aa23584bcd8d054b84fa6aad05 in term 1.
I20260608 12:48:21.335176 27892 leader_election.cc:304] T 434d127073a542edaeba0db7443e18e3 P 2e442057eab24e68b80f6c0068cd869a [CANDIDATE]: Term 1 pre-election: Election decided. Result: candidate lost. Election summary: received 3 responses out of 3 voters: 1 yes votes; 2 no votes. yes voters: 2e442057eab24e68b80f6c0068cd869a; no voters: aaeb1cfe552e4cc79664275536ceb8b2, d4fe38aa23584bcd8d054b84fa6aad05
I20260608 12:48:21.335609 28093 leader_election.cc:290] T 67903c19c1804ab4a9f9ba133286859e P d4fe38aa23584bcd8d054b84fa6aad05 [CANDIDATE]: Term 1 election: Requested vote from peers aaeb1cfe552e4cc79664275536ceb8b2 (127.24.83.196:33579), 762612a93ddd4e098f066778f32d4764 (127.24.83.193:34707)
I20260608 12:48:21.337489 28227 raft_consensus.cc:3060] T 434d127073a542edaeba0db7443e18e3 P 2e442057eab24e68b80f6c0068cd869a [term 0 FOLLOWER]: Advancing to term 1
I20260608 12:48:21.338883 28187 raft_consensus.cc:359] T e3d9bfa30b42470e86284a47a4abfcf5 P 2e442057eab24e68b80f6c0068cd869a [term 0 FOLLOWER]: Replica starting. Triggering 0 pending ops. Active config: opid_index: -1 OBSOLETE_local: false peers { permanent_uuid: "762612a93ddd4e098f066778f32d4764" member_type: VOTER last_known_addr { host: "127.24.83.193" port: 34707 } } peers { permanent_uuid: "2e442057eab24e68b80f6c0068cd869a" member_type: VOTER last_known_addr { host: "127.24.83.194" port: 33827 } } peers { permanent_uuid: "aaeb1cfe552e4cc79664275536ceb8b2" member_type: VOTER last_known_addr { host: "127.24.83.196" port: 33579 } }
I20260608 12:48:21.339660 28187 raft_consensus.cc:385] T e3d9bfa30b42470e86284a47a4abfcf5 P 2e442057eab24e68b80f6c0068cd869a [term 0 FOLLOWER]: Consensus starting up: Expiring failure detector timer to make a prompt election more likely
I20260608 12:48:21.341557 28187 raft_consensus.cc:740] T e3d9bfa30b42470e86284a47a4abfcf5 P 2e442057eab24e68b80f6c0068cd869a [term 0 FOLLOWER]: Becoming Follower/Learner. State: Replica: 2e442057eab24e68b80f6c0068cd869a, State: Initialized, Role: FOLLOWER
I20260608 12:48:21.342201 28187 consensus_queue.cc:260] T e3d9bfa30b42470e86284a47a4abfcf5 P 2e442057eab24e68b80f6c0068cd869a [NON_LEADER]: Queue going to NON_LEADER mode. State: All replicated index: 0, Majority replicated index: 0, Committed index: 0, Last appended: 0.0, Last appended by leader: 0, Current term: 0, Majority size: -1, State: 0, Mode: NON_LEADER, active raft config: opid_index: -1 OBSOLETE_local: false peers { permanent_uuid: "762612a93ddd4e098f066778f32d4764" member_type: VOTER last_known_addr { host: "127.24.83.193" port: 34707 } } peers { permanent_uuid: "2e442057eab24e68b80f6c0068cd869a" member_type: VOTER last_known_addr { host: "127.24.83.194" port: 33827 } } peers { permanent_uuid: "aaeb1cfe552e4cc79664275536ceb8b2" member_type: VOTER last_known_addr { host: "127.24.83.196" port: 33579 } }
I20260608 12:48:21.342936 28185 raft_consensus.cc:359] T 18d9feb405d84e7e997265554a940aa3 P 762612a93ddd4e098f066778f32d4764 [term 0 FOLLOWER]: Replica starting. Triggering 0 pending ops. Active config: opid_index: -1 OBSOLETE_local: false peers { permanent_uuid: "aaeb1cfe552e4cc79664275536ceb8b2" member_type: VOTER last_known_addr { host: "127.24.83.196" port: 33579 } } peers { permanent_uuid: "762612a93ddd4e098f066778f32d4764" member_type: VOTER last_known_addr { host: "127.24.83.193" port: 34707 } } peers { permanent_uuid: "d4fe38aa23584bcd8d054b84fa6aad05" member_type: VOTER last_known_addr { host: "127.24.83.195" port: 35353 } }
I20260608 12:48:21.343587 28187 ts_tablet_manager.cc:1434] T e3d9bfa30b42470e86284a47a4abfcf5 P 2e442057eab24e68b80f6c0068cd869a: Time spent starting tablet: real 0.067s	user 0.002s	sys 0.005s
I20260608 12:48:21.343672 28185 raft_consensus.cc:385] T 18d9feb405d84e7e997265554a940aa3 P 762612a93ddd4e098f066778f32d4764 [term 0 FOLLOWER]: Consensus starting up: Expiring failure detector timer to make a prompt election more likely
I20260608 12:48:21.344120 28185 raft_consensus.cc:740] T 18d9feb405d84e7e997265554a940aa3 P 762612a93ddd4e098f066778f32d4764 [term 0 FOLLOWER]: Becoming Follower/Learner. State: Replica: 762612a93ddd4e098f066778f32d4764, State: Initialized, Role: FOLLOWER
I20260608 12:48:21.344000 28151 tablet_service.cc:1917] Received RequestConsensusVote() RPC: tablet_id: "67903c19c1804ab4a9f9ba133286859e" candidate_uuid: "d4fe38aa23584bcd8d054b84fa6aad05" candidate_term: 1 candidate_status { last_received { term: 0 index: 0 } } ignore_live_leader: false dest_uuid: "aaeb1cfe552e4cc79664275536ceb8b2"
W20260608 12:48:21.344576 27892 leader_election.cc:343] T dd85e48a300f42aaa26dc9d41868ce98 P 2e442057eab24e68b80f6c0068cd869a [CANDIDATE]: Term 1 pre-election: Tablet error from VoteRequest() call to peer aaeb1cfe552e4cc79664275536ceb8b2 (127.24.83.196:33579): Illegal state: must be running to vote when last-logged opid is not known
I20260608 12:48:21.344751 28187 tablet_bootstrap.cc:492] T 0f2452e530d649b4b8fecd36cc99a850 P 2e442057eab24e68b80f6c0068cd869a: Bootstrap starting.
I20260608 12:48:21.345059 28185 consensus_queue.cc:260] T 18d9feb405d84e7e997265554a940aa3 P 762612a93ddd4e098f066778f32d4764 [NON_LEADER]: Queue going to NON_LEADER mode. State: All replicated index: 0, Majority replicated index: 0, Committed index: 0, Last appended: 0.0, Last appended by leader: 0, Current term: 0, Majority size: -1, State: 0, Mode: NON_LEADER, active raft config: opid_index: -1 OBSOLETE_local: false peers { permanent_uuid: "aaeb1cfe552e4cc79664275536ceb8b2" member_type: VOTER last_known_addr { host: "127.24.83.196" port: 33579 } } peers { permanent_uuid: "762612a93ddd4e098f066778f32d4764" member_type: VOTER last_known_addr { host: "127.24.83.193" port: 34707 } } peers { permanent_uuid: "d4fe38aa23584bcd8d054b84fa6aad05" member_type: VOTER last_known_addr { host: "127.24.83.195" port: 35353 } }
W20260608 12:48:21.345597 27892 leader_election.cc:343] T dd85e48a300f42aaa26dc9d41868ce98 P 2e442057eab24e68b80f6c0068cd869a [CANDIDATE]: Term 1 election: Tablet error from VoteRequest() call to peer aaeb1cfe552e4cc79664275536ceb8b2 (127.24.83.196:33579): Illegal state: must be running to vote when last-logged opid is not known
W20260608 12:48:21.345840 27966 leader_election.cc:343] T 67903c19c1804ab4a9f9ba133286859e P d4fe38aa23584bcd8d054b84fa6aad05 [CANDIDATE]: Term 1 election: Tablet error from VoteRequest() call to peer aaeb1cfe552e4cc79664275536ceb8b2 (127.24.83.196:33579): Illegal state: must be running to vote when last-logged opid is not known
I20260608 12:48:21.348832 28185 ts_tablet_manager.cc:1434] T 18d9feb405d84e7e997265554a940aa3 P 762612a93ddd4e098f066778f32d4764: Time spent starting tablet: real 0.019s	user 0.008s	sys 0.000s
I20260608 12:48:21.336179 28189 raft_consensus.cc:359] T 18d9feb405d84e7e997265554a940aa3 P d4fe38aa23584bcd8d054b84fa6aad05 [term 0 FOLLOWER]: Replica starting. Triggering 0 pending ops. Active config: opid_index: -1 OBSOLETE_local: false peers { permanent_uuid: "aaeb1cfe552e4cc79664275536ceb8b2" member_type: VOTER last_known_addr { host: "127.24.83.196" port: 33579 } } peers { permanent_uuid: "762612a93ddd4e098f066778f32d4764" member_type: VOTER last_known_addr { host: "127.24.83.193" port: 34707 } } peers { permanent_uuid: "d4fe38aa23584bcd8d054b84fa6aad05" member_type: VOTER last_known_addr { host: "127.24.83.195" port: 35353 } }
I20260608 12:48:21.356324 28189 raft_consensus.cc:385] T 18d9feb405d84e7e997265554a940aa3 P d4fe38aa23584bcd8d054b84fa6aad05 [term 0 FOLLOWER]: Consensus starting up: Expiring failure detector timer to make a prompt election more likely
I20260608 12:48:21.356812 28189 raft_consensus.cc:740] T 18d9feb405d84e7e997265554a940aa3 P d4fe38aa23584bcd8d054b84fa6aad05 [term 0 FOLLOWER]: Becoming Follower/Learner. State: Replica: d4fe38aa23584bcd8d054b84fa6aad05, State: Initialized, Role: FOLLOWER
I20260608 12:48:21.357887 28189 consensus_queue.cc:260] T 18d9feb405d84e7e997265554a940aa3 P d4fe38aa23584bcd8d054b84fa6aad05 [NON_LEADER]: Queue going to NON_LEADER mode. State: All replicated index: 0, Majority replicated index: 0, Committed index: 0, Last appended: 0.0, Last appended by leader: 0, Current term: 0, Majority size: -1, State: 0, Mode: NON_LEADER, active raft config: opid_index: -1 OBSOLETE_local: false peers { permanent_uuid: "aaeb1cfe552e4cc79664275536ceb8b2" member_type: VOTER last_known_addr { host: "127.24.83.196" port: 33579 } } peers { permanent_uuid: "762612a93ddd4e098f066778f32d4764" member_type: VOTER last_known_addr { host: "127.24.83.193" port: 34707 } } peers { permanent_uuid: "d4fe38aa23584bcd8d054b84fa6aad05" member_type: VOTER last_known_addr { host: "127.24.83.195" port: 35353 } }
I20260608 12:48:21.358825 28154 raft_consensus.cc:2468] T 6eaba45b29fd4e1f91ae23702ab9994c P aaeb1cfe552e4cc79664275536ceb8b2 [term 1 FOLLOWER]: Leader election vote request: Granting yes vote for candidate 2e442057eab24e68b80f6c0068cd869a in term 1.
I20260608 12:48:21.360843 27802 auto_leader_rebalancer.cc:140] leader rebalance for table range_aware_rebalance_new_range
I20260608 12:48:21.352797 28227 raft_consensus.cc:2749] T 434d127073a542edaeba0db7443e18e3 P 2e442057eab24e68b80f6c0068cd869a [term 1 FOLLOWER]: Leader pre-election lost for term 1. Reason: could not achieve majority
I20260608 12:48:21.367650 27851 tablet_service.cc:1917] Received RequestConsensusVote() RPC: tablet_id: "67903c19c1804ab4a9f9ba133286859e" candidate_uuid: "d4fe38aa23584bcd8d054b84fa6aad05" candidate_term: 1 candidate_status { last_received { term: 0 index: 0 } } ignore_live_leader: false dest_uuid: "762612a93ddd4e098f066778f32d4764"
I20260608 12:48:21.368285 27851 raft_consensus.cc:3060] T 67903c19c1804ab4a9f9ba133286859e P 762612a93ddd4e098f066778f32d4764 [term 0 FOLLOWER]: Advancing to term 1
W20260608 12:48:21.368729 27802 auto_leader_rebalancer.cc:460] the master instance isn't leader: Service unavailable: Tablet not running
I20260608 12:48:21.372869 28194 tablet_bootstrap.cc:654] T 18d9feb405d84e7e997265554a940aa3 P aaeb1cfe552e4cc79664275536ceb8b2: Neither blocks nor log segments found. Creating new log.
I20260608 12:48:21.378078 28189 ts_tablet_manager.cc:1434] T 18d9feb405d84e7e997265554a940aa3 P d4fe38aa23584bcd8d054b84fa6aad05: Time spent starting tablet: real 0.097s	user 0.009s	sys 0.000s
I20260608 12:48:21.378094 27850 tablet_service.cc:1917] Received RequestConsensusVote() RPC: tablet_id: "6eaba45b29fd4e1f91ae23702ab9994c" candidate_uuid: "aaeb1cfe552e4cc79664275536ceb8b2" candidate_term: 1 candidate_status { last_received { term: 0 index: 0 } } ignore_live_leader: false dest_uuid: "762612a93ddd4e098f066778f32d4764" is_pre_election: true
I20260608 12:48:21.383502 27850 raft_consensus.cc:2393] T 6eaba45b29fd4e1f91ae23702ab9994c P 762612a93ddd4e098f066778f32d4764 [term 1 FOLLOWER]: Leader pre-election vote request: Denying vote to candidate aaeb1cfe552e4cc79664275536ceb8b2 in current term 1: Already voted for candidate 2e442057eab24e68b80f6c0068cd869a in this term.
I20260608 12:48:21.386240 28120 leader_election.cc:304] T 6eaba45b29fd4e1f91ae23702ab9994c P aaeb1cfe552e4cc79664275536ceb8b2 [CANDIDATE]: Term 1 pre-election: Election decided. Result: candidate lost. Election summary: received 3 responses out of 3 voters: 1 yes votes; 2 no votes. yes voters: aaeb1cfe552e4cc79664275536ceb8b2; no voters: 2e442057eab24e68b80f6c0068cd869a, 762612a93ddd4e098f066778f32d4764
I20260608 12:48:21.386930 28214 raft_consensus.cc:2749] T 6eaba45b29fd4e1f91ae23702ab9994c P aaeb1cfe552e4cc79664275536ceb8b2 [term 1 FOLLOWER]: Leader pre-election lost for term 1. Reason: could not achieve majority
I20260608 12:48:21.386425 27748 catalog_manager.cc:5696] T 6eaba45b29fd4e1f91ae23702ab9994c P 2e442057eab24e68b80f6c0068cd869a reported cstate change: term changed from 0 to 1, leader changed from <none> to 2e442057eab24e68b80f6c0068cd869a (127.24.83.194). New cstate: current_term: 1 leader_uuid: "2e442057eab24e68b80f6c0068cd869a" committed_config { opid_index: -1 OBSOLETE_local: false peers { permanent_uuid: "762612a93ddd4e098f066778f32d4764" member_type: VOTER last_known_addr { host: "127.24.83.193" port: 34707 } health_report { overall_health: UNKNOWN } } peers { permanent_uuid: "aaeb1cfe552e4cc79664275536ceb8b2" member_type: VOTER last_known_addr { host: "127.24.83.196" port: 33579 } health_report { overall_health: UNKNOWN } } peers { permanent_uuid: "2e442057eab24e68b80f6c0068cd869a" member_type: VOTER last_known_addr { host: "127.24.83.194" port: 33827 } health_report { overall_health: HEALTHY } } }
I20260608 12:48:21.392809 27851 raft_consensus.cc:2468] T 67903c19c1804ab4a9f9ba133286859e P 762612a93ddd4e098f066778f32d4764 [term 1 FOLLOWER]: Leader election vote request: Granting yes vote for candidate d4fe38aa23584bcd8d054b84fa6aad05 in term 1.
I20260608 12:48:21.394181 27966 leader_election.cc:304] T 67903c19c1804ab4a9f9ba133286859e P d4fe38aa23584bcd8d054b84fa6aad05 [CANDIDATE]: Term 1 election: Election decided. Result: candidate won. Election summary: received 3 responses out of 3 voters: 2 yes votes; 1 no votes. yes voters: 762612a93ddd4e098f066778f32d4764, d4fe38aa23584bcd8d054b84fa6aad05; no voters: aaeb1cfe552e4cc79664275536ceb8b2
I20260608 12:48:21.395085 28194 tablet_bootstrap.cc:492] T 18d9feb405d84e7e997265554a940aa3 P aaeb1cfe552e4cc79664275536ceb8b2: No bootstrap required, opened a new log
I20260608 12:48:21.395462 28195 raft_consensus.cc:2804] T 67903c19c1804ab4a9f9ba133286859e P d4fe38aa23584bcd8d054b84fa6aad05 [term 1 FOLLOWER]: Leader election won for term 1
I20260608 12:48:21.396189 28194 ts_tablet_manager.cc:1403] T 18d9feb405d84e7e997265554a940aa3 P aaeb1cfe552e4cc79664275536ceb8b2: Time spent bootstrapping tablet: real 0.145s	user 0.004s	sys 0.018s
I20260608 12:48:21.396255 28195 raft_consensus.cc:697] T 67903c19c1804ab4a9f9ba133286859e P d4fe38aa23584bcd8d054b84fa6aad05 [term 1 LEADER]: Becoming Leader. State: Replica: d4fe38aa23584bcd8d054b84fa6aad05, State: Running, Role: LEADER
I20260608 12:48:21.397320 28195 consensus_queue.cc:237] T 67903c19c1804ab4a9f9ba133286859e P d4fe38aa23584bcd8d054b84fa6aad05 [LEADER]: Queue going to LEADER mode. State: All replicated index: 0, Majority replicated index: 0, Committed index: 0, Last appended: 0.0, Last appended by leader: 0, Current term: 1, Majority size: 2, State: 0, Mode: LEADER, active raft config: opid_index: -1 OBSOLETE_local: false peers { permanent_uuid: "d4fe38aa23584bcd8d054b84fa6aad05" member_type: VOTER last_known_addr { host: "127.24.83.195" port: 35353 } } peers { permanent_uuid: "aaeb1cfe552e4cc79664275536ceb8b2" member_type: VOTER last_known_addr { host: "127.24.83.196" port: 33579 } } peers { permanent_uuid: "762612a93ddd4e098f066778f32d4764" member_type: VOTER last_known_addr { host: "127.24.83.193" port: 34707 } }
I20260608 12:48:21.399741 28194 raft_consensus.cc:359] T 18d9feb405d84e7e997265554a940aa3 P aaeb1cfe552e4cc79664275536ceb8b2 [term 0 FOLLOWER]: Replica starting. Triggering 0 pending ops. Active config: opid_index: -1 OBSOLETE_local: false peers { permanent_uuid: "aaeb1cfe552e4cc79664275536ceb8b2" member_type: VOTER last_known_addr { host: "127.24.83.196" port: 33579 } } peers { permanent_uuid: "762612a93ddd4e098f066778f32d4764" member_type: VOTER last_known_addr { host: "127.24.83.193" port: 34707 } } peers { permanent_uuid: "d4fe38aa23584bcd8d054b84fa6aad05" member_type: VOTER last_known_addr { host: "127.24.83.195" port: 35353 } }
I20260608 12:48:21.400645 28194 raft_consensus.cc:385] T 18d9feb405d84e7e997265554a940aa3 P aaeb1cfe552e4cc79664275536ceb8b2 [term 0 FOLLOWER]: Consensus starting up: Expiring failure detector timer to make a prompt election more likely
I20260608 12:48:21.401160 28194 raft_consensus.cc:740] T 18d9feb405d84e7e997265554a940aa3 P aaeb1cfe552e4cc79664275536ceb8b2 [term 0 FOLLOWER]: Becoming Follower/Learner. State: Replica: aaeb1cfe552e4cc79664275536ceb8b2, State: Initialized, Role: FOLLOWER
I20260608 12:48:21.402431 28194 consensus_queue.cc:260] T 18d9feb405d84e7e997265554a940aa3 P aaeb1cfe552e4cc79664275536ceb8b2 [NON_LEADER]: Queue going to NON_LEADER mode. State: All replicated index: 0, Majority replicated index: 0, Committed index: 0, Last appended: 0.0, Last appended by leader: 0, Current term: 0, Majority size: -1, State: 0, Mode: NON_LEADER, active raft config: opid_index: -1 OBSOLETE_local: false peers { permanent_uuid: "aaeb1cfe552e4cc79664275536ceb8b2" member_type: VOTER last_known_addr { host: "127.24.83.196" port: 33579 } } peers { permanent_uuid: "762612a93ddd4e098f066778f32d4764" member_type: VOTER last_known_addr { host: "127.24.83.193" port: 34707 } } peers { permanent_uuid: "d4fe38aa23584bcd8d054b84fa6aad05" member_type: VOTER last_known_addr { host: "127.24.83.195" port: 35353 } }
I20260608 12:48:21.399852 27744 catalog_manager.cc:5696] T 5f7e07e559f244a4855aeab92c768906 P d4fe38aa23584bcd8d054b84fa6aad05 reported cstate change: term changed from 0 to 1, leader changed from <none> to d4fe38aa23584bcd8d054b84fa6aad05 (127.24.83.195). New cstate: current_term: 1 leader_uuid: "d4fe38aa23584bcd8d054b84fa6aad05" committed_config { opid_index: -1 OBSOLETE_local: false peers { permanent_uuid: "762612a93ddd4e098f066778f32d4764" member_type: VOTER last_known_addr { host: "127.24.83.193" port: 34707 } health_report { overall_health: UNKNOWN } } peers { permanent_uuid: "aaeb1cfe552e4cc79664275536ceb8b2" member_type: VOTER last_known_addr { host: "127.24.83.196" port: 33579 } health_report { overall_health: UNKNOWN } } peers { permanent_uuid: "d4fe38aa23584bcd8d054b84fa6aad05" member_type: VOTER last_known_addr { host: "127.24.83.195" port: 35353 } health_report { overall_health: HEALTHY } } }
I20260608 12:48:21.397329 28187 tablet_bootstrap.cc:654] T 0f2452e530d649b4b8fecd36cc99a850 P 2e442057eab24e68b80f6c0068cd869a: Neither blocks nor log segments found. Creating new log.
I20260608 12:48:21.405503 28194 ts_tablet_manager.cc:1434] T 18d9feb405d84e7e997265554a940aa3 P aaeb1cfe552e4cc79664275536ceb8b2: Time spent starting tablet: real 0.009s	user 0.007s	sys 0.000s
I20260608 12:48:21.410531 28194 tablet_bootstrap.cc:492] T 67903c19c1804ab4a9f9ba133286859e P aaeb1cfe552e4cc79664275536ceb8b2: Bootstrap starting.
I20260608 12:48:21.427167 28194 tablet_bootstrap.cc:654] T 67903c19c1804ab4a9f9ba133286859e P aaeb1cfe552e4cc79664275536ceb8b2: Neither blocks nor log segments found. Creating new log.
I20260608 12:48:21.437952 28195 raft_consensus.cc:493] T 18d9feb405d84e7e997265554a940aa3 P d4fe38aa23584bcd8d054b84fa6aad05 [term 0 FOLLOWER]: Starting pre-election (no leader contacted us within the election timeout)
I20260608 12:48:21.438519 28195 raft_consensus.cc:515] T 18d9feb405d84e7e997265554a940aa3 P d4fe38aa23584bcd8d054b84fa6aad05 [term 0 FOLLOWER]: Starting pre-election with config: opid_index: -1 OBSOLETE_local: false peers { permanent_uuid: "aaeb1cfe552e4cc79664275536ceb8b2" member_type: VOTER last_known_addr { host: "127.24.83.196" port: 33579 } } peers { permanent_uuid: "762612a93ddd4e098f066778f32d4764" member_type: VOTER last_known_addr { host: "127.24.83.193" port: 34707 } } peers { permanent_uuid: "d4fe38aa23584bcd8d054b84fa6aad05" member_type: VOTER last_known_addr { host: "127.24.83.195" port: 35353 } }
I20260608 12:48:21.440652 28195 leader_election.cc:290] T 18d9feb405d84e7e997265554a940aa3 P d4fe38aa23584bcd8d054b84fa6aad05 [CANDIDATE]: Term 1 pre-election: Requested pre-vote from peers aaeb1cfe552e4cc79664275536ceb8b2 (127.24.83.196:33579), 762612a93ddd4e098f066778f32d4764 (127.24.83.193:34707)
I20260608 12:48:21.441427 28187 tablet_bootstrap.cc:492] T 0f2452e530d649b4b8fecd36cc99a850 P 2e442057eab24e68b80f6c0068cd869a: No bootstrap required, opened a new log
I20260608 12:48:21.442148 28187 ts_tablet_manager.cc:1403] T 0f2452e530d649b4b8fecd36cc99a850 P 2e442057eab24e68b80f6c0068cd869a: Time spent bootstrapping tablet: real 0.098s	user 0.017s	sys 0.007s
I20260608 12:48:21.444471 28154 tablet_service.cc:1917] Received RequestConsensusVote() RPC: tablet_id: "18d9feb405d84e7e997265554a940aa3" candidate_uuid: "d4fe38aa23584bcd8d054b84fa6aad05" candidate_term: 1 candidate_status { last_received { term: 0 index: 0 } } ignore_live_leader: false dest_uuid: "aaeb1cfe552e4cc79664275536ceb8b2" is_pre_election: true
I20260608 12:48:21.444432 27851 tablet_service.cc:1917] Received RequestConsensusVote() RPC: tablet_id: "18d9feb405d84e7e997265554a940aa3" candidate_uuid: "d4fe38aa23584bcd8d054b84fa6aad05" candidate_term: 1 candidate_status { last_received { term: 0 index: 0 } } ignore_live_leader: false dest_uuid: "762612a93ddd4e098f066778f32d4764" is_pre_election: true
I20260608 12:48:21.445345 27851 raft_consensus.cc:2468] T 18d9feb405d84e7e997265554a940aa3 P 762612a93ddd4e098f066778f32d4764 [term 0 FOLLOWER]: Leader pre-election vote request: Granting yes vote for candidate d4fe38aa23584bcd8d054b84fa6aad05 in term 0.
I20260608 12:48:21.445307 28154 raft_consensus.cc:2468] T 18d9feb405d84e7e997265554a940aa3 P aaeb1cfe552e4cc79664275536ceb8b2 [term 0 FOLLOWER]: Leader pre-election vote request: Granting yes vote for candidate d4fe38aa23584bcd8d054b84fa6aad05 in term 0.
I20260608 12:48:21.446640 27966 leader_election.cc:304] T 18d9feb405d84e7e997265554a940aa3 P d4fe38aa23584bcd8d054b84fa6aad05 [CANDIDATE]: Term 1 pre-election: Election decided. Result: candidate won. Election summary: received 2 responses out of 3 voters: 2 yes votes; 0 no votes. yes voters: aaeb1cfe552e4cc79664275536ceb8b2, d4fe38aa23584bcd8d054b84fa6aad05; no voters: 
I20260608 12:48:21.446930 28187 raft_consensus.cc:359] T 0f2452e530d649b4b8fecd36cc99a850 P 2e442057eab24e68b80f6c0068cd869a [term 0 FOLLOWER]: Replica starting. Triggering 0 pending ops. Active config: opid_index: -1 OBSOLETE_local: false peers { permanent_uuid: "aaeb1cfe552e4cc79664275536ceb8b2" member_type: VOTER last_known_addr { host: "127.24.83.196" port: 33579 } } peers { permanent_uuid: "2e442057eab24e68b80f6c0068cd869a" member_type: VOTER last_known_addr { host: "127.24.83.194" port: 33827 } } peers { permanent_uuid: "762612a93ddd4e098f066778f32d4764" member_type: VOTER last_known_addr { host: "127.24.83.193" port: 34707 } }
I20260608 12:48:21.447760 28187 raft_consensus.cc:385] T 0f2452e530d649b4b8fecd36cc99a850 P 2e442057eab24e68b80f6c0068cd869a [term 0 FOLLOWER]: Consensus starting up: Expiring failure detector timer to make a prompt election more likely
I20260608 12:48:21.448104 28195 raft_consensus.cc:2804] T 18d9feb405d84e7e997265554a940aa3 P d4fe38aa23584bcd8d054b84fa6aad05 [term 0 FOLLOWER]: Leader pre-election won for term 1
I20260608 12:48:21.448345 28187 raft_consensus.cc:740] T 0f2452e530d649b4b8fecd36cc99a850 P 2e442057eab24e68b80f6c0068cd869a [term 0 FOLLOWER]: Becoming Follower/Learner. State: Replica: 2e442057eab24e68b80f6c0068cd869a, State: Initialized, Role: FOLLOWER
I20260608 12:48:21.448513 28195 raft_consensus.cc:493] T 18d9feb405d84e7e997265554a940aa3 P d4fe38aa23584bcd8d054b84fa6aad05 [term 0 FOLLOWER]: Starting leader election (no leader contacted us within the election timeout)
I20260608 12:48:21.449282 28195 raft_consensus.cc:3060] T 18d9feb405d84e7e997265554a940aa3 P d4fe38aa23584bcd8d054b84fa6aad05 [term 0 FOLLOWER]: Advancing to term 1
I20260608 12:48:21.449699 28187 consensus_queue.cc:260] T 0f2452e530d649b4b8fecd36cc99a850 P 2e442057eab24e68b80f6c0068cd869a [NON_LEADER]: Queue going to NON_LEADER mode. State: All replicated index: 0, Majority replicated index: 0, Committed index: 0, Last appended: 0.0, Last appended by leader: 0, Current term: 0, Majority size: -1, State: 0, Mode: NON_LEADER, active raft config: opid_index: -1 OBSOLETE_local: false peers { permanent_uuid: "aaeb1cfe552e4cc79664275536ceb8b2" member_type: VOTER last_known_addr { host: "127.24.83.196" port: 33579 } } peers { permanent_uuid: "2e442057eab24e68b80f6c0068cd869a" member_type: VOTER last_known_addr { host: "127.24.83.194" port: 33827 } } peers { permanent_uuid: "762612a93ddd4e098f066778f32d4764" member_type: VOTER last_known_addr { host: "127.24.83.193" port: 34707 } }
I20260608 12:48:21.448329 27745 catalog_manager.cc:5696] T 67903c19c1804ab4a9f9ba133286859e P d4fe38aa23584bcd8d054b84fa6aad05 reported cstate change: term changed from 0 to 1, leader changed from <none> to d4fe38aa23584bcd8d054b84fa6aad05 (127.24.83.195). New cstate: current_term: 1 leader_uuid: "d4fe38aa23584bcd8d054b84fa6aad05" committed_config { opid_index: -1 OBSOLETE_local: false peers { permanent_uuid: "d4fe38aa23584bcd8d054b84fa6aad05" member_type: VOTER last_known_addr { host: "127.24.83.195" port: 35353 } health_report { overall_health: HEALTHY } } peers { permanent_uuid: "aaeb1cfe552e4cc79664275536ceb8b2" member_type: VOTER last_known_addr { host: "127.24.83.196" port: 33579 } health_report { overall_health: UNKNOWN } } peers { permanent_uuid: "762612a93ddd4e098f066778f32d4764" member_type: VOTER last_known_addr { host: "127.24.83.193" port: 34707 } health_report { overall_health: UNKNOWN } } }
I20260608 12:48:21.452507 28187 ts_tablet_manager.cc:1434] T 0f2452e530d649b4b8fecd36cc99a850 P 2e442057eab24e68b80f6c0068cd869a: Time spent starting tablet: real 0.010s	user 0.010s	sys 0.000s
I20260608 12:48:21.456370 28195 raft_consensus.cc:515] T 18d9feb405d84e7e997265554a940aa3 P d4fe38aa23584bcd8d054b84fa6aad05 [term 1 FOLLOWER]: Starting leader election with config: opid_index: -1 OBSOLETE_local: false peers { permanent_uuid: "aaeb1cfe552e4cc79664275536ceb8b2" member_type: VOTER last_known_addr { host: "127.24.83.196" port: 33579 } } peers { permanent_uuid: "762612a93ddd4e098f066778f32d4764" member_type: VOTER last_known_addr { host: "127.24.83.193" port: 34707 } } peers { permanent_uuid: "d4fe38aa23584bcd8d054b84fa6aad05" member_type: VOTER last_known_addr { host: "127.24.83.195" port: 35353 } }
I20260608 12:48:21.459095 28194 tablet_bootstrap.cc:492] T 67903c19c1804ab4a9f9ba133286859e P aaeb1cfe552e4cc79664275536ceb8b2: No bootstrap required, opened a new log
I20260608 12:48:21.459247 28154 tablet_service.cc:1917] Received RequestConsensusVote() RPC: tablet_id: "18d9feb405d84e7e997265554a940aa3" candidate_uuid: "d4fe38aa23584bcd8d054b84fa6aad05" candidate_term: 1 candidate_status { last_received { term: 0 index: 0 } } ignore_live_leader: false dest_uuid: "aaeb1cfe552e4cc79664275536ceb8b2"
I20260608 12:48:21.465022 28194 ts_tablet_manager.cc:1403] T 67903c19c1804ab4a9f9ba133286859e P aaeb1cfe552e4cc79664275536ceb8b2: Time spent bootstrapping tablet: real 0.055s	user 0.015s	sys 0.010s
I20260608 12:48:21.465045 28154 raft_consensus.cc:3060] T 18d9feb405d84e7e997265554a940aa3 P aaeb1cfe552e4cc79664275536ceb8b2 [term 0 FOLLOWER]: Advancing to term 1
I20260608 12:48:21.468492 28194 raft_consensus.cc:359] T 67903c19c1804ab4a9f9ba133286859e P aaeb1cfe552e4cc79664275536ceb8b2 [term 0 FOLLOWER]: Replica starting. Triggering 0 pending ops. Active config: opid_index: -1 OBSOLETE_local: false peers { permanent_uuid: "d4fe38aa23584bcd8d054b84fa6aad05" member_type: VOTER last_known_addr { host: "127.24.83.195" port: 35353 } } peers { permanent_uuid: "aaeb1cfe552e4cc79664275536ceb8b2" member_type: VOTER last_known_addr { host: "127.24.83.196" port: 33579 } } peers { permanent_uuid: "762612a93ddd4e098f066778f32d4764" member_type: VOTER last_known_addr { host: "127.24.83.193" port: 34707 } }
I20260608 12:48:21.469291 28194 raft_consensus.cc:385] T 67903c19c1804ab4a9f9ba133286859e P aaeb1cfe552e4cc79664275536ceb8b2 [term 0 FOLLOWER]: Consensus starting up: Expiring failure detector timer to make a prompt election more likely
I20260608 12:48:21.469604 28194 raft_consensus.cc:740] T 67903c19c1804ab4a9f9ba133286859e P aaeb1cfe552e4cc79664275536ceb8b2 [term 0 FOLLOWER]: Becoming Follower/Learner. State: Replica: aaeb1cfe552e4cc79664275536ceb8b2, State: Initialized, Role: FOLLOWER
W20260608 12:48:21.470186 27797 auto_rebalancer.cc:259] Could not retrieve cluster info: Service unavailable: Tablet not running
I20260608 12:48:21.459507 28195 leader_election.cc:290] T 18d9feb405d84e7e997265554a940aa3 P d4fe38aa23584bcd8d054b84fa6aad05 [CANDIDATE]: Term 1 election: Requested vote from peers aaeb1cfe552e4cc79664275536ceb8b2 (127.24.83.196:33579), 762612a93ddd4e098f066778f32d4764 (127.24.83.193:34707)
I20260608 12:48:21.461401 27851 tablet_service.cc:1917] Received RequestConsensusVote() RPC: tablet_id: "18d9feb405d84e7e997265554a940aa3" candidate_uuid: "d4fe38aa23584bcd8d054b84fa6aad05" candidate_term: 1 candidate_status { last_received { term: 0 index: 0 } } ignore_live_leader: false dest_uuid: "762612a93ddd4e098f066778f32d4764"
I20260608 12:48:21.470875 27851 raft_consensus.cc:3060] T 18d9feb405d84e7e997265554a940aa3 P 762612a93ddd4e098f066778f32d4764 [term 0 FOLLOWER]: Advancing to term 1
I20260608 12:48:21.470475 28194 consensus_queue.cc:260] T 67903c19c1804ab4a9f9ba133286859e P aaeb1cfe552e4cc79664275536ceb8b2 [NON_LEADER]: Queue going to NON_LEADER mode. State: All replicated index: 0, Majority replicated index: 0, Committed index: 0, Last appended: 0.0, Last appended by leader: 0, Current term: 0, Majority size: -1, State: 0, Mode: NON_LEADER, active raft config: opid_index: -1 OBSOLETE_local: false peers { permanent_uuid: "d4fe38aa23584bcd8d054b84fa6aad05" member_type: VOTER last_known_addr { host: "127.24.83.195" port: 35353 } } peers { permanent_uuid: "aaeb1cfe552e4cc79664275536ceb8b2" member_type: VOTER last_known_addr { host: "127.24.83.196" port: 33579 } } peers { permanent_uuid: "762612a93ddd4e098f066778f32d4764" member_type: VOTER last_known_addr { host: "127.24.83.193" port: 34707 } }
I20260608 12:48:21.473071 28154 raft_consensus.cc:2468] T 18d9feb405d84e7e997265554a940aa3 P aaeb1cfe552e4cc79664275536ceb8b2 [term 1 FOLLOWER]: Leader election vote request: Granting yes vote for candidate d4fe38aa23584bcd8d054b84fa6aad05 in term 1.
I20260608 12:48:21.475282 28194 ts_tablet_manager.cc:1434] T 67903c19c1804ab4a9f9ba133286859e P aaeb1cfe552e4cc79664275536ceb8b2: Time spent starting tablet: real 0.010s	user 0.002s	sys 0.005s
I20260608 12:48:21.475407 27966 leader_election.cc:304] T 18d9feb405d84e7e997265554a940aa3 P d4fe38aa23584bcd8d054b84fa6aad05 [CANDIDATE]: Term 1 election: Election decided. Result: candidate won. Election summary: received 2 responses out of 3 voters: 2 yes votes; 0 no votes. yes voters: aaeb1cfe552e4cc79664275536ceb8b2, d4fe38aa23584bcd8d054b84fa6aad05; no voters: 
I20260608 12:48:21.476871 28194 tablet_bootstrap.cc:492] T dd85e48a300f42aaa26dc9d41868ce98 P aaeb1cfe552e4cc79664275536ceb8b2: Bootstrap starting.
I20260608 12:48:21.483989 28194 tablet_bootstrap.cc:654] T dd85e48a300f42aaa26dc9d41868ce98 P aaeb1cfe552e4cc79664275536ceb8b2: Neither blocks nor log segments found. Creating new log.
I20260608 12:48:21.483880 27851 raft_consensus.cc:2468] T 18d9feb405d84e7e997265554a940aa3 P 762612a93ddd4e098f066778f32d4764 [term 1 FOLLOWER]: Leader election vote request: Granting yes vote for candidate d4fe38aa23584bcd8d054b84fa6aad05 in term 1.
I20260608 12:48:21.484506 28195 raft_consensus.cc:2804] T 18d9feb405d84e7e997265554a940aa3 P d4fe38aa23584bcd8d054b84fa6aad05 [term 1 FOLLOWER]: Leader election won for term 1
I20260608 12:48:21.486267 28195 raft_consensus.cc:697] T 18d9feb405d84e7e997265554a940aa3 P d4fe38aa23584bcd8d054b84fa6aad05 [term 1 LEADER]: Becoming Leader. State: Replica: d4fe38aa23584bcd8d054b84fa6aad05, State: Running, Role: LEADER
