I20260608 12:48:17.326330 24964 ts_tablet_manager.cc:595] Time spent register tablets: real 0.000s	user 0.001s	sys 0.000s
I20260608 12:48:17.369657 24964 rpc_server.cc:307] RPC server started. Bound to: 127.24.97.1:39443
I20260608 12:48:17.369792 27597 acceptor_pool.cc:272] collecting diagnostics on the listening RPC socket 127.24.97.1:39443 every 8 connection(s)
I20260608 12:48:17.375237 24964 file_cache.cc:492] Constructed file cache file cache with capacity 419430
W20260608 12:48:17.383320 27602 instance_detector.cc:116] could not retrieve AWS instance metadata: Network error: curl error: HTTP response code said error: The requested URL returned error: 404
W20260608 12:48:17.383973 27603 instance_detector.cc:116] could not retrieve Azure instance metadata: Network error: curl error: HTTP response code said error: The requested URL returned error: 404
I20260608 12:48:17.386528 24964 server_base.cc:1061] running on GCE node
W20260608 12:48:17.388722 27606 instance_detector.cc:116] could not retrieve OpenStack instance metadata: Network error: curl error: HTTP response code said error: The requested URL returned error: 404
I20260608 12:48:17.389824 24964 hybrid_clock.cc:584] initializing the hybrid clock with 'system_unsync' time source
W20260608 12:48:17.390118 24964 system_unsync_time.cc:38] NTP support is disabled. Clock error bounds will not be accurate. This configuration is not suitable for distributed clusters.
I20260608 12:48:17.390367 27598 heartbeater.cc:344] Connected to a master server at 127.24.97.62:42757
I20260608 12:48:17.390393 24964 hybrid_clock.cc:648] HybridClock initialized: now 1780922897390372 us; error 0 us; skew 500 ppm
I20260608 12:48:17.390954 27598 heartbeater.cc:461] Registering TS with master...
I20260608 12:48:17.391480 24964 server_base.cc:861] Flag tcmalloc_max_total_thread_cache_bytes is not working since tcmalloc is not enabled.
I20260608 12:48:17.391912 27598 heartbeater.cc:507] Master 127.24.97.62:42757 requested a full tablet report, sending...
I20260608 12:48:17.394749 24964 webserver.cc:533] Webserver started at http://127.24.97.2:44615/ using document root <none> and password file <none>
I20260608 12:48:17.394971 27471 ts_manager.cc:194] Registered new tserver with Master: b1d64debcfb444f28917af2c40398d04 (127.24.97.1:39443)
I20260608 12:48:17.395344 24964 fs_manager.cc:362] Metadata directory not provided
I20260608 12:48:17.395601 24964 fs_manager.cc:368] Using write-ahead log directory (fs_wal_dir) as metadata directory
I20260608 12:48:17.395887 24964 server_base.cc:909] This appears to be a new deployment of Kudu; creating new FS layout
I20260608 12:48:17.396976 27471 master_service.cc:502] Signed X509 certificate for tserver {username='slave'} at 127.0.0.1:36838
I20260608 12:48:17.397102 24964 fs_manager.cc:1068] Generated new instance metadata in path /tmp/dist-test-taskd5J5HL/test-tmp/auto_rebalancer-test.0.AutoRebalancerTest.RangeAwareBuildClusterInfoGroupsByRange.1780922821398698-24964-0/minicluster-data/ts-1-root/instance:
uuid: "b076c80be6584e8990d3ec0517832e3a"
format_stamp: "Formatted at 2026-06-08 12:48:17 on dist-test-slave-sxbk"
I20260608 12:48:17.402812 24964 fs_manager.cc:696] Time spent creating directory manager: real 0.005s	user 0.004s	sys 0.003s
I20260608 12:48:17.407008 27610 log_block_manager.cc:4031] Time spent loading block containers with low live blocks: real 0.000s	user 0.000s	sys 0.000s
I20260608 12:48:17.407851 24964 fs_manager.cc:730] Time spent opening block manager: real 0.003s	user 0.003s	sys 0.001s
I20260608 12:48:17.408200 24964 fs_manager.cc:647] Opened local filesystem: /tmp/dist-test-taskd5J5HL/test-tmp/auto_rebalancer-test.0.AutoRebalancerTest.RangeAwareBuildClusterInfoGroupsByRange.1780922821398698-24964-0/minicluster-data/ts-1-root
uuid: "b076c80be6584e8990d3ec0517832e3a"
format_stamp: "Formatted at 2026-06-08 12:48:17 on dist-test-slave-sxbk"
I20260608 12:48:17.408473 24964 fs_report.cc:389] FS layout report
--------------------
wal directory: /tmp/dist-test-taskd5J5HL/test-tmp/auto_rebalancer-test.0.AutoRebalancerTest.RangeAwareBuildClusterInfoGroupsByRange.1780922821398698-24964-0/minicluster-data/ts-1-root
metadata directory: /tmp/dist-test-taskd5J5HL/test-tmp/auto_rebalancer-test.0.AutoRebalancerTest.RangeAwareBuildClusterInfoGroupsByRange.1780922821398698-24964-0/minicluster-data/ts-1-root
1 data directories: /tmp/dist-test-taskd5J5HL/test-tmp/auto_rebalancer-test.0.AutoRebalancerTest.RangeAwareBuildClusterInfoGroupsByRange.1780922821398698-24964-0/minicluster-data/ts-1-root/data
Total live blocks: 0
Total live bytes: 0
Total live bytes (after alignment): 0
Total number of LBM containers: 0 (0 full)
Did not check for missing blocks
Did not check for orphaned blocks
Total full LBM containers with extra space: 0 (0 repaired)
Total full LBM container extra space in bytes: 0 (0 repaired)
Total incomplete LBM containers: 0 (0 repaired)
Total LBM partial records: 0 (0 repaired)
Total corrupted LBM metadata records in RocksDB: 0 (0 repaired)
I20260608 12:48:17.434713 24964 rpc_server.cc:225] running with OpenSSL 1.1.1  11 Sep 2018
I20260608 12:48:17.435962 24964 kserver.cc:163] Server-wide thread pool size limit: 3276
I20260608 12:48:17.437630 24964 txn_system_client.cc:432] TxnSystemClient initialization is disabled...
I20260608 12:48:17.440135 24964 ts_tablet_manager.cc:585] Loaded tablet metadata (0 total tablets, 0 live tablets)
I20260608 12:48:17.440347 24964 ts_tablet_manager.cc:531] Time spent load tablet metadata: real 0.000s	user 0.000s	sys 0.000s
I20260608 12:48:17.440631 24964 ts_tablet_manager.cc:616] Registered 0 tablets
I20260608 12:48:17.440793 24964 ts_tablet_manager.cc:595] Time spent register tablets: real 0.000s	user 0.000s	sys 0.000s
I20260608 12:48:17.483814 24964 rpc_server.cc:307] RPC server started. Bound to: 127.24.97.2:43479
I20260608 12:48:17.483965 27672 acceptor_pool.cc:272] collecting diagnostics on the listening RPC socket 127.24.97.2:43479 every 8 connection(s)
I20260608 12:48:17.488945 24964 file_cache.cc:492] Constructed file cache file cache with capacity 419430
W20260608 12:48:17.496220 27676 instance_detector.cc:116] could not retrieve AWS instance metadata: Network error: curl error: HTTP response code said error: The requested URL returned error: 404
W20260608 12:48:17.497184 27677 instance_detector.cc:116] could not retrieve Azure instance metadata: Network error: curl error: HTTP response code said error: The requested URL returned error: 404
W20260608 12:48:17.499871 27679 instance_detector.cc:116] could not retrieve OpenStack instance metadata: Network error: curl error: HTTP response code said error: The requested URL returned error: 404
I20260608 12:48:17.500653 24964 server_base.cc:1061] running on GCE node
I20260608 12:48:17.501853 24964 hybrid_clock.cc:584] initializing the hybrid clock with 'system_unsync' time source
W20260608 12:48:17.502136 24964 system_unsync_time.cc:38] NTP support is disabled. Clock error bounds will not be accurate. This configuration is not suitable for distributed clusters.
I20260608 12:48:17.502399 24964 hybrid_clock.cc:648] HybridClock initialized: now 1780922897502373 us; error 0 us; skew 500 ppm
I20260608 12:48:17.503211 24964 server_base.cc:861] Flag tcmalloc_max_total_thread_cache_bytes is not working since tcmalloc is not enabled.
I20260608 12:48:17.503301 27673 heartbeater.cc:344] Connected to a master server at 127.24.97.62:42757
I20260608 12:48:17.503666 27673 heartbeater.cc:461] Registering TS with master...
I20260608 12:48:17.504673 27673 heartbeater.cc:507] Master 127.24.97.62:42757 requested a full tablet report, sending...
I20260608 12:48:17.506500 24964 webserver.cc:533] Webserver started at http://127.24.97.3:34557/ using document root <none> and password file <none>
I20260608 12:48:17.507001 27471 ts_manager.cc:194] Registered new tserver with Master: b076c80be6584e8990d3ec0517832e3a (127.24.97.2:43479)
I20260608 12:48:17.507266 24964 fs_manager.cc:362] Metadata directory not provided
I20260608 12:48:17.507581 24964 fs_manager.cc:368] Using write-ahead log directory (fs_wal_dir) as metadata directory
I20260608 12:48:17.508078 24964 server_base.cc:909] This appears to be a new deployment of Kudu; creating new FS layout
I20260608 12:48:17.509600 27471 master_service.cc:502] Signed X509 certificate for tserver {username='slave'} at 127.0.0.1:36842
I20260608 12:48:17.510144 24964 fs_manager.cc:1068] Generated new instance metadata in path /tmp/dist-test-taskd5J5HL/test-tmp/auto_rebalancer-test.0.AutoRebalancerTest.RangeAwareBuildClusterInfoGroupsByRange.1780922821398698-24964-0/minicluster-data/ts-2-root/instance:
uuid: "2598da54cb6c45e286d34490ce59eab7"
format_stamp: "Formatted at 2026-06-08 12:48:17 on dist-test-slave-sxbk"
I20260608 12:48:17.515306 24964 fs_manager.cc:696] Time spent creating directory manager: real 0.004s	user 0.004s	sys 0.000s
I20260608 12:48:17.518934 27684 log_block_manager.cc:4031] Time spent loading block containers with low live blocks: real 0.000s	user 0.000s	sys 0.000s
I20260608 12:48:17.519758 24964 fs_manager.cc:730] Time spent opening block manager: real 0.002s	user 0.002s	sys 0.001s
I20260608 12:48:17.520113 24964 fs_manager.cc:647] Opened local filesystem: /tmp/dist-test-taskd5J5HL/test-tmp/auto_rebalancer-test.0.AutoRebalancerTest.RangeAwareBuildClusterInfoGroupsByRange.1780922821398698-24964-0/minicluster-data/ts-2-root
uuid: "2598da54cb6c45e286d34490ce59eab7"
format_stamp: "Formatted at 2026-06-08 12:48:17 on dist-test-slave-sxbk"
I20260608 12:48:17.520417 24964 fs_report.cc:389] FS layout report
--------------------
wal directory: /tmp/dist-test-taskd5J5HL/test-tmp/auto_rebalancer-test.0.AutoRebalancerTest.RangeAwareBuildClusterInfoGroupsByRange.1780922821398698-24964-0/minicluster-data/ts-2-root
metadata directory: /tmp/dist-test-taskd5J5HL/test-tmp/auto_rebalancer-test.0.AutoRebalancerTest.RangeAwareBuildClusterInfoGroupsByRange.1780922821398698-24964-0/minicluster-data/ts-2-root
1 data directories: /tmp/dist-test-taskd5J5HL/test-tmp/auto_rebalancer-test.0.AutoRebalancerTest.RangeAwareBuildClusterInfoGroupsByRange.1780922821398698-24964-0/minicluster-data/ts-2-root/data
Total live blocks: 0
Total live bytes: 0
Total live bytes (after alignment): 0
Total number of LBM containers: 0 (0 full)
Did not check for missing blocks
Did not check for orphaned blocks
Total full LBM containers with extra space: 0 (0 repaired)
Total full LBM container extra space in bytes: 0 (0 repaired)
Total incomplete LBM containers: 0 (0 repaired)
Total LBM partial records: 0 (0 repaired)
Total corrupted LBM metadata records in RocksDB: 0 (0 repaired)
I20260608 12:48:17.536654 24964 rpc_server.cc:225] running with OpenSSL 1.1.1  11 Sep 2018
I20260608 12:48:17.538043 24964 kserver.cc:163] Server-wide thread pool size limit: 3276
I20260608 12:48:17.539737 24964 txn_system_client.cc:432] TxnSystemClient initialization is disabled...
I20260608 12:48:17.542462 24964 ts_tablet_manager.cc:585] Loaded tablet metadata (0 total tablets, 0 live tablets)
I20260608 12:48:17.542721 24964 ts_tablet_manager.cc:531] Time spent load tablet metadata: real 0.000s	user 0.000s	sys 0.000s
I20260608 12:48:17.542984 24964 ts_tablet_manager.cc:616] Registered 0 tablets
I20260608 12:48:17.543191 24964 ts_tablet_manager.cc:595] Time spent register tablets: real 0.000s	user 0.000s	sys 0.000s
I20260608 12:48:17.593511 24964 rpc_server.cc:307] RPC server started. Bound to: 127.24.97.3:33293
I20260608 12:48:17.593631 27746 acceptor_pool.cc:272] collecting diagnostics on the listening RPC socket 127.24.97.3:33293 every 8 connection(s)
I20260608 12:48:17.610065 27747 heartbeater.cc:344] Connected to a master server at 127.24.97.62:42757
I20260608 12:48:17.610708 27747 heartbeater.cc:461] Registering TS with master...
I20260608 12:48:17.611609 27747 heartbeater.cc:507] Master 127.24.97.62:42757 requested a full tablet report, sending...
I20260608 12:48:17.614395 27471 ts_manager.cc:194] Registered new tserver with Master: 2598da54cb6c45e286d34490ce59eab7 (127.24.97.3:33293)
I20260608 12:48:17.615172 24964 internal_mini_cluster.cc:371] 3 TS(s) registered with all masters after 0.018024223s
I20260608 12:48:17.616420 27471 master_service.cc:502] Signed X509 certificate for tserver {username='slave'} at 127.0.0.1:36846
I20260608 12:48:18.400656 27598 heartbeater.cc:499] Master 127.24.97.62:42757 was elected leader, sending a full tablet report...
I20260608 12:48:18.512542 27673 heartbeater.cc:499] Master 127.24.97.62:42757 was elected leader, sending a full tablet report...
I20260608 12:48:18.620750 27747 heartbeater.cc:499] Master 127.24.97.62:42757 was elected leader, sending a full tablet report...
I20260608 12:48:18.679152 27471 catalog_manager.cc:2282] Servicing CreateTable request from {username='slave'} at 127.0.0.1:36848:
name: "range_aware_auto_rebalancer_test"
schema {
  columns {
    name: "key"
    type: INT32
    is_key: true
    is_nullable: false
    encoding: AUTO_ENCODING
    compression: DEFAULT_COMPRESSION
    cfile_block_size: 0
    immutable: false
  }
}
num_replicas: 3
split_rows_range_bounds {
  rows: "\006\001\000\000\000\000\007\001\n\000\000\000\006\001\n\000\000\000\007\001\024\000\000\000""\006\001\000\000\000\000\007\001\n\000\000\000\006\001\n\000\000\000\007\001\024\000\000\000"
  indirect_data: """"
}
partition_schema {
  hash_schema {
    columns {
      name: "key"
    }
    num_buckets: 2
    seed: 0
  }
  range_schema {
    columns {
      name: "key"
    }
  }
}
W20260608 12:48:18.681782 27471 catalog_manager.cc:7076] The number of live tablet servers is not enough to re-replicate a tablet replica of the newly created table range_aware_auto_rebalancer_test in case of a server failure: 4 tablet servers would be needed, 3 are available. Consider bringing up more tablet servers.
I20260608 12:48:18.752514 27712 tablet_service.cc:1511] Processing CreateTablet for tablet 3263d7a233614ef28b5d9701d05d5b32 (DEFAULT_TABLE table=range_aware_auto_rebalancer_test [id=42116fb77cbb4849b1b011851194d929]), partition=HASH (key) PARTITION 0, RANGE (key) PARTITION 0 <= VALUES < 10
I20260608 12:48:18.754458 27712 data_dirs.cc:400] Could only allocate 1 dirs of requested 3 for tablet 3263d7a233614ef28b5d9701d05d5b32. 1 dirs total, 0 dirs full, 0 dirs failed
I20260608 12:48:18.756085 27711 tablet_service.cc:1511] Processing CreateTablet for tablet f2c2c5d205554533b923ca8dbc29af88 (DEFAULT_TABLE table=range_aware_auto_rebalancer_test [id=42116fb77cbb4849b1b011851194d929]), partition=HASH (key) PARTITION 0, RANGE (key) PARTITION 10 <= VALUES < 20
I20260608 12:48:18.758777 27711 data_dirs.cc:400] Could only allocate 1 dirs of requested 3 for tablet f2c2c5d205554533b923ca8dbc29af88. 1 dirs total, 0 dirs full, 0 dirs failed
I20260608 12:48:18.761911 27638 tablet_service.cc:1511] Processing CreateTablet for tablet 3263d7a233614ef28b5d9701d05d5b32 (DEFAULT_TABLE table=range_aware_auto_rebalancer_test [id=42116fb77cbb4849b1b011851194d929]), partition=HASH (key) PARTITION 0, RANGE (key) PARTITION 0 <= VALUES < 10
I20260608 12:48:18.763662 27638 data_dirs.cc:400] Could only allocate 1 dirs of requested 3 for tablet 3263d7a233614ef28b5d9701d05d5b32. 1 dirs total, 0 dirs full, 0 dirs failed
I20260608 12:48:18.767414 27636 tablet_service.cc:1511] Processing CreateTablet for tablet 5d3988f6bdda43b4962bb90bca5ad33c (DEFAULT_TABLE table=range_aware_auto_rebalancer_test [id=42116fb77cbb4849b1b011851194d929]), partition=HASH (key) PARTITION 1, RANGE (key) PARTITION 0 <= VALUES < 10
I20260608 12:48:18.769109 27636 data_dirs.cc:400] Could only allocate 1 dirs of requested 3 for tablet 5d3988f6bdda43b4962bb90bca5ad33c. 1 dirs total, 0 dirs full, 0 dirs failed
I20260608 12:48:18.769296 27709 tablet_service.cc:1511] Processing CreateTablet for tablet 3caf7e86d00a4d3281edf3f10bf7c83b (DEFAULT_TABLE table=range_aware_auto_rebalancer_test [id=42116fb77cbb4849b1b011851194d929]), partition=HASH (key) PARTITION 1, RANGE (key) PARTITION 10 <= VALUES < 20
I20260608 12:48:18.770820 27709 data_dirs.cc:400] Could only allocate 1 dirs of requested 3 for tablet 3caf7e86d00a4d3281edf3f10bf7c83b. 1 dirs total, 0 dirs full, 0 dirs failed
I20260608 12:48:18.771641 27710 tablet_service.cc:1511] Processing CreateTablet for tablet 5d3988f6bdda43b4962bb90bca5ad33c (DEFAULT_TABLE table=range_aware_auto_rebalancer_test [id=42116fb77cbb4849b1b011851194d929]), partition=HASH (key) PARTITION 1, RANGE (key) PARTITION 0 <= VALUES < 10
I20260608 12:48:18.772197 27563 tablet_service.cc:1511] Processing CreateTablet for tablet 3263d7a233614ef28b5d9701d05d5b32 (DEFAULT_TABLE table=range_aware_auto_rebalancer_test [id=42116fb77cbb4849b1b011851194d929]), partition=HASH (key) PARTITION 0, RANGE (key) PARTITION 0 <= VALUES < 10
I20260608 12:48:18.773308 27710 data_dirs.cc:400] Could only allocate 1 dirs of requested 3 for tablet 5d3988f6bdda43b4962bb90bca5ad33c. 1 dirs total, 0 dirs full, 0 dirs failed
I20260608 12:48:18.773787 27563 data_dirs.cc:400] Could only allocate 1 dirs of requested 3 for tablet 3263d7a233614ef28b5d9701d05d5b32. 1 dirs total, 0 dirs full, 0 dirs failed
I20260608 12:48:18.774772 27562 tablet_service.cc:1511] Processing CreateTablet for tablet f2c2c5d205554533b923ca8dbc29af88 (DEFAULT_TABLE table=range_aware_auto_rebalancer_test [id=42116fb77cbb4849b1b011851194d929]), partition=HASH (key) PARTITION 0, RANGE (key) PARTITION 10 <= VALUES < 20
I20260608 12:48:18.776404 27562 data_dirs.cc:400] Could only allocate 1 dirs of requested 3 for tablet f2c2c5d205554533b923ca8dbc29af88. 1 dirs total, 0 dirs full, 0 dirs failed
I20260608 12:48:18.776989 27635 tablet_service.cc:1511] Processing CreateTablet for tablet 3caf7e86d00a4d3281edf3f10bf7c83b (DEFAULT_TABLE table=range_aware_auto_rebalancer_test [id=42116fb77cbb4849b1b011851194d929]), partition=HASH (key) PARTITION 1, RANGE (key) PARTITION 10 <= VALUES < 20
I20260608 12:48:18.765641 27637 tablet_service.cc:1511] Processing CreateTablet for tablet f2c2c5d205554533b923ca8dbc29af88 (DEFAULT_TABLE table=range_aware_auto_rebalancer_test [id=42116fb77cbb4849b1b011851194d929]), partition=HASH (key) PARTITION 0, RANGE (key) PARTITION 10 <= VALUES < 20
I20260608 12:48:18.779436 27561 tablet_service.cc:1511] Processing CreateTablet for tablet 5d3988f6bdda43b4962bb90bca5ad33c (DEFAULT_TABLE table=range_aware_auto_rebalancer_test [id=42116fb77cbb4849b1b011851194d929]), partition=HASH (key) PARTITION 1, RANGE (key) PARTITION 0 <= VALUES < 10
I20260608 12:48:18.781534 27561 data_dirs.cc:400] Could only allocate 1 dirs of requested 3 for tablet 5d3988f6bdda43b4962bb90bca5ad33c. 1 dirs total, 0 dirs full, 0 dirs failed
I20260608 12:48:18.784083 27560 tablet_service.cc:1511] Processing CreateTablet for tablet 3caf7e86d00a4d3281edf3f10bf7c83b (DEFAULT_TABLE table=range_aware_auto_rebalancer_test [id=42116fb77cbb4849b1b011851194d929]), partition=HASH (key) PARTITION 1, RANGE (key) PARTITION 10 <= VALUES < 20
I20260608 12:48:18.786656 27637 data_dirs.cc:400] Could only allocate 1 dirs of requested 3 for tablet f2c2c5d205554533b923ca8dbc29af88. 1 dirs total, 0 dirs full, 0 dirs failed
I20260608 12:48:18.786095 27560 data_dirs.cc:400] Could only allocate 1 dirs of requested 3 for tablet 3caf7e86d00a4d3281edf3f10bf7c83b. 1 dirs total, 0 dirs full, 0 dirs failed
I20260608 12:48:18.790760 27635 data_dirs.cc:400] Could only allocate 1 dirs of requested 3 for tablet 3caf7e86d00a4d3281edf3f10bf7c83b. 1 dirs total, 0 dirs full, 0 dirs failed
I20260608 12:48:18.829226 27768 tablet_bootstrap.cc:492] T 3263d7a233614ef28b5d9701d05d5b32 P b1d64debcfb444f28917af2c40398d04: Bootstrap starting.
I20260608 12:48:18.851614 27767 tablet_bootstrap.cc:492] T 3263d7a233614ef28b5d9701d05d5b32 P 2598da54cb6c45e286d34490ce59eab7: Bootstrap starting.
I20260608 12:48:18.852095 27768 tablet_bootstrap.cc:654] T 3263d7a233614ef28b5d9701d05d5b32 P b1d64debcfb444f28917af2c40398d04: Neither blocks nor log segments found. Creating new log.
I20260608 12:48:18.853681 27769 tablet_bootstrap.cc:492] T 3caf7e86d00a4d3281edf3f10bf7c83b P b076c80be6584e8990d3ec0517832e3a: Bootstrap starting.
I20260608 12:48:18.860879 27769 tablet_bootstrap.cc:654] T 3caf7e86d00a4d3281edf3f10bf7c83b P b076c80be6584e8990d3ec0517832e3a: Neither blocks nor log segments found. Creating new log.
I20260608 12:48:18.874603 27769 tablet_bootstrap.cc:492] T 3caf7e86d00a4d3281edf3f10bf7c83b P b076c80be6584e8990d3ec0517832e3a: No bootstrap required, opened a new log
I20260608 12:48:18.875249 27769 ts_tablet_manager.cc:1403] T 3caf7e86d00a4d3281edf3f10bf7c83b P b076c80be6584e8990d3ec0517832e3a: Time spent bootstrapping tablet: real 0.022s	user 0.019s	sys 0.000s
I20260608 12:48:18.877421 27768 tablet_bootstrap.cc:492] T 3263d7a233614ef28b5d9701d05d5b32 P b1d64debcfb444f28917af2c40398d04: No bootstrap required, opened a new log
I20260608 12:48:18.878026 27768 ts_tablet_manager.cc:1403] T 3263d7a233614ef28b5d9701d05d5b32 P b1d64debcfb444f28917af2c40398d04: Time spent bootstrapping tablet: real 0.049s	user 0.019s	sys 0.016s
I20260608 12:48:18.879145 27769 raft_consensus.cc:359] T 3caf7e86d00a4d3281edf3f10bf7c83b P b076c80be6584e8990d3ec0517832e3a [term 0 FOLLOWER]: Replica starting. Triggering 0 pending ops. Active config: opid_index: -1 OBSOLETE_local: false peers { permanent_uuid: "b1d64debcfb444f28917af2c40398d04" member_type: VOTER last_known_addr { host: "127.24.97.1" port: 39443 } } peers { permanent_uuid: "b076c80be6584e8990d3ec0517832e3a" member_type: VOTER last_known_addr { host: "127.24.97.2" port: 43479 } } peers { permanent_uuid: "2598da54cb6c45e286d34490ce59eab7" member_type: VOTER last_known_addr { host: "127.24.97.3" port: 33293 } }
I20260608 12:48:18.879993 27769 raft_consensus.cc:385] T 3caf7e86d00a4d3281edf3f10bf7c83b P b076c80be6584e8990d3ec0517832e3a [term 0 FOLLOWER]: Consensus starting up: Expiring failure detector timer to make a prompt election more likely
I20260608 12:48:18.880295 27769 raft_consensus.cc:740] T 3caf7e86d00a4d3281edf3f10bf7c83b P b076c80be6584e8990d3ec0517832e3a [term 0 FOLLOWER]: Becoming Follower/Learner. State: Replica: b076c80be6584e8990d3ec0517832e3a, State: Initialized, Role: FOLLOWER
I20260608 12:48:18.880571 27767 tablet_bootstrap.cc:654] T 3263d7a233614ef28b5d9701d05d5b32 P 2598da54cb6c45e286d34490ce59eab7: Neither blocks nor log segments found. Creating new log.
I20260608 12:48:18.880514 27768 raft_consensus.cc:359] T 3263d7a233614ef28b5d9701d05d5b32 P b1d64debcfb444f28917af2c40398d04 [term 0 FOLLOWER]: Replica starting. Triggering 0 pending ops. Active config: opid_index: -1 OBSOLETE_local: false peers { permanent_uuid: "2598da54cb6c45e286d34490ce59eab7" member_type: VOTER last_known_addr { host: "127.24.97.3" port: 33293 } } peers { permanent_uuid: "b076c80be6584e8990d3ec0517832e3a" member_type: VOTER last_known_addr { host: "127.24.97.2" port: 43479 } } peers { permanent_uuid: "b1d64debcfb444f28917af2c40398d04" member_type: VOTER last_known_addr { host: "127.24.97.1" port: 39443 } }
I20260608 12:48:18.881264 27768 raft_consensus.cc:385] T 3263d7a233614ef28b5d9701d05d5b32 P b1d64debcfb444f28917af2c40398d04 [term 0 FOLLOWER]: Consensus starting up: Expiring failure detector timer to make a prompt election more likely
I20260608 12:48:18.881589 27768 raft_consensus.cc:740] T 3263d7a233614ef28b5d9701d05d5b32 P b1d64debcfb444f28917af2c40398d04 [term 0 FOLLOWER]: Becoming Follower/Learner. State: Replica: b1d64debcfb444f28917af2c40398d04, State: Initialized, Role: FOLLOWER
I20260608 12:48:18.881318 27769 consensus_queue.cc:260] T 3caf7e86d00a4d3281edf3f10bf7c83b P b076c80be6584e8990d3ec0517832e3a [NON_LEADER]: Queue going to NON_LEADER mode. State: All replicated index: 0, Majority replicated index: 0, Committed index: 0, Last appended: 0.0, Last appended by leader: 0, Current term: 0, Majority size: -1, State: 0, Mode: NON_LEADER, active raft config: opid_index: -1 OBSOLETE_local: false peers { permanent_uuid: "b1d64debcfb444f28917af2c40398d04" member_type: VOTER last_known_addr { host: "127.24.97.1" port: 39443 } } peers { permanent_uuid: "b076c80be6584e8990d3ec0517832e3a" member_type: VOTER last_known_addr { host: "127.24.97.2" port: 43479 } } peers { permanent_uuid: "2598da54cb6c45e286d34490ce59eab7" member_type: VOTER last_known_addr { host: "127.24.97.3" port: 33293 } }
I20260608 12:48:18.882335 27768 consensus_queue.cc:260] T 3263d7a233614ef28b5d9701d05d5b32 P b1d64debcfb444f28917af2c40398d04 [NON_LEADER]: Queue going to NON_LEADER mode. State: All replicated index: 0, Majority replicated index: 0, Committed index: 0, Last appended: 0.0, Last appended by leader: 0, Current term: 0, Majority size: -1, State: 0, Mode: NON_LEADER, active raft config: opid_index: -1 OBSOLETE_local: false peers { permanent_uuid: "2598da54cb6c45e286d34490ce59eab7" member_type: VOTER last_known_addr { host: "127.24.97.3" port: 33293 } } peers { permanent_uuid: "b076c80be6584e8990d3ec0517832e3a" member_type: VOTER last_known_addr { host: "127.24.97.2" port: 43479 } } peers { permanent_uuid: "b1d64debcfb444f28917af2c40398d04" member_type: VOTER last_known_addr { host: "127.24.97.1" port: 39443 } }
I20260608 12:48:18.885346 27768 ts_tablet_manager.cc:1434] T 3263d7a233614ef28b5d9701d05d5b32 P b1d64debcfb444f28917af2c40398d04: Time spent starting tablet: real 0.007s	user 0.006s	sys 0.000s
I20260608 12:48:18.886442 27768 tablet_bootstrap.cc:492] T 3caf7e86d00a4d3281edf3f10bf7c83b P b1d64debcfb444f28917af2c40398d04: Bootstrap starting.
I20260608 12:48:18.892040 27769 ts_tablet_manager.cc:1434] T 3caf7e86d00a4d3281edf3f10bf7c83b P b076c80be6584e8990d3ec0517832e3a: Time spent starting tablet: real 0.016s	user 0.009s	sys 0.004s
I20260608 12:48:18.894125 27769 tablet_bootstrap.cc:492] T 5d3988f6bdda43b4962bb90bca5ad33c P b076c80be6584e8990d3ec0517832e3a: Bootstrap starting.
I20260608 12:48:18.895201 27768 tablet_bootstrap.cc:654] T 3caf7e86d00a4d3281edf3f10bf7c83b P b1d64debcfb444f28917af2c40398d04: Neither blocks nor log segments found. Creating new log.
I20260608 12:48:18.900329 27769 tablet_bootstrap.cc:654] T 5d3988f6bdda43b4962bb90bca5ad33c P b076c80be6584e8990d3ec0517832e3a: Neither blocks nor log segments found. Creating new log.
I20260608 12:48:18.902143 27767 tablet_bootstrap.cc:492] T 3263d7a233614ef28b5d9701d05d5b32 P 2598da54cb6c45e286d34490ce59eab7: No bootstrap required, opened a new log
I20260608 12:48:18.902741 27767 ts_tablet_manager.cc:1403] T 3263d7a233614ef28b5d9701d05d5b32 P 2598da54cb6c45e286d34490ce59eab7: Time spent bootstrapping tablet: real 0.052s	user 0.018s	sys 0.004s
I20260608 12:48:18.906888 27767 raft_consensus.cc:359] T 3263d7a233614ef28b5d9701d05d5b32 P 2598da54cb6c45e286d34490ce59eab7 [term 0 FOLLOWER]: Replica starting. Triggering 0 pending ops. Active config: opid_index: -1 OBSOLETE_local: false peers { permanent_uuid: "2598da54cb6c45e286d34490ce59eab7" member_type: VOTER last_known_addr { host: "127.24.97.3" port: 33293 } } peers { permanent_uuid: "b076c80be6584e8990d3ec0517832e3a" member_type: VOTER last_known_addr { host: "127.24.97.2" port: 43479 } } peers { permanent_uuid: "b1d64debcfb444f28917af2c40398d04" member_type: VOTER last_known_addr { host: "127.24.97.1" port: 39443 } }
I20260608 12:48:18.910243 27767 raft_consensus.cc:385] T 3263d7a233614ef28b5d9701d05d5b32 P 2598da54cb6c45e286d34490ce59eab7 [term 0 FOLLOWER]: Consensus starting up: Expiring failure detector timer to make a prompt election more likely
I20260608 12:48:18.912087 27769 tablet_bootstrap.cc:492] T 5d3988f6bdda43b4962bb90bca5ad33c P b076c80be6584e8990d3ec0517832e3a: No bootstrap required, opened a new log
I20260608 12:48:18.912217 27767 raft_consensus.cc:740] T 3263d7a233614ef28b5d9701d05d5b32 P 2598da54cb6c45e286d34490ce59eab7 [term 0 FOLLOWER]: Becoming Follower/Learner. State: Replica: 2598da54cb6c45e286d34490ce59eab7, State: Initialized, Role: FOLLOWER
I20260608 12:48:18.912743 27769 ts_tablet_manager.cc:1403] T 5d3988f6bdda43b4962bb90bca5ad33c P b076c80be6584e8990d3ec0517832e3a: Time spent bootstrapping tablet: real 0.019s	user 0.009s	sys 0.008s
I20260608 12:48:18.913130 27767 consensus_queue.cc:260] T 3263d7a233614ef28b5d9701d05d5b32 P 2598da54cb6c45e286d34490ce59eab7 [NON_LEADER]: Queue going to NON_LEADER mode. State: All replicated index: 0, Majority replicated index: 0, Committed index: 0, Last appended: 0.0, Last appended by leader: 0, Current term: 0, Majority size: -1, State: 0, Mode: NON_LEADER, active raft config: opid_index: -1 OBSOLETE_local: false peers { permanent_uuid: "2598da54cb6c45e286d34490ce59eab7" member_type: VOTER last_known_addr { host: "127.24.97.3" port: 33293 } } peers { permanent_uuid: "b076c80be6584e8990d3ec0517832e3a" member_type: VOTER last_known_addr { host: "127.24.97.2" port: 43479 } } peers { permanent_uuid: "b1d64debcfb444f28917af2c40398d04" member_type: VOTER last_known_addr { host: "127.24.97.1" port: 39443 } }
I20260608 12:48:18.911943 27768 tablet_bootstrap.cc:492] T 3caf7e86d00a4d3281edf3f10bf7c83b P b1d64debcfb444f28917af2c40398d04: No bootstrap required, opened a new log
I20260608 12:48:18.915023 27768 ts_tablet_manager.cc:1403] T 3caf7e86d00a4d3281edf3f10bf7c83b P b1d64debcfb444f28917af2c40398d04: Time spent bootstrapping tablet: real 0.029s	user 0.007s	sys 0.015s
I20260608 12:48:18.915576 27769 raft_consensus.cc:359] T 5d3988f6bdda43b4962bb90bca5ad33c P b076c80be6584e8990d3ec0517832e3a [term 0 FOLLOWER]: Replica starting. Triggering 0 pending ops. Active config: opid_index: -1 OBSOLETE_local: false peers { permanent_uuid: "b1d64debcfb444f28917af2c40398d04" member_type: VOTER last_known_addr { host: "127.24.97.1" port: 39443 } } peers { permanent_uuid: "b076c80be6584e8990d3ec0517832e3a" member_type: VOTER last_known_addr { host: "127.24.97.2" port: 43479 } } peers { permanent_uuid: "2598da54cb6c45e286d34490ce59eab7" member_type: VOTER last_known_addr { host: "127.24.97.3" port: 33293 } }
I20260608 12:48:18.916210 27769 raft_consensus.cc:385] T 5d3988f6bdda43b4962bb90bca5ad33c P b076c80be6584e8990d3ec0517832e3a [term 0 FOLLOWER]: Consensus starting up: Expiring failure detector timer to make a prompt election more likely
I20260608 12:48:18.916517 27769 raft_consensus.cc:740] T 5d3988f6bdda43b4962bb90bca5ad33c P b076c80be6584e8990d3ec0517832e3a [term 0 FOLLOWER]: Becoming Follower/Learner. State: Replica: b076c80be6584e8990d3ec0517832e3a, State: Initialized, Role: FOLLOWER
I20260608 12:48:18.917199 27769 consensus_queue.cc:260] T 5d3988f6bdda43b4962bb90bca5ad33c P b076c80be6584e8990d3ec0517832e3a [NON_LEADER]: Queue going to NON_LEADER mode. State: All replicated index: 0, Majority replicated index: 0, Committed index: 0, Last appended: 0.0, Last appended by leader: 0, Current term: 0, Majority size: -1, State: 0, Mode: NON_LEADER, active raft config: opid_index: -1 OBSOLETE_local: false peers { permanent_uuid: "b1d64debcfb444f28917af2c40398d04" member_type: VOTER last_known_addr { host: "127.24.97.1" port: 39443 } } peers { permanent_uuid: "b076c80be6584e8990d3ec0517832e3a" member_type: VOTER last_known_addr { host: "127.24.97.2" port: 43479 } } peers { permanent_uuid: "2598da54cb6c45e286d34490ce59eab7" member_type: VOTER last_known_addr { host: "127.24.97.3" port: 33293 } }
I20260608 12:48:18.918319 27768 raft_consensus.cc:359] T 3caf7e86d00a4d3281edf3f10bf7c83b P b1d64debcfb444f28917af2c40398d04 [term 0 FOLLOWER]: Replica starting. Triggering 0 pending ops. Active config: opid_index: -1 OBSOLETE_local: false peers { permanent_uuid: "b1d64debcfb444f28917af2c40398d04" member_type: VOTER last_known_addr { host: "127.24.97.1" port: 39443 } } peers { permanent_uuid: "b076c80be6584e8990d3ec0517832e3a" member_type: VOTER last_known_addr { host: "127.24.97.2" port: 43479 } } peers { permanent_uuid: "2598da54cb6c45e286d34490ce59eab7" member_type: VOTER last_known_addr { host: "127.24.97.3" port: 33293 } }
I20260608 12:48:18.919129 27769 ts_tablet_manager.cc:1434] T 5d3988f6bdda43b4962bb90bca5ad33c P b076c80be6584e8990d3ec0517832e3a: Time spent starting tablet: real 0.006s	user 0.005s	sys 0.000s
I20260608 12:48:18.919031 27768 raft_consensus.cc:385] T 3caf7e86d00a4d3281edf3f10bf7c83b P b1d64debcfb444f28917af2c40398d04 [term 0 FOLLOWER]: Consensus starting up: Expiring failure detector timer to make a prompt election more likely
I20260608 12:48:18.919561 27768 raft_consensus.cc:740] T 3caf7e86d00a4d3281edf3f10bf7c83b P b1d64debcfb444f28917af2c40398d04 [term 0 FOLLOWER]: Becoming Follower/Learner. State: Replica: b1d64debcfb444f28917af2c40398d04, State: Initialized, Role: FOLLOWER
I20260608 12:48:18.920370 27769 tablet_bootstrap.cc:492] T f2c2c5d205554533b923ca8dbc29af88 P b076c80be6584e8990d3ec0517832e3a: Bootstrap starting.
I20260608 12:48:18.920570 27767 ts_tablet_manager.cc:1434] T 3263d7a233614ef28b5d9701d05d5b32 P 2598da54cb6c45e286d34490ce59eab7: Time spent starting tablet: real 0.017s	user 0.005s	sys 0.002s
I20260608 12:48:18.920459 27768 consensus_queue.cc:260] T 3caf7e86d00a4d3281edf3f10bf7c83b P b1d64debcfb444f28917af2c40398d04 [NON_LEADER]: Queue going to NON_LEADER mode. State: All replicated index: 0, Majority replicated index: 0, Committed index: 0, Last appended: 0.0, Last appended by leader: 0, Current term: 0, Majority size: -1, State: 0, Mode: NON_LEADER, active raft config: opid_index: -1 OBSOLETE_local: false peers { permanent_uuid: "b1d64debcfb444f28917af2c40398d04" member_type: VOTER last_known_addr { host: "127.24.97.1" port: 39443 } } peers { permanent_uuid: "b076c80be6584e8990d3ec0517832e3a" member_type: VOTER last_known_addr { host: "127.24.97.2" port: 43479 } } peers { permanent_uuid: "2598da54cb6c45e286d34490ce59eab7" member_type: VOTER last_known_addr { host: "127.24.97.3" port: 33293 } }
I20260608 12:48:18.921808 27767 tablet_bootstrap.cc:492] T 3caf7e86d00a4d3281edf3f10bf7c83b P 2598da54cb6c45e286d34490ce59eab7: Bootstrap starting.
I20260608 12:48:18.926158 27768 ts_tablet_manager.cc:1434] T 3caf7e86d00a4d3281edf3f10bf7c83b P b1d64debcfb444f28917af2c40398d04: Time spent starting tablet: real 0.011s	user 0.006s	sys 0.001s
I20260608 12:48:18.926892 27773 raft_consensus.cc:493] T 3caf7e86d00a4d3281edf3f10bf7c83b P b1d64debcfb444f28917af2c40398d04 [term 0 FOLLOWER]: Starting pre-election (no leader contacted us within the election timeout)
I20260608 12:48:18.927332 27768 tablet_bootstrap.cc:492] T f2c2c5d205554533b923ca8dbc29af88 P b1d64debcfb444f28917af2c40398d04: Bootstrap starting.
I20260608 12:48:18.927383 27773 raft_consensus.cc:515] T 3caf7e86d00a4d3281edf3f10bf7c83b P b1d64debcfb444f28917af2c40398d04 [term 0 FOLLOWER]: Starting pre-election with config: opid_index: -1 OBSOLETE_local: false peers { permanent_uuid: "b1d64debcfb444f28917af2c40398d04" member_type: VOTER last_known_addr { host: "127.24.97.1" port: 39443 } } peers { permanent_uuid: "b076c80be6584e8990d3ec0517832e3a" member_type: VOTER last_known_addr { host: "127.24.97.2" port: 43479 } } peers { permanent_uuid: "2598da54cb6c45e286d34490ce59eab7" member_type: VOTER last_known_addr { host: "127.24.97.3" port: 33293 } }
I20260608 12:48:18.930332 27767 tablet_bootstrap.cc:654] T 3caf7e86d00a4d3281edf3f10bf7c83b P 2598da54cb6c45e286d34490ce59eab7: Neither blocks nor log segments found. Creating new log.
I20260608 12:48:18.935189 27768 tablet_bootstrap.cc:654] T f2c2c5d205554533b923ca8dbc29af88 P b1d64debcfb444f28917af2c40398d04: Neither blocks nor log segments found. Creating new log.
I20260608 12:48:18.940021 27773 leader_election.cc:290] T 3caf7e86d00a4d3281edf3f10bf7c83b P b1d64debcfb444f28917af2c40398d04 [CANDIDATE]: Term 1 pre-election: Requested pre-vote from peers b076c80be6584e8990d3ec0517832e3a (127.24.97.2:43479), 2598da54cb6c45e286d34490ce59eab7 (127.24.97.3:33293)
I20260608 12:48:18.946573 27773 raft_consensus.cc:493] T 3263d7a233614ef28b5d9701d05d5b32 P b1d64debcfb444f28917af2c40398d04 [term 0 FOLLOWER]: Starting pre-election (no leader contacted us within the election timeout)
I20260608 12:48:18.947310 27773 raft_consensus.cc:515] T 3263d7a233614ef28b5d9701d05d5b32 P b1d64debcfb444f28917af2c40398d04 [term 0 FOLLOWER]: Starting pre-election with config: opid_index: -1 OBSOLETE_local: false peers { permanent_uuid: "2598da54cb6c45e286d34490ce59eab7" member_type: VOTER last_known_addr { host: "127.24.97.3" port: 33293 } } peers { permanent_uuid: "b076c80be6584e8990d3ec0517832e3a" member_type: VOTER last_known_addr { host: "127.24.97.2" port: 43479 } } peers { permanent_uuid: "b1d64debcfb444f28917af2c40398d04" member_type: VOTER last_known_addr { host: "127.24.97.1" port: 39443 } }
I20260608 12:48:18.953574 27773 leader_election.cc:290] T 3263d7a233614ef28b5d9701d05d5b32 P b1d64debcfb444f28917af2c40398d04 [CANDIDATE]: Term 1 pre-election: Requested pre-vote from peers 2598da54cb6c45e286d34490ce59eab7 (127.24.97.3:33293), b076c80be6584e8990d3ec0517832e3a (127.24.97.2:43479)
I20260608 12:48:18.962308 27769 tablet_bootstrap.cc:654] T f2c2c5d205554533b923ca8dbc29af88 P b076c80be6584e8990d3ec0517832e3a: Neither blocks nor log segments found. Creating new log.
I20260608 12:48:18.984874 27648 tablet_service.cc:1917] Received RequestConsensusVote() RPC: tablet_id: "3caf7e86d00a4d3281edf3f10bf7c83b" candidate_uuid: "b1d64debcfb444f28917af2c40398d04" candidate_term: 1 candidate_status { last_received { term: 0 index: 0 } } ignore_live_leader: false dest_uuid: "b076c80be6584e8990d3ec0517832e3a" is_pre_election: true
I20260608 12:48:18.985780 27648 raft_consensus.cc:2468] T 3caf7e86d00a4d3281edf3f10bf7c83b P b076c80be6584e8990d3ec0517832e3a [term 0 FOLLOWER]: Leader pre-election vote request: Granting yes vote for candidate b1d64debcfb444f28917af2c40398d04 in term 0.
I20260608 12:48:18.987164 27647 tablet_service.cc:1917] Received RequestConsensusVote() RPC: tablet_id: "3263d7a233614ef28b5d9701d05d5b32" candidate_uuid: "b1d64debcfb444f28917af2c40398d04" candidate_term: 1 candidate_status { last_received { term: 0 index: 0 } } ignore_live_leader: false dest_uuid: "b076c80be6584e8990d3ec0517832e3a" is_pre_election: true
I20260608 12:48:18.988066 27768 tablet_bootstrap.cc:492] T f2c2c5d205554533b923ca8dbc29af88 P b1d64debcfb444f28917af2c40398d04: No bootstrap required, opened a new log
I20260608 12:48:18.988612 27768 ts_tablet_manager.cc:1403] T f2c2c5d205554533b923ca8dbc29af88 P b1d64debcfb444f28917af2c40398d04: Time spent bootstrapping tablet: real 0.062s	user 0.025s	sys 0.035s
I20260608 12:48:18.989210 27536 leader_election.cc:304] T 3caf7e86d00a4d3281edf3f10bf7c83b P b1d64debcfb444f28917af2c40398d04 [CANDIDATE]: Term 1 pre-election: Election decided. Result: candidate won. Election summary: received 2 responses out of 3 voters: 2 yes votes; 0 no votes. yes voters: b076c80be6584e8990d3ec0517832e3a, b1d64debcfb444f28917af2c40398d04; no voters: 
W20260608 12:48:18.990021 27674 tablet.cc:2404] T 3caf7e86d00a4d3281edf3f10bf7c83b P b076c80be6584e8990d3ec0517832e3a: Can't schedule compaction. Clean time has not been advanced past its initial value.
I20260608 12:48:18.991873 27773 raft_consensus.cc:2804] T 3caf7e86d00a4d3281edf3f10bf7c83b P b1d64debcfb444f28917af2c40398d04 [term 0 FOLLOWER]: Leader pre-election won for term 1
I20260608 12:48:18.992291 27773 raft_consensus.cc:493] T 3caf7e86d00a4d3281edf3f10bf7c83b P b1d64debcfb444f28917af2c40398d04 [term 0 FOLLOWER]: Starting leader election (no leader contacted us within the election timeout)
I20260608 12:48:18.992630 27773 raft_consensus.cc:3060] T 3caf7e86d00a4d3281edf3f10bf7c83b P b1d64debcfb444f28917af2c40398d04 [term 0 FOLLOWER]: Advancing to term 1
I20260608 12:48:18.993281 27722 tablet_service.cc:1917] Received RequestConsensusVote() RPC: tablet_id: "3caf7e86d00a4d3281edf3f10bf7c83b" candidate_uuid: "b1d64debcfb444f28917af2c40398d04" candidate_term: 1 candidate_status { last_received { term: 0 index: 0 } } ignore_live_leader: false dest_uuid: "2598da54cb6c45e286d34490ce59eab7" is_pre_election: true
I20260608 12:48:18.994442 27767 tablet_bootstrap.cc:492] T 3caf7e86d00a4d3281edf3f10bf7c83b P 2598da54cb6c45e286d34490ce59eab7: No bootstrap required, opened a new log
I20260608 12:48:18.994952 27767 ts_tablet_manager.cc:1403] T 3caf7e86d00a4d3281edf3f10bf7c83b P 2598da54cb6c45e286d34490ce59eab7: Time spent bootstrapping tablet: real 0.073s	user 0.048s	sys 0.023s
I20260608 12:48:18.994758 27721 tablet_service.cc:1917] Received RequestConsensusVote() RPC: tablet_id: "3263d7a233614ef28b5d9701d05d5b32" candidate_uuid: "b1d64debcfb444f28917af2c40398d04" candidate_term: 1 candidate_status { last_received { term: 0 index: 0 } } ignore_live_leader: false dest_uuid: "2598da54cb6c45e286d34490ce59eab7" is_pre_election: true
I20260608 12:48:18.994688 27768 raft_consensus.cc:359] T f2c2c5d205554533b923ca8dbc29af88 P b1d64debcfb444f28917af2c40398d04 [term 0 FOLLOWER]: Replica starting. Triggering 0 pending ops. Active config: opid_index: -1 OBSOLETE_local: false peers { permanent_uuid: "b1d64debcfb444f28917af2c40398d04" member_type: VOTER last_known_addr { host: "127.24.97.1" port: 39443 } } peers { permanent_uuid: "b076c80be6584e8990d3ec0517832e3a" member_type: VOTER last_known_addr { host: "127.24.97.2" port: 43479 } } peers { permanent_uuid: "2598da54cb6c45e286d34490ce59eab7" member_type: VOTER last_known_addr { host: "127.24.97.3" port: 33293 } }
I20260608 12:48:18.995539 27768 raft_consensus.cc:385] T f2c2c5d205554533b923ca8dbc29af88 P b1d64debcfb444f28917af2c40398d04 [term 0 FOLLOWER]: Consensus starting up: Expiring failure detector timer to make a prompt election more likely
I20260608 12:48:18.995601 27721 raft_consensus.cc:2468] T 3263d7a233614ef28b5d9701d05d5b32 P 2598da54cb6c45e286d34490ce59eab7 [term 0 FOLLOWER]: Leader pre-election vote request: Granting yes vote for candidate b1d64debcfb444f28917af2c40398d04 in term 0.
I20260608 12:48:18.995972 27768 raft_consensus.cc:740] T f2c2c5d205554533b923ca8dbc29af88 P b1d64debcfb444f28917af2c40398d04 [term 0 FOLLOWER]: Becoming Follower/Learner. State: Replica: b1d64debcfb444f28917af2c40398d04, State: Initialized, Role: FOLLOWER
W20260608 12:48:18.993300 27536 leader_election.cc:343] T 3263d7a233614ef28b5d9701d05d5b32 P b1d64debcfb444f28917af2c40398d04 [CANDIDATE]: Term 1 pre-election: Tablet error from VoteRequest() call to peer b076c80be6584e8990d3ec0517832e3a (127.24.97.2:43479): Illegal state: must be running to vote when last-logged opid is not known
I20260608 12:48:18.996833 27768 consensus_queue.cc:260] T f2c2c5d205554533b923ca8dbc29af88 P b1d64debcfb444f28917af2c40398d04 [NON_LEADER]: Queue going to NON_LEADER mode. State: All replicated index: 0, Majority replicated index: 0, Committed index: 0, Last appended: 0.0, Last appended by leader: 0, Current term: 0, Majority size: -1, State: 0, Mode: NON_LEADER, active raft config: opid_index: -1 OBSOLETE_local: false peers { permanent_uuid: "b1d64debcfb444f28917af2c40398d04" member_type: VOTER last_known_addr { host: "127.24.97.1" port: 39443 } } peers { permanent_uuid: "b076c80be6584e8990d3ec0517832e3a" member_type: VOTER last_known_addr { host: "127.24.97.2" port: 43479 } } peers { permanent_uuid: "2598da54cb6c45e286d34490ce59eab7" member_type: VOTER last_known_addr { host: "127.24.97.3" port: 33293 } }
I20260608 12:48:18.998128 27767 raft_consensus.cc:359] T 3caf7e86d00a4d3281edf3f10bf7c83b P 2598da54cb6c45e286d34490ce59eab7 [term 0 FOLLOWER]: Replica starting. Triggering 0 pending ops. Active config: opid_index: -1 OBSOLETE_local: false peers { permanent_uuid: "b1d64debcfb444f28917af2c40398d04" member_type: VOTER last_known_addr { host: "127.24.97.1" port: 39443 } } peers { permanent_uuid: "b076c80be6584e8990d3ec0517832e3a" member_type: VOTER last_known_addr { host: "127.24.97.2" port: 43479 } } peers { permanent_uuid: "2598da54cb6c45e286d34490ce59eab7" member_type: VOTER last_known_addr { host: "127.24.97.3" port: 33293 } }
W20260608 12:48:18.998291 27539 leader_election.cc:343] T 3caf7e86d00a4d3281edf3f10bf7c83b P b1d64debcfb444f28917af2c40398d04 [CANDIDATE]: Term 1 pre-election: Tablet error from VoteRequest() call to peer 2598da54cb6c45e286d34490ce59eab7 (127.24.97.3:33293): Illegal state: must be running to vote when last-logged opid is not known
I20260608 12:48:18.999079 27767 raft_consensus.cc:385] T 3caf7e86d00a4d3281edf3f10bf7c83b P 2598da54cb6c45e286d34490ce59eab7 [term 0 FOLLOWER]: Consensus starting up: Expiring failure detector timer to make a prompt election more likely
I20260608 12:48:18.999495 27767 raft_consensus.cc:740] T 3caf7e86d00a4d3281edf3f10bf7c83b P 2598da54cb6c45e286d34490ce59eab7 [term 0 FOLLOWER]: Becoming Follower/Learner. State: Replica: 2598da54cb6c45e286d34490ce59eab7, State: Initialized, Role: FOLLOWER
I20260608 12:48:19.000751 27539 leader_election.cc:304] T 3263d7a233614ef28b5d9701d05d5b32 P b1d64debcfb444f28917af2c40398d04 [CANDIDATE]: Term 1 pre-election: Election decided. Result: candidate won. Election summary: received 3 responses out of 3 voters: 2 yes votes; 1 no votes. yes voters: 2598da54cb6c45e286d34490ce59eab7, b1d64debcfb444f28917af2c40398d04; no voters: b076c80be6584e8990d3ec0517832e3a
I20260608 12:48:19.000947 27773 raft_consensus.cc:515] T 3caf7e86d00a4d3281edf3f10bf7c83b P b1d64debcfb444f28917af2c40398d04 [term 1 FOLLOWER]: Starting leader election with config: opid_index: -1 OBSOLETE_local: false peers { permanent_uuid: "b1d64debcfb444f28917af2c40398d04" member_type: VOTER last_known_addr { host: "127.24.97.1" port: 39443 } } peers { permanent_uuid: "b076c80be6584e8990d3ec0517832e3a" member_type: VOTER last_known_addr { host: "127.24.97.2" port: 43479 } } peers { permanent_uuid: "2598da54cb6c45e286d34490ce59eab7" member_type: VOTER last_known_addr { host: "127.24.97.3" port: 33293 } }
I20260608 12:48:19.003063 27769 tablet_bootstrap.cc:492] T f2c2c5d205554533b923ca8dbc29af88 P b076c80be6584e8990d3ec0517832e3a: No bootstrap required, opened a new log
I20260608 12:48:19.003561 27773 leader_election.cc:290] T 3caf7e86d00a4d3281edf3f10bf7c83b P b1d64debcfb444f28917af2c40398d04 [CANDIDATE]: Term 1 election: Requested vote from peers b076c80be6584e8990d3ec0517832e3a (127.24.97.2:43479), 2598da54cb6c45e286d34490ce59eab7 (127.24.97.3:33293)
I20260608 12:48:19.003753 27769 ts_tablet_manager.cc:1403] T f2c2c5d205554533b923ca8dbc29af88 P b076c80be6584e8990d3ec0517832e3a: Time spent bootstrapping tablet: real 0.084s	user 0.014s	sys 0.001s
I20260608 12:48:19.004217 27647 tablet_service.cc:1917] Received RequestConsensusVote() RPC: tablet_id: "3caf7e86d00a4d3281edf3f10bf7c83b" candidate_uuid: "b1d64debcfb444f28917af2c40398d04" candidate_term: 1 candidate_status { last_received { term: 0 index: 0 } } ignore_live_leader: false dest_uuid: "b076c80be6584e8990d3ec0517832e3a"
I20260608 12:48:19.004786 27647 raft_consensus.cc:3060] T 3caf7e86d00a4d3281edf3f10bf7c83b P b076c80be6584e8990d3ec0517832e3a [term 0 FOLLOWER]: Advancing to term 1
I20260608 12:48:19.008123 27769 raft_consensus.cc:359] T f2c2c5d205554533b923ca8dbc29af88 P b076c80be6584e8990d3ec0517832e3a [term 0 FOLLOWER]: Replica starting. Triggering 0 pending ops. Active config: opid_index: -1 OBSOLETE_local: false peers { permanent_uuid: "b1d64debcfb444f28917af2c40398d04" member_type: VOTER last_known_addr { host: "127.24.97.1" port: 39443 } } peers { permanent_uuid: "b076c80be6584e8990d3ec0517832e3a" member_type: VOTER last_known_addr { host: "127.24.97.2" port: 43479 } } peers { permanent_uuid: "2598da54cb6c45e286d34490ce59eab7" member_type: VOTER last_known_addr { host: "127.24.97.3" port: 33293 } }
I20260608 12:48:19.009115 27769 raft_consensus.cc:385] T f2c2c5d205554533b923ca8dbc29af88 P b076c80be6584e8990d3ec0517832e3a [term 0 FOLLOWER]: Consensus starting up: Expiring failure detector timer to make a prompt election more likely
I20260608 12:48:19.009488 27769 raft_consensus.cc:740] T f2c2c5d205554533b923ca8dbc29af88 P b076c80be6584e8990d3ec0517832e3a [term 0 FOLLOWER]: Becoming Follower/Learner. State: Replica: b076c80be6584e8990d3ec0517832e3a, State: Initialized, Role: FOLLOWER
I20260608 12:48:19.010794 27767 consensus_queue.cc:260] T 3caf7e86d00a4d3281edf3f10bf7c83b P 2598da54cb6c45e286d34490ce59eab7 [NON_LEADER]: Queue going to NON_LEADER mode. State: All replicated index: 0, Majority replicated index: 0, Committed index: 0, Last appended: 0.0, Last appended by leader: 0, Current term: 0, Majority size: -1, State: 0, Mode: NON_LEADER, active raft config: opid_index: -1 OBSOLETE_local: false peers { permanent_uuid: "b1d64debcfb444f28917af2c40398d04" member_type: VOTER last_known_addr { host: "127.24.97.1" port: 39443 } } peers { permanent_uuid: "b076c80be6584e8990d3ec0517832e3a" member_type: VOTER last_known_addr { host: "127.24.97.2" port: 43479 } } peers { permanent_uuid: "2598da54cb6c45e286d34490ce59eab7" member_type: VOTER last_known_addr { host: "127.24.97.3" port: 33293 } }
I20260608 12:48:19.011685 27773 raft_consensus.cc:2804] T 3263d7a233614ef28b5d9701d05d5b32 P b1d64debcfb444f28917af2c40398d04 [term 0 FOLLOWER]: Leader pre-election won for term 1
I20260608 12:48:19.012951 27773 raft_consensus.cc:493] T 3263d7a233614ef28b5d9701d05d5b32 P b1d64debcfb444f28917af2c40398d04 [term 0 FOLLOWER]: Starting leader election (no leader contacted us within the election timeout)
I20260608 12:48:19.013424 27773 raft_consensus.cc:3060] T 3263d7a233614ef28b5d9701d05d5b32 P b1d64debcfb444f28917af2c40398d04 [term 0 FOLLOWER]: Advancing to term 1
I20260608 12:48:19.014767 27777 raft_consensus.cc:493] T 3caf7e86d00a4d3281edf3f10bf7c83b P 2598da54cb6c45e286d34490ce59eab7 [term 0 FOLLOWER]: Starting pre-election (no leader contacted us within the election timeout)
I20260608 12:48:19.014046 27768 ts_tablet_manager.cc:1434] T f2c2c5d205554533b923ca8dbc29af88 P b1d64debcfb444f28917af2c40398d04: Time spent starting tablet: real 0.025s	user 0.010s	sys 0.010s
