I20260608 12:48:34.675848 24964 rpc_server.cc:307] RPC server started. Bound to: 127.24.97.4:41331
I20260608 12:48:34.675977 28929 acceptor_pool.cc:272] collecting diagnostics on the listening RPC socket 127.24.97.4:41331 every 8 connection(s)
I20260608 12:48:34.691670 28930 heartbeater.cc:344] Connected to a master server at 127.24.97.62:45133
I20260608 12:48:34.692165 28930 heartbeater.cc:461] Registering TS with master...
I20260608 12:48:34.692953 28930 heartbeater.cc:507] Master 127.24.97.62:45133 requested a full tablet report, sending...
I20260608 12:48:34.695097 28580 ts_manager.cc:194] Registered new tserver with Master: 27e29341e9b24299ae3fc15b24d48d18 (127.24.97.4:41331)
I20260608 12:48:34.696017 24964 internal_mini_cluster.cc:371] 4 TS(s) registered with all masters after 0.01667031s
I20260608 12:48:34.696815 28580 master_service.cc:502] Signed X509 certificate for tserver {username='slave'} at 127.0.0.1:43768
I20260608 12:48:35.255743 28580 catalog_manager.cc:2282] Servicing CreateTable request from {username='slave'} at 127.0.0.1:43780:
name: "test-workload"
schema {
  columns {
    name: "key"
    type: INT32
    is_key: true
    is_nullable: false
    encoding: AUTO_ENCODING
    compression: DEFAULT_COMPRESSION
    cfile_block_size: 0
    immutable: false
  }
  columns {
    name: "int_val"
    type: INT32
    is_key: false
    is_nullable: false
    encoding: AUTO_ENCODING
    compression: DEFAULT_COMPRESSION
    cfile_block_size: 0
    immutable: false
  }
  columns {
    name: "string_val"
    type: STRING
    is_key: false
    is_nullable: true
    encoding: AUTO_ENCODING
    compression: DEFAULT_COMPRESSION
    cfile_block_size: 0
    immutable: false
  }
}
num_replicas: 3
split_rows_range_bounds {
}
partition_schema {
  range_schema {
    columns {
      name: "key"
    }
  }
}
I20260608 12:48:35.319067 28821 tablet_service.cc:1511] Processing CreateTablet for tablet 23eee5a2052449f2bd3e9bb35650cdca (DEFAULT_TABLE table=test-workload [id=9f592b80d6bd4c36a5432b870f59029e]), partition=RANGE (key) PARTITION UNBOUNDED
I20260608 12:48:35.319659 28895 tablet_service.cc:1511] Processing CreateTablet for tablet 23eee5a2052449f2bd3e9bb35650cdca (DEFAULT_TABLE table=test-workload [id=9f592b80d6bd4c36a5432b870f59029e]), partition=RANGE (key) PARTITION UNBOUNDED
I20260608 12:48:35.320766 28821 data_dirs.cc:400] Could only allocate 1 dirs of requested 3 for tablet 23eee5a2052449f2bd3e9bb35650cdca. 1 dirs total, 0 dirs full, 0 dirs failed
I20260608 12:48:35.320986 28895 data_dirs.cc:400] Could only allocate 1 dirs of requested 3 for tablet 23eee5a2052449f2bd3e9bb35650cdca. 1 dirs total, 0 dirs full, 0 dirs failed
I20260608 12:48:35.328799 28672 tablet_service.cc:1511] Processing CreateTablet for tablet 23eee5a2052449f2bd3e9bb35650cdca (DEFAULT_TABLE table=test-workload [id=9f592b80d6bd4c36a5432b870f59029e]), partition=RANGE (key) PARTITION UNBOUNDED
I20260608 12:48:35.330248 28672 data_dirs.cc:400] Could only allocate 1 dirs of requested 3 for tablet 23eee5a2052449f2bd3e9bb35650cdca. 1 dirs total, 0 dirs full, 0 dirs failed
I20260608 12:48:35.337704 28951 tablet_bootstrap.cc:492] T 23eee5a2052449f2bd3e9bb35650cdca P 27e29341e9b24299ae3fc15b24d48d18: Bootstrap starting.
I20260608 12:48:35.344262 28952 tablet_bootstrap.cc:492] T 23eee5a2052449f2bd3e9bb35650cdca P 4b6b4f5ef3294d0e93a545dc261b38b3: Bootstrap starting.
I20260608 12:48:35.346221 28951 tablet_bootstrap.cc:654] T 23eee5a2052449f2bd3e9bb35650cdca P 27e29341e9b24299ae3fc15b24d48d18: Neither blocks nor log segments found. Creating new log.
I20260608 12:48:35.348402 28953 tablet_bootstrap.cc:492] T 23eee5a2052449f2bd3e9bb35650cdca P 07f16d8adf48491bab3e3ae531d88a0c: Bootstrap starting.
I20260608 12:48:35.353504 28952 tablet_bootstrap.cc:654] T 23eee5a2052449f2bd3e9bb35650cdca P 4b6b4f5ef3294d0e93a545dc261b38b3: Neither blocks nor log segments found. Creating new log.
I20260608 12:48:35.354074 28951 tablet_bootstrap.cc:492] T 23eee5a2052449f2bd3e9bb35650cdca P 27e29341e9b24299ae3fc15b24d48d18: No bootstrap required, opened a new log
I20260608 12:48:35.354672 28951 ts_tablet_manager.cc:1403] T 23eee5a2052449f2bd3e9bb35650cdca P 27e29341e9b24299ae3fc15b24d48d18: Time spent bootstrapping tablet: real 0.017s	user 0.012s	sys 0.003s
I20260608 12:48:35.355309 28953 tablet_bootstrap.cc:654] T 23eee5a2052449f2bd3e9bb35650cdca P 07f16d8adf48491bab3e3ae531d88a0c: Neither blocks nor log segments found. Creating new log.
I20260608 12:48:35.357988 28951 raft_consensus.cc:359] T 23eee5a2052449f2bd3e9bb35650cdca P 27e29341e9b24299ae3fc15b24d48d18 [term 0 FOLLOWER]: Replica starting. Triggering 0 pending ops. Active config: opid_index: -1 OBSOLETE_local: false peers { permanent_uuid: "4b6b4f5ef3294d0e93a545dc261b38b3" member_type: VOTER last_known_addr { host: "127.24.97.3" port: 46877 } } peers { permanent_uuid: "27e29341e9b24299ae3fc15b24d48d18" member_type: VOTER last_known_addr { host: "127.24.97.4" port: 41331 } } peers { permanent_uuid: "07f16d8adf48491bab3e3ae531d88a0c" member_type: VOTER last_known_addr { host: "127.24.97.1" port: 34683 } }
I20260608 12:48:35.358889 28951 raft_consensus.cc:385] T 23eee5a2052449f2bd3e9bb35650cdca P 27e29341e9b24299ae3fc15b24d48d18 [term 0 FOLLOWER]: Consensus starting up: Expiring failure detector timer to make a prompt election more likely
I20260608 12:48:35.359284 28951 raft_consensus.cc:740] T 23eee5a2052449f2bd3e9bb35650cdca P 27e29341e9b24299ae3fc15b24d48d18 [term 0 FOLLOWER]: Becoming Follower/Learner. State: Replica: 27e29341e9b24299ae3fc15b24d48d18, State: Initialized, Role: FOLLOWER
I20260608 12:48:35.359409 28707 heartbeater.cc:499] Master 127.24.97.62:45133 was elected leader, sending a full tablet report...
I20260608 12:48:35.359644 28952 tablet_bootstrap.cc:492] T 23eee5a2052449f2bd3e9bb35650cdca P 4b6b4f5ef3294d0e93a545dc261b38b3: No bootstrap required, opened a new log
I20260608 12:48:35.360364 28952 ts_tablet_manager.cc:1403] T 23eee5a2052449f2bd3e9bb35650cdca P 4b6b4f5ef3294d0e93a545dc261b38b3: Time spent bootstrapping tablet: real 0.017s	user 0.015s	sys 0.000s
I20260608 12:48:35.360361 28951 consensus_queue.cc:260] T 23eee5a2052449f2bd3e9bb35650cdca P 27e29341e9b24299ae3fc15b24d48d18 [NON_LEADER]: Queue going to NON_LEADER mode. State: All replicated index: 0, Majority replicated index: 0, Committed index: 0, Last appended: 0.0, Last appended by leader: 0, Current term: 0, Majority size: -1, State: 0, Mode: NON_LEADER, active raft config: opid_index: -1 OBSOLETE_local: false peers { permanent_uuid: "4b6b4f5ef3294d0e93a545dc261b38b3" member_type: VOTER last_known_addr { host: "127.24.97.3" port: 46877 } } peers { permanent_uuid: "27e29341e9b24299ae3fc15b24d48d18" member_type: VOTER last_known_addr { host: "127.24.97.4" port: 41331 } } peers { permanent_uuid: "07f16d8adf48491bab3e3ae531d88a0c" member_type: VOTER last_known_addr { host: "127.24.97.1" port: 34683 } }
I20260608 12:48:35.365437 28953 tablet_bootstrap.cc:492] T 23eee5a2052449f2bd3e9bb35650cdca P 07f16d8adf48491bab3e3ae531d88a0c: No bootstrap required, opened a new log
I20260608 12:48:35.365226 28952 raft_consensus.cc:359] T 23eee5a2052449f2bd3e9bb35650cdca P 4b6b4f5ef3294d0e93a545dc261b38b3 [term 0 FOLLOWER]: Replica starting. Triggering 0 pending ops. Active config: opid_index: -1 OBSOLETE_local: false peers { permanent_uuid: "4b6b4f5ef3294d0e93a545dc261b38b3" member_type: VOTER last_known_addr { host: "127.24.97.3" port: 46877 } } peers { permanent_uuid: "27e29341e9b24299ae3fc15b24d48d18" member_type: VOTER last_known_addr { host: "127.24.97.4" port: 41331 } } peers { permanent_uuid: "07f16d8adf48491bab3e3ae531d88a0c" member_type: VOTER last_known_addr { host: "127.24.97.1" port: 34683 } }
I20260608 12:48:35.366211 28953 ts_tablet_manager.cc:1403] T 23eee5a2052449f2bd3e9bb35650cdca P 07f16d8adf48491bab3e3ae531d88a0c: Time spent bootstrapping tablet: real 0.018s	user 0.011s	sys 0.005s
I20260608 12:48:35.367115 28952 raft_consensus.cc:385] T 23eee5a2052449f2bd3e9bb35650cdca P 4b6b4f5ef3294d0e93a545dc261b38b3 [term 0 FOLLOWER]: Consensus starting up: Expiring failure detector timer to make a prompt election more likely
I20260608 12:48:35.367889 28952 raft_consensus.cc:740] T 23eee5a2052449f2bd3e9bb35650cdca P 4b6b4f5ef3294d0e93a545dc261b38b3 [term 0 FOLLOWER]: Becoming Follower/Learner. State: Replica: 4b6b4f5ef3294d0e93a545dc261b38b3, State: Initialized, Role: FOLLOWER
I20260608 12:48:35.369588 28953 raft_consensus.cc:359] T 23eee5a2052449f2bd3e9bb35650cdca P 07f16d8adf48491bab3e3ae531d88a0c [term 0 FOLLOWER]: Replica starting. Triggering 0 pending ops. Active config: opid_index: -1 OBSOLETE_local: false peers { permanent_uuid: "4b6b4f5ef3294d0e93a545dc261b38b3" member_type: VOTER last_known_addr { host: "127.24.97.3" port: 46877 } } peers { permanent_uuid: "27e29341e9b24299ae3fc15b24d48d18" member_type: VOTER last_known_addr { host: "127.24.97.4" port: 41331 } } peers { permanent_uuid: "07f16d8adf48491bab3e3ae531d88a0c" member_type: VOTER last_known_addr { host: "127.24.97.1" port: 34683 } }
I20260608 12:48:35.370604 28953 raft_consensus.cc:385] T 23eee5a2052449f2bd3e9bb35650cdca P 07f16d8adf48491bab3e3ae531d88a0c [term 0 FOLLOWER]: Consensus starting up: Expiring failure detector timer to make a prompt election more likely
I20260608 12:48:35.369506 28952 consensus_queue.cc:260] T 23eee5a2052449f2bd3e9bb35650cdca P 4b6b4f5ef3294d0e93a545dc261b38b3 [NON_LEADER]: Queue going to NON_LEADER mode. State: All replicated index: 0, Majority replicated index: 0, Committed index: 0, Last appended: 0.0, Last appended by leader: 0, Current term: 0, Majority size: -1, State: 0, Mode: NON_LEADER, active raft config: opid_index: -1 OBSOLETE_local: false peers { permanent_uuid: "4b6b4f5ef3294d0e93a545dc261b38b3" member_type: VOTER last_known_addr { host: "127.24.97.3" port: 46877 } } peers { permanent_uuid: "27e29341e9b24299ae3fc15b24d48d18" member_type: VOTER last_known_addr { host: "127.24.97.4" port: 41331 } } peers { permanent_uuid: "07f16d8adf48491bab3e3ae531d88a0c" member_type: VOTER last_known_addr { host: "127.24.97.1" port: 34683 } }
I20260608 12:48:35.370867 28953 raft_consensus.cc:740] T 23eee5a2052449f2bd3e9bb35650cdca P 07f16d8adf48491bab3e3ae531d88a0c [term 0 FOLLOWER]: Becoming Follower/Learner. State: Replica: 07f16d8adf48491bab3e3ae531d88a0c, State: Initialized, Role: FOLLOWER
I20260608 12:48:35.371743 28953 consensus_queue.cc:260] T 23eee5a2052449f2bd3e9bb35650cdca P 07f16d8adf48491bab3e3ae531d88a0c [NON_LEADER]: Queue going to NON_LEADER mode. State: All replicated index: 0, Majority replicated index: 0, Committed index: 0, Last appended: 0.0, Last appended by leader: 0, Current term: 0, Majority size: -1, State: 0, Mode: NON_LEADER, active raft config: opid_index: -1 OBSOLETE_local: false peers { permanent_uuid: "4b6b4f5ef3294d0e93a545dc261b38b3" member_type: VOTER last_known_addr { host: "127.24.97.3" port: 46877 } } peers { permanent_uuid: "27e29341e9b24299ae3fc15b24d48d18" member_type: VOTER last_known_addr { host: "127.24.97.4" port: 41331 } } peers { permanent_uuid: "07f16d8adf48491bab3e3ae531d88a0c" member_type: VOTER last_known_addr { host: "127.24.97.1" port: 34683 } }
I20260608 12:48:35.373631 28930 heartbeater.cc:499] Master 127.24.97.62:45133 was elected leader, sending a full tablet report...
I20260608 12:48:35.374619 28953 ts_tablet_manager.cc:1434] T 23eee5a2052449f2bd3e9bb35650cdca P 07f16d8adf48491bab3e3ae531d88a0c: Time spent starting tablet: real 0.008s	user 0.005s	sys 0.003s
I20260608 12:48:35.377274 28951 ts_tablet_manager.cc:1434] T 23eee5a2052449f2bd3e9bb35650cdca P 27e29341e9b24299ae3fc15b24d48d18: Time spent starting tablet: real 0.022s	user 0.007s	sys 0.011s
I20260608 12:48:35.378336 28856 heartbeater.cc:499] Master 127.24.97.62:45133 was elected leader, sending a full tablet report...
I20260608 12:48:35.378507 28952 ts_tablet_manager.cc:1434] T 23eee5a2052449f2bd3e9bb35650cdca P 4b6b4f5ef3294d0e93a545dc261b38b3: Time spent starting tablet: real 0.017s	user 0.010s	sys 0.004s
I20260608 12:48:35.405695 28957 raft_consensus.cc:493] T 23eee5a2052449f2bd3e9bb35650cdca P 27e29341e9b24299ae3fc15b24d48d18 [term 0 FOLLOWER]: Starting pre-election (no leader contacted us within the election timeout)
I20260608 12:48:35.406189 28957 raft_consensus.cc:515] T 23eee5a2052449f2bd3e9bb35650cdca P 27e29341e9b24299ae3fc15b24d48d18 [term 0 FOLLOWER]: Starting pre-election with config: opid_index: -1 OBSOLETE_local: false peers { permanent_uuid: "4b6b4f5ef3294d0e93a545dc261b38b3" member_type: VOTER last_known_addr { host: "127.24.97.3" port: 46877 } } peers { permanent_uuid: "27e29341e9b24299ae3fc15b24d48d18" member_type: VOTER last_known_addr { host: "127.24.97.4" port: 41331 } } peers { permanent_uuid: "07f16d8adf48491bab3e3ae531d88a0c" member_type: VOTER last_known_addr { host: "127.24.97.1" port: 34683 } }
I20260608 12:48:35.408564 28957 leader_election.cc:290] T 23eee5a2052449f2bd3e9bb35650cdca P 27e29341e9b24299ae3fc15b24d48d18 [CANDIDATE]: Term 1 pre-election: Requested pre-vote from peers 4b6b4f5ef3294d0e93a545dc261b38b3 (127.24.97.3:46877), 07f16d8adf48491bab3e3ae531d88a0c (127.24.97.1:34683)
I20260608 12:48:35.420401 28831 tablet_service.cc:1917] Received RequestConsensusVote() RPC: tablet_id: "23eee5a2052449f2bd3e9bb35650cdca" candidate_uuid: "27e29341e9b24299ae3fc15b24d48d18" candidate_term: 1 candidate_status { last_received { term: 0 index: 0 } } ignore_live_leader: false dest_uuid: "4b6b4f5ef3294d0e93a545dc261b38b3" is_pre_election: true
I20260608 12:48:35.421288 28831 raft_consensus.cc:2468] T 23eee5a2052449f2bd3e9bb35650cdca P 4b6b4f5ef3294d0e93a545dc261b38b3 [term 0 FOLLOWER]: Leader pre-election vote request: Granting yes vote for candidate 27e29341e9b24299ae3fc15b24d48d18 in term 0.
I20260608 12:48:35.422761 28868 leader_election.cc:304] T 23eee5a2052449f2bd3e9bb35650cdca P 27e29341e9b24299ae3fc15b24d48d18 [CANDIDATE]: Term 1 pre-election: Election decided. Result: candidate won. Election summary: received 2 responses out of 3 voters: 2 yes votes; 0 no votes. yes voters: 27e29341e9b24299ae3fc15b24d48d18, 4b6b4f5ef3294d0e93a545dc261b38b3; no voters: 
I20260608 12:48:35.423436 28682 tablet_service.cc:1917] Received RequestConsensusVote() RPC: tablet_id: "23eee5a2052449f2bd3e9bb35650cdca" candidate_uuid: "27e29341e9b24299ae3fc15b24d48d18" candidate_term: 1 candidate_status { last_received { term: 0 index: 0 } } ignore_live_leader: false dest_uuid: "07f16d8adf48491bab3e3ae531d88a0c" is_pre_election: true
I20260608 12:48:35.423820 28957 raft_consensus.cc:2804] T 23eee5a2052449f2bd3e9bb35650cdca P 27e29341e9b24299ae3fc15b24d48d18 [term 0 FOLLOWER]: Leader pre-election won for term 1
I20260608 12:48:35.424216 28957 raft_consensus.cc:493] T 23eee5a2052449f2bd3e9bb35650cdca P 27e29341e9b24299ae3fc15b24d48d18 [term 0 FOLLOWER]: Starting leader election (no leader contacted us within the election timeout)
I20260608 12:48:35.424181 28682 raft_consensus.cc:2468] T 23eee5a2052449f2bd3e9bb35650cdca P 07f16d8adf48491bab3e3ae531d88a0c [term 0 FOLLOWER]: Leader pre-election vote request: Granting yes vote for candidate 27e29341e9b24299ae3fc15b24d48d18 in term 0.
I20260608 12:48:35.424777 28957 raft_consensus.cc:3060] T 23eee5a2052449f2bd3e9bb35650cdca P 27e29341e9b24299ae3fc15b24d48d18 [term 0 FOLLOWER]: Advancing to term 1
I20260608 12:48:35.430014 28957 raft_consensus.cc:515] T 23eee5a2052449f2bd3e9bb35650cdca P 27e29341e9b24299ae3fc15b24d48d18 [term 1 FOLLOWER]: Starting leader election with config: opid_index: -1 OBSOLETE_local: false peers { permanent_uuid: "4b6b4f5ef3294d0e93a545dc261b38b3" member_type: VOTER last_known_addr { host: "127.24.97.3" port: 46877 } } peers { permanent_uuid: "27e29341e9b24299ae3fc15b24d48d18" member_type: VOTER last_known_addr { host: "127.24.97.4" port: 41331 } } peers { permanent_uuid: "07f16d8adf48491bab3e3ae531d88a0c" member_type: VOTER last_known_addr { host: "127.24.97.1" port: 34683 } }
I20260608 12:48:35.431922 28957 leader_election.cc:290] T 23eee5a2052449f2bd3e9bb35650cdca P 27e29341e9b24299ae3fc15b24d48d18 [CANDIDATE]: Term 1 election: Requested vote from peers 4b6b4f5ef3294d0e93a545dc261b38b3 (127.24.97.3:46877), 07f16d8adf48491bab3e3ae531d88a0c (127.24.97.1:34683)
I20260608 12:48:35.432942 28831 tablet_service.cc:1917] Received RequestConsensusVote() RPC: tablet_id: "23eee5a2052449f2bd3e9bb35650cdca" candidate_uuid: "27e29341e9b24299ae3fc15b24d48d18" candidate_term: 1 candidate_status { last_received { term: 0 index: 0 } } ignore_live_leader: false dest_uuid: "4b6b4f5ef3294d0e93a545dc261b38b3"
I20260608 12:48:35.433151 28682 tablet_service.cc:1917] Received RequestConsensusVote() RPC: tablet_id: "23eee5a2052449f2bd3e9bb35650cdca" candidate_uuid: "27e29341e9b24299ae3fc15b24d48d18" candidate_term: 1 candidate_status { last_received { term: 0 index: 0 } } ignore_live_leader: false dest_uuid: "07f16d8adf48491bab3e3ae531d88a0c"
I20260608 12:48:35.433471 28831 raft_consensus.cc:3060] T 23eee5a2052449f2bd3e9bb35650cdca P 4b6b4f5ef3294d0e93a545dc261b38b3 [term 0 FOLLOWER]: Advancing to term 1
I20260608 12:48:35.433777 28682 raft_consensus.cc:3060] T 23eee5a2052449f2bd3e9bb35650cdca P 07f16d8adf48491bab3e3ae531d88a0c [term 0 FOLLOWER]: Advancing to term 1
I20260608 12:48:35.439301 28682 raft_consensus.cc:2468] T 23eee5a2052449f2bd3e9bb35650cdca P 07f16d8adf48491bab3e3ae531d88a0c [term 1 FOLLOWER]: Leader election vote request: Granting yes vote for candidate 27e29341e9b24299ae3fc15b24d48d18 in term 1.
I20260608 12:48:35.439299 28831 raft_consensus.cc:2468] T 23eee5a2052449f2bd3e9bb35650cdca P 4b6b4f5ef3294d0e93a545dc261b38b3 [term 1 FOLLOWER]: Leader election vote request: Granting yes vote for candidate 27e29341e9b24299ae3fc15b24d48d18 in term 1.
I20260608 12:48:35.440604 28868 leader_election.cc:304] T 23eee5a2052449f2bd3e9bb35650cdca P 27e29341e9b24299ae3fc15b24d48d18 [CANDIDATE]: Term 1 election: Election decided. Result: candidate won. Election summary: received 2 responses out of 3 voters: 2 yes votes; 0 no votes. yes voters: 07f16d8adf48491bab3e3ae531d88a0c, 27e29341e9b24299ae3fc15b24d48d18; no voters: 
I20260608 12:48:35.441370 28957 raft_consensus.cc:2804] T 23eee5a2052449f2bd3e9bb35650cdca P 27e29341e9b24299ae3fc15b24d48d18 [term 1 FOLLOWER]: Leader election won for term 1
I20260608 12:48:35.443164 28957 raft_consensus.cc:697] T 23eee5a2052449f2bd3e9bb35650cdca P 27e29341e9b24299ae3fc15b24d48d18 [term 1 LEADER]: Becoming Leader. State: Replica: 27e29341e9b24299ae3fc15b24d48d18, State: Running, Role: LEADER
I20260608 12:48:35.444191 28957 consensus_queue.cc:237] T 23eee5a2052449f2bd3e9bb35650cdca P 27e29341e9b24299ae3fc15b24d48d18 [LEADER]: Queue going to LEADER mode. State: All replicated index: 0, Majority replicated index: 0, Committed index: 0, Last appended: 0.0, Last appended by leader: 0, Current term: 1, Majority size: 2, State: 0, Mode: LEADER, active raft config: opid_index: -1 OBSOLETE_local: false peers { permanent_uuid: "4b6b4f5ef3294d0e93a545dc261b38b3" member_type: VOTER last_known_addr { host: "127.24.97.3" port: 46877 } } peers { permanent_uuid: "27e29341e9b24299ae3fc15b24d48d18" member_type: VOTER last_known_addr { host: "127.24.97.4" port: 41331 } } peers { permanent_uuid: "07f16d8adf48491bab3e3ae531d88a0c" member_type: VOTER last_known_addr { host: "127.24.97.1" port: 34683 } }
I20260608 12:48:35.453431 28579 catalog_manager.cc:5696] T 23eee5a2052449f2bd3e9bb35650cdca P 27e29341e9b24299ae3fc15b24d48d18 reported cstate change: term changed from 0 to 1, leader changed from <none> to 27e29341e9b24299ae3fc15b24d48d18 (127.24.97.4). New cstate: current_term: 1 leader_uuid: "27e29341e9b24299ae3fc15b24d48d18" committed_config { opid_index: -1 OBSOLETE_local: false peers { permanent_uuid: "4b6b4f5ef3294d0e93a545dc261b38b3" member_type: VOTER last_known_addr { host: "127.24.97.3" port: 46877 } health_report { overall_health: UNKNOWN } } peers { permanent_uuid: "27e29341e9b24299ae3fc15b24d48d18" member_type: VOTER last_known_addr { host: "127.24.97.4" port: 41331 } health_report { overall_health: HEALTHY } } peers { permanent_uuid: "07f16d8adf48491bab3e3ae531d88a0c" member_type: VOTER last_known_addr { host: "127.24.97.1" port: 34683 } health_report { overall_health: UNKNOWN } } }
I20260608 12:48:35.487303 28782 heartbeater.cc:499] Master 127.24.97.62:45133 was elected leader, sending a full tablet report...
I20260608 12:48:36.022643 28964 consensus_queue.cc:1048] T 23eee5a2052449f2bd3e9bb35650cdca P 27e29341e9b24299ae3fc15b24d48d18 [LEADER]: Connected to new peer: Peer: permanent_uuid: "4b6b4f5ef3294d0e93a545dc261b38b3" member_type: VOTER last_known_addr { host: "127.24.97.3" port: 46877 }, Status: LMP_MISMATCH, Last received: 0.0, Next index: 1, Last known committed idx: 0, Time since last communication: 0.000s
I20260608 12:48:36.025991 28964 consensus_queue.cc:1048] T 23eee5a2052449f2bd3e9bb35650cdca P 27e29341e9b24299ae3fc15b24d48d18 [LEADER]: Connected to new peer: Peer: permanent_uuid: "07f16d8adf48491bab3e3ae531d88a0c" member_type: VOTER last_known_addr { host: "127.24.97.1" port: 34683 }, Status: LMP_MISMATCH, Last received: 0.0, Next index: 1, Last known committed idx: 0, Time since last communication: 0.001s
I20260608 12:48:36.085337 28633 auto_leader_rebalancer.cc:140] leader rebalance for table test-workload
I20260608 12:48:36.086952 28633 auto_leader_rebalancer.cc:388] table: test-workload, leader rebalance finish, leader transfer count: 0
I20260608 12:48:36.087340 28633 auto_leader_rebalancer.cc:451] All tables' leader rebalancing finished this round
I20260608 12:48:38.088589 28633 auto_leader_rebalancer.cc:140] leader rebalance for table test-workload
I20260608 12:48:38.089994 28633 auto_leader_rebalancer.cc:388] table: test-workload, leader rebalance finish, leader transfer count: 0
I20260608 12:48:38.090427 28633 auto_leader_rebalancer.cc:451] All tables' leader rebalancing finished this round
I20260608 12:48:40.091615 28633 auto_leader_rebalancer.cc:140] leader rebalance for table test-workload
I20260608 12:48:40.093174 28633 auto_leader_rebalancer.cc:388] table: test-workload, leader rebalance finish, leader transfer count: 0
I20260608 12:48:40.093493 28633 auto_leader_rebalancer.cc:451] All tables' leader rebalancing finished this round
I20260608 12:48:42.094870 28633 auto_leader_rebalancer.cc:140] leader rebalance for table test-workload
I20260608 12:48:42.096961 28633 auto_leader_rebalancer.cc:388] table: test-workload, leader rebalance finish, leader transfer count: 0
I20260608 12:48:42.097340 28633 auto_leader_rebalancer.cc:451] All tables' leader rebalancing finished this round
I20260608 12:48:44.098712 28633 auto_leader_rebalancer.cc:140] leader rebalance for table test-workload
I20260608 12:48:44.100260 28633 auto_leader_rebalancer.cc:388] table: test-workload, leader rebalance finish, leader transfer count: 0
I20260608 12:48:44.100591 28633 auto_leader_rebalancer.cc:451] All tables' leader rebalancing finished this round
I20260608 12:48:46.101503 28633 auto_leader_rebalancer.cc:140] leader rebalance for table test-workload
I20260608 12:48:46.103091 28633 auto_leader_rebalancer.cc:388] table: test-workload, leader rebalance finish, leader transfer count: 0
I20260608 12:48:46.103462 28633 auto_leader_rebalancer.cc:451] All tables' leader rebalancing finished this round
I20260608 12:48:46.547447 24964 tablet_server.cc:179] TabletServer@127.24.97.1:0 shutting down...
I20260608 12:48:46.578378 24964 ts_tablet_manager.cc:1507] Shutting down tablet manager...
I20260608 12:48:46.579366 24964 tablet_replica.cc:333] T 23eee5a2052449f2bd3e9bb35650cdca P 07f16d8adf48491bab3e3ae531d88a0c: stopping tablet replica
I20260608 12:48:46.580137 24964 raft_consensus.cc:2243] T 23eee5a2052449f2bd3e9bb35650cdca P 07f16d8adf48491bab3e3ae531d88a0c [term 1 FOLLOWER]: Raft consensus shutting down.
I20260608 12:48:46.581004 24964 raft_consensus.cc:2272] T 23eee5a2052449f2bd3e9bb35650cdca P 07f16d8adf48491bab3e3ae531d88a0c [term 1 FOLLOWER]: Raft consensus is shut down!
I20260608 12:48:46.603827 24964 tablet_server.cc:196] TabletServer@127.24.97.1:0 shutdown complete.
I20260608 12:48:46.618180 24964 tablet_server.cc:179] TabletServer@127.24.97.2:0 shutting down...
I20260608 12:48:46.646438 24964 ts_tablet_manager.cc:1507] Shutting down tablet manager...
W20260608 12:48:46.660645 28868 proxy.cc:239] Call had error, refreshing address and retrying: Network error: Client connection negotiation failed: client connection to 127.24.97.1:34683: connect: Connection refused (error 111) [suppressed 14 similar messages]
I20260608 12:48:46.664465 24964 tablet_server.cc:196] TabletServer@127.24.97.2:0 shutdown complete.
W20260608 12:48:46.665727 28868 consensus_peers.cc:597] T 23eee5a2052449f2bd3e9bb35650cdca P 27e29341e9b24299ae3fc15b24d48d18 -> Peer 07f16d8adf48491bab3e3ae531d88a0c (127.24.97.1:34683): Couldn't send request to peer 07f16d8adf48491bab3e3ae531d88a0c. Status: Network error: Client connection negotiation failed: client connection to 127.24.97.1:34683: connect: Connection refused (error 111). This is attempt 1: this message will repeat every 5th retry.
I20260608 12:48:46.675136 24964 tablet_server.cc:179] TabletServer@127.24.97.3:0 shutting down...
I20260608 12:48:46.696028 24964 ts_tablet_manager.cc:1507] Shutting down tablet manager...
I20260608 12:48:46.696767 24964 tablet_replica.cc:333] T 23eee5a2052449f2bd3e9bb35650cdca P 4b6b4f5ef3294d0e93a545dc261b38b3: stopping tablet replica
I20260608 12:48:46.697378 24964 raft_consensus.cc:2243] T 23eee5a2052449f2bd3e9bb35650cdca P 4b6b4f5ef3294d0e93a545dc261b38b3 [term 1 FOLLOWER]: Raft consensus shutting down.
I20260608 12:48:46.697942 24964 raft_consensus.cc:2272] T 23eee5a2052449f2bd3e9bb35650cdca P 4b6b4f5ef3294d0e93a545dc261b38b3 [term 1 FOLLOWER]: Raft consensus is shut down!
I20260608 12:48:46.718015 24964 tablet_server.cc:196] TabletServer@127.24.97.3:0 shutdown complete.
I20260608 12:48:46.729403 24964 tablet_server.cc:179] TabletServer@127.24.97.4:0 shutting down...
I20260608 12:48:46.753000 24964 ts_tablet_manager.cc:1507] Shutting down tablet manager...
I20260608 12:48:46.753713 24964 tablet_replica.cc:333] T 23eee5a2052449f2bd3e9bb35650cdca P 27e29341e9b24299ae3fc15b24d48d18: stopping tablet replica
I20260608 12:48:46.754318 24964 raft_consensus.cc:2243] T 23eee5a2052449f2bd3e9bb35650cdca P 27e29341e9b24299ae3fc15b24d48d18 [term 1 LEADER]: Raft consensus shutting down.
I20260608 12:48:46.755191 24964 raft_consensus.cc:2272] T 23eee5a2052449f2bd3e9bb35650cdca P 27e29341e9b24299ae3fc15b24d48d18 [term 1 FOLLOWER]: Raft consensus is shut down!
I20260608 12:48:46.775682 24964 tablet_server.cc:196] TabletServer@127.24.97.4:0 shutdown complete.
I20260608 12:48:46.786863 24964 master.cc:562] Master@127.24.97.62:45133 shutting down...
I20260608 12:48:46.807274 24964 raft_consensus.cc:2243] T 00000000000000000000000000000000 P fcb7cfc6d98744f0b49e946e74dae795 [term 1 LEADER]: Raft consensus shutting down.
I20260608 12:48:46.808036 24964 raft_consensus.cc:2272] T 00000000000000000000000000000000 P fcb7cfc6d98744f0b49e946e74dae795 [term 1 FOLLOWER]: Raft consensus is shut down!
I20260608 12:48:46.808424 24964 tablet_replica.cc:333] T 00000000000000000000000000000000 P fcb7cfc6d98744f0b49e946e74dae795: stopping tablet replica
I20260608 12:48:46.829030 24964 master.cc:584] Master@127.24.97.62:45133 shutdown complete.
[       OK ] AutoRebalancerTest.NoReplicaMovesIfLocationLoadSkewedByOne (12943 ms)
[ RUN      ] AutoRebalancerTest.NoReplicaMovesIfCannotFixPlacementPolicy
I20260608 12:48:46.867444 24964 internal_mini_cluster.cc:156] Creating distributed mini masters. Addrs: 127.24.97.62:44039
I20260608 12:48:46.868746 24964 file_cache.cc:492] Constructed file cache file cache with capacity 419430
W20260608 12:48:46.876057 28978 instance_detector.cc:116] could not retrieve AWS instance metadata: Network error: curl error: HTTP response code said error: The requested URL returned error: 404
W20260608 12:48:46.876368 28981 instance_detector.cc:116] could not retrieve OpenStack instance metadata: Network error: curl error: HTTP response code said error: The requested URL returned error: 404
W20260608 12:48:46.876609 28979 instance_detector.cc:116] could not retrieve Azure instance metadata: Network error: curl error: HTTP response code said error: The requested URL returned error: 404
I20260608 12:48:46.877082 24964 server_base.cc:1061] running on GCE node
I20260608 12:48:46.878676 24964 hybrid_clock.cc:584] initializing the hybrid clock with 'system_unsync' time source
W20260608 12:48:46.878875 24964 system_unsync_time.cc:38] NTP support is disabled. Clock error bounds will not be accurate. This configuration is not suitable for distributed clusters.
I20260608 12:48:46.879084 24964 hybrid_clock.cc:648] HybridClock initialized: now 1780922926879070 us; error 0 us; skew 500 ppm
I20260608 12:48:46.879822 24964 server_base.cc:861] Flag tcmalloc_max_total_thread_cache_bytes is not working since tcmalloc is not enabled.
I20260608 12:48:46.882616 24964 webserver.cc:533] Webserver started at http://127.24.97.62:40153/ using document root <none> and password file <none>
I20260608 12:48:46.883167 24964 fs_manager.cc:362] Metadata directory not provided
I20260608 12:48:46.883373 24964 fs_manager.cc:368] Using write-ahead log directory (fs_wal_dir) as metadata directory
I20260608 12:48:46.883671 24964 server_base.cc:909] This appears to be a new deployment of Kudu; creating new FS layout
I20260608 12:48:46.884908 24964 fs_manager.cc:1068] Generated new instance metadata in path /tmp/dist-test-taskd5J5HL/test-tmp/auto_rebalancer-test.0.AutoRebalancerTest.NoReplicaMovesIfCannotFixPlacementPolicy.1780922821398698-24964-0/minicluster-data/master-0-root/instance:
uuid: "9f40da80da5c41828666936818a099a7"
format_stamp: "Formatted at 2026-06-08 12:48:46 on dist-test-slave-sxbk"
I20260608 12:48:46.889904 24964 fs_manager.cc:696] Time spent creating directory manager: real 0.004s	user 0.007s	sys 0.000s
I20260608 12:48:46.893567 28986 log_block_manager.cc:4031] Time spent loading block containers with low live blocks: real 0.000s	user 0.000s	sys 0.000s
I20260608 12:48:46.894358 24964 fs_manager.cc:730] Time spent opening block manager: real 0.002s	user 0.003s	sys 0.000s
I20260608 12:48:46.894665 24964 fs_manager.cc:647] Opened local filesystem: /tmp/dist-test-taskd5J5HL/test-tmp/auto_rebalancer-test.0.AutoRebalancerTest.NoReplicaMovesIfCannotFixPlacementPolicy.1780922821398698-24964-0/minicluster-data/master-0-root
uuid: "9f40da80da5c41828666936818a099a7"
format_stamp: "Formatted at 2026-06-08 12:48:46 on dist-test-slave-sxbk"
I20260608 12:48:46.894935 24964 fs_report.cc:389] FS layout report
--------------------
wal directory: /tmp/dist-test-taskd5J5HL/test-tmp/auto_rebalancer-test.0.AutoRebalancerTest.NoReplicaMovesIfCannotFixPlacementPolicy.1780922821398698-24964-0/minicluster-data/master-0-root
metadata directory: /tmp/dist-test-taskd5J5HL/test-tmp/auto_rebalancer-test.0.AutoRebalancerTest.NoReplicaMovesIfCannotFixPlacementPolicy.1780922821398698-24964-0/minicluster-data/master-0-root
1 data directories: /tmp/dist-test-taskd5J5HL/test-tmp/auto_rebalancer-test.0.AutoRebalancerTest.NoReplicaMovesIfCannotFixPlacementPolicy.1780922821398698-24964-0/minicluster-data/master-0-root/data
Total live blocks: 0
Total live bytes: 0
Total live bytes (after alignment): 0
Total number of LBM containers: 0 (0 full)
Did not check for missing blocks
Did not check for orphaned blocks
Total full LBM containers with extra space: 0 (0 repaired)
Total full LBM container extra space in bytes: 0 (0 repaired)
Total incomplete LBM containers: 0 (0 repaired)
Total LBM partial records: 0 (0 repaired)
Total corrupted LBM metadata records in RocksDB: 0 (0 repaired)
I20260608 12:48:46.913776 24964 rpc_server.cc:225] running with OpenSSL 1.1.1  11 Sep 2018
I20260608 12:48:46.915267 24964 kserver.cc:163] Server-wide thread pool size limit: 3276
I20260608 12:48:46.959285 24964 rpc_server.cc:307] RPC server started. Bound to: 127.24.97.62:44039
I20260608 12:48:46.959525 29037 acceptor_pool.cc:272] collecting diagnostics on the listening RPC socket 127.24.97.62:44039 every 8 connection(s)
I20260608 12:48:46.963681 29038 data_dirs.cc:400] Could only allocate 1 dirs of requested 3 for tablet 00000000000000000000000000000000. 1 dirs total, 0 dirs full, 0 dirs failed
I20260608 12:48:46.975360 29038 tablet_bootstrap.cc:492] T 00000000000000000000000000000000 P 9f40da80da5c41828666936818a099a7: Bootstrap starting.
I20260608 12:48:46.980630 29038 tablet_bootstrap.cc:654] T 00000000000000000000000000000000 P 9f40da80da5c41828666936818a099a7: Neither blocks nor log segments found. Creating new log.
I20260608 12:48:46.986438 29038 tablet_bootstrap.cc:492] T 00000000000000000000000000000000 P 9f40da80da5c41828666936818a099a7: No bootstrap required, opened a new log
I20260608 12:48:46.988837 29038 raft_consensus.cc:359] T 00000000000000000000000000000000 P 9f40da80da5c41828666936818a099a7 [term 0 FOLLOWER]: Replica starting. Triggering 0 pending ops. Active config: opid_index: -1 OBSOLETE_local: true peers { permanent_uuid: "9f40da80da5c41828666936818a099a7" member_type: VOTER }
I20260608 12:48:46.989284 29038 raft_consensus.cc:385] T 00000000000000000000000000000000 P 9f40da80da5c41828666936818a099a7 [term 0 FOLLOWER]: Consensus starting up: Expiring failure detector timer to make a prompt election more likely
I20260608 12:48:46.989459 29038 raft_consensus.cc:740] T 00000000000000000000000000000000 P 9f40da80da5c41828666936818a099a7 [term 0 FOLLOWER]: Becoming Follower/Learner. State: Replica: 9f40da80da5c41828666936818a099a7, State: Initialized, Role: FOLLOWER
I20260608 12:48:46.990015 29038 consensus_queue.cc:260] T 00000000000000000000000000000000 P 9f40da80da5c41828666936818a099a7 [NON_LEADER]: Queue going to NON_LEADER mode. State: All replicated index: 0, Majority replicated index: 0, Committed index: 0, Last appended: 0.0, Last appended by leader: 0, Current term: 0, Majority size: -1, State: 0, Mode: NON_LEADER, active raft config: opid_index: -1 OBSOLETE_local: true peers { permanent_uuid: "9f40da80da5c41828666936818a099a7" member_type: VOTER }
I20260608 12:48:46.990566 29038 raft_consensus.cc:399] T 00000000000000000000000000000000 P 9f40da80da5c41828666936818a099a7 [term 0 FOLLOWER]: Only one voter in the Raft config. Triggering election immediately
I20260608 12:48:46.990768 29038 raft_consensus.cc:493] T 00000000000000000000000000000000 P 9f40da80da5c41828666936818a099a7 [term 0 FOLLOWER]: Starting leader election (initial election of a single-replica configuration)
I20260608 12:48:46.990978 29038 raft_consensus.cc:3060] T 00000000000000000000000000000000 P 9f40da80da5c41828666936818a099a7 [term 0 FOLLOWER]: Advancing to term 1
I20260608 12:48:46.997283 29038 raft_consensus.cc:515] T 00000000000000000000000000000000 P 9f40da80da5c41828666936818a099a7 [term 1 FOLLOWER]: Starting leader election with config: opid_index: -1 OBSOLETE_local: true peers { permanent_uuid: "9f40da80da5c41828666936818a099a7" member_type: VOTER }
I20260608 12:48:46.997885 29038 leader_election.cc:304] T 00000000000000000000000000000000 P 9f40da80da5c41828666936818a099a7 [CANDIDATE]: Term 1 election: Election decided. Result: candidate won. Election summary: received 1 responses out of 1 voters: 1 yes votes; 0 no votes. yes voters: 9f40da80da5c41828666936818a099a7; no voters: 
I20260608 12:48:46.999293 29038 leader_election.cc:290] T 00000000000000000000000000000000 P 9f40da80da5c41828666936818a099a7 [CANDIDATE]: Term 1 election: Requested vote from peers 
I20260608 12:48:46.999984 29041 raft_consensus.cc:2804] T 00000000000000000000000000000000 P 9f40da80da5c41828666936818a099a7 [term 1 FOLLOWER]: Leader election won for term 1
I20260608 12:48:47.001742 29041 raft_consensus.cc:697] T 00000000000000000000000000000000 P 9f40da80da5c41828666936818a099a7 [term 1 LEADER]: Becoming Leader. State: Replica: 9f40da80da5c41828666936818a099a7, State: Running, Role: LEADER
I20260608 12:48:47.002609 29038 sys_catalog.cc:565] T 00000000000000000000000000000000 P 9f40da80da5c41828666936818a099a7 [sys.catalog]: configured and running, proceeding with master startup.
I20260608 12:48:47.002780 29041 consensus_queue.cc:237] T 00000000000000000000000000000000 P 9f40da80da5c41828666936818a099a7 [LEADER]: Queue going to LEADER mode. State: All replicated index: 0, Majority replicated index: 0, Committed index: 0, Last appended: 0.0, Last appended by leader: 0, Current term: 1, Majority size: 1, State: 0, Mode: LEADER, active raft config: opid_index: -1 OBSOLETE_local: true peers { permanent_uuid: "9f40da80da5c41828666936818a099a7" member_type: VOTER }
I20260608 12:48:47.006634 29042 sys_catalog.cc:455] T 00000000000000000000000000000000 P 9f40da80da5c41828666936818a099a7 [sys.catalog]: SysCatalogTable state changed. Reason: RaftConsensus started. Latest consensus state: current_term: 1 leader_uuid: "9f40da80da5c41828666936818a099a7" committed_config { opid_index: -1 OBSOLETE_local: true peers { permanent_uuid: "9f40da80da5c41828666936818a099a7" member_type: VOTER } }
I20260608 12:48:47.007442 29042 sys_catalog.cc:458] T 00000000000000000000000000000000 P 9f40da80da5c41828666936818a099a7 [sys.catalog]: This master's current role is: LEADER
I20260608 12:48:47.007344 29043 sys_catalog.cc:455] T 00000000000000000000000000000000 P 9f40da80da5c41828666936818a099a7 [sys.catalog]: SysCatalogTable state changed. Reason: New leader 9f40da80da5c41828666936818a099a7. Latest consensus state: current_term: 1 leader_uuid: "9f40da80da5c41828666936818a099a7" committed_config { opid_index: -1 OBSOLETE_local: true peers { permanent_uuid: "9f40da80da5c41828666936818a099a7" member_type: VOTER } }
I20260608 12:48:47.008358 29043 sys_catalog.cc:458] T 00000000000000000000000000000000 P 9f40da80da5c41828666936818a099a7 [sys.catalog]: This master's current role is: LEADER
I20260608 12:48:47.015132 29048 catalog_manager.cc:1510] Loading table and tablet metadata into memory...
I20260608 12:48:47.020725 29048 catalog_manager.cc:1519] Initializing Kudu cluster ID...
I20260608 12:48:47.022784 24964 internal_mini_cluster.cc:184] Waiting to initialize catalog manager on master 0
I20260608 12:48:47.032179 29048 catalog_manager.cc:1382] Generated new cluster ID: ba1ae17bf154469a85b1e0e070b03c53
I20260608 12:48:47.032526 29048 catalog_manager.cc:1530] Initializing Kudu internal certificate authority...
I20260608 12:48:47.071558 29048 catalog_manager.cc:1405] Generated new certificate authority record
I20260608 12:48:47.072958 29048 catalog_manager.cc:1539] Loading token signing keys...
I20260608 12:48:47.088541 29048 catalog_manager.cc:6069] T 00000000000000000000000000000000 P 9f40da80da5c41828666936818a099a7: Generated new TSK 0
I20260608 12:48:47.089216 29048 catalog_manager.cc:1549] Initializing in-progress tserver states...
I20260608 12:48:47.154069 24964 file_cache.cc:492] Constructed file cache file cache with capacity 419430
W20260608 12:48:47.161764 29059 instance_detector.cc:116] could not retrieve AWS instance metadata: Network error: curl error: HTTP response code said error: The requested URL returned error: 404
W20260608 12:48:47.161767 29060 instance_detector.cc:116] could not retrieve Azure instance metadata: Network error: curl error: HTTP response code said error: The requested URL returned error: 404
I20260608 12:48:47.165189 24964 server_base.cc:1061] running on GCE node
W20260608 12:48:47.165372 29062 instance_detector.cc:116] could not retrieve OpenStack instance metadata: Network error: curl error: HTTP response code said error: The requested URL returned error: 404
I20260608 12:48:47.166684 24964 hybrid_clock.cc:584] initializing the hybrid clock with 'system_unsync' time source
W20260608 12:48:47.166918 24964 system_unsync_time.cc:38] NTP support is disabled. Clock error bounds will not be accurate. This configuration is not suitable for distributed clusters.
I20260608 12:48:47.167060 24964 hybrid_clock.cc:648] HybridClock initialized: now 1780922927167047 us; error 0 us; skew 500 ppm
I20260608 12:48:47.167943 24964 server_base.cc:861] Flag tcmalloc_max_total_thread_cache_bytes is not working since tcmalloc is not enabled.
I20260608 12:48:47.171008 24964 webserver.cc:533] Webserver started at http://127.24.97.1:41901/ using document root <none> and password file <none>
I20260608 12:48:47.171592 24964 fs_manager.cc:362] Metadata directory not provided
I20260608 12:48:47.171777 24964 fs_manager.cc:368] Using write-ahead log directory (fs_wal_dir) as metadata directory
I20260608 12:48:47.172042 24964 server_base.cc:909] This appears to be a new deployment of Kudu; creating new FS layout
I20260608 12:48:47.173200 24964 fs_manager.cc:1068] Generated new instance metadata in path /tmp/dist-test-taskd5J5HL/test-tmp/auto_rebalancer-test.0.AutoRebalancerTest.NoReplicaMovesIfCannotFixPlacementPolicy.1780922821398698-24964-0/minicluster-data/ts-0-root/instance:
uuid: "94a35df9b14b4275a5c3c4efee2888b7"
format_stamp: "Formatted at 2026-06-08 12:48:47 on dist-test-slave-sxbk"
I20260608 12:48:47.178503 24964 fs_manager.cc:696] Time spent creating directory manager: real 0.005s	user 0.004s	sys 0.002s
I20260608 12:48:47.182598 29067 log_block_manager.cc:4031] Time spent loading block containers with low live blocks: real 0.000s	user 0.000s	sys 0.000s
I20260608 12:48:47.183591 24964 fs_manager.cc:730] Time spent opening block manager: real 0.003s	user 0.004s	sys 0.000s
I20260608 12:48:47.183951 24964 fs_manager.cc:647] Opened local filesystem: /tmp/dist-test-taskd5J5HL/test-tmp/auto_rebalancer-test.0.AutoRebalancerTest.NoReplicaMovesIfCannotFixPlacementPolicy.1780922821398698-24964-0/minicluster-data/ts-0-root
uuid: "94a35df9b14b4275a5c3c4efee2888b7"
format_stamp: "Formatted at 2026-06-08 12:48:47 on dist-test-slave-sxbk"
I20260608 12:48:47.184283 24964 fs_report.cc:389] FS layout report
--------------------
wal directory: /tmp/dist-test-taskd5J5HL/test-tmp/auto_rebalancer-test.0.AutoRebalancerTest.NoReplicaMovesIfCannotFixPlacementPolicy.1780922821398698-24964-0/minicluster-data/ts-0-root
metadata directory: /tmp/dist-test-taskd5J5HL/test-tmp/auto_rebalancer-test.0.AutoRebalancerTest.NoReplicaMovesIfCannotFixPlacementPolicy.1780922821398698-24964-0/minicluster-data/ts-0-root
1 data directories: /tmp/dist-test-taskd5J5HL/test-tmp/auto_rebalancer-test.0.AutoRebalancerTest.NoReplicaMovesIfCannotFixPlacementPolicy.1780922821398698-24964-0/minicluster-data/ts-0-root/data
Total live blocks: 0
Total live bytes: 0
Total live bytes (after alignment): 0
Total number of LBM containers: 0 (0 full)
Did not check for missing blocks
Did not check for orphaned blocks
Total full LBM containers with extra space: 0 (0 repaired)
Total full LBM container extra space in bytes: 0 (0 repaired)
Total incomplete LBM containers: 0 (0 repaired)
Total LBM partial records: 0 (0 repaired)
Total corrupted LBM metadata records in RocksDB: 0 (0 repaired)
I20260608 12:48:47.196808 24964 rpc_server.cc:225] running with OpenSSL 1.1.1  11 Sep 2018
I20260608 12:48:47.198469 24964 kserver.cc:163] Server-wide thread pool size limit: 3276
I20260608 12:48:47.200295 24964 txn_system_client.cc:432] TxnSystemClient initialization is disabled...
I20260608 12:48:47.203024 24964 ts_tablet_manager.cc:585] Loaded tablet metadata (0 total tablets, 0 live tablets)
I20260608 12:48:47.203307 24964 ts_tablet_manager.cc:531] Time spent load tablet metadata: real 0.000s	user 0.000s	sys 0.000s
I20260608 12:48:47.203598 24964 ts_tablet_manager.cc:616] Registered 0 tablets
I20260608 12:48:47.203850 24964 ts_tablet_manager.cc:595] Time spent register tablets: real 0.000s	user 0.000s	sys 0.000s
I20260608 12:48:47.258333 24964 rpc_server.cc:307] RPC server started. Bound to: 127.24.97.1:39909
I20260608 12:48:47.258446 29129 acceptor_pool.cc:272] collecting diagnostics on the listening RPC socket 127.24.97.1:39909 every 8 connection(s)
I20260608 12:48:47.264750 24964 file_cache.cc:492] Constructed file cache file cache with capacity 419430
W20260608 12:48:47.272665 29134 instance_detector.cc:116] could not retrieve AWS instance metadata: Network error: curl error: HTTP response code said error: The requested URL returned error: 404
W20260608 12:48:47.274673 29135 instance_detector.cc:116] could not retrieve Azure instance metadata: Network error: curl error: HTTP response code said error: The requested URL returned error: 404
I20260608 12:48:47.276248 24964 server_base.cc:1061] running on GCE node
W20260608 12:48:47.277878 29137 instance_detector.cc:116] could not retrieve OpenStack instance metadata: Network error: curl error: HTTP response code said error: The requested URL returned error: 404
I20260608 12:48:47.279399 24964 hybrid_clock.cc:584] initializing the hybrid clock with 'system_unsync' time source
W20260608 12:48:47.279733 24964 system_unsync_time.cc:38] NTP support is disabled. Clock error bounds will not be accurate. This configuration is not suitable for distributed clusters.
I20260608 12:48:47.279948 24964 hybrid_clock.cc:648] HybridClock initialized: now 1780922927279929 us; error 0 us; skew 500 ppm
I20260608 12:48:47.280856 24964 server_base.cc:861] Flag tcmalloc_max_total_thread_cache_bytes is not working since tcmalloc is not enabled.
I20260608 12:48:47.282106 29130 heartbeater.cc:344] Connected to a master server at 127.24.97.62:44039
I20260608 12:48:47.282594 29130 heartbeater.cc:461] Registering TS with master...
I20260608 12:48:47.283591 29130 heartbeater.cc:507] Master 127.24.97.62:44039 requested a full tablet report, sending...
I20260608 12:48:47.284058 24964 webserver.cc:533] Webserver started at http://127.24.97.2:46129/ using document root <none> and password file <none>
I20260608 12:48:47.284790 24964 fs_manager.cc:362] Metadata directory not provided
I20260608 12:48:47.285009 24964 fs_manager.cc:368] Using write-ahead log directory (fs_wal_dir) as metadata directory
I20260608 12:48:47.285349 24964 server_base.cc:909] This appears to be a new deployment of Kudu; creating new FS layout
I20260608 12:48:47.286819 24964 fs_manager.cc:1068] Generated new instance metadata in path /tmp/dist-test-taskd5J5HL/test-tmp/auto_rebalancer-test.0.AutoRebalancerTest.NoReplicaMovesIfCannotFixPlacementPolicy.1780922821398698-24964-0/minicluster-data/ts-1-root/instance:
uuid: "01bb0a13528749b5880eeefe0e3f3457"
format_stamp: "Formatted at 2026-06-08 12:48:47 on dist-test-slave-sxbk"
I20260608 12:48:47.286736 29003 ts_manager.cc:194] Registered new tserver with Master: 94a35df9b14b4275a5c3c4efee2888b7 (127.24.97.1:39909)
I20260608 12:48:47.289475 29003 master_service.cc:502] Signed X509 certificate for tserver {username='slave'} at 127.0.0.1:42754
I20260608 12:48:47.292855 24964 fs_manager.cc:696] Time spent creating directory manager: real 0.005s	user 0.005s	sys 0.000s
I20260608 12:48:47.297097 29142 log_block_manager.cc:4031] Time spent loading block containers with low live blocks: real 0.000s	user 0.000s	sys 0.000s
I20260608 12:48:47.298359 24964 fs_manager.cc:730] Time spent opening block manager: real 0.003s	user 0.002s	sys 0.000s
I20260608 12:48:47.298789 24964 fs_manager.cc:647] Opened local filesystem: /tmp/dist-test-taskd5J5HL/test-tmp/auto_rebalancer-test.0.AutoRebalancerTest.NoReplicaMovesIfCannotFixPlacementPolicy.1780922821398698-24964-0/minicluster-data/ts-1-root
uuid: "01bb0a13528749b5880eeefe0e3f3457"
format_stamp: "Formatted at 2026-06-08 12:48:47 on dist-test-slave-sxbk"
I20260608 12:48:47.299155 24964 fs_report.cc:389] FS layout report
--------------------
wal directory: /tmp/dist-test-taskd5J5HL/test-tmp/auto_rebalancer-test.0.AutoRebalancerTest.NoReplicaMovesIfCannotFixPlacementPolicy.1780922821398698-24964-0/minicluster-data/ts-1-root
metadata directory: /tmp/dist-test-taskd5J5HL/test-tmp/auto_rebalancer-test.0.AutoRebalancerTest.NoReplicaMovesIfCannotFixPlacementPolicy.1780922821398698-24964-0/minicluster-data/ts-1-root
1 data directories: /tmp/dist-test-taskd5J5HL/test-tmp/auto_rebalancer-test.0.AutoRebalancerTest.NoReplicaMovesIfCannotFixPlacementPolicy.1780922821398698-24964-0/minicluster-data/ts-1-root/data
Total live blocks: 0
Total live bytes: 0
Total live bytes (after alignment): 0
Total number of LBM containers: 0 (0 full)
Did not check for missing blocks
Did not check for orphaned blocks
Total full LBM containers with extra space: 0 (0 repaired)
Total full LBM container extra space in bytes: 0 (0 repaired)
Total incomplete LBM containers: 0 (0 repaired)
Total LBM partial records: 0 (0 repaired)
Total corrupted LBM metadata records in RocksDB: 0 (0 repaired)
I20260608 12:48:47.329665 24964 rpc_server.cc:225] running with OpenSSL 1.1.1  11 Sep 2018
I20260608 12:48:47.330991 24964 kserver.cc:163] Server-wide thread pool size limit: 3276
I20260608 12:48:47.332566 24964 txn_system_client.cc:432] TxnSystemClient initialization is disabled...
I20260608 12:48:47.335234 24964 ts_tablet_manager.cc:585] Loaded tablet metadata (0 total tablets, 0 live tablets)
I20260608 12:48:47.335496 24964 ts_tablet_manager.cc:531] Time spent load tablet metadata: real 0.000s	user 0.000s	sys 0.000s
I20260608 12:48:47.335750 24964 ts_tablet_manager.cc:616] Registered 0 tablets
I20260608 12:48:47.335927 24964 ts_tablet_manager.cc:595] Time spent register tablets: real 0.000s	user 0.000s	sys 0.000s
I20260608 12:48:47.383437 24964 rpc_server.cc:307] RPC server started. Bound to: 127.24.97.2:38809
I20260608 12:48:47.383571 29204 acceptor_pool.cc:272] collecting diagnostics on the listening RPC socket 127.24.97.2:38809 every 8 connection(s)
I20260608 12:48:47.388792 24964 file_cache.cc:492] Constructed file cache file cache with capacity 419430
W20260608 12:48:47.396981 29208 instance_detector.cc:116] could not retrieve AWS instance metadata: Network error: curl error: HTTP response code said error: The requested URL returned error: 404
W20260608 12:48:47.398798 29209 instance_detector.cc:116] could not retrieve Azure instance metadata: Network error: curl error: HTTP response code said error: The requested URL returned error: 404
