W20260608 12:48:24.299052 28041 leader_election.cc:343] T 9a77c025149940c1bc07627282371310 P a69cb9094d7442949b9cac7ece1919f0 [CANDIDATE]: Term 1 election: Tablet error from VoteRequest() call to peer ea14c28aea5548be93aff39e27912ba5 (127.24.97.4:38879): Illegal state: must be running to vote when last-logged opid is not known
I20260608 12:48:24.300644 27925 raft_consensus.cc:2468] T 92dd8a1271a848ff911ddafc9c8b4ca5 P 312911d06f36425b97c919d36ed3b35f [term 1 FOLLOWER]: Leader election vote request: Granting yes vote for candidate ea14c28aea5548be93aff39e27912ba5 in term 1.
I20260608 12:48:24.302177 28200 leader_election.cc:304] T 92dd8a1271a848ff911ddafc9c8b4ca5 P ea14c28aea5548be93aff39e27912ba5 [CANDIDATE]: Term 1 election: Election decided. Result: candidate won. Election summary: received 2 responses out of 3 voters: 2 yes votes; 0 no votes. yes voters: 312911d06f36425b97c919d36ed3b35f, ea14c28aea5548be93aff39e27912ba5; no voters: 
I20260608 12:48:24.303602 28320 raft_consensus.cc:2804] T 92dd8a1271a848ff911ddafc9c8b4ca5 P ea14c28aea5548be93aff39e27912ba5 [term 1 FOLLOWER]: Leader election won for term 1
I20260608 12:48:24.304231 28320 raft_consensus.cc:697] T 92dd8a1271a848ff911ddafc9c8b4ca5 P ea14c28aea5548be93aff39e27912ba5 [term 1 LEADER]: Becoming Leader. State: Replica: ea14c28aea5548be93aff39e27912ba5, State: Running, Role: LEADER
I20260608 12:48:24.305205 28320 consensus_queue.cc:237] T 92dd8a1271a848ff911ddafc9c8b4ca5 P ea14c28aea5548be93aff39e27912ba5 [LEADER]: Queue going to LEADER mode. State: All replicated index: 0, Majority replicated index: 0, Committed index: 0, Last appended: 0.0, Last appended by leader: 0, Current term: 1, Majority size: 2, State: 0, Mode: LEADER, active raft config: opid_index: -1 OBSOLETE_local: false peers { permanent_uuid: "312911d06f36425b97c919d36ed3b35f" member_type: VOTER last_known_addr { host: "127.24.97.1" port: 36939 } } peers { permanent_uuid: "ea14c28aea5548be93aff39e27912ba5" member_type: VOTER last_known_addr { host: "127.24.97.4" port: 38879 } } peers { permanent_uuid: "a69cb9094d7442949b9cac7ece1919f0" member_type: VOTER last_known_addr { host: "127.24.97.3" port: 35215 } }
I20260608 12:48:24.308916 28001 raft_consensus.cc:2468] T 9a77c025149940c1bc07627282371310 P b2121023ae344c24be74484bc93d7b6b [term 1 FOLLOWER]: Leader election vote request: Granting yes vote for candidate a69cb9094d7442949b9cac7ece1919f0 in term 1.
I20260608 12:48:24.312570 28041 leader_election.cc:304] T 9a77c025149940c1bc07627282371310 P a69cb9094d7442949b9cac7ece1919f0 [CANDIDATE]: Term 1 election: Election decided. Result: candidate won. Election summary: received 3 responses out of 3 voters: 2 yes votes; 1 no votes. yes voters: a69cb9094d7442949b9cac7ece1919f0, b2121023ae344c24be74484bc93d7b6b; no voters: ea14c28aea5548be93aff39e27912ba5
I20260608 12:48:24.313341 28126 raft_consensus.cc:2804] T 9a77c025149940c1bc07627282371310 P a69cb9094d7442949b9cac7ece1919f0 [term 1 FOLLOWER]: Leader election won for term 1
I20260608 12:48:24.311187 28075 raft_consensus.cc:2468] T 92dd8a1271a848ff911ddafc9c8b4ca5 P a69cb9094d7442949b9cac7ece1919f0 [term 1 FOLLOWER]: Leader election vote request: Granting yes vote for candidate ea14c28aea5548be93aff39e27912ba5 in term 1.
I20260608 12:48:24.314078 28126 raft_consensus.cc:697] T 9a77c025149940c1bc07627282371310 P a69cb9094d7442949b9cac7ece1919f0 [term 1 LEADER]: Becoming Leader. State: Replica: a69cb9094d7442949b9cac7ece1919f0, State: Running, Role: LEADER
I20260608 12:48:24.318898 28126 consensus_queue.cc:237] T 9a77c025149940c1bc07627282371310 P a69cb9094d7442949b9cac7ece1919f0 [LEADER]: Queue going to LEADER mode. State: All replicated index: 0, Majority replicated index: 0, Committed index: 0, Last appended: 0.0, Last appended by leader: 0, Current term: 1, Majority size: 2, State: 0, Mode: LEADER, active raft config: opid_index: -1 OBSOLETE_local: false peers { permanent_uuid: "ea14c28aea5548be93aff39e27912ba5" member_type: VOTER last_known_addr { host: "127.24.97.4" port: 38879 } } peers { permanent_uuid: "b2121023ae344c24be74484bc93d7b6b" member_type: VOTER last_known_addr { host: "127.24.97.2" port: 43217 } } peers { permanent_uuid: "a69cb9094d7442949b9cac7ece1919f0" member_type: VOTER last_known_addr { host: "127.24.97.3" port: 35215 } }
I20260608 12:48:24.328101 28277 tablet_bootstrap.cc:654] T 8aaaa14c30a84c40b2cf94f11fffdf03 P ea14c28aea5548be93aff39e27912ba5: Neither blocks nor log segments found. Creating new log.
I20260608 12:48:24.335646 28277 tablet_bootstrap.cc:492] T 8aaaa14c30a84c40b2cf94f11fffdf03 P ea14c28aea5548be93aff39e27912ba5: No bootstrap required, opened a new log
I20260608 12:48:24.336351 28277 ts_tablet_manager.cc:1403] T 8aaaa14c30a84c40b2cf94f11fffdf03 P ea14c28aea5548be93aff39e27912ba5: Time spent bootstrapping tablet: real 0.049s	user 0.013s	sys 0.003s
I20260608 12:48:24.340178 28277 raft_consensus.cc:359] T 8aaaa14c30a84c40b2cf94f11fffdf03 P ea14c28aea5548be93aff39e27912ba5 [term 0 FOLLOWER]: Replica starting. Triggering 0 pending ops. Active config: opid_index: -1 OBSOLETE_local: false peers { permanent_uuid: "a69cb9094d7442949b9cac7ece1919f0" member_type: VOTER last_known_addr { host: "127.24.97.3" port: 35215 } } peers { permanent_uuid: "ea14c28aea5548be93aff39e27912ba5" member_type: VOTER last_known_addr { host: "127.24.97.4" port: 38879 } } peers { permanent_uuid: "312911d06f36425b97c919d36ed3b35f" member_type: VOTER last_known_addr { host: "127.24.97.1" port: 36939 } }
I20260608 12:48:24.341091 28277 raft_consensus.cc:385] T 8aaaa14c30a84c40b2cf94f11fffdf03 P ea14c28aea5548be93aff39e27912ba5 [term 0 FOLLOWER]: Consensus starting up: Expiring failure detector timer to make a prompt election more likely
I20260608 12:48:24.341490 28277 raft_consensus.cc:740] T 8aaaa14c30a84c40b2cf94f11fffdf03 P ea14c28aea5548be93aff39e27912ba5 [term 0 FOLLOWER]: Becoming Follower/Learner. State: Replica: ea14c28aea5548be93aff39e27912ba5, State: Initialized, Role: FOLLOWER
I20260608 12:48:24.342514 28277 consensus_queue.cc:260] T 8aaaa14c30a84c40b2cf94f11fffdf03 P ea14c28aea5548be93aff39e27912ba5 [NON_LEADER]: Queue going to NON_LEADER mode. State: All replicated index: 0, Majority replicated index: 0, Committed index: 0, Last appended: 0.0, Last appended by leader: 0, Current term: 0, Majority size: -1, State: 0, Mode: NON_LEADER, active raft config: opid_index: -1 OBSOLETE_local: false peers { permanent_uuid: "a69cb9094d7442949b9cac7ece1919f0" member_type: VOTER last_known_addr { host: "127.24.97.3" port: 35215 } } peers { permanent_uuid: "ea14c28aea5548be93aff39e27912ba5" member_type: VOTER last_known_addr { host: "127.24.97.4" port: 38879 } } peers { permanent_uuid: "312911d06f36425b97c919d36ed3b35f" member_type: VOTER last_known_addr { host: "127.24.97.1" port: 36939 } }
I20260608 12:48:24.346139 28277 ts_tablet_manager.cc:1434] T 8aaaa14c30a84c40b2cf94f11fffdf03 P ea14c28aea5548be93aff39e27912ba5: Time spent starting tablet: real 0.009s	user 0.011s	sys 0.000s
I20260608 12:48:24.347357 28277 tablet_bootstrap.cc:492] T 9a77c025149940c1bc07627282371310 P ea14c28aea5548be93aff39e27912ba5: Bootstrap starting.
I20260608 12:48:24.347015 27823 catalog_manager.cc:5696] T 93d7f4dbdaa4427b8c20496ef75ac5e9 P ea14c28aea5548be93aff39e27912ba5 reported cstate change: term changed from 0 to 1, leader changed from <none> to ea14c28aea5548be93aff39e27912ba5 (127.24.97.4). New cstate: current_term: 1 leader_uuid: "ea14c28aea5548be93aff39e27912ba5" committed_config { opid_index: -1 OBSOLETE_local: false peers { permanent_uuid: "ea14c28aea5548be93aff39e27912ba5" member_type: VOTER last_known_addr { host: "127.24.97.4" port: 38879 } health_report { overall_health: HEALTHY } } peers { permanent_uuid: "b2121023ae344c24be74484bc93d7b6b" member_type: VOTER last_known_addr { host: "127.24.97.2" port: 43217 } health_report { overall_health: UNKNOWN } } peers { permanent_uuid: "a69cb9094d7442949b9cac7ece1919f0" member_type: VOTER last_known_addr { host: "127.24.97.3" port: 35215 } health_report { overall_health: UNKNOWN } } }
I20260608 12:48:24.355003 28277 tablet_bootstrap.cc:654] T 9a77c025149940c1bc07627282371310 P ea14c28aea5548be93aff39e27912ba5: Neither blocks nor log segments found. Creating new log.
I20260608 12:48:24.362104 28277 tablet_bootstrap.cc:492] T 9a77c025149940c1bc07627282371310 P ea14c28aea5548be93aff39e27912ba5: No bootstrap required, opened a new log
I20260608 12:48:24.362700 28277 ts_tablet_manager.cc:1403] T 9a77c025149940c1bc07627282371310 P ea14c28aea5548be93aff39e27912ba5: Time spent bootstrapping tablet: real 0.016s	user 0.009s	sys 0.005s
I20260608 12:48:24.364331 27825 catalog_manager.cc:5696] T 58d892fbeb18405a8035117b785e72c0 P b2121023ae344c24be74484bc93d7b6b reported cstate change: term changed from 0 to 1, leader changed from <none> to b2121023ae344c24be74484bc93d7b6b (127.24.97.2). New cstate: current_term: 1 leader_uuid: "b2121023ae344c24be74484bc93d7b6b" committed_config { opid_index: -1 OBSOLETE_local: false peers { permanent_uuid: "ea14c28aea5548be93aff39e27912ba5" member_type: VOTER last_known_addr { host: "127.24.97.4" port: 38879 } health_report { overall_health: UNKNOWN } } peers { permanent_uuid: "312911d06f36425b97c919d36ed3b35f" member_type: VOTER last_known_addr { host: "127.24.97.1" port: 36939 } health_report { overall_health: UNKNOWN } } peers { permanent_uuid: "b2121023ae344c24be74484bc93d7b6b" member_type: VOTER last_known_addr { host: "127.24.97.2" port: 43217 } health_report { overall_health: HEALTHY } } }
I20260608 12:48:24.366073 28277 raft_consensus.cc:359] T 9a77c025149940c1bc07627282371310 P ea14c28aea5548be93aff39e27912ba5 [term 0 FOLLOWER]: Replica starting. Triggering 0 pending ops. Active config: opid_index: -1 OBSOLETE_local: false peers { permanent_uuid: "ea14c28aea5548be93aff39e27912ba5" member_type: VOTER last_known_addr { host: "127.24.97.4" port: 38879 } } peers { permanent_uuid: "b2121023ae344c24be74484bc93d7b6b" member_type: VOTER last_known_addr { host: "127.24.97.2" port: 43217 } } peers { permanent_uuid: "a69cb9094d7442949b9cac7ece1919f0" member_type: VOTER last_known_addr { host: "127.24.97.3" port: 35215 } }
I20260608 12:48:24.366804 28277 raft_consensus.cc:385] T 9a77c025149940c1bc07627282371310 P ea14c28aea5548be93aff39e27912ba5 [term 0 FOLLOWER]: Consensus starting up: Expiring failure detector timer to make a prompt election more likely
I20260608 12:48:24.367134 28277 raft_consensus.cc:740] T 9a77c025149940c1bc07627282371310 P ea14c28aea5548be93aff39e27912ba5 [term 0 FOLLOWER]: Becoming Follower/Learner. State: Replica: ea14c28aea5548be93aff39e27912ba5, State: Initialized, Role: FOLLOWER
I20260608 12:48:24.368046 28277 consensus_queue.cc:260] T 9a77c025149940c1bc07627282371310 P ea14c28aea5548be93aff39e27912ba5 [NON_LEADER]: Queue going to NON_LEADER mode. State: All replicated index: 0, Majority replicated index: 0, Committed index: 0, Last appended: 0.0, Last appended by leader: 0, Current term: 0, Majority size: -1, State: 0, Mode: NON_LEADER, active raft config: opid_index: -1 OBSOLETE_local: false peers { permanent_uuid: "ea14c28aea5548be93aff39e27912ba5" member_type: VOTER last_known_addr { host: "127.24.97.4" port: 38879 } } peers { permanent_uuid: "b2121023ae344c24be74484bc93d7b6b" member_type: VOTER last_known_addr { host: "127.24.97.2" port: 43217 } } peers { permanent_uuid: "a69cb9094d7442949b9cac7ece1919f0" member_type: VOTER last_known_addr { host: "127.24.97.3" port: 35215 } }
I20260608 12:48:24.370577 28277 ts_tablet_manager.cc:1434] T 9a77c025149940c1bc07627282371310 P ea14c28aea5548be93aff39e27912ba5: Time spent starting tablet: real 0.008s	user 0.008s	sys 0.000s
I20260608 12:48:24.370944 28240 raft_consensus.cc:3060] T 588c7123b9824c448514b24293d93a7a P ea14c28aea5548be93aff39e27912ba5 [term 0 FOLLOWER]: Advancing to term 1
I20260608 12:48:24.371341 28277 tablet_bootstrap.cc:492] T 58d892fbeb18405a8035117b785e72c0 P ea14c28aea5548be93aff39e27912ba5: Bootstrap starting.
I20260608 12:48:24.379170 28277 tablet_bootstrap.cc:654] T 58d892fbeb18405a8035117b785e72c0 P ea14c28aea5548be93aff39e27912ba5: Neither blocks nor log segments found. Creating new log.
I20260608 12:48:24.382668 28126 consensus_queue.cc:1048] T 588c7123b9824c448514b24293d93a7a P a69cb9094d7442949b9cac7ece1919f0 [LEADER]: Connected to new peer: Peer: permanent_uuid: "ea14c28aea5548be93aff39e27912ba5" member_type: VOTER last_known_addr { host: "127.24.97.4" port: 38879 }, Status: LMP_MISMATCH, Last received: 0.0, Next index: 1, Last known committed idx: 0, Time since last communication: 0.000s
I20260608 12:48:24.384255 28126 raft_consensus.cc:493] T 93d7f4dbdaa4427b8c20496ef75ac5e9 P a69cb9094d7442949b9cac7ece1919f0 [term 0 FOLLOWER]: Starting pre-election (no leader contacted us within the election timeout)
I20260608 12:48:24.384778 28126 raft_consensus.cc:515] T 93d7f4dbdaa4427b8c20496ef75ac5e9 P a69cb9094d7442949b9cac7ece1919f0 [term 0 FOLLOWER]: Starting pre-election with config: opid_index: -1 OBSOLETE_local: false peers { permanent_uuid: "ea14c28aea5548be93aff39e27912ba5" member_type: VOTER last_known_addr { host: "127.24.97.4" port: 38879 } } peers { permanent_uuid: "b2121023ae344c24be74484bc93d7b6b" member_type: VOTER last_known_addr { host: "127.24.97.2" port: 43217 } } peers { permanent_uuid: "a69cb9094d7442949b9cac7ece1919f0" member_type: VOTER last_known_addr { host: "127.24.97.3" port: 35215 } }
I20260608 12:48:24.384006 27822 catalog_manager.cc:5696] T 588c7123b9824c448514b24293d93a7a P a69cb9094d7442949b9cac7ece1919f0 reported cstate change: term changed from 0 to 1, leader changed from <none> to a69cb9094d7442949b9cac7ece1919f0 (127.24.97.3). New cstate: current_term: 1 leader_uuid: "a69cb9094d7442949b9cac7ece1919f0" committed_config { opid_index: -1 OBSOLETE_local: false peers { permanent_uuid: "ea14c28aea5548be93aff39e27912ba5" member_type: VOTER last_known_addr { host: "127.24.97.4" port: 38879 } health_report { overall_health: UNKNOWN } } peers { permanent_uuid: "312911d06f36425b97c919d36ed3b35f" member_type: VOTER last_known_addr { host: "127.24.97.1" port: 36939 } health_report { overall_health: UNKNOWN } } peers { permanent_uuid: "a69cb9094d7442949b9cac7ece1919f0" member_type: VOTER last_known_addr { host: "127.24.97.3" port: 35215 } health_report { overall_health: HEALTHY } } }
I20260608 12:48:24.390877 28126 leader_election.cc:290] T 93d7f4dbdaa4427b8c20496ef75ac5e9 P a69cb9094d7442949b9cac7ece1919f0 [CANDIDATE]: Term 1 pre-election: Requested pre-vote from peers ea14c28aea5548be93aff39e27912ba5 (127.24.97.4:38879), b2121023ae344c24be74484bc93d7b6b (127.24.97.2:43217)
I20260608 12:48:24.393039 28001 tablet_service.cc:1917] Received RequestConsensusVote() RPC: tablet_id: "93d7f4dbdaa4427b8c20496ef75ac5e9" candidate_uuid: "a69cb9094d7442949b9cac7ece1919f0" candidate_term: 1 candidate_status { last_received { term: 0 index: 0 } } ignore_live_leader: false dest_uuid: "b2121023ae344c24be74484bc93d7b6b" is_pre_election: true
I20260608 12:48:24.393929 28001 raft_consensus.cc:2393] T 93d7f4dbdaa4427b8c20496ef75ac5e9 P b2121023ae344c24be74484bc93d7b6b [term 1 FOLLOWER]: Leader pre-election vote request: Denying vote to candidate a69cb9094d7442949b9cac7ece1919f0 in current term 1: Already voted for candidate ea14c28aea5548be93aff39e27912ba5 in this term.
I20260608 12:48:24.396157 28238 tablet_service.cc:1917] Received RequestConsensusVote() RPC: tablet_id: "93d7f4dbdaa4427b8c20496ef75ac5e9" candidate_uuid: "a69cb9094d7442949b9cac7ece1919f0" candidate_term: 1 candidate_status { last_received { term: 0 index: 0 } } ignore_live_leader: false dest_uuid: "ea14c28aea5548be93aff39e27912ba5" is_pre_election: true
I20260608 12:48:24.399075 28041 leader_election.cc:304] T 93d7f4dbdaa4427b8c20496ef75ac5e9 P a69cb9094d7442949b9cac7ece1919f0 [CANDIDATE]: Term 1 pre-election: Election decided. Result: candidate lost. Election summary: received 3 responses out of 3 voters: 1 yes votes; 2 no votes. yes voters: a69cb9094d7442949b9cac7ece1919f0; no voters: b2121023ae344c24be74484bc93d7b6b, ea14c28aea5548be93aff39e27912ba5
I20260608 12:48:24.399686 28277 tablet_bootstrap.cc:492] T 58d892fbeb18405a8035117b785e72c0 P ea14c28aea5548be93aff39e27912ba5: No bootstrap required, opened a new log
I20260608 12:48:24.400269 28277 ts_tablet_manager.cc:1403] T 58d892fbeb18405a8035117b785e72c0 P ea14c28aea5548be93aff39e27912ba5: Time spent bootstrapping tablet: real 0.029s	user 0.010s	sys 0.015s
I20260608 12:48:24.400354 28126 raft_consensus.cc:3060] T 93d7f4dbdaa4427b8c20496ef75ac5e9 P a69cb9094d7442949b9cac7ece1919f0 [term 0 FOLLOWER]: Advancing to term 1
I20260608 12:48:24.403740 28277 raft_consensus.cc:359] T 58d892fbeb18405a8035117b785e72c0 P ea14c28aea5548be93aff39e27912ba5 [term 0 FOLLOWER]: Replica starting. Triggering 0 pending ops. Active config: opid_index: -1 OBSOLETE_local: false peers { permanent_uuid: "ea14c28aea5548be93aff39e27912ba5" member_type: VOTER last_known_addr { host: "127.24.97.4" port: 38879 } } peers { permanent_uuid: "312911d06f36425b97c919d36ed3b35f" member_type: VOTER last_known_addr { host: "127.24.97.1" port: 36939 } } peers { permanent_uuid: "b2121023ae344c24be74484bc93d7b6b" member_type: VOTER last_known_addr { host: "127.24.97.2" port: 43217 } }
I20260608 12:48:24.404536 28277 raft_consensus.cc:385] T 58d892fbeb18405a8035117b785e72c0 P ea14c28aea5548be93aff39e27912ba5 [term 0 FOLLOWER]: Consensus starting up: Expiring failure detector timer to make a prompt election more likely
I20260608 12:48:24.404872 28277 raft_consensus.cc:740] T 58d892fbeb18405a8035117b785e72c0 P ea14c28aea5548be93aff39e27912ba5 [term 0 FOLLOWER]: Becoming Follower/Learner. State: Replica: ea14c28aea5548be93aff39e27912ba5, State: Initialized, Role: FOLLOWER
I20260608 12:48:24.405707 28277 consensus_queue.cc:260] T 58d892fbeb18405a8035117b785e72c0 P ea14c28aea5548be93aff39e27912ba5 [NON_LEADER]: Queue going to NON_LEADER mode. State: All replicated index: 0, Majority replicated index: 0, Committed index: 0, Last appended: 0.0, Last appended by leader: 0, Current term: 0, Majority size: -1, State: 0, Mode: NON_LEADER, active raft config: opid_index: -1 OBSOLETE_local: false peers { permanent_uuid: "ea14c28aea5548be93aff39e27912ba5" member_type: VOTER last_known_addr { host: "127.24.97.4" port: 38879 } } peers { permanent_uuid: "312911d06f36425b97c919d36ed3b35f" member_type: VOTER last_known_addr { host: "127.24.97.1" port: 36939 } } peers { permanent_uuid: "b2121023ae344c24be74484bc93d7b6b" member_type: VOTER last_known_addr { host: "127.24.97.2" port: 43217 } }
I20260608 12:48:24.408567 28277 ts_tablet_manager.cc:1434] T 58d892fbeb18405a8035117b785e72c0 P ea14c28aea5548be93aff39e27912ba5: Time spent starting tablet: real 0.008s	user 0.006s	sys 0.000s
I20260608 12:48:24.409610 28277 tablet_bootstrap.cc:492] T 73be358f1dc64e7ab30b6a7b1bd43521 P ea14c28aea5548be93aff39e27912ba5: Bootstrap starting.
I20260608 12:48:24.414949 27823 catalog_manager.cc:5696] T 92dd8a1271a848ff911ddafc9c8b4ca5 P ea14c28aea5548be93aff39e27912ba5 reported cstate change: term changed from 0 to 1, leader changed from <none> to ea14c28aea5548be93aff39e27912ba5 (127.24.97.4). New cstate: current_term: 1 leader_uuid: "ea14c28aea5548be93aff39e27912ba5" committed_config { opid_index: -1 OBSOLETE_local: false peers { permanent_uuid: "312911d06f36425b97c919d36ed3b35f" member_type: VOTER last_known_addr { host: "127.24.97.1" port: 36939 } health_report { overall_health: UNKNOWN } } peers { permanent_uuid: "ea14c28aea5548be93aff39e27912ba5" member_type: VOTER last_known_addr { host: "127.24.97.4" port: 38879 } health_report { overall_health: HEALTHY } } peers { permanent_uuid: "a69cb9094d7442949b9cac7ece1919f0" member_type: VOTER last_known_addr { host: "127.24.97.3" port: 35215 } health_report { overall_health: UNKNOWN } } }
I20260608 12:48:24.416640 28277 tablet_bootstrap.cc:654] T 73be358f1dc64e7ab30b6a7b1bd43521 P ea14c28aea5548be93aff39e27912ba5: Neither blocks nor log segments found. Creating new log.
I20260608 12:48:24.420567 28126 raft_consensus.cc:2749] T 93d7f4dbdaa4427b8c20496ef75ac5e9 P a69cb9094d7442949b9cac7ece1919f0 [term 1 FOLLOWER]: Leader pre-election lost for term 1. Reason: could not achieve majority
I20260608 12:48:24.429819 27825 catalog_manager.cc:5696] T 9a77c025149940c1bc07627282371310 P a69cb9094d7442949b9cac7ece1919f0 reported cstate change: term changed from 0 to 1, leader changed from <none> to a69cb9094d7442949b9cac7ece1919f0 (127.24.97.3). New cstate: current_term: 1 leader_uuid: "a69cb9094d7442949b9cac7ece1919f0" committed_config { opid_index: -1 OBSOLETE_local: false peers { permanent_uuid: "ea14c28aea5548be93aff39e27912ba5" member_type: VOTER last_known_addr { host: "127.24.97.4" port: 38879 } health_report { overall_health: UNKNOWN } } peers { permanent_uuid: "b2121023ae344c24be74484bc93d7b6b" member_type: VOTER last_known_addr { host: "127.24.97.2" port: 43217 } health_report { overall_health: UNKNOWN } } peers { permanent_uuid: "a69cb9094d7442949b9cac7ece1919f0" member_type: VOTER last_known_addr { host: "127.24.97.3" port: 35215 } health_report { overall_health: HEALTHY } } }
I20260608 12:48:24.432164 27825 catalog_manager.cc:5696] T 8aaaa14c30a84c40b2cf94f11fffdf03 P a69cb9094d7442949b9cac7ece1919f0 reported cstate change: term changed from 0 to 1, leader changed from <none> to a69cb9094d7442949b9cac7ece1919f0 (127.24.97.3). New cstate: current_term: 1 leader_uuid: "a69cb9094d7442949b9cac7ece1919f0" committed_config { opid_index: -1 OBSOLETE_local: false peers { permanent_uuid: "a69cb9094d7442949b9cac7ece1919f0" member_type: VOTER last_known_addr { host: "127.24.97.3" port: 35215 } health_report { overall_health: HEALTHY } } peers { permanent_uuid: "ea14c28aea5548be93aff39e27912ba5" member_type: VOTER last_known_addr { host: "127.24.97.4" port: 38879 } health_report { overall_health: UNKNOWN } } peers { permanent_uuid: "312911d06f36425b97c919d36ed3b35f" member_type: VOTER last_known_addr { host: "127.24.97.1" port: 36939 } health_report { overall_health: UNKNOWN } } }
W20260608 12:48:24.446748 27892 consensus_peers.cc:597] T 73be358f1dc64e7ab30b6a7b1bd43521 P 312911d06f36425b97c919d36ed3b35f -> Peer ea14c28aea5548be93aff39e27912ba5 (127.24.97.4:38879): Couldn't send request to peer ea14c28aea5548be93aff39e27912ba5. Error code: TABLET_NOT_RUNNING (12). Status: Illegal state: Tablet not RUNNING: BOOTSTRAPPING. This is attempt 1: this message will repeat every 5th retry.
I20260608 12:48:24.471683 28298 consensus_queue.cc:1048] T 588c7123b9824c448514b24293d93a7a P a69cb9094d7442949b9cac7ece1919f0 [LEADER]: Connected to new peer: Peer: permanent_uuid: "312911d06f36425b97c919d36ed3b35f" member_type: VOTER last_known_addr { host: "127.24.97.1" port: 36939 }, Status: LMP_MISMATCH, Last received: 0.0, Next index: 1, Last known committed idx: 0, Time since last communication: 0.001s
I20260608 12:48:24.473176 28320 raft_consensus.cc:493] T 9a77c025149940c1bc07627282371310 P ea14c28aea5548be93aff39e27912ba5 [term 0 FOLLOWER]: Starting pre-election (no leader contacted us within the election timeout)
I20260608 12:48:24.473707 28320 raft_consensus.cc:515] T 9a77c025149940c1bc07627282371310 P ea14c28aea5548be93aff39e27912ba5 [term 0 FOLLOWER]: Starting pre-election with config: opid_index: -1 OBSOLETE_local: false peers { permanent_uuid: "ea14c28aea5548be93aff39e27912ba5" member_type: VOTER last_known_addr { host: "127.24.97.4" port: 38879 } } peers { permanent_uuid: "b2121023ae344c24be74484bc93d7b6b" member_type: VOTER last_known_addr { host: "127.24.97.2" port: 43217 } } peers { permanent_uuid: "a69cb9094d7442949b9cac7ece1919f0" member_type: VOTER last_known_addr { host: "127.24.97.3" port: 35215 } }
I20260608 12:48:24.475987 28320 leader_election.cc:290] T 9a77c025149940c1bc07627282371310 P ea14c28aea5548be93aff39e27912ba5 [CANDIDATE]: Term 1 pre-election: Requested pre-vote from peers b2121023ae344c24be74484bc93d7b6b (127.24.97.2:43217), a69cb9094d7442949b9cac7ece1919f0 (127.24.97.3:35215)
I20260608 12:48:24.477746 28075 tablet_service.cc:1917] Received RequestConsensusVote() RPC: tablet_id: "9a77c025149940c1bc07627282371310" candidate_uuid: "ea14c28aea5548be93aff39e27912ba5" candidate_term: 1 candidate_status { last_received { term: 0 index: 0 } } ignore_live_leader: false dest_uuid: "a69cb9094d7442949b9cac7ece1919f0" is_pre_election: true
I20260608 12:48:24.478668 28001 tablet_service.cc:1917] Received RequestConsensusVote() RPC: tablet_id: "9a77c025149940c1bc07627282371310" candidate_uuid: "ea14c28aea5548be93aff39e27912ba5" candidate_term: 1 candidate_status { last_received { term: 0 index: 0 } } ignore_live_leader: false dest_uuid: "b2121023ae344c24be74484bc93d7b6b" is_pre_election: true
I20260608 12:48:24.479475 28001 raft_consensus.cc:2393] T 9a77c025149940c1bc07627282371310 P b2121023ae344c24be74484bc93d7b6b [term 1 FOLLOWER]: Leader pre-election vote request: Denying vote to candidate ea14c28aea5548be93aff39e27912ba5 in current term 1: Already voted for candidate a69cb9094d7442949b9cac7ece1919f0 in this term.
I20260608 12:48:24.480755 28201 leader_election.cc:304] T 9a77c025149940c1bc07627282371310 P ea14c28aea5548be93aff39e27912ba5 [CANDIDATE]: Term 1 pre-election: Election decided. Result: candidate lost. Election summary: received 3 responses out of 3 voters: 1 yes votes; 2 no votes. yes voters: ea14c28aea5548be93aff39e27912ba5; no voters: a69cb9094d7442949b9cac7ece1919f0, b2121023ae344c24be74484bc93d7b6b
I20260608 12:48:24.482949 28320 raft_consensus.cc:3060] T 9a77c025149940c1bc07627282371310 P ea14c28aea5548be93aff39e27912ba5 [term 0 FOLLOWER]: Advancing to term 1
I20260608 12:48:24.492755 28320 raft_consensus.cc:2749] T 9a77c025149940c1bc07627282371310 P ea14c28aea5548be93aff39e27912ba5 [term 1 FOLLOWER]: Leader pre-election lost for term 1. Reason: could not achieve majority
I20260608 12:48:24.500555 28277 tablet_bootstrap.cc:492] T 73be358f1dc64e7ab30b6a7b1bd43521 P ea14c28aea5548be93aff39e27912ba5: No bootstrap required, opened a new log
I20260608 12:48:24.504956 28277 ts_tablet_manager.cc:1403] T 73be358f1dc64e7ab30b6a7b1bd43521 P ea14c28aea5548be93aff39e27912ba5: Time spent bootstrapping tablet: real 0.096s	user 0.058s	sys 0.028s
I20260608 12:48:24.508497 28277 raft_consensus.cc:359] T 73be358f1dc64e7ab30b6a7b1bd43521 P ea14c28aea5548be93aff39e27912ba5 [term 0 FOLLOWER]: Replica starting. Triggering 0 pending ops. Active config: opid_index: -1 OBSOLETE_local: false peers { permanent_uuid: "312911d06f36425b97c919d36ed3b35f" member_type: VOTER last_known_addr { host: "127.24.97.1" port: 36939 } } peers { permanent_uuid: "ea14c28aea5548be93aff39e27912ba5" member_type: VOTER last_known_addr { host: "127.24.97.4" port: 38879 } } peers { permanent_uuid: "b2121023ae344c24be74484bc93d7b6b" member_type: VOTER last_known_addr { host: "127.24.97.2" port: 43217 } }
I20260608 12:48:24.509408 28277 raft_consensus.cc:385] T 73be358f1dc64e7ab30b6a7b1bd43521 P ea14c28aea5548be93aff39e27912ba5 [term 0 FOLLOWER]: Consensus starting up: Expiring failure detector timer to make a prompt election more likely
I20260608 12:48:24.509768 28277 raft_consensus.cc:740] T 73be358f1dc64e7ab30b6a7b1bd43521 P ea14c28aea5548be93aff39e27912ba5 [term 0 FOLLOWER]: Becoming Follower/Learner. State: Replica: ea14c28aea5548be93aff39e27912ba5, State: Initialized, Role: FOLLOWER
I20260608 12:48:24.510895 28277 consensus_queue.cc:260] T 73be358f1dc64e7ab30b6a7b1bd43521 P ea14c28aea5548be93aff39e27912ba5 [NON_LEADER]: Queue going to NON_LEADER mode. State: All replicated index: 0, Majority replicated index: 0, Committed index: 0, Last appended: 0.0, Last appended by leader: 0, Current term: 0, Majority size: -1, State: 0, Mode: NON_LEADER, active raft config: opid_index: -1 OBSOLETE_local: false peers { permanent_uuid: "312911d06f36425b97c919d36ed3b35f" member_type: VOTER last_known_addr { host: "127.24.97.1" port: 36939 } } peers { permanent_uuid: "ea14c28aea5548be93aff39e27912ba5" member_type: VOTER last_known_addr { host: "127.24.97.4" port: 38879 } } peers { permanent_uuid: "b2121023ae344c24be74484bc93d7b6b" member_type: VOTER last_known_addr { host: "127.24.97.2" port: 43217 } }
I20260608 12:48:24.514547 28277 ts_tablet_manager.cc:1434] T 73be358f1dc64e7ab30b6a7b1bd43521 P ea14c28aea5548be93aff39e27912ba5: Time spent starting tablet: real 0.009s	user 0.008s	sys 0.000s
I20260608 12:48:24.515640 28277 tablet_bootstrap.cc:492] T 8d8a0a37f6c84e8383530ea7bdf662f8 P ea14c28aea5548be93aff39e27912ba5: Bootstrap starting.
I20260608 12:48:24.522543 28277 tablet_bootstrap.cc:654] T 8d8a0a37f6c84e8383530ea7bdf662f8 P ea14c28aea5548be93aff39e27912ba5: Neither blocks nor log segments found. Creating new log.
I20260608 12:48:24.529663 28277 tablet_bootstrap.cc:492] T 8d8a0a37f6c84e8383530ea7bdf662f8 P ea14c28aea5548be93aff39e27912ba5: No bootstrap required, opened a new log
I20260608 12:48:24.530162 28277 ts_tablet_manager.cc:1403] T 8d8a0a37f6c84e8383530ea7bdf662f8 P ea14c28aea5548be93aff39e27912ba5: Time spent bootstrapping tablet: real 0.015s	user 0.010s	sys 0.003s
I20260608 12:48:24.533362 28277 raft_consensus.cc:359] T 8d8a0a37f6c84e8383530ea7bdf662f8 P ea14c28aea5548be93aff39e27912ba5 [term 0 FOLLOWER]: Replica starting. Triggering 0 pending ops. Active config: opid_index: -1 OBSOLETE_local: false peers { permanent_uuid: "b2121023ae344c24be74484bc93d7b6b" member_type: VOTER last_known_addr { host: "127.24.97.2" port: 43217 } } peers { permanent_uuid: "ea14c28aea5548be93aff39e27912ba5" member_type: VOTER last_known_addr { host: "127.24.97.4" port: 38879 } } peers { permanent_uuid: "312911d06f36425b97c919d36ed3b35f" member_type: VOTER last_known_addr { host: "127.24.97.1" port: 36939 } }
I20260608 12:48:24.534029 28277 raft_consensus.cc:385] T 8d8a0a37f6c84e8383530ea7bdf662f8 P ea14c28aea5548be93aff39e27912ba5 [term 0 FOLLOWER]: Consensus starting up: Expiring failure detector timer to make a prompt election more likely
I20260608 12:48:24.534317 28277 raft_consensus.cc:740] T 8d8a0a37f6c84e8383530ea7bdf662f8 P ea14c28aea5548be93aff39e27912ba5 [term 0 FOLLOWER]: Becoming Follower/Learner. State: Replica: ea14c28aea5548be93aff39e27912ba5, State: Initialized, Role: FOLLOWER
I20260608 12:48:24.534343 28320 consensus_queue.cc:1048] T 93d7f4dbdaa4427b8c20496ef75ac5e9 P ea14c28aea5548be93aff39e27912ba5 [LEADER]: Connected to new peer: Peer: permanent_uuid: "a69cb9094d7442949b9cac7ece1919f0" member_type: VOTER last_known_addr { host: "127.24.97.3" port: 35215 }, Status: LMP_MISMATCH, Last received: 0.0, Next index: 1, Last known committed idx: 0, Time since last communication: 0.001s
I20260608 12:48:24.535391 28277 consensus_queue.cc:260] T 8d8a0a37f6c84e8383530ea7bdf662f8 P ea14c28aea5548be93aff39e27912ba5 [NON_LEADER]: Queue going to NON_LEADER mode. State: All replicated index: 0, Majority replicated index: 0, Committed index: 0, Last appended: 0.0, Last appended by leader: 0, Current term: 0, Majority size: -1, State: 0, Mode: NON_LEADER, active raft config: opid_index: -1 OBSOLETE_local: false peers { permanent_uuid: "b2121023ae344c24be74484bc93d7b6b" member_type: VOTER last_known_addr { host: "127.24.97.2" port: 43217 } } peers { permanent_uuid: "ea14c28aea5548be93aff39e27912ba5" member_type: VOTER last_known_addr { host: "127.24.97.4" port: 38879 } } peers { permanent_uuid: "312911d06f36425b97c919d36ed3b35f" member_type: VOTER last_known_addr { host: "127.24.97.1" port: 36939 } }
I20260608 12:48:24.537420 28277 ts_tablet_manager.cc:1434] T 8d8a0a37f6c84e8383530ea7bdf662f8 P ea14c28aea5548be93aff39e27912ba5: Time spent starting tablet: real 0.007s	user 0.002s	sys 0.002s
I20260608 12:48:24.551612 28239 raft_consensus.cc:3060] T 58d892fbeb18405a8035117b785e72c0 P ea14c28aea5548be93aff39e27912ba5 [term 0 FOLLOWER]: Advancing to term 1
I20260608 12:48:24.553560 28320 raft_consensus.cc:493] T 8aaaa14c30a84c40b2cf94f11fffdf03 P ea14c28aea5548be93aff39e27912ba5 [term 0 FOLLOWER]: Starting pre-election (no leader contacted us within the election timeout)
I20260608 12:48:24.554097 28320 raft_consensus.cc:515] T 8aaaa14c30a84c40b2cf94f11fffdf03 P ea14c28aea5548be93aff39e27912ba5 [term 0 FOLLOWER]: Starting pre-election with config: opid_index: -1 OBSOLETE_local: false peers { permanent_uuid: "a69cb9094d7442949b9cac7ece1919f0" member_type: VOTER last_known_addr { host: "127.24.97.3" port: 35215 } } peers { permanent_uuid: "ea14c28aea5548be93aff39e27912ba5" member_type: VOTER last_known_addr { host: "127.24.97.4" port: 38879 } } peers { permanent_uuid: "312911d06f36425b97c919d36ed3b35f" member_type: VOTER last_known_addr { host: "127.24.97.1" port: 36939 } }
I20260608 12:48:24.557240 28076 tablet_service.cc:1917] Received RequestConsensusVote() RPC: tablet_id: "8aaaa14c30a84c40b2cf94f11fffdf03" candidate_uuid: "ea14c28aea5548be93aff39e27912ba5" candidate_term: 1 candidate_status { last_received { term: 0 index: 0 } } ignore_live_leader: false dest_uuid: "a69cb9094d7442949b9cac7ece1919f0" is_pre_election: true
I20260608 12:48:24.560252 28319 consensus_queue.cc:1048] T 58d892fbeb18405a8035117b785e72c0 P b2121023ae344c24be74484bc93d7b6b [LEADER]: Connected to new peer: Peer: permanent_uuid: "ea14c28aea5548be93aff39e27912ba5" member_type: VOTER last_known_addr { host: "127.24.97.4" port: 38879 }, Status: LMP_MISMATCH, Last received: 0.0, Next index: 1, Last known committed idx: 0, Time since last communication: 0.000s
I20260608 12:48:24.569818 28285 consensus_queue.cc:1048] T 93d7f4dbdaa4427b8c20496ef75ac5e9 P ea14c28aea5548be93aff39e27912ba5 [LEADER]: Connected to new peer: Peer: permanent_uuid: "b2121023ae344c24be74484bc93d7b6b" member_type: VOTER last_known_addr { host: "127.24.97.2" port: 43217 }, Status: LMP_MISMATCH, Last received: 0.0, Next index: 1, Last known committed idx: 0, Time since last communication: 0.001s
I20260608 12:48:24.572260 28320 leader_election.cc:290] T 8aaaa14c30a84c40b2cf94f11fffdf03 P ea14c28aea5548be93aff39e27912ba5 [CANDIDATE]: Term 1 pre-election: Requested pre-vote from peers a69cb9094d7442949b9cac7ece1919f0 (127.24.97.3:35215), 312911d06f36425b97c919d36ed3b35f (127.24.97.1:36939)
I20260608 12:48:24.574926 27925 tablet_service.cc:1917] Received RequestConsensusVote() RPC: tablet_id: "8aaaa14c30a84c40b2cf94f11fffdf03" candidate_uuid: "ea14c28aea5548be93aff39e27912ba5" candidate_term: 1 candidate_status { last_received { term: 0 index: 0 } } ignore_live_leader: false dest_uuid: "312911d06f36425b97c919d36ed3b35f" is_pre_election: true
I20260608 12:48:24.575863 27925 raft_consensus.cc:2393] T 8aaaa14c30a84c40b2cf94f11fffdf03 P 312911d06f36425b97c919d36ed3b35f [term 1 FOLLOWER]: Leader pre-election vote request: Denying vote to candidate ea14c28aea5548be93aff39e27912ba5 in current term 1: Already voted for candidate a69cb9094d7442949b9cac7ece1919f0 in this term.
I20260608 12:48:24.577271 28200 leader_election.cc:304] T 8aaaa14c30a84c40b2cf94f11fffdf03 P ea14c28aea5548be93aff39e27912ba5 [CANDIDATE]: Term 1 pre-election: Election decided. Result: candidate lost. Election summary: received 3 responses out of 3 voters: 1 yes votes; 2 no votes. yes voters: ea14c28aea5548be93aff39e27912ba5; no voters: 312911d06f36425b97c919d36ed3b35f, a69cb9094d7442949b9cac7ece1919f0
I20260608 12:48:24.578279 28320 raft_consensus.cc:3060] T 8aaaa14c30a84c40b2cf94f11fffdf03 P ea14c28aea5548be93aff39e27912ba5 [term 0 FOLLOWER]: Advancing to term 1
I20260608 12:48:24.589942 28320 raft_consensus.cc:2749] T 8aaaa14c30a84c40b2cf94f11fffdf03 P ea14c28aea5548be93aff39e27912ba5 [term 1 FOLLOWER]: Leader pre-election lost for term 1. Reason: could not achieve majority
I20260608 12:48:24.590413 28127 consensus_queue.cc:1048] T 73be358f1dc64e7ab30b6a7b1bd43521 P 312911d06f36425b97c919d36ed3b35f [LEADER]: Connected to new peer: Peer: permanent_uuid: "b2121023ae344c24be74484bc93d7b6b" member_type: VOTER last_known_addr { host: "127.24.97.2" port: 43217 }, Status: LMP_MISMATCH, Last received: 0.0, Next index: 1, Last known committed idx: 0, Time since last communication: 0.000s
I20260608 12:48:24.605815 28163 consensus_queue.cc:1048] T 58d892fbeb18405a8035117b785e72c0 P b2121023ae344c24be74484bc93d7b6b [LEADER]: Connected to new peer: Peer: permanent_uuid: "312911d06f36425b97c919d36ed3b35f" member_type: VOTER last_known_addr { host: "127.24.97.1" port: 36939 }, Status: LMP_MISMATCH, Last received: 0.0, Next index: 1, Last known committed idx: 0, Time since last communication: 0.001s
I20260608 12:48:24.646493 28345 raft_consensus.cc:493] T 8d8a0a37f6c84e8383530ea7bdf662f8 P 312911d06f36425b97c919d36ed3b35f [term 0 FOLLOWER]: Starting pre-election (no leader contacted us within the election timeout)
I20260608 12:48:24.647076 28345 raft_consensus.cc:515] T 8d8a0a37f6c84e8383530ea7bdf662f8 P 312911d06f36425b97c919d36ed3b35f [term 0 FOLLOWER]: Starting pre-election with config: opid_index: -1 OBSOLETE_local: false peers { permanent_uuid: "b2121023ae344c24be74484bc93d7b6b" member_type: VOTER last_known_addr { host: "127.24.97.2" port: 43217 } } peers { permanent_uuid: "ea14c28aea5548be93aff39e27912ba5" member_type: VOTER last_known_addr { host: "127.24.97.4" port: 38879 } } peers { permanent_uuid: "312911d06f36425b97c919d36ed3b35f" member_type: VOTER last_known_addr { host: "127.24.97.1" port: 36939 } }
I20260608 12:48:24.649200 28345 leader_election.cc:290] T 8d8a0a37f6c84e8383530ea7bdf662f8 P 312911d06f36425b97c919d36ed3b35f [CANDIDATE]: Term 1 pre-election: Requested pre-vote from peers b2121023ae344c24be74484bc93d7b6b (127.24.97.2:43217), ea14c28aea5548be93aff39e27912ba5 (127.24.97.4:38879)
I20260608 12:48:24.649955 28001 tablet_service.cc:1917] Received RequestConsensusVote() RPC: tablet_id: "8d8a0a37f6c84e8383530ea7bdf662f8" candidate_uuid: "312911d06f36425b97c919d36ed3b35f" candidate_term: 1 candidate_status { last_received { term: 0 index: 0 } } ignore_live_leader: false dest_uuid: "b2121023ae344c24be74484bc93d7b6b" is_pre_election: true
I20260608 12:48:24.650247 28239 tablet_service.cc:1917] Received RequestConsensusVote() RPC: tablet_id: "8d8a0a37f6c84e8383530ea7bdf662f8" candidate_uuid: "312911d06f36425b97c919d36ed3b35f" candidate_term: 1 candidate_status { last_received { term: 0 index: 0 } } ignore_live_leader: false dest_uuid: "ea14c28aea5548be93aff39e27912ba5" is_pre_election: true
I20260608 12:48:24.650836 28239 raft_consensus.cc:2468] T 8d8a0a37f6c84e8383530ea7bdf662f8 P ea14c28aea5548be93aff39e27912ba5 [term 0 FOLLOWER]: Leader pre-election vote request: Granting yes vote for candidate 312911d06f36425b97c919d36ed3b35f in term 0.
I20260608 12:48:24.650727 28001 raft_consensus.cc:2468] T 8d8a0a37f6c84e8383530ea7bdf662f8 P b2121023ae344c24be74484bc93d7b6b [term 0 FOLLOWER]: Leader pre-election vote request: Granting yes vote for candidate 312911d06f36425b97c919d36ed3b35f in term 0.
I20260608 12:48:24.651906 27892 leader_election.cc:304] T 8d8a0a37f6c84e8383530ea7bdf662f8 P 312911d06f36425b97c919d36ed3b35f [CANDIDATE]: Term 1 pre-election: Election decided. Result: candidate won. Election summary: received 2 responses out of 3 voters: 2 yes votes; 0 no votes. yes voters: 312911d06f36425b97c919d36ed3b35f, ea14c28aea5548be93aff39e27912ba5; no voters: 
I20260608 12:48:24.652598 28345 raft_consensus.cc:2804] T 8d8a0a37f6c84e8383530ea7bdf662f8 P 312911d06f36425b97c919d36ed3b35f [term 0 FOLLOWER]: Leader pre-election won for term 1
I20260608 12:48:24.652966 28345 raft_consensus.cc:493] T 8d8a0a37f6c84e8383530ea7bdf662f8 P 312911d06f36425b97c919d36ed3b35f [term 0 FOLLOWER]: Starting leader election (no leader contacted us within the election timeout)
I20260608 12:48:24.653311 28345 raft_consensus.cc:3060] T 8d8a0a37f6c84e8383530ea7bdf662f8 P 312911d06f36425b97c919d36ed3b35f [term 0 FOLLOWER]: Advancing to term 1
I20260608 12:48:24.659600 28345 raft_consensus.cc:515] T 8d8a0a37f6c84e8383530ea7bdf662f8 P 312911d06f36425b97c919d36ed3b35f [term 1 FOLLOWER]: Starting leader election with config: opid_index: -1 OBSOLETE_local: false peers { permanent_uuid: "b2121023ae344c24be74484bc93d7b6b" member_type: VOTER last_known_addr { host: "127.24.97.2" port: 43217 } } peers { permanent_uuid: "ea14c28aea5548be93aff39e27912ba5" member_type: VOTER last_known_addr { host: "127.24.97.4" port: 38879 } } peers { permanent_uuid: "312911d06f36425b97c919d36ed3b35f" member_type: VOTER last_known_addr { host: "127.24.97.1" port: 36939 } }
I20260608 12:48:24.661321 28345 leader_election.cc:290] T 8d8a0a37f6c84e8383530ea7bdf662f8 P 312911d06f36425b97c919d36ed3b35f [CANDIDATE]: Term 1 election: Requested vote from peers b2121023ae344c24be74484bc93d7b6b (127.24.97.2:43217), ea14c28aea5548be93aff39e27912ba5 (127.24.97.4:38879)
I20260608 12:48:24.662376 28239 tablet_service.cc:1917] Received RequestConsensusVote() RPC: tablet_id: "8d8a0a37f6c84e8383530ea7bdf662f8" candidate_uuid: "312911d06f36425b97c919d36ed3b35f" candidate_term: 1 candidate_status { last_received { term: 0 index: 0 } } ignore_live_leader: false dest_uuid: "ea14c28aea5548be93aff39e27912ba5"
I20260608 12:48:24.662238 28001 tablet_service.cc:1917] Received RequestConsensusVote() RPC: tablet_id: "8d8a0a37f6c84e8383530ea7bdf662f8" candidate_uuid: "312911d06f36425b97c919d36ed3b35f" candidate_term: 1 candidate_status { last_received { term: 0 index: 0 } } ignore_live_leader: false dest_uuid: "b2121023ae344c24be74484bc93d7b6b"
I20260608 12:48:24.662981 28239 raft_consensus.cc:3060] T 8d8a0a37f6c84e8383530ea7bdf662f8 P ea14c28aea5548be93aff39e27912ba5 [term 0 FOLLOWER]: Advancing to term 1
I20260608 12:48:24.663053 28001 raft_consensus.cc:3060] T 8d8a0a37f6c84e8383530ea7bdf662f8 P b2121023ae344c24be74484bc93d7b6b [term 0 FOLLOWER]: Advancing to term 1
I20260608 12:48:24.669327 28239 raft_consensus.cc:2468] T 8d8a0a37f6c84e8383530ea7bdf662f8 P ea14c28aea5548be93aff39e27912ba5 [term 1 FOLLOWER]: Leader election vote request: Granting yes vote for candidate 312911d06f36425b97c919d36ed3b35f in term 1.
I20260608 12:48:24.670377 27892 leader_election.cc:304] T 8d8a0a37f6c84e8383530ea7bdf662f8 P 312911d06f36425b97c919d36ed3b35f [CANDIDATE]: Term 1 election: Election decided. Result: candidate won. Election summary: received 2 responses out of 3 voters: 2 yes votes; 0 no votes. yes voters: 312911d06f36425b97c919d36ed3b35f, ea14c28aea5548be93aff39e27912ba5; no voters: 
I20260608 12:48:24.670418 28001 raft_consensus.cc:2468] T 8d8a0a37f6c84e8383530ea7bdf662f8 P b2121023ae344c24be74484bc93d7b6b [term 1 FOLLOWER]: Leader election vote request: Granting yes vote for candidate 312911d06f36425b97c919d36ed3b35f in term 1.
I20260608 12:48:24.671352 28160 raft_consensus.cc:2804] T 8d8a0a37f6c84e8383530ea7bdf662f8 P 312911d06f36425b97c919d36ed3b35f [term 1 FOLLOWER]: Leader election won for term 1
I20260608 12:48:24.671880 28160 raft_consensus.cc:697] T 8d8a0a37f6c84e8383530ea7bdf662f8 P 312911d06f36425b97c919d36ed3b35f [term 1 LEADER]: Becoming Leader. State: Replica: 312911d06f36425b97c919d36ed3b35f, State: Running, Role: LEADER
I20260608 12:48:24.672726 28160 consensus_queue.cc:237] T 8d8a0a37f6c84e8383530ea7bdf662f8 P 312911d06f36425b97c919d36ed3b35f [LEADER]: Queue going to LEADER mode. State: All replicated index: 0, Majority replicated index: 0, Committed index: 0, Last appended: 0.0, Last appended by leader: 0, Current term: 1, Majority size: 2, State: 0, Mode: LEADER, active raft config: opid_index: -1 OBSOLETE_local: false peers { permanent_uuid: "b2121023ae344c24be74484bc93d7b6b" member_type: VOTER last_known_addr { host: "127.24.97.2" port: 43217 } } peers { permanent_uuid: "ea14c28aea5548be93aff39e27912ba5" member_type: VOTER last_known_addr { host: "127.24.97.4" port: 38879 } } peers { permanent_uuid: "312911d06f36425b97c919d36ed3b35f" member_type: VOTER last_known_addr { host: "127.24.97.1" port: 36939 } }
I20260608 12:48:24.682132 27825 catalog_manager.cc:5696] T 8d8a0a37f6c84e8383530ea7bdf662f8 P 312911d06f36425b97c919d36ed3b35f reported cstate change: term changed from 0 to 1, leader changed from <none> to 312911d06f36425b97c919d36ed3b35f (127.24.97.1). New cstate: current_term: 1 leader_uuid: "312911d06f36425b97c919d36ed3b35f" committed_config { opid_index: -1 OBSOLETE_local: false peers { permanent_uuid: "b2121023ae344c24be74484bc93d7b6b" member_type: VOTER last_known_addr { host: "127.24.97.2" port: 43217 } health_report { overall_health: UNKNOWN } } peers { permanent_uuid: "ea14c28aea5548be93aff39e27912ba5" member_type: VOTER last_known_addr { host: "127.24.97.4" port: 38879 } health_report { overall_health: UNKNOWN } } peers { permanent_uuid: "312911d06f36425b97c919d36ed3b35f" member_type: VOTER last_known_addr { host: "127.24.97.1" port: 36939 } health_report { overall_health: HEALTHY } } }
I20260608 12:48:24.700683 28148 consensus_queue.cc:1048] T 9a77c025149940c1bc07627282371310 P a69cb9094d7442949b9cac7ece1919f0 [LEADER]: Connected to new peer: Peer: permanent_uuid: "b2121023ae344c24be74484bc93d7b6b" member_type: VOTER last_known_addr { host: "127.24.97.2" port: 43217 }, Status: LMP_MISMATCH, Last received: 0.0, Next index: 1, Last known committed idx: 0, Time since last communication: 0.000s
I20260608 12:48:24.713884 28164 consensus_queue.cc:1048] T 9a77c025149940c1bc07627282371310 P a69cb9094d7442949b9cac7ece1919f0 [LEADER]: Connected to new peer: Peer: permanent_uuid: "ea14c28aea5548be93aff39e27912ba5" member_type: VOTER last_known_addr { host: "127.24.97.4" port: 38879 }, Status: LMP_MISMATCH, Last received: 0.0, Next index: 1, Last known committed idx: 0, Time since last communication: 0.000s
I20260608 12:48:24.714570 28339 consensus_queue.cc:1048] T 92dd8a1271a848ff911ddafc9c8b4ca5 P ea14c28aea5548be93aff39e27912ba5 [LEADER]: Connected to new peer: Peer: permanent_uuid: "312911d06f36425b97c919d36ed3b35f" member_type: VOTER last_known_addr { host: "127.24.97.1" port: 36939 }, Status: LMP_MISMATCH, Last received: 0.0, Next index: 1, Last known committed idx: 0, Time since last communication: 0.001s
I20260608 12:48:24.743918 28285 consensus_queue.cc:1048] T 92dd8a1271a848ff911ddafc9c8b4ca5 P ea14c28aea5548be93aff39e27912ba5 [LEADER]: Connected to new peer: Peer: permanent_uuid: "a69cb9094d7442949b9cac7ece1919f0" member_type: VOTER last_known_addr { host: "127.24.97.3" port: 35215 }, Status: LMP_MISMATCH, Last received: 0.0, Next index: 1, Last known committed idx: 0, Time since last communication: 0.000s
I20260608 12:48:24.764075 28298 consensus_queue.cc:1048] T 8aaaa14c30a84c40b2cf94f11fffdf03 P a69cb9094d7442949b9cac7ece1919f0 [LEADER]: Connected to new peer: Peer: permanent_uuid: "ea14c28aea5548be93aff39e27912ba5" member_type: VOTER last_known_addr { host: "127.24.97.4" port: 38879 }, Status: LMP_MISMATCH, Last received: 0.0, Next index: 1, Last known committed idx: 0, Time since last communication: 0.000s
I20260608 12:48:24.792351 28126 consensus_queue.cc:1048] T 8aaaa14c30a84c40b2cf94f11fffdf03 P a69cb9094d7442949b9cac7ece1919f0 [LEADER]: Connected to new peer: Peer: permanent_uuid: "312911d06f36425b97c919d36ed3b35f" member_type: VOTER last_known_addr { host: "127.24.97.1" port: 36939 }, Status: LMP_MISMATCH, Last received: 0.0, Next index: 1, Last known committed idx: 0, Time since last communication: 0.001s
W20260608 12:48:24.848664 27856 debug-util.cc:398] Leaking SignalData structure 0x7b080013a400 after lost signal to thread 24967
W20260608 12:48:24.849846 27856 debug-util.cc:398] Leaking SignalData structure 0x7b080018fc80 after lost signal to thread 27859
W20260608 12:48:24.851226 27856 debug-util.cc:398] Leaking SignalData structure 0x7b0800030160 after lost signal to thread 27951
W20260608 12:48:24.852358 27856 debug-util.cc:398] Leaking SignalData structure 0x7b08000cd800 after lost signal to thread 28026
W20260608 12:48:24.854575 27856 debug-util.cc:398] Leaking SignalData structure 0x7b080010e420 after lost signal to thread 28100
W20260608 12:48:24.855211 27856 debug-util.cc:398] Leaking SignalData structure 0x7b080010e8e0 after lost signal to thread 28174
W20260608 12:48:24.857277 27856 debug-util.cc:398] Leaking SignalData structure 0x7b08001540a0 after lost signal to thread 28264
I20260608 12:48:24.895718 28239 raft_consensus.cc:3060] T 73be358f1dc64e7ab30b6a7b1bd43521 P ea14c28aea5548be93aff39e27912ba5 [term 0 FOLLOWER]: Advancing to term 1
I20260608 12:48:25.130838 28076 consensus_queue.cc:237] T bb0456920de6421fbdf8dd7b2cb091e0 P a69cb9094d7442949b9cac7ece1919f0 [LEADER]: Queue going to LEADER mode. State: All replicated index: 0, Majority replicated index: 1, Committed index: 1, Last appended: 1.1, Last appended by leader: 0, Current term: 1, Majority size: 2, State: 0, Mode: LEADER, active raft config: opid_index: 2 OBSOLETE_local: false peers { permanent_uuid: "312911d06f36425b97c919d36ed3b35f" member_type: VOTER last_known_addr { host: "127.24.97.1" port: 36939 } attrs { replace: true } } peers { permanent_uuid: "b2121023ae344c24be74484bc93d7b6b" member_type: VOTER last_known_addr { host: "127.24.97.2" port: 43217 } } peers { permanent_uuid: "a69cb9094d7442949b9cac7ece1919f0" member_type: VOTER last_known_addr { host: "127.24.97.3" port: 35215 } } peers { permanent_uuid: "ea14c28aea5548be93aff39e27912ba5" member_type: NON_VOTER last_known_addr { host: "127.24.97.4" port: 38879 } attrs { promote: true } }
I20260608 12:48:25.132906 28160 consensus_queue.cc:1048] T 8d8a0a37f6c84e8383530ea7bdf662f8 P 312911d06f36425b97c919d36ed3b35f [LEADER]: Connected to new peer: Peer: permanent_uuid: "ea14c28aea5548be93aff39e27912ba5" member_type: VOTER last_known_addr { host: "127.24.97.4" port: 38879 }, Status: LMP_MISMATCH, Last received: 0.0, Next index: 1, Last known committed idx: 0, Time since last communication: 0.000s
I20260608 12:48:25.169132 28127 consensus_queue.cc:1048] T 8d8a0a37f6c84e8383530ea7bdf662f8 P 312911d06f36425b97c919d36ed3b35f [LEADER]: Connected to new peer: Peer: permanent_uuid: "b2121023ae344c24be74484bc93d7b6b" member_type: VOTER last_known_addr { host: "127.24.97.2" port: 43217 }, Status: LMP_MISMATCH, Last received: 0.0, Next index: 1, Last known committed idx: 0, Time since last communication: 0.000s
