I20260608 12:48:12.028674 27474 raft_consensus.cc:2468] T dbd842cf07b0465da5af9d3d2b96b6de P 023ac928ceba490fa8e158f6b0005ed2 [term 0 FOLLOWER]: Leader pre-election vote request: Granting yes vote for candidate 05269e4f51ae43dc998dfe51ab3d8211 in term 0.
I20260608 12:48:12.029066 27400 raft_consensus.cc:2468] T dbd842cf07b0465da5af9d3d2b96b6de P 1f2d96b8ee4d4b2ea7dfd697a255fb20 [term 0 FOLLOWER]: Leader pre-election vote request: Granting yes vote for candidate 05269e4f51ae43dc998dfe51ab3d8211 in term 0.
I20260608 12:48:12.029983 27290 leader_election.cc:304] T dbd842cf07b0465da5af9d3d2b96b6de P 05269e4f51ae43dc998dfe51ab3d8211 [CANDIDATE]: Term 1 pre-election: Election decided. Result: candidate won. Election summary: received 2 responses out of 3 voters: 2 yes votes; 0 no votes. yes voters: 023ac928ceba490fa8e158f6b0005ed2, 05269e4f51ae43dc998dfe51ab3d8211; no voters: 
I20260608 12:48:12.031155 27529 raft_consensus.cc:2804] T dbd842cf07b0465da5af9d3d2b96b6de P 05269e4f51ae43dc998dfe51ab3d8211 [term 0 FOLLOWER]: Leader pre-election won for term 1
I20260608 12:48:12.031509 27529 raft_consensus.cc:493] T dbd842cf07b0465da5af9d3d2b96b6de P 05269e4f51ae43dc998dfe51ab3d8211 [term 0 FOLLOWER]: Starting leader election (no leader contacted us within the election timeout)
I20260608 12:48:12.031841 27529 raft_consensus.cc:3060] T dbd842cf07b0465da5af9d3d2b96b6de P 05269e4f51ae43dc998dfe51ab3d8211 [term 0 FOLLOWER]: Advancing to term 1
I20260608 12:48:12.036525 27529 raft_consensus.cc:515] T dbd842cf07b0465da5af9d3d2b96b6de P 05269e4f51ae43dc998dfe51ab3d8211 [term 1 FOLLOWER]: Starting leader election with config: opid_index: -1 OBSOLETE_local: false peers { permanent_uuid: "05269e4f51ae43dc998dfe51ab3d8211" member_type: VOTER last_known_addr { host: "127.24.33.193" port: 36347 } } peers { permanent_uuid: "1f2d96b8ee4d4b2ea7dfd697a255fb20" member_type: VOTER last_known_addr { host: "127.24.33.194" port: 33775 } } peers { permanent_uuid: "023ac928ceba490fa8e158f6b0005ed2" member_type: VOTER last_known_addr { host: "127.24.33.195" port: 36045 } }
I20260608 12:48:12.038028 27529 leader_election.cc:290] T dbd842cf07b0465da5af9d3d2b96b6de P 05269e4f51ae43dc998dfe51ab3d8211 [CANDIDATE]: Term 1 election: Requested vote from peers 1f2d96b8ee4d4b2ea7dfd697a255fb20 (127.24.33.194:33775), 023ac928ceba490fa8e158f6b0005ed2 (127.24.33.195:36045)
I20260608 12:48:12.038878 27400 tablet_service.cc:1917] Received RequestConsensusVote() RPC: tablet_id: "dbd842cf07b0465da5af9d3d2b96b6de" candidate_uuid: "05269e4f51ae43dc998dfe51ab3d8211" candidate_term: 1 candidate_status { last_received { term: 0 index: 0 } } ignore_live_leader: false dest_uuid: "1f2d96b8ee4d4b2ea7dfd697a255fb20"
I20260608 12:48:12.038960 27474 tablet_service.cc:1917] Received RequestConsensusVote() RPC: tablet_id: "dbd842cf07b0465da5af9d3d2b96b6de" candidate_uuid: "05269e4f51ae43dc998dfe51ab3d8211" candidate_term: 1 candidate_status { last_received { term: 0 index: 0 } } ignore_live_leader: false dest_uuid: "023ac928ceba490fa8e158f6b0005ed2"
I20260608 12:48:12.039323 27400 raft_consensus.cc:3060] T dbd842cf07b0465da5af9d3d2b96b6de P 1f2d96b8ee4d4b2ea7dfd697a255fb20 [term 0 FOLLOWER]: Advancing to term 1
I20260608 12:48:12.039435 27474 raft_consensus.cc:3060] T dbd842cf07b0465da5af9d3d2b96b6de P 023ac928ceba490fa8e158f6b0005ed2 [term 0 FOLLOWER]: Advancing to term 1
I20260608 12:48:12.043663 27474 raft_consensus.cc:2468] T dbd842cf07b0465da5af9d3d2b96b6de P 023ac928ceba490fa8e158f6b0005ed2 [term 1 FOLLOWER]: Leader election vote request: Granting yes vote for candidate 05269e4f51ae43dc998dfe51ab3d8211 in term 1.
I20260608 12:48:12.044588 27290 leader_election.cc:304] T dbd842cf07b0465da5af9d3d2b96b6de P 05269e4f51ae43dc998dfe51ab3d8211 [CANDIDATE]: Term 1 election: Election decided. Result: candidate won. Election summary: received 2 responses out of 3 voters: 2 yes votes; 0 no votes. yes voters: 023ac928ceba490fa8e158f6b0005ed2, 05269e4f51ae43dc998dfe51ab3d8211; no voters: 
I20260608 12:48:12.044615 27400 raft_consensus.cc:2468] T dbd842cf07b0465da5af9d3d2b96b6de P 1f2d96b8ee4d4b2ea7dfd697a255fb20 [term 1 FOLLOWER]: Leader election vote request: Granting yes vote for candidate 05269e4f51ae43dc998dfe51ab3d8211 in term 1.
I20260608 12:48:12.045351 27529 raft_consensus.cc:2804] T dbd842cf07b0465da5af9d3d2b96b6de P 05269e4f51ae43dc998dfe51ab3d8211 [term 1 FOLLOWER]: Leader election won for term 1
I20260608 12:48:12.046603 27529 raft_consensus.cc:697] T dbd842cf07b0465da5af9d3d2b96b6de P 05269e4f51ae43dc998dfe51ab3d8211 [term 1 LEADER]: Becoming Leader. State: Replica: 05269e4f51ae43dc998dfe51ab3d8211, State: Running, Role: LEADER
I20260608 12:48:12.047493 27543 raft_consensus.cc:493] T b64332c5915b4516ab80ee85c16a7625 P 05269e4f51ae43dc998dfe51ab3d8211 [term 0 FOLLOWER]: Starting pre-election (no leader contacted us within the election timeout)
I20260608 12:48:12.047464 27529 consensus_queue.cc:237] T dbd842cf07b0465da5af9d3d2b96b6de P 05269e4f51ae43dc998dfe51ab3d8211 [LEADER]: Queue going to LEADER mode. State: All replicated index: 0, Majority replicated index: 0, Committed index: 0, Last appended: 0.0, Last appended by leader: 0, Current term: 1, Majority size: 2, State: 0, Mode: LEADER, active raft config: opid_index: -1 OBSOLETE_local: false peers { permanent_uuid: "05269e4f51ae43dc998dfe51ab3d8211" member_type: VOTER last_known_addr { host: "127.24.33.193" port: 36347 } } peers { permanent_uuid: "1f2d96b8ee4d4b2ea7dfd697a255fb20" member_type: VOTER last_known_addr { host: "127.24.33.194" port: 33775 } } peers { permanent_uuid: "023ac928ceba490fa8e158f6b0005ed2" member_type: VOTER last_known_addr { host: "127.24.33.195" port: 36045 } }
I20260608 12:48:12.048099 27543 raft_consensus.cc:515] T b64332c5915b4516ab80ee85c16a7625 P 05269e4f51ae43dc998dfe51ab3d8211 [term 0 FOLLOWER]: Starting pre-election with config: opid_index: -1 OBSOLETE_local: false peers { permanent_uuid: "05269e4f51ae43dc998dfe51ab3d8211" member_type: VOTER last_known_addr { host: "127.24.33.193" port: 36347 } } peers { permanent_uuid: "1f2d96b8ee4d4b2ea7dfd697a255fb20" member_type: VOTER last_known_addr { host: "127.24.33.194" port: 33775 } } peers { permanent_uuid: "023ac928ceba490fa8e158f6b0005ed2" member_type: VOTER last_known_addr { host: "127.24.33.195" port: 36045 } }
I20260608 12:48:12.049965 27543 leader_election.cc:290] T b64332c5915b4516ab80ee85c16a7625 P 05269e4f51ae43dc998dfe51ab3d8211 [CANDIDATE]: Term 1 pre-election: Requested pre-vote from peers 1f2d96b8ee4d4b2ea7dfd697a255fb20 (127.24.33.194:33775), 023ac928ceba490fa8e158f6b0005ed2 (127.24.33.195:36045)
I20260608 12:48:12.050557 27400 tablet_service.cc:1917] Received RequestConsensusVote() RPC: tablet_id: "b64332c5915b4516ab80ee85c16a7625" candidate_uuid: "05269e4f51ae43dc998dfe51ab3d8211" candidate_term: 1 candidate_status { last_received { term: 0 index: 0 } } ignore_live_leader: false dest_uuid: "1f2d96b8ee4d4b2ea7dfd697a255fb20" is_pre_election: true
I20260608 12:48:12.051203 27400 raft_consensus.cc:2468] T b64332c5915b4516ab80ee85c16a7625 P 1f2d96b8ee4d4b2ea7dfd697a255fb20 [term 0 FOLLOWER]: Leader pre-election vote request: Granting yes vote for candidate 05269e4f51ae43dc998dfe51ab3d8211 in term 0.
I20260608 12:48:12.051507 27474 tablet_service.cc:1917] Received RequestConsensusVote() RPC: tablet_id: "b64332c5915b4516ab80ee85c16a7625" candidate_uuid: "05269e4f51ae43dc998dfe51ab3d8211" candidate_term: 1 candidate_status { last_received { term: 0 index: 0 } } ignore_live_leader: false dest_uuid: "023ac928ceba490fa8e158f6b0005ed2" is_pre_election: true
I20260608 12:48:12.052131 27474 raft_consensus.cc:2468] T b64332c5915b4516ab80ee85c16a7625 P 023ac928ceba490fa8e158f6b0005ed2 [term 0 FOLLOWER]: Leader pre-election vote request: Granting yes vote for candidate 05269e4f51ae43dc998dfe51ab3d8211 in term 0.
I20260608 12:48:12.052384 27291 leader_election.cc:304] T b64332c5915b4516ab80ee85c16a7625 P 05269e4f51ae43dc998dfe51ab3d8211 [CANDIDATE]: Term 1 pre-election: Election decided. Result: candidate won. Election summary: received 2 responses out of 3 voters: 2 yes votes; 0 no votes. yes voters: 05269e4f51ae43dc998dfe51ab3d8211, 1f2d96b8ee4d4b2ea7dfd697a255fb20; no voters: 
I20260608 12:48:12.053267 27529 raft_consensus.cc:2804] T b64332c5915b4516ab80ee85c16a7625 P 05269e4f51ae43dc998dfe51ab3d8211 [term 0 FOLLOWER]: Leader pre-election won for term 1
I20260608 12:48:12.053637 27529 raft_consensus.cc:493] T b64332c5915b4516ab80ee85c16a7625 P 05269e4f51ae43dc998dfe51ab3d8211 [term 0 FOLLOWER]: Starting leader election (no leader contacted us within the election timeout)
I20260608 12:48:12.054018 27529 raft_consensus.cc:3060] T b64332c5915b4516ab80ee85c16a7625 P 05269e4f51ae43dc998dfe51ab3d8211 [term 0 FOLLOWER]: Advancing to term 1
I20260608 12:48:12.056164 27220 catalog_manager.cc:5696] T dbd842cf07b0465da5af9d3d2b96b6de P 05269e4f51ae43dc998dfe51ab3d8211 reported cstate change: term changed from 0 to 1, leader changed from <none> to 05269e4f51ae43dc998dfe51ab3d8211 (127.24.33.193). New cstate: current_term: 1 leader_uuid: "05269e4f51ae43dc998dfe51ab3d8211" committed_config { opid_index: -1 OBSOLETE_local: false peers { permanent_uuid: "05269e4f51ae43dc998dfe51ab3d8211" member_type: VOTER last_known_addr { host: "127.24.33.193" port: 36347 } health_report { overall_health: HEALTHY } } peers { permanent_uuid: "1f2d96b8ee4d4b2ea7dfd697a255fb20" member_type: VOTER last_known_addr { host: "127.24.33.194" port: 33775 } health_report { overall_health: UNKNOWN } } peers { permanent_uuid: "023ac928ceba490fa8e158f6b0005ed2" member_type: VOTER last_known_addr { host: "127.24.33.195" port: 36045 } health_report { overall_health: UNKNOWN } } }
I20260608 12:48:12.058348 27529 raft_consensus.cc:515] T b64332c5915b4516ab80ee85c16a7625 P 05269e4f51ae43dc998dfe51ab3d8211 [term 1 FOLLOWER]: Starting leader election with config: opid_index: -1 OBSOLETE_local: false peers { permanent_uuid: "05269e4f51ae43dc998dfe51ab3d8211" member_type: VOTER last_known_addr { host: "127.24.33.193" port: 36347 } } peers { permanent_uuid: "1f2d96b8ee4d4b2ea7dfd697a255fb20" member_type: VOTER last_known_addr { host: "127.24.33.194" port: 33775 } } peers { permanent_uuid: "023ac928ceba490fa8e158f6b0005ed2" member_type: VOTER last_known_addr { host: "127.24.33.195" port: 36045 } }
I20260608 12:48:12.060345 27529 leader_election.cc:290] T b64332c5915b4516ab80ee85c16a7625 P 05269e4f51ae43dc998dfe51ab3d8211 [CANDIDATE]: Term 1 election: Requested vote from peers 1f2d96b8ee4d4b2ea7dfd697a255fb20 (127.24.33.194:33775), 023ac928ceba490fa8e158f6b0005ed2 (127.24.33.195:36045)
I20260608 12:48:12.060699 27400 tablet_service.cc:1917] Received RequestConsensusVote() RPC: tablet_id: "b64332c5915b4516ab80ee85c16a7625" candidate_uuid: "05269e4f51ae43dc998dfe51ab3d8211" candidate_term: 1 candidate_status { last_received { term: 0 index: 0 } } ignore_live_leader: false dest_uuid: "1f2d96b8ee4d4b2ea7dfd697a255fb20"
I20260608 12:48:12.061110 27474 tablet_service.cc:1917] Received RequestConsensusVote() RPC: tablet_id: "b64332c5915b4516ab80ee85c16a7625" candidate_uuid: "05269e4f51ae43dc998dfe51ab3d8211" candidate_term: 1 candidate_status { last_received { term: 0 index: 0 } } ignore_live_leader: false dest_uuid: "023ac928ceba490fa8e158f6b0005ed2"
I20260608 12:48:12.061239 27400 raft_consensus.cc:3060] T b64332c5915b4516ab80ee85c16a7625 P 1f2d96b8ee4d4b2ea7dfd697a255fb20 [term 0 FOLLOWER]: Advancing to term 1
I20260608 12:48:12.061671 27474 raft_consensus.cc:3060] T b64332c5915b4516ab80ee85c16a7625 P 023ac928ceba490fa8e158f6b0005ed2 [term 0 FOLLOWER]: Advancing to term 1
I20260608 12:48:12.067960 27474 raft_consensus.cc:2468] T b64332c5915b4516ab80ee85c16a7625 P 023ac928ceba490fa8e158f6b0005ed2 [term 1 FOLLOWER]: Leader election vote request: Granting yes vote for candidate 05269e4f51ae43dc998dfe51ab3d8211 in term 1.
I20260608 12:48:12.068015 27400 raft_consensus.cc:2468] T b64332c5915b4516ab80ee85c16a7625 P 1f2d96b8ee4d4b2ea7dfd697a255fb20 [term 1 FOLLOWER]: Leader election vote request: Granting yes vote for candidate 05269e4f51ae43dc998dfe51ab3d8211 in term 1.
I20260608 12:48:12.069281 27291 leader_election.cc:304] T b64332c5915b4516ab80ee85c16a7625 P 05269e4f51ae43dc998dfe51ab3d8211 [CANDIDATE]: Term 1 election: Election decided. Result: candidate won. Election summary: received 2 responses out of 3 voters: 2 yes votes; 0 no votes. yes voters: 05269e4f51ae43dc998dfe51ab3d8211, 1f2d96b8ee4d4b2ea7dfd697a255fb20; no voters: 
I20260608 12:48:12.069954 27529 raft_consensus.cc:2804] T b64332c5915b4516ab80ee85c16a7625 P 05269e4f51ae43dc998dfe51ab3d8211 [term 1 FOLLOWER]: Leader election won for term 1
I20260608 12:48:12.070359 27529 raft_consensus.cc:697] T b64332c5915b4516ab80ee85c16a7625 P 05269e4f51ae43dc998dfe51ab3d8211 [term 1 LEADER]: Becoming Leader. State: Replica: 05269e4f51ae43dc998dfe51ab3d8211, State: Running, Role: LEADER
I20260608 12:48:12.071053 27529 consensus_queue.cc:237] T b64332c5915b4516ab80ee85c16a7625 P 05269e4f51ae43dc998dfe51ab3d8211 [LEADER]: Queue going to LEADER mode. State: All replicated index: 0, Majority replicated index: 0, Committed index: 0, Last appended: 0.0, Last appended by leader: 0, Current term: 1, Majority size: 2, State: 0, Mode: LEADER, active raft config: opid_index: -1 OBSOLETE_local: false peers { permanent_uuid: "05269e4f51ae43dc998dfe51ab3d8211" member_type: VOTER last_known_addr { host: "127.24.33.193" port: 36347 } } peers { permanent_uuid: "1f2d96b8ee4d4b2ea7dfd697a255fb20" member_type: VOTER last_known_addr { host: "127.24.33.194" port: 33775 } } peers { permanent_uuid: "023ac928ceba490fa8e158f6b0005ed2" member_type: VOTER last_known_addr { host: "127.24.33.195" port: 36045 } }
I20260608 12:48:12.078745 27220 catalog_manager.cc:5696] T b64332c5915b4516ab80ee85c16a7625 P 05269e4f51ae43dc998dfe51ab3d8211 reported cstate change: term changed from 0 to 1, leader changed from <none> to 05269e4f51ae43dc998dfe51ab3d8211 (127.24.33.193). New cstate: current_term: 1 leader_uuid: "05269e4f51ae43dc998dfe51ab3d8211" committed_config { opid_index: -1 OBSOLETE_local: false peers { permanent_uuid: "05269e4f51ae43dc998dfe51ab3d8211" member_type: VOTER last_known_addr { host: "127.24.33.193" port: 36347 } health_report { overall_health: HEALTHY } } peers { permanent_uuid: "1f2d96b8ee4d4b2ea7dfd697a255fb20" member_type: VOTER last_known_addr { host: "127.24.33.194" port: 33775 } health_report { overall_health: UNKNOWN } } peers { permanent_uuid: "023ac928ceba490fa8e158f6b0005ed2" member_type: VOTER last_known_addr { host: "127.24.33.195" port: 36045 } health_report { overall_health: UNKNOWN } } }
I20260608 12:48:12.246034 27523 raft_consensus.cc:493] T b1f8bd847ae446b39a48e841acbae67f P 023ac928ceba490fa8e158f6b0005ed2 [term 0 FOLLOWER]: Starting pre-election (no leader contacted us within the election timeout)
I20260608 12:48:12.246578 27523 raft_consensus.cc:515] T b1f8bd847ae446b39a48e841acbae67f P 023ac928ceba490fa8e158f6b0005ed2 [term 0 FOLLOWER]: Starting pre-election with config: opid_index: -1 OBSOLETE_local: false peers { permanent_uuid: "1f2d96b8ee4d4b2ea7dfd697a255fb20" member_type: VOTER last_known_addr { host: "127.24.33.194" port: 33775 } } peers { permanent_uuid: "05269e4f51ae43dc998dfe51ab3d8211" member_type: VOTER last_known_addr { host: "127.24.33.193" port: 36347 } } peers { permanent_uuid: "023ac928ceba490fa8e158f6b0005ed2" member_type: VOTER last_known_addr { host: "127.24.33.195" port: 36045 } }
I20260608 12:48:12.248839 27523 leader_election.cc:290] T b1f8bd847ae446b39a48e841acbae67f P 023ac928ceba490fa8e158f6b0005ed2 [CANDIDATE]: Term 1 pre-election: Requested pre-vote from peers 1f2d96b8ee4d4b2ea7dfd697a255fb20 (127.24.33.194:33775), 05269e4f51ae43dc998dfe51ab3d8211 (127.24.33.193:36347)
I20260608 12:48:12.258206 27400 tablet_service.cc:1917] Received RequestConsensusVote() RPC: tablet_id: "b1f8bd847ae446b39a48e841acbae67f" candidate_uuid: "023ac928ceba490fa8e158f6b0005ed2" candidate_term: 1 candidate_status { last_received { term: 0 index: 0 } } ignore_live_leader: false dest_uuid: "1f2d96b8ee4d4b2ea7dfd697a255fb20" is_pre_election: true
I20260608 12:48:12.258908 27400 raft_consensus.cc:2468] T b1f8bd847ae446b39a48e841acbae67f P 1f2d96b8ee4d4b2ea7dfd697a255fb20 [term 0 FOLLOWER]: Leader pre-election vote request: Granting yes vote for candidate 023ac928ceba490fa8e158f6b0005ed2 in term 0.
I20260608 12:48:12.259313 27325 tablet_service.cc:1917] Received RequestConsensusVote() RPC: tablet_id: "b1f8bd847ae446b39a48e841acbae67f" candidate_uuid: "023ac928ceba490fa8e158f6b0005ed2" candidate_term: 1 candidate_status { last_received { term: 0 index: 0 } } ignore_live_leader: false dest_uuid: "05269e4f51ae43dc998dfe51ab3d8211" is_pre_election: true
I20260608 12:48:12.259864 27325 raft_consensus.cc:2468] T b1f8bd847ae446b39a48e841acbae67f P 05269e4f51ae43dc998dfe51ab3d8211 [term 0 FOLLOWER]: Leader pre-election vote request: Granting yes vote for candidate 023ac928ceba490fa8e158f6b0005ed2 in term 0.
I20260608 12:48:12.260004 27440 leader_election.cc:304] T b1f8bd847ae446b39a48e841acbae67f P 023ac928ceba490fa8e158f6b0005ed2 [CANDIDATE]: Term 1 pre-election: Election decided. Result: candidate won. Election summary: received 2 responses out of 3 voters: 2 yes votes; 0 no votes. yes voters: 023ac928ceba490fa8e158f6b0005ed2, 1f2d96b8ee4d4b2ea7dfd697a255fb20; no voters: 
I20260608 12:48:12.260804 27523 raft_consensus.cc:2804] T b1f8bd847ae446b39a48e841acbae67f P 023ac928ceba490fa8e158f6b0005ed2 [term 0 FOLLOWER]: Leader pre-election won for term 1
I20260608 12:48:12.261174 27523 raft_consensus.cc:493] T b1f8bd847ae446b39a48e841acbae67f P 023ac928ceba490fa8e158f6b0005ed2 [term 0 FOLLOWER]: Starting leader election (no leader contacted us within the election timeout)
I20260608 12:48:12.261428 27523 raft_consensus.cc:3060] T b1f8bd847ae446b39a48e841acbae67f P 023ac928ceba490fa8e158f6b0005ed2 [term 0 FOLLOWER]: Advancing to term 1
I20260608 12:48:12.265877 27523 raft_consensus.cc:515] T b1f8bd847ae446b39a48e841acbae67f P 023ac928ceba490fa8e158f6b0005ed2 [term 1 FOLLOWER]: Starting leader election with config: opid_index: -1 OBSOLETE_local: false peers { permanent_uuid: "1f2d96b8ee4d4b2ea7dfd697a255fb20" member_type: VOTER last_known_addr { host: "127.24.33.194" port: 33775 } } peers { permanent_uuid: "05269e4f51ae43dc998dfe51ab3d8211" member_type: VOTER last_known_addr { host: "127.24.33.193" port: 36347 } } peers { permanent_uuid: "023ac928ceba490fa8e158f6b0005ed2" member_type: VOTER last_known_addr { host: "127.24.33.195" port: 36045 } }
I20260608 12:48:12.267380 27523 leader_election.cc:290] T b1f8bd847ae446b39a48e841acbae67f P 023ac928ceba490fa8e158f6b0005ed2 [CANDIDATE]: Term 1 election: Requested vote from peers 1f2d96b8ee4d4b2ea7dfd697a255fb20 (127.24.33.194:33775), 05269e4f51ae43dc998dfe51ab3d8211 (127.24.33.193:36347)
I20260608 12:48:12.268244 27400 tablet_service.cc:1917] Received RequestConsensusVote() RPC: tablet_id: "b1f8bd847ae446b39a48e841acbae67f" candidate_uuid: "023ac928ceba490fa8e158f6b0005ed2" candidate_term: 1 candidate_status { last_received { term: 0 index: 0 } } ignore_live_leader: false dest_uuid: "1f2d96b8ee4d4b2ea7dfd697a255fb20"
I20260608 12:48:12.268587 27325 tablet_service.cc:1917] Received RequestConsensusVote() RPC: tablet_id: "b1f8bd847ae446b39a48e841acbae67f" candidate_uuid: "023ac928ceba490fa8e158f6b0005ed2" candidate_term: 1 candidate_status { last_received { term: 0 index: 0 } } ignore_live_leader: false dest_uuid: "05269e4f51ae43dc998dfe51ab3d8211"
I20260608 12:48:12.268702 27400 raft_consensus.cc:3060] T b1f8bd847ae446b39a48e841acbae67f P 1f2d96b8ee4d4b2ea7dfd697a255fb20 [term 0 FOLLOWER]: Advancing to term 1
I20260608 12:48:12.269064 27325 raft_consensus.cc:3060] T b1f8bd847ae446b39a48e841acbae67f P 05269e4f51ae43dc998dfe51ab3d8211 [term 0 FOLLOWER]: Advancing to term 1
I20260608 12:48:12.273245 27400 raft_consensus.cc:2468] T b1f8bd847ae446b39a48e841acbae67f P 1f2d96b8ee4d4b2ea7dfd697a255fb20 [term 1 FOLLOWER]: Leader election vote request: Granting yes vote for candidate 023ac928ceba490fa8e158f6b0005ed2 in term 1.
I20260608 12:48:12.273365 27325 raft_consensus.cc:2468] T b1f8bd847ae446b39a48e841acbae67f P 05269e4f51ae43dc998dfe51ab3d8211 [term 1 FOLLOWER]: Leader election vote request: Granting yes vote for candidate 023ac928ceba490fa8e158f6b0005ed2 in term 1.
I20260608 12:48:12.274199 27440 leader_election.cc:304] T b1f8bd847ae446b39a48e841acbae67f P 023ac928ceba490fa8e158f6b0005ed2 [CANDIDATE]: Term 1 election: Election decided. Result: candidate won. Election summary: received 2 responses out of 3 voters: 2 yes votes; 0 no votes. yes voters: 023ac928ceba490fa8e158f6b0005ed2, 1f2d96b8ee4d4b2ea7dfd697a255fb20; no voters: 
I20260608 12:48:12.274891 27523 raft_consensus.cc:2804] T b1f8bd847ae446b39a48e841acbae67f P 023ac928ceba490fa8e158f6b0005ed2 [term 1 FOLLOWER]: Leader election won for term 1
I20260608 12:48:12.275732 27523 raft_consensus.cc:697] T b1f8bd847ae446b39a48e841acbae67f P 023ac928ceba490fa8e158f6b0005ed2 [term 1 LEADER]: Becoming Leader. State: Replica: 023ac928ceba490fa8e158f6b0005ed2, State: Running, Role: LEADER
I20260608 12:48:12.276542 27523 consensus_queue.cc:237] T b1f8bd847ae446b39a48e841acbae67f P 023ac928ceba490fa8e158f6b0005ed2 [LEADER]: Queue going to LEADER mode. State: All replicated index: 0, Majority replicated index: 0, Committed index: 0, Last appended: 0.0, Last appended by leader: 0, Current term: 1, Majority size: 2, State: 0, Mode: LEADER, active raft config: opid_index: -1 OBSOLETE_local: false peers { permanent_uuid: "1f2d96b8ee4d4b2ea7dfd697a255fb20" member_type: VOTER last_known_addr { host: "127.24.33.194" port: 33775 } } peers { permanent_uuid: "05269e4f51ae43dc998dfe51ab3d8211" member_type: VOTER last_known_addr { host: "127.24.33.193" port: 36347 } } peers { permanent_uuid: "023ac928ceba490fa8e158f6b0005ed2" member_type: VOTER last_known_addr { host: "127.24.33.195" port: 36045 } }
I20260608 12:48:12.283011 27220 catalog_manager.cc:5696] T b1f8bd847ae446b39a48e841acbae67f P 023ac928ceba490fa8e158f6b0005ed2 reported cstate change: term changed from 0 to 1, leader changed from <none> to 023ac928ceba490fa8e158f6b0005ed2 (127.24.33.195). New cstate: current_term: 1 leader_uuid: "023ac928ceba490fa8e158f6b0005ed2" committed_config { opid_index: -1 OBSOLETE_local: false peers { permanent_uuid: "1f2d96b8ee4d4b2ea7dfd697a255fb20" member_type: VOTER last_known_addr { host: "127.24.33.194" port: 33775 } health_report { overall_health: UNKNOWN } } peers { permanent_uuid: "05269e4f51ae43dc998dfe51ab3d8211" member_type: VOTER last_known_addr { host: "127.24.33.193" port: 36347 } health_report { overall_health: UNKNOWN } } peers { permanent_uuid: "023ac928ceba490fa8e158f6b0005ed2" member_type: VOTER last_known_addr { host: "127.24.33.195" port: 36045 } health_report { overall_health: HEALTHY } } }
I20260608 12:48:12.295559 27276 auto_leader_rebalancer.cc:140] leader rebalance for table range_aware_auto_rebalancer_test
I20260608 12:48:12.300546 27276 auto_leader_rebalancer.cc:388] table: range_aware_auto_rebalancer_test, leader rebalance finish, leader transfer count: 0
I20260608 12:48:12.301019 27276 auto_leader_rebalancer.cc:451] All tables' leader rebalancing finished this round
I20260608 12:48:12.364969 24711 tablet_server.cc:179] TabletServer@127.24.33.193:0 shutting down...
I20260608 12:48:12.383525 24711 ts_tablet_manager.cc:1507] Shutting down tablet manager...
I20260608 12:48:12.384291 24711 tablet_replica.cc:333] T dbd842cf07b0465da5af9d3d2b96b6de P 05269e4f51ae43dc998dfe51ab3d8211: stopping tablet replica
I20260608 12:48:12.384855 24711 raft_consensus.cc:2243] T dbd842cf07b0465da5af9d3d2b96b6de P 05269e4f51ae43dc998dfe51ab3d8211 [term 1 LEADER]: Raft consensus shutting down.
I20260608 12:48:12.385424 24711 pending_rounds.cc:70] T dbd842cf07b0465da5af9d3d2b96b6de P 05269e4f51ae43dc998dfe51ab3d8211: Trying to abort 1 pending ops.
I20260608 12:48:12.385607 24711 pending_rounds.cc:77] T dbd842cf07b0465da5af9d3d2b96b6de P 05269e4f51ae43dc998dfe51ab3d8211: Aborting op as it isn't in flight: id { term: 1 index: 1 } timestamp: 7294660165835710464 op_type: NO_OP noop_request { }
I20260608 12:48:12.385886 24711 raft_consensus.cc:2889] T dbd842cf07b0465da5af9d3d2b96b6de P 05269e4f51ae43dc998dfe51ab3d8211 [term 1 LEADER]: NO_OP replication failed: Aborted: Op aborted
I20260608 12:48:12.386147 24711 raft_consensus.cc:2272] T dbd842cf07b0465da5af9d3d2b96b6de P 05269e4f51ae43dc998dfe51ab3d8211 [term 1 FOLLOWER]: Raft consensus is shut down!
I20260608 12:48:12.388413 24711 tablet_replica.cc:333] T b64332c5915b4516ab80ee85c16a7625 P 05269e4f51ae43dc998dfe51ab3d8211: stopping tablet replica
I20260608 12:48:12.389097 24711 raft_consensus.cc:2243] T b64332c5915b4516ab80ee85c16a7625 P 05269e4f51ae43dc998dfe51ab3d8211 [term 1 LEADER]: Raft consensus shutting down.
I20260608 12:48:12.389807 24711 pending_rounds.cc:70] T b64332c5915b4516ab80ee85c16a7625 P 05269e4f51ae43dc998dfe51ab3d8211: Trying to abort 1 pending ops.
I20260608 12:48:12.389979 24711 pending_rounds.cc:77] T b64332c5915b4516ab80ee85c16a7625 P 05269e4f51ae43dc998dfe51ab3d8211: Aborting op as it isn't in flight: id { term: 1 index: 1 } timestamp: 7294660165930602496 op_type: NO_OP noop_request { }
I20260608 12:48:12.390201 24711 raft_consensus.cc:2889] T b64332c5915b4516ab80ee85c16a7625 P 05269e4f51ae43dc998dfe51ab3d8211 [term 1 LEADER]: NO_OP replication failed: Aborted: Op aborted
I20260608 12:48:12.390439 24711 raft_consensus.cc:2272] T b64332c5915b4516ab80ee85c16a7625 P 05269e4f51ae43dc998dfe51ab3d8211 [term 1 FOLLOWER]: Raft consensus is shut down!
I20260608 12:48:12.392459 24711 tablet_replica.cc:333] T b1f8bd847ae446b39a48e841acbae67f P 05269e4f51ae43dc998dfe51ab3d8211: stopping tablet replica
I20260608 12:48:12.392938 24711 raft_consensus.cc:2243] T b1f8bd847ae446b39a48e841acbae67f P 05269e4f51ae43dc998dfe51ab3d8211 [term 1 FOLLOWER]: Raft consensus shutting down.
I20260608 12:48:12.393270 24711 raft_consensus.cc:2272] T b1f8bd847ae446b39a48e841acbae67f P 05269e4f51ae43dc998dfe51ab3d8211 [term 1 FOLLOWER]: Raft consensus is shut down!
I20260608 12:48:12.394888 24711 tablet_replica.cc:333] T 3e6d1ea9efb94f0694f6e7a36bc36019 P 05269e4f51ae43dc998dfe51ab3d8211: stopping tablet replica
I20260608 12:48:12.395331 24711 raft_consensus.cc:2243] T 3e6d1ea9efb94f0694f6e7a36bc36019 P 05269e4f51ae43dc998dfe51ab3d8211 [term 1 FOLLOWER]: Raft consensus shutting down.
I20260608 12:48:12.395675 24711 raft_consensus.cc:2272] T 3e6d1ea9efb94f0694f6e7a36bc36019 P 05269e4f51ae43dc998dfe51ab3d8211 [term 1 FOLLOWER]: Raft consensus is shut down!
I20260608 12:48:12.417038 24711 tablet_server.cc:196] TabletServer@127.24.33.193:0 shutdown complete.
I20260608 12:48:12.427376 24711 tablet_server.cc:179] TabletServer@127.24.33.194:0 shutting down...
I20260608 12:48:12.444526 24711 ts_tablet_manager.cc:1507] Shutting down tablet manager...
I20260608 12:48:12.445346 24711 tablet_replica.cc:333] T b64332c5915b4516ab80ee85c16a7625 P 1f2d96b8ee4d4b2ea7dfd697a255fb20: stopping tablet replica
I20260608 12:48:12.446025 24711 raft_consensus.cc:2243] T b64332c5915b4516ab80ee85c16a7625 P 1f2d96b8ee4d4b2ea7dfd697a255fb20 [term 1 FOLLOWER]: Raft consensus shutting down.
I20260608 12:48:12.446393 24711 raft_consensus.cc:2272] T b64332c5915b4516ab80ee85c16a7625 P 1f2d96b8ee4d4b2ea7dfd697a255fb20 [term 1 FOLLOWER]: Raft consensus is shut down!
I20260608 12:48:12.448230 24711 tablet_replica.cc:333] T dbd842cf07b0465da5af9d3d2b96b6de P 1f2d96b8ee4d4b2ea7dfd697a255fb20: stopping tablet replica
I20260608 12:48:12.448695 24711 raft_consensus.cc:2243] T dbd842cf07b0465da5af9d3d2b96b6de P 1f2d96b8ee4d4b2ea7dfd697a255fb20 [term 1 FOLLOWER]: Raft consensus shutting down.
I20260608 12:48:12.449009 24711 raft_consensus.cc:2272] T dbd842cf07b0465da5af9d3d2b96b6de P 1f2d96b8ee4d4b2ea7dfd697a255fb20 [term 1 FOLLOWER]: Raft consensus is shut down!
I20260608 12:48:12.450505 24711 tablet_replica.cc:333] T b1f8bd847ae446b39a48e841acbae67f P 1f2d96b8ee4d4b2ea7dfd697a255fb20: stopping tablet replica
I20260608 12:48:12.450933 24711 raft_consensus.cc:2243] T b1f8bd847ae446b39a48e841acbae67f P 1f2d96b8ee4d4b2ea7dfd697a255fb20 [term 1 FOLLOWER]: Raft consensus shutting down.
I20260608 12:48:12.451285 24711 raft_consensus.cc:2272] T b1f8bd847ae446b39a48e841acbae67f P 1f2d96b8ee4d4b2ea7dfd697a255fb20 [term 1 FOLLOWER]: Raft consensus is shut down!
W20260608 12:48:12.755023 27363 proxy.cc:239] Call had error, refreshing address and retrying: Network error: Client connection negotiation failed: client connection to 127.24.33.193:36347: connect: Connection refused (error 111) [suppressed 12 similar messages]
W20260608 12:48:12.760344 27363 consensus_peers.cc:597] T 3e6d1ea9efb94f0694f6e7a36bc36019 P 1f2d96b8ee4d4b2ea7dfd697a255fb20 -> Peer 05269e4f51ae43dc998dfe51ab3d8211 (127.24.33.193:36347): Couldn't send request to peer 05269e4f51ae43dc998dfe51ab3d8211. Status: Network error: Client connection negotiation failed: client connection to 127.24.33.193:36347: connect: Connection refused (error 111). This is attempt 1: this message will repeat every 5th retry.
I20260608 12:48:12.771010 24711 tablet_replica.cc:333] T 3e6d1ea9efb94f0694f6e7a36bc36019 P 1f2d96b8ee4d4b2ea7dfd697a255fb20: stopping tablet replica
I20260608 12:48:12.771629 24711 raft_consensus.cc:2243] T 3e6d1ea9efb94f0694f6e7a36bc36019 P 1f2d96b8ee4d4b2ea7dfd697a255fb20 [term 1 LEADER]: Raft consensus shutting down.
I20260608 12:48:12.772284 24711 pending_rounds.cc:70] T 3e6d1ea9efb94f0694f6e7a36bc36019 P 1f2d96b8ee4d4b2ea7dfd697a255fb20: Trying to abort 1 pending ops.
I20260608 12:48:12.772535 24711 pending_rounds.cc:77] T 3e6d1ea9efb94f0694f6e7a36bc36019 P 1f2d96b8ee4d4b2ea7dfd697a255fb20: Aborting op as it isn't in flight: id { term: 1 index: 1 } timestamp: 7294660165670633472 op_type: NO_OP noop_request { }
I20260608 12:48:12.772838 24711 raft_consensus.cc:2889] T 3e6d1ea9efb94f0694f6e7a36bc36019 P 1f2d96b8ee4d4b2ea7dfd697a255fb20 [term 1 LEADER]: NO_OP replication failed: Aborted: Op aborted
I20260608 12:48:12.773101 24711 raft_consensus.cc:2272] T 3e6d1ea9efb94f0694f6e7a36bc36019 P 1f2d96b8ee4d4b2ea7dfd697a255fb20 [term 1 FOLLOWER]: Raft consensus is shut down!
I20260608 12:48:12.802505 24711 tablet_server.cc:196] TabletServer@127.24.33.194:0 shutdown complete.
I20260608 12:48:12.813892 24711 tablet_server.cc:179] TabletServer@127.24.33.195:0 shutting down...
W20260608 12:48:12.820243 27440 consensus_peers.cc:597] T b1f8bd847ae446b39a48e841acbae67f P 023ac928ceba490fa8e158f6b0005ed2 -> Peer 1f2d96b8ee4d4b2ea7dfd697a255fb20 (127.24.33.194:33775): Couldn't send request to peer 1f2d96b8ee4d4b2ea7dfd697a255fb20. Status: Network error: Client connection negotiation failed: client connection to 127.24.33.194:33775: connect: Connection refused (error 111). This is attempt 1: this message will repeat every 5th retry.
W20260608 12:48:12.820366 27437 consensus_peers.cc:597] T b1f8bd847ae446b39a48e841acbae67f P 023ac928ceba490fa8e158f6b0005ed2 -> Peer 05269e4f51ae43dc998dfe51ab3d8211 (127.24.33.193:36347): Couldn't send request to peer 05269e4f51ae43dc998dfe51ab3d8211. Status: Network error: Client connection negotiation failed: client connection to 127.24.33.193:36347: connect: Connection refused (error 111). This is attempt 1: this message will repeat every 5th retry.
I20260608 12:48:12.835289 24711 ts_tablet_manager.cc:1507] Shutting down tablet manager...
I20260608 12:48:12.835947 24711 tablet_replica.cc:333] T dbd842cf07b0465da5af9d3d2b96b6de P 023ac928ceba490fa8e158f6b0005ed2: stopping tablet replica
I20260608 12:48:12.836489 24711 raft_consensus.cc:2243] T dbd842cf07b0465da5af9d3d2b96b6de P 023ac928ceba490fa8e158f6b0005ed2 [term 1 FOLLOWER]: Raft consensus shutting down.
I20260608 12:48:12.836884 24711 raft_consensus.cc:2272] T dbd842cf07b0465da5af9d3d2b96b6de P 023ac928ceba490fa8e158f6b0005ed2 [term 1 FOLLOWER]: Raft consensus is shut down!
I20260608 12:48:12.838502 24711 tablet_replica.cc:333] T 3e6d1ea9efb94f0694f6e7a36bc36019 P 023ac928ceba490fa8e158f6b0005ed2: stopping tablet replica
I20260608 12:48:12.838963 24711 raft_consensus.cc:2243] T 3e6d1ea9efb94f0694f6e7a36bc36019 P 023ac928ceba490fa8e158f6b0005ed2 [term 1 FOLLOWER]: Raft consensus shutting down.
I20260608 12:48:12.839296 24711 raft_consensus.cc:2272] T 3e6d1ea9efb94f0694f6e7a36bc36019 P 023ac928ceba490fa8e158f6b0005ed2 [term 1 FOLLOWER]: Raft consensus is shut down!
I20260608 12:48:12.840958 24711 tablet_replica.cc:333] T b1f8bd847ae446b39a48e841acbae67f P 023ac928ceba490fa8e158f6b0005ed2: stopping tablet replica
I20260608 12:48:12.841431 24711 raft_consensus.cc:2243] T b1f8bd847ae446b39a48e841acbae67f P 023ac928ceba490fa8e158f6b0005ed2 [term 1 LEADER]: Raft consensus shutting down.
I20260608 12:48:12.842057 24711 pending_rounds.cc:70] T b1f8bd847ae446b39a48e841acbae67f P 023ac928ceba490fa8e158f6b0005ed2: Trying to abort 1 pending ops.
I20260608 12:48:12.842249 24711 pending_rounds.cc:77] T b1f8bd847ae446b39a48e841acbae67f P 023ac928ceba490fa8e158f6b0005ed2: Aborting op as it isn't in flight: id { term: 1 index: 1 } timestamp: 7294660166771699712 op_type: NO_OP noop_request { }
I20260608 12:48:12.842496 24711 raft_consensus.cc:2889] T b1f8bd847ae446b39a48e841acbae67f P 023ac928ceba490fa8e158f6b0005ed2 [term 1 LEADER]: NO_OP replication failed: Aborted: Op aborted
I20260608 12:48:12.842746 24711 raft_consensus.cc:2272] T b1f8bd847ae446b39a48e841acbae67f P 023ac928ceba490fa8e158f6b0005ed2 [term 1 FOLLOWER]: Raft consensus is shut down!
I20260608 12:48:12.844642 24711 tablet_replica.cc:333] T b64332c5915b4516ab80ee85c16a7625 P 023ac928ceba490fa8e158f6b0005ed2: stopping tablet replica
I20260608 12:48:12.845096 24711 raft_consensus.cc:2243] T b64332c5915b4516ab80ee85c16a7625 P 023ac928ceba490fa8e158f6b0005ed2 [term 1 FOLLOWER]: Raft consensus shutting down.
I20260608 12:48:12.845420 24711 raft_consensus.cc:2272] T b64332c5915b4516ab80ee85c16a7625 P 023ac928ceba490fa8e158f6b0005ed2 [term 1 FOLLOWER]: Raft consensus is shut down!
W20260608 12:48:13.762732 27495 debug-util.cc:398] Leaking SignalData structure 0x7b080022fbe0 after lost signal to thread 24714
W20260608 12:48:13.763561 27495 debug-util.cc:398] Leaking SignalData structure 0x7b0800171e00 after lost signal to thread 27257
W20260608 12:48:13.865628 24711 thread.cc:527] Waited for 1000ms trying to join with diag-logger (tid 27495)
I20260608 12:48:14.302064 27276 auto_leader_rebalancer.cc:140] leader rebalance for table range_aware_auto_rebalancer_test
I20260608 12:48:14.306952 27276 auto_leader_rebalancer.cc:388] table: range_aware_auto_rebalancer_test, leader rebalance finish, leader transfer count: 0
I20260608 12:48:14.307437 27276 auto_leader_rebalancer.cc:451] All tables' leader rebalancing finished this round
W20260608 12:48:14.866096 24711 thread.cc:527] Waited for 2000ms trying to join with diag-logger (tid 27495)
W20260608 12:48:15.866577 24711 thread.cc:527] Waited for 3000ms trying to join with diag-logger (tid 27495)
I20260608 12:48:16.219871 24711 tablet_server.cc:196] TabletServer@127.24.33.195:0 shutdown complete.
I20260608 12:48:16.232584 24711 master.cc:562] Master@127.24.33.254:33507 shutting down...
I20260608 12:48:16.248090 24711 raft_consensus.cc:2243] T 00000000000000000000000000000000 P cf0bf230e53f465f9aa3587a91346227 [term 1 LEADER]: Raft consensus shutting down.
I20260608 12:48:16.248608 24711 raft_consensus.cc:2272] T 00000000000000000000000000000000 P cf0bf230e53f465f9aa3587a91346227 [term 1 FOLLOWER]: Raft consensus is shut down!
I20260608 12:48:16.248910 24711 tablet_replica.cc:333] T 00000000000000000000000000000000 P cf0bf230e53f465f9aa3587a91346227: stopping tablet replica
I20260608 12:48:16.266077 24711 master.cc:584] Master@127.24.33.254:33507 shutdown complete.
[       OK ] AutoRebalancerTest.RangeAwareBuildClusterInfoGroupsByRange (6146 ms)
[ RUN      ] AutoRebalancerTest.RangeAwareRebalancesNewRangeReplicas
I20260608 12:48:16.297322 24711 internal_mini_cluster.cc:156] Creating distributed mini masters. Addrs: 127.24.33.254:36953
I20260608 12:48:16.298427 24711 file_cache.cc:492] Constructed file cache file cache with capacity 419430
W20260608 12:48:16.303411 27558 instance_detector.cc:116] could not retrieve AWS instance metadata: Network error: curl error: HTTP response code said error: The requested URL returned error: 404
W20260608 12:48:16.303610 27559 instance_detector.cc:116] could not retrieve Azure instance metadata: Network error: curl error: HTTP response code said error: The requested URL returned error: 404
W20260608 12:48:16.304721 27561 instance_detector.cc:116] could not retrieve OpenStack instance metadata: Network error: curl error: HTTP response code said error: The requested URL returned error: 404
I20260608 12:48:16.305968 24711 server_base.cc:1061] running on GCE node
I20260608 12:48:16.306772 24711 hybrid_clock.cc:584] initializing the hybrid clock with 'system_unsync' time source
W20260608 12:48:16.306946 24711 system_unsync_time.cc:38] NTP support is disabled. Clock error bounds will not be accurate. This configuration is not suitable for distributed clusters.
I20260608 12:48:16.307086 24711 hybrid_clock.cc:648] HybridClock initialized: now 1780922896307073 us; error 0 us; skew 500 ppm
I20260608 12:48:16.307677 24711 server_base.cc:861] Flag tcmalloc_max_total_thread_cache_bytes is not working since tcmalloc is not enabled.
I20260608 12:48:16.309927 24711 webserver.cc:533] Webserver started at http://127.24.33.254:39461/ using document root <none> and password file <none>
I20260608 12:48:16.310437 24711 fs_manager.cc:362] Metadata directory not provided
I20260608 12:48:16.310613 24711 fs_manager.cc:368] Using write-ahead log directory (fs_wal_dir) as metadata directory
I20260608 12:48:16.310863 24711 server_base.cc:909] This appears to be a new deployment of Kudu; creating new FS layout
I20260608 12:48:16.311957 24711 fs_manager.cc:1068] Generated new instance metadata in path /tmp/dist-test-taskYw_H5J/test-tmp/auto_rebalancer-test.0.AutoRebalancerTest.RangeAwareRebalancesNewRangeReplicas.1780922817598111-24711-0/minicluster-data/master-0-root/instance:
uuid: "84039cebd3c742219aa35b3882c21403"
format_stamp: "Formatted at 2026-06-08 12:48:16 on dist-test-slave-6txz"
I20260608 12:48:16.316576 24711 fs_manager.cc:696] Time spent creating directory manager: real 0.004s	user 0.003s	sys 0.001s
I20260608 12:48:16.319814 27566 log_block_manager.cc:4031] Time spent loading block containers with low live blocks: real 0.000s	user 0.000s	sys 0.000s
I20260608 12:48:16.320514 24711 fs_manager.cc:730] Time spent opening block manager: real 0.002s	user 0.002s	sys 0.001s
I20260608 12:48:16.320789 24711 fs_manager.cc:647] Opened local filesystem: /tmp/dist-test-taskYw_H5J/test-tmp/auto_rebalancer-test.0.AutoRebalancerTest.RangeAwareRebalancesNewRangeReplicas.1780922817598111-24711-0/minicluster-data/master-0-root
uuid: "84039cebd3c742219aa35b3882c21403"
format_stamp: "Formatted at 2026-06-08 12:48:16 on dist-test-slave-6txz"
I20260608 12:48:16.321043 24711 fs_report.cc:389] FS layout report
--------------------
wal directory: /tmp/dist-test-taskYw_H5J/test-tmp/auto_rebalancer-test.0.AutoRebalancerTest.RangeAwareRebalancesNewRangeReplicas.1780922817598111-24711-0/minicluster-data/master-0-root
metadata directory: /tmp/dist-test-taskYw_H5J/test-tmp/auto_rebalancer-test.0.AutoRebalancerTest.RangeAwareRebalancesNewRangeReplicas.1780922817598111-24711-0/minicluster-data/master-0-root
1 data directories: /tmp/dist-test-taskYw_H5J/test-tmp/auto_rebalancer-test.0.AutoRebalancerTest.RangeAwareRebalancesNewRangeReplicas.1780922817598111-24711-0/minicluster-data/master-0-root/data
Total live blocks: 0
Total live bytes: 0
Total live bytes (after alignment): 0
Total number of LBM containers: 0 (0 full)
Did not check for missing blocks
Did not check for orphaned blocks
Total full LBM containers with extra space: 0 (0 repaired)
Total full LBM container extra space in bytes: 0 (0 repaired)
Total incomplete LBM containers: 0 (0 repaired)
Total LBM partial records: 0 (0 repaired)
Total corrupted LBM metadata records in RocksDB: 0 (0 repaired)
I20260608 12:48:16.335737 24711 rpc_server.cc:225] running with OpenSSL 1.1.1  11 Sep 2018
I20260608 12:48:16.336843 24711 kserver.cc:163] Server-wide thread pool size limit: 3276
I20260608 12:48:16.371336 24711 rpc_server.cc:307] RPC server started. Bound to: 127.24.33.254:36953
I20260608 12:48:16.371447 27617 acceptor_pool.cc:272] collecting diagnostics on the listening RPC socket 127.24.33.254:36953 every 8 connection(s)
I20260608 12:48:16.375312 27618 data_dirs.cc:400] Could only allocate 1 dirs of requested 3 for tablet 00000000000000000000000000000000. 1 dirs total, 0 dirs full, 0 dirs failed
I20260608 12:48:16.384948 27618 tablet_bootstrap.cc:492] T 00000000000000000000000000000000 P 84039cebd3c742219aa35b3882c21403: Bootstrap starting.
I20260608 12:48:16.389328 27618 tablet_bootstrap.cc:654] T 00000000000000000000000000000000 P 84039cebd3c742219aa35b3882c21403: Neither blocks nor log segments found. Creating new log.
I20260608 12:48:16.393102 27618 tablet_bootstrap.cc:492] T 00000000000000000000000000000000 P 84039cebd3c742219aa35b3882c21403: No bootstrap required, opened a new log
I20260608 12:48:16.395051 27618 raft_consensus.cc:359] T 00000000000000000000000000000000 P 84039cebd3c742219aa35b3882c21403 [term 0 FOLLOWER]: Replica starting. Triggering 0 pending ops. Active config: opid_index: -1 OBSOLETE_local: true peers { permanent_uuid: "84039cebd3c742219aa35b3882c21403" member_type: VOTER }
I20260608 12:48:16.395419 27618 raft_consensus.cc:385] T 00000000000000000000000000000000 P 84039cebd3c742219aa35b3882c21403 [term 0 FOLLOWER]: Consensus starting up: Expiring failure detector timer to make a prompt election more likely
I20260608 12:48:16.395632 27618 raft_consensus.cc:740] T 00000000000000000000000000000000 P 84039cebd3c742219aa35b3882c21403 [term 0 FOLLOWER]: Becoming Follower/Learner. State: Replica: 84039cebd3c742219aa35b3882c21403, State: Initialized, Role: FOLLOWER
I20260608 12:48:16.396211 27618 consensus_queue.cc:260] T 00000000000000000000000000000000 P 84039cebd3c742219aa35b3882c21403 [NON_LEADER]: Queue going to NON_LEADER mode. State: All replicated index: 0, Majority replicated index: 0, Committed index: 0, Last appended: 0.0, Last appended by leader: 0, Current term: 0, Majority size: -1, State: 0, Mode: NON_LEADER, active raft config: opid_index: -1 OBSOLETE_local: true peers { permanent_uuid: "84039cebd3c742219aa35b3882c21403" member_type: VOTER }
I20260608 12:48:16.396626 27618 raft_consensus.cc:399] T 00000000000000000000000000000000 P 84039cebd3c742219aa35b3882c21403 [term 0 FOLLOWER]: Only one voter in the Raft config. Triggering election immediately
I20260608 12:48:16.396829 27618 raft_consensus.cc:493] T 00000000000000000000000000000000 P 84039cebd3c742219aa35b3882c21403 [term 0 FOLLOWER]: Starting leader election (initial election of a single-replica configuration)
I20260608 12:48:16.397096 27618 raft_consensus.cc:3060] T 00000000000000000000000000000000 P 84039cebd3c742219aa35b3882c21403 [term 0 FOLLOWER]: Advancing to term 1
I20260608 12:48:16.401114 27618 raft_consensus.cc:515] T 00000000000000000000000000000000 P 84039cebd3c742219aa35b3882c21403 [term 1 FOLLOWER]: Starting leader election with config: opid_index: -1 OBSOLETE_local: true peers { permanent_uuid: "84039cebd3c742219aa35b3882c21403" member_type: VOTER }
I20260608 12:48:16.401602 27618 leader_election.cc:304] T 00000000000000000000000000000000 P 84039cebd3c742219aa35b3882c21403 [CANDIDATE]: Term 1 election: Election decided. Result: candidate won. Election summary: received 1 responses out of 1 voters: 1 yes votes; 0 no votes. yes voters: 84039cebd3c742219aa35b3882c21403; no voters: 
I20260608 12:48:16.402678 27618 leader_election.cc:290] T 00000000000000000000000000000000 P 84039cebd3c742219aa35b3882c21403 [CANDIDATE]: Term 1 election: Requested vote from peers 
I20260608 12:48:16.403065 27621 raft_consensus.cc:2804] T 00000000000000000000000000000000 P 84039cebd3c742219aa35b3882c21403 [term 1 FOLLOWER]: Leader election won for term 1
I20260608 12:48:16.404356 27621 raft_consensus.cc:697] T 00000000000000000000000000000000 P 84039cebd3c742219aa35b3882c21403 [term 1 LEADER]: Becoming Leader. State: Replica: 84039cebd3c742219aa35b3882c21403, State: Running, Role: LEADER
I20260608 12:48:16.405010 27621 consensus_queue.cc:237] T 00000000000000000000000000000000 P 84039cebd3c742219aa35b3882c21403 [LEADER]: Queue going to LEADER mode. State: All replicated index: 0, Majority replicated index: 0, Committed index: 0, Last appended: 0.0, Last appended by leader: 0, Current term: 1, Majority size: 1, State: 0, Mode: LEADER, active raft config: opid_index: -1 OBSOLETE_local: true peers { permanent_uuid: "84039cebd3c742219aa35b3882c21403" member_type: VOTER }
I20260608 12:48:16.405588 27618 sys_catalog.cc:565] T 00000000000000000000000000000000 P 84039cebd3c742219aa35b3882c21403 [sys.catalog]: configured and running, proceeding with master startup.
I20260608 12:48:16.409693 27623 sys_catalog.cc:455] T 00000000000000000000000000000000 P 84039cebd3c742219aa35b3882c21403 [sys.catalog]: SysCatalogTable state changed. Reason: New leader 84039cebd3c742219aa35b3882c21403. Latest consensus state: current_term: 1 leader_uuid: "84039cebd3c742219aa35b3882c21403" committed_config { opid_index: -1 OBSOLETE_local: true peers { permanent_uuid: "84039cebd3c742219aa35b3882c21403" member_type: VOTER } }
I20260608 12:48:16.409825 27622 sys_catalog.cc:455] T 00000000000000000000000000000000 P 84039cebd3c742219aa35b3882c21403 [sys.catalog]: SysCatalogTable state changed. Reason: RaftConsensus started. Latest consensus state: current_term: 1 leader_uuid: "84039cebd3c742219aa35b3882c21403" committed_config { opid_index: -1 OBSOLETE_local: true peers { permanent_uuid: "84039cebd3c742219aa35b3882c21403" member_type: VOTER } }
I20260608 12:48:16.410254 27623 sys_catalog.cc:458] T 00000000000000000000000000000000 P 84039cebd3c742219aa35b3882c21403 [sys.catalog]: This master's current role is: LEADER
I20260608 12:48:16.410308 27622 sys_catalog.cc:458] T 00000000000000000000000000000000 P 84039cebd3c742219aa35b3882c21403 [sys.catalog]: This master's current role is: LEADER
I20260608 12:48:16.412786 27629 catalog_manager.cc:1510] Loading table and tablet metadata into memory...
I20260608 12:48:16.418035 27629 catalog_manager.cc:1519] Initializing Kudu cluster ID...
I20260608 12:48:16.420100 24711 internal_mini_cluster.cc:184] Waiting to initialize catalog manager on master 0
I20260608 12:48:16.426679 27629 catalog_manager.cc:1382] Generated new cluster ID: dacbe4384d7c4ad48773cf794265c1e7
I20260608 12:48:16.426959 27629 catalog_manager.cc:1530] Initializing Kudu internal certificate authority...
I20260608 12:48:16.460333 27629 catalog_manager.cc:1405] Generated new certificate authority record
I20260608 12:48:16.461632 27629 catalog_manager.cc:1539] Loading token signing keys...
I20260608 12:48:16.483897 27629 catalog_manager.cc:6069] T 00000000000000000000000000000000 P 84039cebd3c742219aa35b3882c21403: Generated new TSK 0
I20260608 12:48:16.484553 27629 catalog_manager.cc:1549] Initializing in-progress tserver states...
I20260608 12:48:16.550532 24711 file_cache.cc:492] Constructed file cache file cache with capacity 419430
W20260608 12:48:16.556336 27639 instance_detector.cc:116] could not retrieve AWS instance metadata: Network error: curl error: HTTP response code said error: The requested URL returned error: 404
W20260608 12:48:16.557452 27640 instance_detector.cc:116] could not retrieve Azure instance metadata: Network error: curl error: HTTP response code said error: The requested URL returned error: 404
W20260608 12:48:16.558893 27642 instance_detector.cc:116] could not retrieve OpenStack instance metadata: Network error: curl error: HTTP response code said error: The requested URL returned error: 404
I20260608 12:48:16.558940 24711 server_base.cc:1061] running on GCE node
I20260608 12:48:16.560014 24711 hybrid_clock.cc:584] initializing the hybrid clock with 'system_unsync' time source
W20260608 12:48:16.560211 24711 system_unsync_time.cc:38] NTP support is disabled. Clock error bounds will not be accurate. This configuration is not suitable for distributed clusters.
I20260608 12:48:16.560376 24711 hybrid_clock.cc:648] HybridClock initialized: now 1780922896560356 us; error 0 us; skew 500 ppm
I20260608 12:48:16.560967 24711 server_base.cc:861] Flag tcmalloc_max_total_thread_cache_bytes is not working since tcmalloc is not enabled.
I20260608 12:48:16.563175 24711 webserver.cc:533] Webserver started at http://127.24.33.193:45951/ using document root <none> and password file <none>
I20260608 12:48:16.563678 24711 fs_manager.cc:362] Metadata directory not provided
I20260608 12:48:16.563890 24711 fs_manager.cc:368] Using write-ahead log directory (fs_wal_dir) as metadata directory
I20260608 12:48:16.564153 24711 server_base.cc:909] This appears to be a new deployment of Kudu; creating new FS layout
I20260608 12:48:16.565207 24711 fs_manager.cc:1068] Generated new instance metadata in path /tmp/dist-test-taskYw_H5J/test-tmp/auto_rebalancer-test.0.AutoRebalancerTest.RangeAwareRebalancesNewRangeReplicas.1780922817598111-24711-0/minicluster-data/ts-0-root/instance:
uuid: "433c4a2e186b482a94ef7e99170d428a"
format_stamp: "Formatted at 2026-06-08 12:48:16 on dist-test-slave-6txz"
I20260608 12:48:16.569640 24711 fs_manager.cc:696] Time spent creating directory manager: real 0.004s	user 0.005s	sys 0.000s
I20260608 12:48:16.572981 27647 log_block_manager.cc:4031] Time spent loading block containers with low live blocks: real 0.000s	user 0.000s	sys 0.000s
I20260608 12:48:16.573704 24711 fs_manager.cc:730] Time spent opening block manager: real 0.002s	user 0.003s	sys 0.000s
