Total live blocks: 0
Total live bytes: 0
Total live bytes (after alignment): 0
Total number of LBM containers: 0 (0 full)
Did not check for missing blocks
Did not check for orphaned blocks
Total full LBM containers with extra space: 0 (0 repaired)
Total full LBM container extra space in bytes: 0 (0 repaired)
Total incomplete LBM containers: 0 (0 repaired)
Total LBM partial records: 0 (0 repaired)
Total corrupted LBM metadata records in RocksDB: 0 (0 repaired)
I20260608 12:48:03.087119 24891 rpc_server.cc:225] running with OpenSSL 1.1.1  11 Sep 2018
I20260608 12:48:03.088461 24891 kserver.cc:163] Server-wide thread pool size limit: 3276
I20260608 12:48:03.089947 24891 txn_system_client.cc:432] TxnSystemClient initialization is disabled...
I20260608 12:48:03.092365 24891 ts_tablet_manager.cc:585] Loaded tablet metadata (0 total tablets, 0 live tablets)
I20260608 12:48:03.092592 24891 ts_tablet_manager.cc:531] Time spent load tablet metadata: real 0.000s	user 0.000s	sys 0.000s
I20260608 12:48:03.092837 24891 ts_tablet_manager.cc:616] Registered 0 tablets
I20260608 12:48:03.093015 24891 ts_tablet_manager.cc:595] Time spent register tablets: real 0.000s	user 0.000s	sys 0.000s
I20260608 12:48:03.135162 24891 rpc_server.cc:307] RPC server started. Bound to: 127.24.78.195:46293
I20260608 12:48:03.135290 27395 acceptor_pool.cc:272] collecting diagnostics on the listening RPC socket 127.24.78.195:46293 every 8 connection(s)
I20260608 12:48:03.151432 27396 heartbeater.cc:344] Connected to a master server at 127.24.78.254:41565
I20260608 12:48:03.151943 27396 heartbeater.cc:461] Registering TS with master...
I20260608 12:48:03.152977 27396 heartbeater.cc:507] Master 127.24.78.254:41565 requested a full tablet report, sending...
I20260608 12:48:03.155700 27120 ts_manager.cc:194] Registered new tserver with Master: 8a0bad6f02214467b86049d451709f9c (127.24.78.195:46293)
I20260608 12:48:03.155830 24891 internal_mini_cluster.cc:371] 3 TS(s) registered with all masters after 0.01717532s
I20260608 12:48:03.157593 27120 master_service.cc:502] Signed X509 certificate for tserver {username='slave'} at 127.0.0.1:53188
I20260608 12:48:03.953411 27247 heartbeater.cc:499] Master 127.24.78.254:41565 was elected leader, sending a full tablet report...
I20260608 12:48:04.054438 27322 heartbeater.cc:499] Master 127.24.78.254:41565 was elected leader, sending a full tablet report...
I20260608 12:48:04.160524 27396 heartbeater.cc:499] Master 127.24.78.254:41565 was elected leader, sending a full tablet report...
I20260608 12:48:04.749585 27173 auto_leader_rebalancer.cc:451] All tables' leader rebalancing finished this round
I20260608 12:48:06.751077 27173 auto_leader_rebalancer.cc:451] All tables' leader rebalancing finished this round
I20260608 12:48:08.752280 27173 auto_leader_rebalancer.cc:451] All tables' leader rebalancing finished this round
I20260608 12:48:10.753232 27173 auto_leader_rebalancer.cc:451] All tables' leader rebalancing finished this round
I20260608 12:48:12.754140 27173 auto_leader_rebalancer.cc:451] All tables' leader rebalancing finished this round
I20260608 12:48:14.755168 27173 auto_leader_rebalancer.cc:451] All tables' leader rebalancing finished this round
I20260608 12:48:15.250908 24891 tablet_server.cc:179] TabletServer@127.24.78.193:0 shutting down...
I20260608 12:48:15.276317 24891 ts_tablet_manager.cc:1507] Shutting down tablet manager...
I20260608 12:48:15.294039 24891 tablet_server.cc:196] TabletServer@127.24.78.193:0 shutdown complete.
I20260608 12:48:15.307914 24891 tablet_server.cc:179] TabletServer@127.24.78.194:0 shutting down...
I20260608 12:48:15.333395 24891 ts_tablet_manager.cc:1507] Shutting down tablet manager...
I20260608 12:48:15.350047 24891 tablet_server.cc:196] TabletServer@127.24.78.194:0 shutdown complete.
I20260608 12:48:15.359606 24891 tablet_server.cc:179] TabletServer@127.24.78.195:0 shutting down...
I20260608 12:48:15.380508 24891 ts_tablet_manager.cc:1507] Shutting down tablet manager...
I20260608 12:48:15.396313 24891 tablet_server.cc:196] TabletServer@127.24.78.195:0 shutdown complete.
I20260608 12:48:15.405191 24891 master.cc:562] Master@127.24.78.254:41565 shutting down...
I20260608 12:48:15.424078 24891 raft_consensus.cc:2243] T 00000000000000000000000000000000 P 876eced1e1454576a272893c51551cf5 [term 1 LEADER]: Raft consensus shutting down.
I20260608 12:48:15.424852 24891 raft_consensus.cc:2272] T 00000000000000000000000000000000 P 876eced1e1454576a272893c51551cf5 [term 1 FOLLOWER]: Raft consensus is shut down!
I20260608 12:48:15.425272 24891 tablet_replica.cc:333] T 00000000000000000000000000000000 P 876eced1e1454576a272893c51551cf5: stopping tablet replica
I20260608 12:48:15.443260 24891 master.cc:584] Master@127.24.78.254:41565 shutdown complete.
[       OK ] AutoRebalancerTest.NoReplicaMovesIfNoTablets (12893 ms)
[ RUN      ] AutoRebalancerTest.RangeAwareBuildClusterInfoGroupsByRange
I20260608 12:48:15.477064 24891 internal_mini_cluster.cc:156] Creating distributed mini masters. Addrs: 127.24.78.254:45411
I20260608 12:48:15.478276 24891 file_cache.cc:492] Constructed file cache file cache with capacity 419430
W20260608 12:48:15.484300 27401 instance_detector.cc:116] could not retrieve AWS instance metadata: Network error: curl error: HTTP response code said error: The requested URL returned error: 404
W20260608 12:48:15.484493 27402 instance_detector.cc:116] could not retrieve Azure instance metadata: Network error: curl error: HTTP response code said error: The requested URL returned error: 404
W20260608 12:48:15.485189 27404 instance_detector.cc:116] could not retrieve OpenStack instance metadata: Network error: curl error: HTTP response code said error: The requested URL returned error: 404
I20260608 12:48:15.487164 24891 server_base.cc:1061] running on GCE node
I20260608 12:48:15.488081 24891 hybrid_clock.cc:584] initializing the hybrid clock with 'system_unsync' time source
W20260608 12:48:15.488278 24891 system_unsync_time.cc:38] NTP support is disabled. Clock error bounds will not be accurate. This configuration is not suitable for distributed clusters.
I20260608 12:48:15.488444 24891 hybrid_clock.cc:648] HybridClock initialized: now 1780922895488404 us; error 0 us; skew 500 ppm
I20260608 12:48:15.489028 24891 server_base.cc:861] Flag tcmalloc_max_total_thread_cache_bytes is not working since tcmalloc is not enabled.
I20260608 12:48:15.491422 24891 webserver.cc:533] Webserver started at http://127.24.78.254:42159/ using document root <none> and password file <none>
I20260608 12:48:15.492012 24891 fs_manager.cc:362] Metadata directory not provided
I20260608 12:48:15.492233 24891 fs_manager.cc:368] Using write-ahead log directory (fs_wal_dir) as metadata directory
I20260608 12:48:15.492523 24891 server_base.cc:909] This appears to be a new deployment of Kudu; creating new FS layout
I20260608 12:48:15.493757 24891 fs_manager.cc:1068] Generated new instance metadata in path /tmp/dist-test-taskyMFZ9T/test-tmp/auto_rebalancer-test.0.AutoRebalancerTest.RangeAwareBuildClusterInfoGroupsByRange.1780922815741206-24891-0/minicluster-data/master-0-root/instance:
uuid: "763b065d45674d6bbc63aadf31e8c7e5"
format_stamp: "Formatted at 2026-06-08 12:48:15 on dist-test-slave-dtrf"
I20260608 12:48:15.498420 24891 fs_manager.cc:696] Time spent creating directory manager: real 0.004s	user 0.006s	sys 0.000s
I20260608 12:48:15.501936 27409 log_block_manager.cc:4031] Time spent loading block containers with low live blocks: real 0.000s	user 0.000s	sys 0.000s
I20260608 12:48:15.502758 24891 fs_manager.cc:730] Time spent opening block manager: real 0.002s	user 0.002s	sys 0.000s
I20260608 12:48:15.503036 24891 fs_manager.cc:647] Opened local filesystem: /tmp/dist-test-taskyMFZ9T/test-tmp/auto_rebalancer-test.0.AutoRebalancerTest.RangeAwareBuildClusterInfoGroupsByRange.1780922815741206-24891-0/minicluster-data/master-0-root
uuid: "763b065d45674d6bbc63aadf31e8c7e5"
format_stamp: "Formatted at 2026-06-08 12:48:15 on dist-test-slave-dtrf"
I20260608 12:48:15.503320 24891 fs_report.cc:389] FS layout report
--------------------
wal directory: /tmp/dist-test-taskyMFZ9T/test-tmp/auto_rebalancer-test.0.AutoRebalancerTest.RangeAwareBuildClusterInfoGroupsByRange.1780922815741206-24891-0/minicluster-data/master-0-root
metadata directory: /tmp/dist-test-taskyMFZ9T/test-tmp/auto_rebalancer-test.0.AutoRebalancerTest.RangeAwareBuildClusterInfoGroupsByRange.1780922815741206-24891-0/minicluster-data/master-0-root
1 data directories: /tmp/dist-test-taskyMFZ9T/test-tmp/auto_rebalancer-test.0.AutoRebalancerTest.RangeAwareBuildClusterInfoGroupsByRange.1780922815741206-24891-0/minicluster-data/master-0-root/data
Total live blocks: 0
Total live bytes: 0
Total live bytes (after alignment): 0
Total number of LBM containers: 0 (0 full)
Did not check for missing blocks
Did not check for orphaned blocks
Total full LBM containers with extra space: 0 (0 repaired)
Total full LBM container extra space in bytes: 0 (0 repaired)
Total incomplete LBM containers: 0 (0 repaired)
Total LBM partial records: 0 (0 repaired)
Total corrupted LBM metadata records in RocksDB: 0 (0 repaired)
I20260608 12:48:15.518662 24891 rpc_server.cc:225] running with OpenSSL 1.1.1  11 Sep 2018
I20260608 12:48:15.520100 24891 kserver.cc:163] Server-wide thread pool size limit: 3276
I20260608 12:48:15.559312 24891 rpc_server.cc:307] RPC server started. Bound to: 127.24.78.254:45411
I20260608 12:48:15.559458 27460 acceptor_pool.cc:272] collecting diagnostics on the listening RPC socket 127.24.78.254:45411 every 8 connection(s)
I20260608 12:48:15.563787 27461 data_dirs.cc:400] Could only allocate 1 dirs of requested 3 for tablet 00000000000000000000000000000000. 1 dirs total, 0 dirs full, 0 dirs failed
I20260608 12:48:15.574743 27461 tablet_bootstrap.cc:492] T 00000000000000000000000000000000 P 763b065d45674d6bbc63aadf31e8c7e5: Bootstrap starting.
I20260608 12:48:15.579728 27461 tablet_bootstrap.cc:654] T 00000000000000000000000000000000 P 763b065d45674d6bbc63aadf31e8c7e5: Neither blocks nor log segments found. Creating new log.
I20260608 12:48:15.584262 27461 tablet_bootstrap.cc:492] T 00000000000000000000000000000000 P 763b065d45674d6bbc63aadf31e8c7e5: No bootstrap required, opened a new log
I20260608 12:48:15.586658 27461 raft_consensus.cc:359] T 00000000000000000000000000000000 P 763b065d45674d6bbc63aadf31e8c7e5 [term 0 FOLLOWER]: Replica starting. Triggering 0 pending ops. Active config: opid_index: -1 OBSOLETE_local: true peers { permanent_uuid: "763b065d45674d6bbc63aadf31e8c7e5" member_type: VOTER }
I20260608 12:48:15.587080 27461 raft_consensus.cc:385] T 00000000000000000000000000000000 P 763b065d45674d6bbc63aadf31e8c7e5 [term 0 FOLLOWER]: Consensus starting up: Expiring failure detector timer to make a prompt election more likely
I20260608 12:48:15.587371 27461 raft_consensus.cc:740] T 00000000000000000000000000000000 P 763b065d45674d6bbc63aadf31e8c7e5 [term 0 FOLLOWER]: Becoming Follower/Learner. State: Replica: 763b065d45674d6bbc63aadf31e8c7e5, State: Initialized, Role: FOLLOWER
I20260608 12:48:15.588044 27461 consensus_queue.cc:260] T 00000000000000000000000000000000 P 763b065d45674d6bbc63aadf31e8c7e5 [NON_LEADER]: Queue going to NON_LEADER mode. State: All replicated index: 0, Majority replicated index: 0, Committed index: 0, Last appended: 0.0, Last appended by leader: 0, Current term: 0, Majority size: -1, State: 0, Mode: NON_LEADER, active raft config: opid_index: -1 OBSOLETE_local: true peers { permanent_uuid: "763b065d45674d6bbc63aadf31e8c7e5" member_type: VOTER }
I20260608 12:48:15.588542 27461 raft_consensus.cc:399] T 00000000000000000000000000000000 P 763b065d45674d6bbc63aadf31e8c7e5 [term 0 FOLLOWER]: Only one voter in the Raft config. Triggering election immediately
I20260608 12:48:15.588752 27461 raft_consensus.cc:493] T 00000000000000000000000000000000 P 763b065d45674d6bbc63aadf31e8c7e5 [term 0 FOLLOWER]: Starting leader election (initial election of a single-replica configuration)
I20260608 12:48:15.589071 27461 raft_consensus.cc:3060] T 00000000000000000000000000000000 P 763b065d45674d6bbc63aadf31e8c7e5 [term 0 FOLLOWER]: Advancing to term 1
I20260608 12:48:15.593509 27461 raft_consensus.cc:515] T 00000000000000000000000000000000 P 763b065d45674d6bbc63aadf31e8c7e5 [term 1 FOLLOWER]: Starting leader election with config: opid_index: -1 OBSOLETE_local: true peers { permanent_uuid: "763b065d45674d6bbc63aadf31e8c7e5" member_type: VOTER }
I20260608 12:48:15.594027 27461 leader_election.cc:304] T 00000000000000000000000000000000 P 763b065d45674d6bbc63aadf31e8c7e5 [CANDIDATE]: Term 1 election: Election decided. Result: candidate won. Election summary: received 1 responses out of 1 voters: 1 yes votes; 0 no votes. yes voters: 763b065d45674d6bbc63aadf31e8c7e5; no voters: 
I20260608 12:48:15.595171 27461 leader_election.cc:290] T 00000000000000000000000000000000 P 763b065d45674d6bbc63aadf31e8c7e5 [CANDIDATE]: Term 1 election: Requested vote from peers 
I20260608 12:48:15.595695 27464 raft_consensus.cc:2804] T 00000000000000000000000000000000 P 763b065d45674d6bbc63aadf31e8c7e5 [term 1 FOLLOWER]: Leader election won for term 1
I20260608 12:48:15.597151 27464 raft_consensus.cc:697] T 00000000000000000000000000000000 P 763b065d45674d6bbc63aadf31e8c7e5 [term 1 LEADER]: Becoming Leader. State: Replica: 763b065d45674d6bbc63aadf31e8c7e5, State: Running, Role: LEADER
I20260608 12:48:15.597935 27464 consensus_queue.cc:237] T 00000000000000000000000000000000 P 763b065d45674d6bbc63aadf31e8c7e5 [LEADER]: Queue going to LEADER mode. State: All replicated index: 0, Majority replicated index: 0, Committed index: 0, Last appended: 0.0, Last appended by leader: 0, Current term: 1, Majority size: 1, State: 0, Mode: LEADER, active raft config: opid_index: -1 OBSOLETE_local: true peers { permanent_uuid: "763b065d45674d6bbc63aadf31e8c7e5" member_type: VOTER }
I20260608 12:48:15.598230 27461 sys_catalog.cc:565] T 00000000000000000000000000000000 P 763b065d45674d6bbc63aadf31e8c7e5 [sys.catalog]: configured and running, proceeding with master startup.
I20260608 12:48:15.600914 27465 sys_catalog.cc:455] T 00000000000000000000000000000000 P 763b065d45674d6bbc63aadf31e8c7e5 [sys.catalog]: SysCatalogTable state changed. Reason: RaftConsensus started. Latest consensus state: current_term: 1 leader_uuid: "763b065d45674d6bbc63aadf31e8c7e5" committed_config { opid_index: -1 OBSOLETE_local: true peers { permanent_uuid: "763b065d45674d6bbc63aadf31e8c7e5" member_type: VOTER } }
I20260608 12:48:15.601178 27466 sys_catalog.cc:455] T 00000000000000000000000000000000 P 763b065d45674d6bbc63aadf31e8c7e5 [sys.catalog]: SysCatalogTable state changed. Reason: New leader 763b065d45674d6bbc63aadf31e8c7e5. Latest consensus state: current_term: 1 leader_uuid: "763b065d45674d6bbc63aadf31e8c7e5" committed_config { opid_index: -1 OBSOLETE_local: true peers { permanent_uuid: "763b065d45674d6bbc63aadf31e8c7e5" member_type: VOTER } }
I20260608 12:48:15.601560 27465 sys_catalog.cc:458] T 00000000000000000000000000000000 P 763b065d45674d6bbc63aadf31e8c7e5 [sys.catalog]: This master's current role is: LEADER
I20260608 12:48:15.601709 27466 sys_catalog.cc:458] T 00000000000000000000000000000000 P 763b065d45674d6bbc63aadf31e8c7e5 [sys.catalog]: This master's current role is: LEADER
I20260608 12:48:15.609601 27469 catalog_manager.cc:1510] Loading table and tablet metadata into memory...
I20260608 12:48:15.616081 27469 catalog_manager.cc:1519] Initializing Kudu cluster ID...
I20260608 12:48:15.617055 24891 internal_mini_cluster.cc:184] Waiting to initialize catalog manager on master 0
I20260608 12:48:15.625882 27469 catalog_manager.cc:1382] Generated new cluster ID: d31d1f600362403ab6d0ffc6013f3c9c
I20260608 12:48:15.626175 27469 catalog_manager.cc:1530] Initializing Kudu internal certificate authority...
I20260608 12:48:15.667658 27469 catalog_manager.cc:1405] Generated new certificate authority record
I20260608 12:48:15.669045 27469 catalog_manager.cc:1539] Loading token signing keys...
I20260608 12:48:15.683799 27469 catalog_manager.cc:6069] T 00000000000000000000000000000000 P 763b065d45674d6bbc63aadf31e8c7e5: Generated new TSK 0
I20260608 12:48:15.684468 27469 catalog_manager.cc:1549] Initializing in-progress tserver states...
I20260608 12:48:15.748540 24891 file_cache.cc:492] Constructed file cache file cache with capacity 419430
W20260608 12:48:15.754652 27482 instance_detector.cc:116] could not retrieve AWS instance metadata: Network error: curl error: HTTP response code said error: The requested URL returned error: 404
W20260608 12:48:15.755615 27483 instance_detector.cc:116] could not retrieve Azure instance metadata: Network error: curl error: HTTP response code said error: The requested URL returned error: 404
I20260608 12:48:15.757459 24891 server_base.cc:1061] running on GCE node
W20260608 12:48:15.757968 27485 instance_detector.cc:116] could not retrieve OpenStack instance metadata: Network error: curl error: HTTP response code said error: The requested URL returned error: 404
I20260608 12:48:15.759013 24891 hybrid_clock.cc:584] initializing the hybrid clock with 'system_unsync' time source
W20260608 12:48:15.759274 24891 system_unsync_time.cc:38] NTP support is disabled. Clock error bounds will not be accurate. This configuration is not suitable for distributed clusters.
I20260608 12:48:15.759459 24891 hybrid_clock.cc:648] HybridClock initialized: now 1780922895759441 us; error 0 us; skew 500 ppm
I20260608 12:48:15.760133 24891 server_base.cc:861] Flag tcmalloc_max_total_thread_cache_bytes is not working since tcmalloc is not enabled.
I20260608 12:48:15.762404 24891 webserver.cc:533] Webserver started at http://127.24.78.193:43945/ using document root <none> and password file <none>
I20260608 12:48:15.762899 24891 fs_manager.cc:362] Metadata directory not provided
I20260608 12:48:15.763111 24891 fs_manager.cc:368] Using write-ahead log directory (fs_wal_dir) as metadata directory
I20260608 12:48:15.763389 24891 server_base.cc:909] This appears to be a new deployment of Kudu; creating new FS layout
I20260608 12:48:15.764598 24891 fs_manager.cc:1068] Generated new instance metadata in path /tmp/dist-test-taskyMFZ9T/test-tmp/auto_rebalancer-test.0.AutoRebalancerTest.RangeAwareBuildClusterInfoGroupsByRange.1780922815741206-24891-0/minicluster-data/ts-0-root/instance:
uuid: "02d0de0f87a64118a75026cbb83e420a"
format_stamp: "Formatted at 2026-06-08 12:48:15 on dist-test-slave-dtrf"
I20260608 12:48:15.769200 24891 fs_manager.cc:696] Time spent creating directory manager: real 0.004s	user 0.001s	sys 0.004s
I20260608 12:48:15.772574 27490 log_block_manager.cc:4031] Time spent loading block containers with low live blocks: real 0.000s	user 0.000s	sys 0.000s
I20260608 12:48:15.773504 24891 fs_manager.cc:730] Time spent opening block manager: real 0.002s	user 0.001s	sys 0.002s
I20260608 12:48:15.773809 24891 fs_manager.cc:647] Opened local filesystem: /tmp/dist-test-taskyMFZ9T/test-tmp/auto_rebalancer-test.0.AutoRebalancerTest.RangeAwareBuildClusterInfoGroupsByRange.1780922815741206-24891-0/minicluster-data/ts-0-root
uuid: "02d0de0f87a64118a75026cbb83e420a"
format_stamp: "Formatted at 2026-06-08 12:48:15 on dist-test-slave-dtrf"
I20260608 12:48:15.774078 24891 fs_report.cc:389] FS layout report
--------------------
wal directory: /tmp/dist-test-taskyMFZ9T/test-tmp/auto_rebalancer-test.0.AutoRebalancerTest.RangeAwareBuildClusterInfoGroupsByRange.1780922815741206-24891-0/minicluster-data/ts-0-root
metadata directory: /tmp/dist-test-taskyMFZ9T/test-tmp/auto_rebalancer-test.0.AutoRebalancerTest.RangeAwareBuildClusterInfoGroupsByRange.1780922815741206-24891-0/minicluster-data/ts-0-root
1 data directories: /tmp/dist-test-taskyMFZ9T/test-tmp/auto_rebalancer-test.0.AutoRebalancerTest.RangeAwareBuildClusterInfoGroupsByRange.1780922815741206-24891-0/minicluster-data/ts-0-root/data
Total live blocks: 0
Total live bytes: 0
Total live bytes (after alignment): 0
Total number of LBM containers: 0 (0 full)
Did not check for missing blocks
Did not check for orphaned blocks
Total full LBM containers with extra space: 0 (0 repaired)
Total full LBM container extra space in bytes: 0 (0 repaired)
Total incomplete LBM containers: 0 (0 repaired)
Total LBM partial records: 0 (0 repaired)
Total corrupted LBM metadata records in RocksDB: 0 (0 repaired)
I20260608 12:48:15.788259 24891 rpc_server.cc:225] running with OpenSSL 1.1.1  11 Sep 2018
I20260608 12:48:15.789439 24891 kserver.cc:163] Server-wide thread pool size limit: 3276
I20260608 12:48:15.790865 24891 txn_system_client.cc:432] TxnSystemClient initialization is disabled...
I20260608 12:48:15.793218 24891 ts_tablet_manager.cc:585] Loaded tablet metadata (0 total tablets, 0 live tablets)
I20260608 12:48:15.793414 24891 ts_tablet_manager.cc:531] Time spent load tablet metadata: real 0.000s	user 0.000s	sys 0.000s
I20260608 12:48:15.793692 24891 ts_tablet_manager.cc:616] Registered 0 tablets
I20260608 12:48:15.793853 24891 ts_tablet_manager.cc:595] Time spent register tablets: real 0.000s	user 0.000s	sys 0.000s
I20260608 12:48:15.834497 24891 rpc_server.cc:307] RPC server started. Bound to: 127.24.78.193:33511
I20260608 12:48:15.834609 27552 acceptor_pool.cc:272] collecting diagnostics on the listening RPC socket 127.24.78.193:33511 every 8 connection(s)
I20260608 12:48:15.839845 24891 file_cache.cc:492] Constructed file cache file cache with capacity 419430
W20260608 12:48:15.847056 27557 instance_detector.cc:116] could not retrieve AWS instance metadata: Network error: curl error: HTTP response code said error: The requested URL returned error: 404
W20260608 12:48:15.848551 27558 instance_detector.cc:116] could not retrieve Azure instance metadata: Network error: curl error: HTTP response code said error: The requested URL returned error: 404
I20260608 12:48:15.856460 24891 server_base.cc:1061] running on GCE node
I20260608 12:48:15.856426 27553 heartbeater.cc:344] Connected to a master server at 127.24.78.254:45411
I20260608 12:48:15.857129 27553 heartbeater.cc:461] Registering TS with master...
I20260608 12:48:15.857837 27553 heartbeater.cc:507] Master 127.24.78.254:45411 requested a full tablet report, sending...
W20260608 12:48:15.858162 27560 instance_detector.cc:116] could not retrieve OpenStack instance metadata: Network error: curl error: HTTP response code said error: The requested URL returned error: 404
I20260608 12:48:15.859084 24891 hybrid_clock.cc:584] initializing the hybrid clock with 'system_unsync' time source
W20260608 12:48:15.859323 24891 system_unsync_time.cc:38] NTP support is disabled. Clock error bounds will not be accurate. This configuration is not suitable for distributed clusters.
I20260608 12:48:15.859519 24891 hybrid_clock.cc:648] HybridClock initialized: now 1780922895859500 us; error 0 us; skew 500 ppm
I20260608 12:48:15.860371 24891 server_base.cc:861] Flag tcmalloc_max_total_thread_cache_bytes is not working since tcmalloc is not enabled.
I20260608 12:48:15.860417 27426 ts_manager.cc:194] Registered new tserver with Master: 02d0de0f87a64118a75026cbb83e420a (127.24.78.193:33511)
I20260608 12:48:15.863201 27426 master_service.cc:502] Signed X509 certificate for tserver {username='slave'} at 127.0.0.1:52632
I20260608 12:48:15.863287 24891 webserver.cc:533] Webserver started at http://127.24.78.194:39339/ using document root <none> and password file <none>
I20260608 12:48:15.864043 24891 fs_manager.cc:362] Metadata directory not provided
I20260608 12:48:15.864282 24891 fs_manager.cc:368] Using write-ahead log directory (fs_wal_dir) as metadata directory
I20260608 12:48:15.864635 24891 server_base.cc:909] This appears to be a new deployment of Kudu; creating new FS layout
I20260608 12:48:15.866220 24891 fs_manager.cc:1068] Generated new instance metadata in path /tmp/dist-test-taskyMFZ9T/test-tmp/auto_rebalancer-test.0.AutoRebalancerTest.RangeAwareBuildClusterInfoGroupsByRange.1780922815741206-24891-0/minicluster-data/ts-1-root/instance:
uuid: "f72a4d1c26f44022b004dedb2873792b"
format_stamp: "Formatted at 2026-06-08 12:48:15 on dist-test-slave-dtrf"
I20260608 12:48:15.870581 24891 fs_manager.cc:696] Time spent creating directory manager: real 0.004s	user 0.006s	sys 0.000s
I20260608 12:48:15.874372 27565 log_block_manager.cc:4031] Time spent loading block containers with low live blocks: real 0.000s	user 0.000s	sys 0.000s
I20260608 12:48:15.875077 24891 fs_manager.cc:730] Time spent opening block manager: real 0.002s	user 0.002s	sys 0.000s
I20260608 12:48:15.875312 24891 fs_manager.cc:647] Opened local filesystem: /tmp/dist-test-taskyMFZ9T/test-tmp/auto_rebalancer-test.0.AutoRebalancerTest.RangeAwareBuildClusterInfoGroupsByRange.1780922815741206-24891-0/minicluster-data/ts-1-root
uuid: "f72a4d1c26f44022b004dedb2873792b"
format_stamp: "Formatted at 2026-06-08 12:48:15 on dist-test-slave-dtrf"
I20260608 12:48:15.875643 24891 fs_report.cc:389] FS layout report
--------------------
wal directory: /tmp/dist-test-taskyMFZ9T/test-tmp/auto_rebalancer-test.0.AutoRebalancerTest.RangeAwareBuildClusterInfoGroupsByRange.1780922815741206-24891-0/minicluster-data/ts-1-root
metadata directory: /tmp/dist-test-taskyMFZ9T/test-tmp/auto_rebalancer-test.0.AutoRebalancerTest.RangeAwareBuildClusterInfoGroupsByRange.1780922815741206-24891-0/minicluster-data/ts-1-root
1 data directories: /tmp/dist-test-taskyMFZ9T/test-tmp/auto_rebalancer-test.0.AutoRebalancerTest.RangeAwareBuildClusterInfoGroupsByRange.1780922815741206-24891-0/minicluster-data/ts-1-root/data
Total live blocks: 0
Total live bytes: 0
Total live bytes (after alignment): 0
Total number of LBM containers: 0 (0 full)
Did not check for missing blocks
Did not check for orphaned blocks
Total full LBM containers with extra space: 0 (0 repaired)
Total full LBM container extra space in bytes: 0 (0 repaired)
Total incomplete LBM containers: 0 (0 repaired)
Total LBM partial records: 0 (0 repaired)
Total corrupted LBM metadata records in RocksDB: 0 (0 repaired)
I20260608 12:48:15.919981 24891 rpc_server.cc:225] running with OpenSSL 1.1.1  11 Sep 2018
I20260608 12:48:15.921224 24891 kserver.cc:163] Server-wide thread pool size limit: 3276
I20260608 12:48:15.922681 24891 txn_system_client.cc:432] TxnSystemClient initialization is disabled...
I20260608 12:48:15.925130 24891 ts_tablet_manager.cc:585] Loaded tablet metadata (0 total tablets, 0 live tablets)
I20260608 12:48:15.925387 24891 ts_tablet_manager.cc:531] Time spent load tablet metadata: real 0.000s	user 0.000s	sys 0.000s
I20260608 12:48:15.925657 24891 ts_tablet_manager.cc:616] Registered 0 tablets
I20260608 12:48:15.925858 24891 ts_tablet_manager.cc:595] Time spent register tablets: real 0.000s	user 0.000s	sys 0.000s
I20260608 12:48:15.966320 24891 rpc_server.cc:307] RPC server started. Bound to: 127.24.78.194:40861
I20260608 12:48:15.966450 27627 acceptor_pool.cc:272] collecting diagnostics on the listening RPC socket 127.24.78.194:40861 every 8 connection(s)
I20260608 12:48:15.971304 24891 file_cache.cc:492] Constructed file cache file cache with capacity 419430
W20260608 12:48:15.979111 27631 instance_detector.cc:116] could not retrieve AWS instance metadata: Network error: curl error: HTTP response code said error: The requested URL returned error: 404
W20260608 12:48:15.980959 27632 instance_detector.cc:116] could not retrieve Azure instance metadata: Network error: curl error: HTTP response code said error: The requested URL returned error: 404
I20260608 12:48:15.982926 24891 server_base.cc:1061] running on GCE node
W20260608 12:48:15.984508 27634 instance_detector.cc:116] could not retrieve OpenStack instance metadata: Network error: curl error: HTTP response code said error: The requested URL returned error: 404
I20260608 12:48:15.985278 27628 heartbeater.cc:344] Connected to a master server at 127.24.78.254:45411
I20260608 12:48:15.985628 24891 hybrid_clock.cc:584] initializing the hybrid clock with 'system_unsync' time source
I20260608 12:48:15.985707 27628 heartbeater.cc:461] Registering TS with master...
W20260608 12:48:15.985998 24891 system_unsync_time.cc:38] NTP support is disabled. Clock error bounds will not be accurate. This configuration is not suitable for distributed clusters.
I20260608 12:48:15.986219 24891 hybrid_clock.cc:648] HybridClock initialized: now 1780922895986200 us; error 0 us; skew 500 ppm
I20260608 12:48:15.986732 27628 heartbeater.cc:507] Master 127.24.78.254:45411 requested a full tablet report, sending...
I20260608 12:48:15.987142 24891 server_base.cc:861] Flag tcmalloc_max_total_thread_cache_bytes is not working since tcmalloc is not enabled.
I20260608 12:48:15.989141 27426 ts_manager.cc:194] Registered new tserver with Master: f72a4d1c26f44022b004dedb2873792b (127.24.78.194:40861)
I20260608 12:48:15.990095 24891 webserver.cc:533] Webserver started at http://127.24.78.195:37575/ using document root <none> and password file <none>
I20260608 12:48:15.990623 24891 fs_manager.cc:362] Metadata directory not provided
I20260608 12:48:15.990816 24891 fs_manager.cc:368] Using write-ahead log directory (fs_wal_dir) as metadata directory
I20260608 12:48:15.990715 27426 master_service.cc:502] Signed X509 certificate for tserver {username='slave'} at 127.0.0.1:52644
I20260608 12:48:15.991204 24891 server_base.cc:909] This appears to be a new deployment of Kudu; creating new FS layout
I20260608 12:48:15.992551 24891 fs_manager.cc:1068] Generated new instance metadata in path /tmp/dist-test-taskyMFZ9T/test-tmp/auto_rebalancer-test.0.AutoRebalancerTest.RangeAwareBuildClusterInfoGroupsByRange.1780922815741206-24891-0/minicluster-data/ts-2-root/instance:
uuid: "baa4af617d734bcab1f1d4a32da4b04c"
format_stamp: "Formatted at 2026-06-08 12:48:15 on dist-test-slave-dtrf"
I20260608 12:48:15.996937 24891 fs_manager.cc:696] Time spent creating directory manager: real 0.004s	user 0.001s	sys 0.003s
I20260608 12:48:16.000286 27639 log_block_manager.cc:4031] Time spent loading block containers with low live blocks: real 0.000s	user 0.000s	sys 0.000s
I20260608 12:48:16.001080 24891 fs_manager.cc:730] Time spent opening block manager: real 0.002s	user 0.002s	sys 0.001s
I20260608 12:48:16.001394 24891 fs_manager.cc:647] Opened local filesystem: /tmp/dist-test-taskyMFZ9T/test-tmp/auto_rebalancer-test.0.AutoRebalancerTest.RangeAwareBuildClusterInfoGroupsByRange.1780922815741206-24891-0/minicluster-data/ts-2-root
uuid: "baa4af617d734bcab1f1d4a32da4b04c"
format_stamp: "Formatted at 2026-06-08 12:48:15 on dist-test-slave-dtrf"
I20260608 12:48:16.001684 24891 fs_report.cc:389] FS layout report
--------------------
wal directory: /tmp/dist-test-taskyMFZ9T/test-tmp/auto_rebalancer-test.0.AutoRebalancerTest.RangeAwareBuildClusterInfoGroupsByRange.1780922815741206-24891-0/minicluster-data/ts-2-root
metadata directory: /tmp/dist-test-taskyMFZ9T/test-tmp/auto_rebalancer-test.0.AutoRebalancerTest.RangeAwareBuildClusterInfoGroupsByRange.1780922815741206-24891-0/minicluster-data/ts-2-root
1 data directories: /tmp/dist-test-taskyMFZ9T/test-tmp/auto_rebalancer-test.0.AutoRebalancerTest.RangeAwareBuildClusterInfoGroupsByRange.1780922815741206-24891-0/minicluster-data/ts-2-root/data
Total live blocks: 0
Total live bytes: 0
Total live bytes (after alignment): 0
Total number of LBM containers: 0 (0 full)
Did not check for missing blocks
Did not check for orphaned blocks
Total full LBM containers with extra space: 0 (0 repaired)
Total full LBM container extra space in bytes: 0 (0 repaired)
Total incomplete LBM containers: 0 (0 repaired)
Total LBM partial records: 0 (0 repaired)
Total corrupted LBM metadata records in RocksDB: 0 (0 repaired)
I20260608 12:48:16.022346 24891 rpc_server.cc:225] running with OpenSSL 1.1.1  11 Sep 2018
I20260608 12:48:16.023630 24891 kserver.cc:163] Server-wide thread pool size limit: 3276
I20260608 12:48:16.025203 24891 txn_system_client.cc:432] TxnSystemClient initialization is disabled...
I20260608 12:48:16.027509 24891 ts_tablet_manager.cc:585] Loaded tablet metadata (0 total tablets, 0 live tablets)
I20260608 12:48:16.027746 24891 ts_tablet_manager.cc:531] Time spent load tablet metadata: real 0.000s	user 0.000s	sys 0.000s
I20260608 12:48:16.028045 24891 ts_tablet_manager.cc:616] Registered 0 tablets
I20260608 12:48:16.028230 24891 ts_tablet_manager.cc:595] Time spent register tablets: real 0.000s	user 0.000s	sys 0.000s
I20260608 12:48:16.068019 24891 rpc_server.cc:307] RPC server started. Bound to: 127.24.78.195:43359
I20260608 12:48:16.068116 27701 acceptor_pool.cc:272] collecting diagnostics on the listening RPC socket 127.24.78.195:43359 every 8 connection(s)
I20260608 12:48:16.082432 27702 heartbeater.cc:344] Connected to a master server at 127.24.78.254:45411
I20260608 12:48:16.082827 27702 heartbeater.cc:461] Registering TS with master...
I20260608 12:48:16.083643 27702 heartbeater.cc:507] Master 127.24.78.254:45411 requested a full tablet report, sending...
I20260608 12:48:16.085716 27426 ts_manager.cc:194] Registered new tserver with Master: baa4af617d734bcab1f1d4a32da4b04c (127.24.78.195:43359)
I20260608 12:48:16.085968 24891 internal_mini_cluster.cc:371] 3 TS(s) registered with all masters after 0.014530908s
I20260608 12:48:16.087116 27426 master_service.cc:502] Signed X509 certificate for tserver {username='slave'} at 127.0.0.1:52646
I20260608 12:48:16.640522 27426 catalog_manager.cc:2282] Servicing CreateTable request from {username='slave'} at 127.0.0.1:52658:
name: "range_aware_auto_rebalancer_test"
schema {
  columns {
    name: "key"
    type: INT32
    is_key: true
    is_nullable: false
    encoding: AUTO_ENCODING
    compression: DEFAULT_COMPRESSION
    cfile_block_size: 0
    immutable: false
  }
}
num_replicas: 3
split_rows_range_bounds {
  rows: "\006\001\000\000\000\000\007\001\n\000\000\000\006\001\n\000\000\000\007\001\024\000\000\000""\006\001\000\000\000\000\007\001\n\000\000\000\006\001\n\000\000\000\007\001\024\000\000\000"
  indirect_data: """"
}
partition_schema {
  hash_schema {
    columns {
      name: "key"
    }
    num_buckets: 2
    seed: 0
  }
  range_schema {
    columns {
      name: "key"
    }
  }
}
W20260608 12:48:16.643469 27426 catalog_manager.cc:7076] The number of live tablet servers is not enough to re-replicate a tablet replica of the newly created table range_aware_auto_rebalancer_test in case of a server failure: 4 tablet servers would be needed, 3 are available. Consider bringing up more tablet servers.
I20260608 12:48:16.705488 27667 tablet_service.cc:1511] Processing CreateTablet for tablet 4b2d3a7419eb4fe79eec9a813664b728 (DEFAULT_TABLE table=range_aware_auto_rebalancer_test [id=1576718b4e1649758307987318423dde]), partition=HASH (key) PARTITION 0, RANGE (key) PARTITION 0 <= VALUES < 10
I20260608 12:48:16.709110 27518 tablet_service.cc:1511] Processing CreateTablet for tablet 4b2d3a7419eb4fe79eec9a813664b728 (DEFAULT_TABLE table=range_aware_auto_rebalancer_test [id=1576718b4e1649758307987318423dde]), partition=HASH (key) PARTITION 0, RANGE (key) PARTITION 0 <= VALUES < 10
I20260608 12:48:16.710317 27515 tablet_service.cc:1511] Processing CreateTablet for tablet 6eb7aec068a94f1fb91d99e381cd0eb7 (DEFAULT_TABLE table=range_aware_auto_rebalancer_test [id=1576718b4e1649758307987318423dde]), partition=HASH (key) PARTITION 1, RANGE (key) PARTITION 10 <= VALUES < 20
I20260608 12:48:16.712119 27517 tablet_service.cc:1511] Processing CreateTablet for tablet 96bd8b0c3df64fbab4c9ed1d2330521c (DEFAULT_TABLE table=range_aware_auto_rebalancer_test [id=1576718b4e1649758307987318423dde]), partition=HASH (key) PARTITION 0, RANGE (key) PARTITION 10 <= VALUES < 20
I20260608 12:48:16.715123 27667 data_dirs.cc:400] Could only allocate 1 dirs of requested 3 for tablet 4b2d3a7419eb4fe79eec9a813664b728. 1 dirs total, 0 dirs full, 0 dirs failed
I20260608 12:48:16.715807 27518 data_dirs.cc:400] Could only allocate 1 dirs of requested 3 for tablet 4b2d3a7419eb4fe79eec9a813664b728. 1 dirs total, 0 dirs full, 0 dirs failed
I20260608 12:48:16.715906 27516 tablet_service.cc:1511] Processing CreateTablet for tablet 9767e922ece34333a0d6716d2a71a24c (DEFAULT_TABLE table=range_aware_auto_rebalancer_test [id=1576718b4e1649758307987318423dde]), partition=HASH (key) PARTITION 1, RANGE (key) PARTITION 0 <= VALUES < 10
I20260608 12:48:16.716782 27664 tablet_service.cc:1511] Processing CreateTablet for tablet 6eb7aec068a94f1fb91d99e381cd0eb7 (DEFAULT_TABLE table=range_aware_auto_rebalancer_test [id=1576718b4e1649758307987318423dde]), partition=HASH (key) PARTITION 1, RANGE (key) PARTITION 10 <= VALUES < 20
I20260608 12:48:16.717551 27516 data_dirs.cc:400] Could only allocate 1 dirs of requested 3 for tablet 9767e922ece34333a0d6716d2a71a24c. 1 dirs total, 0 dirs full, 0 dirs failed
I20260608 12:48:16.718317 27664 data_dirs.cc:400] Could only allocate 1 dirs of requested 3 for tablet 6eb7aec068a94f1fb91d99e381cd0eb7. 1 dirs total, 0 dirs full, 0 dirs failed
I20260608 12:48:16.714658 27666 tablet_service.cc:1511] Processing CreateTablet for tablet 96bd8b0c3df64fbab4c9ed1d2330521c (DEFAULT_TABLE table=range_aware_auto_rebalancer_test [id=1576718b4e1649758307987318423dde]), partition=HASH (key) PARTITION 0, RANGE (key) PARTITION 10 <= VALUES < 20
I20260608 12:48:16.721697 27666 data_dirs.cc:400] Could only allocate 1 dirs of requested 3 for tablet 96bd8b0c3df64fbab4c9ed1d2330521c. 1 dirs total, 0 dirs full, 0 dirs failed
I20260608 12:48:16.714807 27665 tablet_service.cc:1511] Processing CreateTablet for tablet 9767e922ece34333a0d6716d2a71a24c (DEFAULT_TABLE table=range_aware_auto_rebalancer_test [id=1576718b4e1649758307987318423dde]), partition=HASH (key) PARTITION 1, RANGE (key) PARTITION 0 <= VALUES < 10
I20260608 12:48:16.724303 27515 data_dirs.cc:400] Could only allocate 1 dirs of requested 3 for tablet 6eb7aec068a94f1fb91d99e381cd0eb7. 1 dirs total, 0 dirs full, 0 dirs failed
I20260608 12:48:16.724905 27665 data_dirs.cc:400] Could only allocate 1 dirs of requested 3 for tablet 9767e922ece34333a0d6716d2a71a24c. 1 dirs total, 0 dirs full, 0 dirs failed
I20260608 12:48:16.725032 27517 data_dirs.cc:400] Could only allocate 1 dirs of requested 3 for tablet 96bd8b0c3df64fbab4c9ed1d2330521c. 1 dirs total, 0 dirs full, 0 dirs failed
I20260608 12:48:16.755920 27593 tablet_service.cc:1511] Processing CreateTablet for tablet 4b2d3a7419eb4fe79eec9a813664b728 (DEFAULT_TABLE table=range_aware_auto_rebalancer_test [id=1576718b4e1649758307987318423dde]), partition=HASH (key) PARTITION 0, RANGE (key) PARTITION 0 <= VALUES < 10
I20260608 12:48:16.757783 27593 data_dirs.cc:400] Could only allocate 1 dirs of requested 3 for tablet 4b2d3a7419eb4fe79eec9a813664b728. 1 dirs total, 0 dirs full, 0 dirs failed
I20260608 12:48:16.763480 27723 tablet_bootstrap.cc:492] T 4b2d3a7419eb4fe79eec9a813664b728 P baa4af617d734bcab1f1d4a32da4b04c: Bootstrap starting.
I20260608 12:48:16.765691 27592 tablet_service.cc:1511] Processing CreateTablet for tablet 96bd8b0c3df64fbab4c9ed1d2330521c (DEFAULT_TABLE table=range_aware_auto_rebalancer_test [id=1576718b4e1649758307987318423dde]), partition=HASH (key) PARTITION 0, RANGE (key) PARTITION 10 <= VALUES < 20
I20260608 12:48:16.767181 27592 data_dirs.cc:400] Could only allocate 1 dirs of requested 3 for tablet 96bd8b0c3df64fbab4c9ed1d2330521c. 1 dirs total, 0 dirs full, 0 dirs failed
I20260608 12:48:16.773794 27591 tablet_service.cc:1511] Processing CreateTablet for tablet 9767e922ece34333a0d6716d2a71a24c (DEFAULT_TABLE table=range_aware_auto_rebalancer_test [id=1576718b4e1649758307987318423dde]), partition=HASH (key) PARTITION 1, RANGE (key) PARTITION 0 <= VALUES < 10
I20260608 12:48:16.774644 27723 tablet_bootstrap.cc:654] T 4b2d3a7419eb4fe79eec9a813664b728 P baa4af617d734bcab1f1d4a32da4b04c: Neither blocks nor log segments found. Creating new log.
I20260608 12:48:16.775290 27591 data_dirs.cc:400] Could only allocate 1 dirs of requested 3 for tablet 9767e922ece34333a0d6716d2a71a24c. 1 dirs total, 0 dirs full, 0 dirs failed
I20260608 12:48:16.781736 27590 tablet_service.cc:1511] Processing CreateTablet for tablet 6eb7aec068a94f1fb91d99e381cd0eb7 (DEFAULT_TABLE table=range_aware_auto_rebalancer_test [id=1576718b4e1649758307987318423dde]), partition=HASH (key) PARTITION 1, RANGE (key) PARTITION 10 <= VALUES < 20
I20260608 12:48:16.783164 27590 data_dirs.cc:400] Could only allocate 1 dirs of requested 3 for tablet 6eb7aec068a94f1fb91d99e381cd0eb7. 1 dirs total, 0 dirs full, 0 dirs failed
I20260608 12:48:16.789453 27722 tablet_bootstrap.cc:492] T 9767e922ece34333a0d6716d2a71a24c P 02d0de0f87a64118a75026cbb83e420a: Bootstrap starting.
I20260608 12:48:16.798063 27722 tablet_bootstrap.cc:654] T 9767e922ece34333a0d6716d2a71a24c P 02d0de0f87a64118a75026cbb83e420a: Neither blocks nor log segments found. Creating new log.
I20260608 12:48:16.804816 27723 tablet_bootstrap.cc:492] T 4b2d3a7419eb4fe79eec9a813664b728 P baa4af617d734bcab1f1d4a32da4b04c: No bootstrap required, opened a new log
I20260608 12:48:16.805401 27723 ts_tablet_manager.cc:1403] T 4b2d3a7419eb4fe79eec9a813664b728 P baa4af617d734bcab1f1d4a32da4b04c: Time spent bootstrapping tablet: real 0.042s	user 0.024s	sys 0.011s
I20260608 12:48:16.809551 27723 raft_consensus.cc:359] T 4b2d3a7419eb4fe79eec9a813664b728 P baa4af617d734bcab1f1d4a32da4b04c [term 0 FOLLOWER]: Replica starting. Triggering 0 pending ops. Active config: opid_index: -1 OBSOLETE_local: false peers { permanent_uuid: "baa4af617d734bcab1f1d4a32da4b04c" member_type: VOTER last_known_addr { host: "127.24.78.195" port: 43359 } } peers { permanent_uuid: "02d0de0f87a64118a75026cbb83e420a" member_type: VOTER last_known_addr { host: "127.24.78.193" port: 33511 } } peers { permanent_uuid: "f72a4d1c26f44022b004dedb2873792b" member_type: VOTER last_known_addr { host: "127.24.78.194" port: 40861 } }
I20260608 12:48:16.810736 27723 raft_consensus.cc:385] T 4b2d3a7419eb4fe79eec9a813664b728 P baa4af617d734bcab1f1d4a32da4b04c [term 0 FOLLOWER]: Consensus starting up: Expiring failure detector timer to make a prompt election more likely
I20260608 12:48:16.811144 27723 raft_consensus.cc:740] T 4b2d3a7419eb4fe79eec9a813664b728 P baa4af617d734bcab1f1d4a32da4b04c [term 0 FOLLOWER]: Becoming Follower/Learner. State: Replica: baa4af617d734bcab1f1d4a32da4b04c, State: Initialized, Role: FOLLOWER
I20260608 12:48:16.812788 27722 tablet_bootstrap.cc:492] T 9767e922ece34333a0d6716d2a71a24c P 02d0de0f87a64118a75026cbb83e420a: No bootstrap required, opened a new log
I20260608 12:48:16.812264 27723 consensus_queue.cc:260] T 4b2d3a7419eb4fe79eec9a813664b728 P baa4af617d734bcab1f1d4a32da4b04c [NON_LEADER]: Queue going to NON_LEADER mode. State: All replicated index: 0, Majority replicated index: 0, Committed index: 0, Last appended: 0.0, Last appended by leader: 0, Current term: 0, Majority size: -1, State: 0, Mode: NON_LEADER, active raft config: opid_index: -1 OBSOLETE_local: false peers { permanent_uuid: "baa4af617d734bcab1f1d4a32da4b04c" member_type: VOTER last_known_addr { host: "127.24.78.195" port: 43359 } } peers { permanent_uuid: "02d0de0f87a64118a75026cbb83e420a" member_type: VOTER last_known_addr { host: "127.24.78.193" port: 33511 } } peers { permanent_uuid: "f72a4d1c26f44022b004dedb2873792b" member_type: VOTER last_known_addr { host: "127.24.78.194" port: 40861 } }
I20260608 12:48:16.813344 27722 ts_tablet_manager.cc:1403] T 9767e922ece34333a0d6716d2a71a24c P 02d0de0f87a64118a75026cbb83e420a: Time spent bootstrapping tablet: real 0.024s	user 0.012s	sys 0.004s
I20260608 12:48:16.816730 27725 tablet_bootstrap.cc:492] T 96bd8b0c3df64fbab4c9ed1d2330521c P f72a4d1c26f44022b004dedb2873792b: Bootstrap starting.
I20260608 12:48:16.818488 27722 raft_consensus.cc:359] T 9767e922ece34333a0d6716d2a71a24c P 02d0de0f87a64118a75026cbb83e420a [term 0 FOLLOWER]: Replica starting. Triggering 0 pending ops. Active config: opid_index: -1 OBSOLETE_local: false peers { permanent_uuid: "02d0de0f87a64118a75026cbb83e420a" member_type: VOTER last_known_addr { host: "127.24.78.193" port: 33511 } } peers { permanent_uuid: "f72a4d1c26f44022b004dedb2873792b" member_type: VOTER last_known_addr { host: "127.24.78.194" port: 40861 } } peers { permanent_uuid: "baa4af617d734bcab1f1d4a32da4b04c" member_type: VOTER last_known_addr { host: "127.24.78.195" port: 43359 } }
I20260608 12:48:16.819345 27722 raft_consensus.cc:385] T 9767e922ece34333a0d6716d2a71a24c P 02d0de0f87a64118a75026cbb83e420a [term 0 FOLLOWER]: Consensus starting up: Expiring failure detector timer to make a prompt election more likely
I20260608 12:48:16.819756 27722 raft_consensus.cc:740] T 9767e922ece34333a0d6716d2a71a24c P 02d0de0f87a64118a75026cbb83e420a [term 0 FOLLOWER]: Becoming Follower/Learner. State: Replica: 02d0de0f87a64118a75026cbb83e420a, State: Initialized, Role: FOLLOWER
I20260608 12:48:16.820647 27722 consensus_queue.cc:260] T 9767e922ece34333a0d6716d2a71a24c P 02d0de0f87a64118a75026cbb83e420a [NON_LEADER]: Queue going to NON_LEADER mode. State: All replicated index: 0, Majority replicated index: 0, Committed index: 0, Last appended: 0.0, Last appended by leader: 0, Current term: 0, Majority size: -1, State: 0, Mode: NON_LEADER, active raft config: opid_index: -1 OBSOLETE_local: false peers { permanent_uuid: "02d0de0f87a64118a75026cbb83e420a" member_type: VOTER last_known_addr { host: "127.24.78.193" port: 33511 } } peers { permanent_uuid: "f72a4d1c26f44022b004dedb2873792b" member_type: VOTER last_known_addr { host: "127.24.78.194" port: 40861 } } peers { permanent_uuid: "baa4af617d734bcab1f1d4a32da4b04c" member_type: VOTER last_known_addr { host: "127.24.78.195" port: 43359 } }
I20260608 12:48:16.825531 27702 heartbeater.cc:499] Master 127.24.78.254:45411 was elected leader, sending a full tablet report...
I20260608 12:48:16.825896 27723 ts_tablet_manager.cc:1434] T 4b2d3a7419eb4fe79eec9a813664b728 P baa4af617d734bcab1f1d4a32da4b04c: Time spent starting tablet: real 0.020s	user 0.006s	sys 0.011s
I20260608 12:48:16.826902 27723 tablet_bootstrap.cc:492] T 96bd8b0c3df64fbab4c9ed1d2330521c P baa4af617d734bcab1f1d4a32da4b04c: Bootstrap starting.
I20260608 12:48:16.827528 27725 tablet_bootstrap.cc:654] T 96bd8b0c3df64fbab4c9ed1d2330521c P f72a4d1c26f44022b004dedb2873792b: Neither blocks nor log segments found. Creating new log.
I20260608 12:48:16.829727 27553 heartbeater.cc:499] Master 127.24.78.254:45411 was elected leader, sending a full tablet report...
I20260608 12:48:16.833967 27723 tablet_bootstrap.cc:654] T 96bd8b0c3df64fbab4c9ed1d2330521c P baa4af617d734bcab1f1d4a32da4b04c: Neither blocks nor log segments found. Creating new log.
I20260608 12:48:16.834429 27722 ts_tablet_manager.cc:1434] T 9767e922ece34333a0d6716d2a71a24c P 02d0de0f87a64118a75026cbb83e420a: Time spent starting tablet: real 0.021s	user 0.005s	sys 0.006s
I20260608 12:48:16.835592 27722 tablet_bootstrap.cc:492] T 6eb7aec068a94f1fb91d99e381cd0eb7 P 02d0de0f87a64118a75026cbb83e420a: Bootstrap starting.
W20260608 12:48:16.839793 27554 tablet.cc:2404] T 9767e922ece34333a0d6716d2a71a24c P 02d0de0f87a64118a75026cbb83e420a: Can't schedule compaction. Clean time has not been advanced past its initial value.
I20260608 12:48:16.840150 27725 tablet_bootstrap.cc:492] T 96bd8b0c3df64fbab4c9ed1d2330521c P f72a4d1c26f44022b004dedb2873792b: No bootstrap required, opened a new log
I20260608 12:48:16.840706 27725 ts_tablet_manager.cc:1403] T 96bd8b0c3df64fbab4c9ed1d2330521c P f72a4d1c26f44022b004dedb2873792b: Time spent bootstrapping tablet: real 0.024s	user 0.012s	sys 0.008s
I20260608 12:48:16.844214 27725 raft_consensus.cc:359] T 96bd8b0c3df64fbab4c9ed1d2330521c P f72a4d1c26f44022b004dedb2873792b [term 0 FOLLOWER]: Replica starting. Triggering 0 pending ops. Active config: opid_index: -1 OBSOLETE_local: false peers { permanent_uuid: "02d0de0f87a64118a75026cbb83e420a" member_type: VOTER last_known_addr { host: "127.24.78.193" port: 33511 } } peers { permanent_uuid: "f72a4d1c26f44022b004dedb2873792b" member_type: VOTER last_known_addr { host: "127.24.78.194" port: 40861 } } peers { permanent_uuid: "baa4af617d734bcab1f1d4a32da4b04c" member_type: VOTER last_known_addr { host: "127.24.78.195" port: 43359 } }
I20260608 12:48:16.845048 27725 raft_consensus.cc:385] T 96bd8b0c3df64fbab4c9ed1d2330521c P f72a4d1c26f44022b004dedb2873792b [term 0 FOLLOWER]: Consensus starting up: Expiring failure detector timer to make a prompt election more likely
I20260608 12:48:16.845405 27725 raft_consensus.cc:740] T 96bd8b0c3df64fbab4c9ed1d2330521c P f72a4d1c26f44022b004dedb2873792b [term 0 FOLLOWER]: Becoming Follower/Learner. State: Replica: f72a4d1c26f44022b004dedb2873792b, State: Initialized, Role: FOLLOWER
I20260608 12:48:16.846117 27722 tablet_bootstrap.cc:654] T 6eb7aec068a94f1fb91d99e381cd0eb7 P 02d0de0f87a64118a75026cbb83e420a: Neither blocks nor log segments found. Creating new log.
I20260608 12:48:16.846266 27725 consensus_queue.cc:260] T 96bd8b0c3df64fbab4c9ed1d2330521c P f72a4d1c26f44022b004dedb2873792b [NON_LEADER]: Queue going to NON_LEADER mode. State: All replicated index: 0, Majority replicated index: 0, Committed index: 0, Last appended: 0.0, Last appended by leader: 0, Current term: 0, Majority size: -1, State: 0, Mode: NON_LEADER, active raft config: opid_index: -1 OBSOLETE_local: false peers { permanent_uuid: "02d0de0f87a64118a75026cbb83e420a" member_type: VOTER last_known_addr { host: "127.24.78.193" port: 33511 } } peers { permanent_uuid: "f72a4d1c26f44022b004dedb2873792b" member_type: VOTER last_known_addr { host: "127.24.78.194" port: 40861 } } peers { permanent_uuid: "baa4af617d734bcab1f1d4a32da4b04c" member_type: VOTER last_known_addr { host: "127.24.78.195" port: 43359 } }
I20260608 12:48:16.856091 27725 ts_tablet_manager.cc:1434] T 96bd8b0c3df64fbab4c9ed1d2330521c P f72a4d1c26f44022b004dedb2873792b: Time spent starting tablet: real 0.015s	user 0.011s	sys 0.004s
I20260608 12:48:16.857137 27727 raft_consensus.cc:493] T 4b2d3a7419eb4fe79eec9a813664b728 P baa4af617d734bcab1f1d4a32da4b04c [term 0 FOLLOWER]: Starting pre-election (no leader contacted us within the election timeout)
