I20260608 12:48:12.147480 28052 leader_election.cc:304] T 473fccdcf9684e9cb663e6881f1b8de8 P d4e5a601a0ba46429494cc032497503b [CANDIDATE]: Term 1 election: Election decided. Result: candidate won. Election summary: received 3 responses out of 3 voters: 2 yes votes; 1 no votes. yes voters: d4e5a601a0ba46429494cc032497503b, d880098e39c346a3856f77eb50b7dd5a; no voters: 43d27db8faee450aa010ff6518d09cb1
I20260608 12:48:12.148518 28148 ts_tablet_manager.cc:1434] T 5740e081f6d5443bbe6ee81129eaaa02 P 43d27db8faee450aa010ff6518d09cb1: Time spent starting tablet: real 0.126s	user 0.021s	sys 0.004s
I20260608 12:48:12.149415 28012 tablet_service.cc:1917] Received RequestConsensusVote() RPC: tablet_id: "0dc1b8449e5b4e549cbdb01e2a5c5d7e" candidate_uuid: "d4e5a601a0ba46429494cc032497503b" candidate_term: 1 candidate_status { last_received { term: 0 index: 0 } } ignore_live_leader: false dest_uuid: "43d27db8faee450aa010ff6518d09cb1" is_pre_election: true
I20260608 12:48:12.150008 28148 tablet_bootstrap.cc:492] T 473fccdcf9684e9cb663e6881f1b8de8 P 43d27db8faee450aa010ff6518d09cb1: Bootstrap starting.
I20260608 12:48:12.150120 28012 raft_consensus.cc:2468] T 0dc1b8449e5b4e549cbdb01e2a5c5d7e P 43d27db8faee450aa010ff6518d09cb1 [term 0 FOLLOWER]: Leader pre-election vote request: Granting yes vote for candidate d4e5a601a0ba46429494cc032497503b in term 0.
I20260608 12:48:12.150058 28143 leader_election.cc:290] T 0dc1b8449e5b4e549cbdb01e2a5c5d7e P d4e5a601a0ba46429494cc032497503b [CANDIDATE]: Term 1 pre-election: Requested pre-vote from peers d880098e39c346a3856f77eb50b7dd5a (127.24.97.129:45479), 43d27db8faee450aa010ff6518d09cb1 (127.24.97.130:37665)
I20260608 12:48:12.151202 28143 raft_consensus.cc:2804] T 473fccdcf9684e9cb663e6881f1b8de8 P d4e5a601a0ba46429494cc032497503b [term 1 FOLLOWER]: Leader election won for term 1
I20260608 12:48:12.151665 28143 raft_consensus.cc:697] T 473fccdcf9684e9cb663e6881f1b8de8 P d4e5a601a0ba46429494cc032497503b [term 1 LEADER]: Becoming Leader. State: Replica: d4e5a601a0ba46429494cc032497503b, State: Running, Role: LEADER
I20260608 12:48:12.151904 28053 leader_election.cc:304] T 0dc1b8449e5b4e549cbdb01e2a5c5d7e P d4e5a601a0ba46429494cc032497503b [CANDIDATE]: Term 1 pre-election: Election decided. Result: candidate won. Election summary: received 2 responses out of 3 voters: 2 yes votes; 0 no votes. yes voters: 43d27db8faee450aa010ff6518d09cb1, d4e5a601a0ba46429494cc032497503b; no voters: 
I20260608 12:48:12.152742 28143 consensus_queue.cc:237] T 473fccdcf9684e9cb663e6881f1b8de8 P d4e5a601a0ba46429494cc032497503b [LEADER]: Queue going to LEADER mode. State: All replicated index: 0, Majority replicated index: 0, Committed index: 0, Last appended: 0.0, Last appended by leader: 0, Current term: 1, Majority size: 2, State: 0, Mode: LEADER, active raft config: opid_index: -1 OBSOLETE_local: false peers { permanent_uuid: "d880098e39c346a3856f77eb50b7dd5a" member_type: VOTER last_known_addr { host: "127.24.97.129" port: 45479 } } peers { permanent_uuid: "43d27db8faee450aa010ff6518d09cb1" member_type: VOTER last_known_addr { host: "127.24.97.130" port: 37665 } } peers { permanent_uuid: "d4e5a601a0ba46429494cc032497503b" member_type: VOTER last_known_addr { host: "127.24.97.131" port: 37851 } }
I20260608 12:48:12.153409 27938 tablet_service.cc:1917] Received RequestConsensusVote() RPC: tablet_id: "0dc1b8449e5b4e549cbdb01e2a5c5d7e" candidate_uuid: "d4e5a601a0ba46429494cc032497503b" candidate_term: 1 candidate_status { last_received { term: 0 index: 0 } } ignore_live_leader: false dest_uuid: "d880098e39c346a3856f77eb50b7dd5a" is_pre_election: true
I20260608 12:48:12.153577 28012 tablet_service.cc:1917] Received RequestConsensusVote() RPC: tablet_id: "5b4d5527a94841c8829d5e072d9f17c9" candidate_uuid: "d880098e39c346a3856f77eb50b7dd5a" candidate_term: 1 candidate_status { last_received { term: 0 index: 0 } } ignore_live_leader: false dest_uuid: "43d27db8faee450aa010ff6518d09cb1"
I20260608 12:48:12.154197 28012 raft_consensus.cc:3060] T 5b4d5527a94841c8829d5e072d9f17c9 P 43d27db8faee450aa010ff6518d09cb1 [term 0 FOLLOWER]: Advancing to term 1
I20260608 12:48:12.156124 28013 tablet_service.cc:1917] Received RequestConsensusVote() RPC: tablet_id: "5740e081f6d5443bbe6ee81129eaaa02" candidate_uuid: "d880098e39c346a3856f77eb50b7dd5a" candidate_term: 1 candidate_status { last_received { term: 0 index: 0 } } ignore_live_leader: false dest_uuid: "43d27db8faee450aa010ff6518d09cb1"
I20260608 12:48:12.156832 28013 raft_consensus.cc:3060] T 5740e081f6d5443bbe6ee81129eaaa02 P 43d27db8faee450aa010ff6518d09cb1 [term 0 FOLLOWER]: Advancing to term 1
I20260608 12:48:12.158322 28148 tablet_bootstrap.cc:654] T 473fccdcf9684e9cb663e6881f1b8de8 P 43d27db8faee450aa010ff6518d09cb1: Neither blocks nor log segments found. Creating new log.
I20260608 12:48:12.165441 28011 tablet_service.cc:1917] Received RequestConsensusVote() RPC: tablet_id: "8a51a121212c4534aa63fae248b9ea9f" candidate_uuid: "d880098e39c346a3856f77eb50b7dd5a" candidate_term: 1 candidate_status { last_received { term: 0 index: 0 } } ignore_live_leader: false dest_uuid: "43d27db8faee450aa010ff6518d09cb1" is_pre_election: true
I20260608 12:48:12.167869 28012 raft_consensus.cc:2468] T 5b4d5527a94841c8829d5e072d9f17c9 P 43d27db8faee450aa010ff6518d09cb1 [term 1 FOLLOWER]: Leader election vote request: Granting yes vote for candidate d880098e39c346a3856f77eb50b7dd5a in term 1.
I20260608 12:48:12.171103 28148 tablet_bootstrap.cc:492] T 473fccdcf9684e9cb663e6881f1b8de8 P 43d27db8faee450aa010ff6518d09cb1: No bootstrap required, opened a new log
I20260608 12:48:12.171670 28148 ts_tablet_manager.cc:1403] T 473fccdcf9684e9cb663e6881f1b8de8 P 43d27db8faee450aa010ff6518d09cb1: Time spent bootstrapping tablet: real 0.022s	user 0.011s	sys 0.008s
I20260608 12:48:12.171550 27903 leader_election.cc:304] T 5b4d5527a94841c8829d5e072d9f17c9 P d880098e39c346a3856f77eb50b7dd5a [CANDIDATE]: Term 1 election: Election decided. Result: candidate won. Election summary: received 2 responses out of 3 voters: 2 yes votes; 0 no votes. yes voters: 43d27db8faee450aa010ff6518d09cb1, d880098e39c346a3856f77eb50b7dd5a; no voters: 
I20260608 12:48:12.172601 28162 raft_consensus.cc:2804] T 5b4d5527a94841c8829d5e072d9f17c9 P d880098e39c346a3856f77eb50b7dd5a [term 1 FOLLOWER]: Leader election won for term 1
I20260608 12:48:12.169292 28167 leader_election.cc:290] T 66216ed531874be29af4f7cb0ed661e4 P d4e5a601a0ba46429494cc032497503b [CANDIDATE]: Term 1 election: Requested vote from peers d880098e39c346a3856f77eb50b7dd5a (127.24.97.129:45479), 43d27db8faee450aa010ff6518d09cb1 (127.24.97.130:37665)
I20260608 12:48:12.173112 28162 raft_consensus.cc:697] T 5b4d5527a94841c8829d5e072d9f17c9 P d880098e39c346a3856f77eb50b7dd5a [term 1 LEADER]: Becoming Leader. State: Replica: d880098e39c346a3856f77eb50b7dd5a, State: Running, Role: LEADER
I20260608 12:48:12.170503 27937 raft_consensus.cc:2468] T 66216ed531874be29af4f7cb0ed661e4 P d880098e39c346a3856f77eb50b7dd5a [term 1 FOLLOWER]: Leader election vote request: Granting yes vote for candidate d4e5a601a0ba46429494cc032497503b in term 1.
I20260608 12:48:12.174082 28162 consensus_queue.cc:237] T 5b4d5527a94841c8829d5e072d9f17c9 P d880098e39c346a3856f77eb50b7dd5a [LEADER]: Queue going to LEADER mode. State: All replicated index: 0, Majority replicated index: 0, Committed index: 0, Last appended: 0.0, Last appended by leader: 0, Current term: 1, Majority size: 2, State: 0, Mode: LEADER, active raft config: opid_index: -1 OBSOLETE_local: false peers { permanent_uuid: "d4e5a601a0ba46429494cc032497503b" member_type: VOTER last_known_addr { host: "127.24.97.131" port: 37851 } } peers { permanent_uuid: "43d27db8faee450aa010ff6518d09cb1" member_type: VOTER last_known_addr { host: "127.24.97.130" port: 37665 } } peers { permanent_uuid: "d880098e39c346a3856f77eb50b7dd5a" member_type: VOTER last_known_addr { host: "127.24.97.129" port: 45479 } }
I20260608 12:48:12.166461 28011 raft_consensus.cc:2468] T 8a51a121212c4534aa63fae248b9ea9f P 43d27db8faee450aa010ff6518d09cb1 [term 0 FOLLOWER]: Leader pre-election vote request: Granting yes vote for candidate d880098e39c346a3856f77eb50b7dd5a in term 0.
I20260608 12:48:12.174682 28052 leader_election.cc:304] T 66216ed531874be29af4f7cb0ed661e4 P d4e5a601a0ba46429494cc032497503b [CANDIDATE]: Term 1 election: Election decided. Result: candidate won. Election summary: received 2 responses out of 3 voters: 2 yes votes; 0 no votes. yes voters: d4e5a601a0ba46429494cc032497503b, d880098e39c346a3856f77eb50b7dd5a; no voters: 
I20260608 12:48:12.175164 28148 raft_consensus.cc:359] T 473fccdcf9684e9cb663e6881f1b8de8 P 43d27db8faee450aa010ff6518d09cb1 [term 0 FOLLOWER]: Replica starting. Triggering 0 pending ops. Active config: opid_index: -1 OBSOLETE_local: false peers { permanent_uuid: "d880098e39c346a3856f77eb50b7dd5a" member_type: VOTER last_known_addr { host: "127.24.97.129" port: 45479 } } peers { permanent_uuid: "43d27db8faee450aa010ff6518d09cb1" member_type: VOTER last_known_addr { host: "127.24.97.130" port: 37665 } } peers { permanent_uuid: "d4e5a601a0ba46429494cc032497503b" member_type: VOTER last_known_addr { host: "127.24.97.131" port: 37851 } }
I20260608 12:48:12.175570 28153 raft_consensus.cc:493] T 8a51a121212c4534aa63fae248b9ea9f P 43d27db8faee450aa010ff6518d09cb1 [term 0 FOLLOWER]: Starting pre-election (no leader contacted us within the election timeout)
I20260608 12:48:12.175936 28148 raft_consensus.cc:385] T 473fccdcf9684e9cb663e6881f1b8de8 P 43d27db8faee450aa010ff6518d09cb1 [term 0 FOLLOWER]: Consensus starting up: Expiring failure detector timer to make a prompt election more likely
I20260608 12:48:12.176079 28153 raft_consensus.cc:515] T 8a51a121212c4534aa63fae248b9ea9f P 43d27db8faee450aa010ff6518d09cb1 [term 0 FOLLOWER]: Starting pre-election with config: opid_index: -1 OBSOLETE_local: false peers { permanent_uuid: "43d27db8faee450aa010ff6518d09cb1" member_type: VOTER last_known_addr { host: "127.24.97.130" port: 37665 } } peers { permanent_uuid: "d880098e39c346a3856f77eb50b7dd5a" member_type: VOTER last_known_addr { host: "127.24.97.129" port: 45479 } } peers { permanent_uuid: "d4e5a601a0ba46429494cc032497503b" member_type: VOTER last_known_addr { host: "127.24.97.131" port: 37851 } }
I20260608 12:48:12.176326 28148 raft_consensus.cc:740] T 473fccdcf9684e9cb663e6881f1b8de8 P 43d27db8faee450aa010ff6518d09cb1 [term 0 FOLLOWER]: Becoming Follower/Learner. State: Replica: 43d27db8faee450aa010ff6518d09cb1, State: Initialized, Role: FOLLOWER
I20260608 12:48:12.177747 28148 consensus_queue.cc:260] T 473fccdcf9684e9cb663e6881f1b8de8 P 43d27db8faee450aa010ff6518d09cb1 [NON_LEADER]: Queue going to NON_LEADER mode. State: All replicated index: 0, Majority replicated index: 0, Committed index: 0, Last appended: 0.0, Last appended by leader: 0, Current term: 0, Majority size: -1, State: 0, Mode: NON_LEADER, active raft config: opid_index: -1 OBSOLETE_local: false peers { permanent_uuid: "d880098e39c346a3856f77eb50b7dd5a" member_type: VOTER last_known_addr { host: "127.24.97.129" port: 45479 } } peers { permanent_uuid: "43d27db8faee450aa010ff6518d09cb1" member_type: VOTER last_known_addr { host: "127.24.97.130" port: 37665 } } peers { permanent_uuid: "d4e5a601a0ba46429494cc032497503b" member_type: VOTER last_known_addr { host: "127.24.97.131" port: 37851 } }
I20260608 12:48:12.180207 27903 leader_election.cc:304] T 8a51a121212c4534aa63fae248b9ea9f P d880098e39c346a3856f77eb50b7dd5a [CANDIDATE]: Term 1 pre-election: Election decided. Result: candidate won. Election summary: received 2 responses out of 3 voters: 2 yes votes; 0 no votes. yes voters: 43d27db8faee450aa010ff6518d09cb1, d880098e39c346a3856f77eb50b7dd5a; no voters: 
I20260608 12:48:12.180655 28148 ts_tablet_manager.cc:1434] T 473fccdcf9684e9cb663e6881f1b8de8 P 43d27db8faee450aa010ff6518d09cb1: Time spent starting tablet: real 0.009s	user 0.002s	sys 0.005s
I20260608 12:48:12.181826 28148 tablet_bootstrap.cc:492] T 0b680eb42c6745f7b42985fdca2d09f1 P 43d27db8faee450aa010ff6518d09cb1: Bootstrap starting.
I20260608 12:48:12.182485 28167 raft_consensus.cc:2804] T 0dc1b8449e5b4e549cbdb01e2a5c5d7e P d4e5a601a0ba46429494cc032497503b [term 0 FOLLOWER]: Leader pre-election won for term 1
I20260608 12:48:12.182686 28136 raft_consensus.cc:2804] T 66216ed531874be29af4f7cb0ed661e4 P d4e5a601a0ba46429494cc032497503b [term 1 FOLLOWER]: Leader election won for term 1
I20260608 12:48:12.183823 28136 raft_consensus.cc:697] T 66216ed531874be29af4f7cb0ed661e4 P d4e5a601a0ba46429494cc032497503b [term 1 LEADER]: Becoming Leader. State: Replica: d4e5a601a0ba46429494cc032497503b, State: Running, Role: LEADER
I20260608 12:48:12.183023 28167 raft_consensus.cc:493] T 0dc1b8449e5b4e549cbdb01e2a5c5d7e P d4e5a601a0ba46429494cc032497503b [term 0 FOLLOWER]: Starting leader election (no leader contacted us within the election timeout)
I20260608 12:48:12.184428 28167 raft_consensus.cc:3060] T 0dc1b8449e5b4e549cbdb01e2a5c5d7e P d4e5a601a0ba46429494cc032497503b [term 0 FOLLOWER]: Advancing to term 1
I20260608 12:48:12.184818 28136 consensus_queue.cc:237] T 66216ed531874be29af4f7cb0ed661e4 P d4e5a601a0ba46429494cc032497503b [LEADER]: Queue going to LEADER mode. State: All replicated index: 0, Majority replicated index: 0, Committed index: 0, Last appended: 0.0, Last appended by leader: 0, Current term: 1, Majority size: 2, State: 0, Mode: LEADER, active raft config: opid_index: -1 OBSOLETE_local: false peers { permanent_uuid: "d880098e39c346a3856f77eb50b7dd5a" member_type: VOTER last_known_addr { host: "127.24.97.129" port: 45479 } } peers { permanent_uuid: "43d27db8faee450aa010ff6518d09cb1" member_type: VOTER last_known_addr { host: "127.24.97.130" port: 37665 } } peers { permanent_uuid: "d4e5a601a0ba46429494cc032497503b" member_type: VOTER last_known_addr { host: "127.24.97.131" port: 37851 } }
I20260608 12:48:12.183830 28153 leader_election.cc:290] T 8a51a121212c4534aa63fae248b9ea9f P 43d27db8faee450aa010ff6518d09cb1 [CANDIDATE]: Term 1 pre-election: Requested pre-vote from peers d880098e39c346a3856f77eb50b7dd5a (127.24.97.129:45479), d4e5a601a0ba46429494cc032497503b (127.24.97.131:37851)
I20260608 12:48:12.173197 28013 raft_consensus.cc:2468] T 5740e081f6d5443bbe6ee81129eaaa02 P 43d27db8faee450aa010ff6518d09cb1 [term 1 FOLLOWER]: Leader election vote request: Granting yes vote for candidate d880098e39c346a3856f77eb50b7dd5a in term 1.
I20260608 12:48:12.192103 28148 tablet_bootstrap.cc:654] T 0b680eb42c6745f7b42985fdca2d09f1 P 43d27db8faee450aa010ff6518d09cb1: Neither blocks nor log segments found. Creating new log.
I20260608 12:48:12.198585 28167 raft_consensus.cc:515] T 0dc1b8449e5b4e549cbdb01e2a5c5d7e P d4e5a601a0ba46429494cc032497503b [term 1 FOLLOWER]: Starting leader election with config: opid_index: -1 OBSOLETE_local: false peers { permanent_uuid: "d880098e39c346a3856f77eb50b7dd5a" member_type: VOTER last_known_addr { host: "127.24.97.129" port: 45479 } } peers { permanent_uuid: "43d27db8faee450aa010ff6518d09cb1" member_type: VOTER last_known_addr { host: "127.24.97.130" port: 37665 } } peers { permanent_uuid: "d4e5a601a0ba46429494cc032497503b" member_type: VOTER last_known_addr { host: "127.24.97.131" port: 37851 } }
I20260608 12:48:12.201551 28167 leader_election.cc:290] T 0dc1b8449e5b4e549cbdb01e2a5c5d7e P d4e5a601a0ba46429494cc032497503b [CANDIDATE]: Term 1 election: Requested vote from peers d880098e39c346a3856f77eb50b7dd5a (127.24.97.129:45479), 43d27db8faee450aa010ff6518d09cb1 (127.24.97.130:37665)
I20260608 12:48:12.203400 28148 tablet_bootstrap.cc:492] T 0b680eb42c6745f7b42985fdca2d09f1 P 43d27db8faee450aa010ff6518d09cb1: No bootstrap required, opened a new log
I20260608 12:48:12.204057 28148 ts_tablet_manager.cc:1403] T 0b680eb42c6745f7b42985fdca2d09f1 P 43d27db8faee450aa010ff6518d09cb1: Time spent bootstrapping tablet: real 0.022s	user 0.010s	sys 0.005s
I20260608 12:48:12.204850 28162 raft_consensus.cc:2804] T 8a51a121212c4534aa63fae248b9ea9f P d880098e39c346a3856f77eb50b7dd5a [term 0 FOLLOWER]: Leader pre-election won for term 1
I20260608 12:48:12.205276 28162 raft_consensus.cc:493] T 8a51a121212c4534aa63fae248b9ea9f P d880098e39c346a3856f77eb50b7dd5a [term 0 FOLLOWER]: Starting leader election (no leader contacted us within the election timeout)
I20260608 12:48:12.205619 28162 raft_consensus.cc:3060] T 8a51a121212c4534aa63fae248b9ea9f P d880098e39c346a3856f77eb50b7dd5a [term 0 FOLLOWER]: Advancing to term 1
I20260608 12:48:12.186224 28134 raft_consensus.cc:359] T 0dc1b8449e5b4e549cbdb01e2a5c5d7e P d880098e39c346a3856f77eb50b7dd5a [term 0 FOLLOWER]: Replica starting. Triggering 0 pending ops. Active config: opid_index: -1 OBSOLETE_local: false peers { permanent_uuid: "d880098e39c346a3856f77eb50b7dd5a" member_type: VOTER last_known_addr { host: "127.24.97.129" port: 45479 } } peers { permanent_uuid: "43d27db8faee450aa010ff6518d09cb1" member_type: VOTER last_known_addr { host: "127.24.97.130" port: 37665 } } peers { permanent_uuid: "d4e5a601a0ba46429494cc032497503b" member_type: VOTER last_known_addr { host: "127.24.97.131" port: 37851 } }
I20260608 12:48:12.206916 28134 raft_consensus.cc:385] T 0dc1b8449e5b4e549cbdb01e2a5c5d7e P d880098e39c346a3856f77eb50b7dd5a [term 0 FOLLOWER]: Consensus starting up: Expiring failure detector timer to make a prompt election more likely
I20260608 12:48:12.207438 28148 raft_consensus.cc:359] T 0b680eb42c6745f7b42985fdca2d09f1 P 43d27db8faee450aa010ff6518d09cb1 [term 0 FOLLOWER]: Replica starting. Triggering 0 pending ops. Active config: opid_index: -1 OBSOLETE_local: false peers { permanent_uuid: "d880098e39c346a3856f77eb50b7dd5a" member_type: VOTER last_known_addr { host: "127.24.97.129" port: 45479 } } peers { permanent_uuid: "43d27db8faee450aa010ff6518d09cb1" member_type: VOTER last_known_addr { host: "127.24.97.130" port: 37665 } } peers { permanent_uuid: "d4e5a601a0ba46429494cc032497503b" member_type: VOTER last_known_addr { host: "127.24.97.131" port: 37851 } }
I20260608 12:48:12.208266 28148 raft_consensus.cc:385] T 0b680eb42c6745f7b42985fdca2d09f1 P 43d27db8faee450aa010ff6518d09cb1 [term 0 FOLLOWER]: Consensus starting up: Expiring failure detector timer to make a prompt election more likely
I20260608 12:48:12.208809 28148 raft_consensus.cc:740] T 0b680eb42c6745f7b42985fdca2d09f1 P 43d27db8faee450aa010ff6518d09cb1 [term 0 FOLLOWER]: Becoming Follower/Learner. State: Replica: 43d27db8faee450aa010ff6518d09cb1, State: Initialized, Role: FOLLOWER
I20260608 12:48:12.209725 28148 consensus_queue.cc:260] T 0b680eb42c6745f7b42985fdca2d09f1 P 43d27db8faee450aa010ff6518d09cb1 [NON_LEADER]: Queue going to NON_LEADER mode. State: All replicated index: 0, Majority replicated index: 0, Committed index: 0, Last appended: 0.0, Last appended by leader: 0, Current term: 0, Majority size: -1, State: 0, Mode: NON_LEADER, active raft config: opid_index: -1 OBSOLETE_local: false peers { permanent_uuid: "d880098e39c346a3856f77eb50b7dd5a" member_type: VOTER last_known_addr { host: "127.24.97.129" port: 45479 } } peers { permanent_uuid: "43d27db8faee450aa010ff6518d09cb1" member_type: VOTER last_known_addr { host: "127.24.97.130" port: 37665 } } peers { permanent_uuid: "d4e5a601a0ba46429494cc032497503b" member_type: VOTER last_known_addr { host: "127.24.97.131" port: 37851 } }
I20260608 12:48:12.212606 28148 ts_tablet_manager.cc:1434] T 0b680eb42c6745f7b42985fdca2d09f1 P 43d27db8faee450aa010ff6518d09cb1: Time spent starting tablet: real 0.008s	user 0.006s	sys 0.000s
I20260608 12:48:12.207285 28134 raft_consensus.cc:740] T 0dc1b8449e5b4e549cbdb01e2a5c5d7e P d880098e39c346a3856f77eb50b7dd5a [term 0 FOLLOWER]: Becoming Follower/Learner. State: Replica: d880098e39c346a3856f77eb50b7dd5a, State: Initialized, Role: FOLLOWER
I20260608 12:48:12.216117 27937 tablet_service.cc:1917] Received RequestConsensusVote() RPC: tablet_id: "0dc1b8449e5b4e549cbdb01e2a5c5d7e" candidate_uuid: "d4e5a601a0ba46429494cc032497503b" candidate_term: 1 candidate_status { last_received { term: 0 index: 0 } } ignore_live_leader: false dest_uuid: "d880098e39c346a3856f77eb50b7dd5a"
I20260608 12:48:12.215768 28134 consensus_queue.cc:260] T 0dc1b8449e5b4e549cbdb01e2a5c5d7e P d880098e39c346a3856f77eb50b7dd5a [NON_LEADER]: Queue going to NON_LEADER mode. State: All replicated index: 0, Majority replicated index: 0, Committed index: 0, Last appended: 0.0, Last appended by leader: 0, Current term: 0, Majority size: -1, State: 0, Mode: NON_LEADER, active raft config: opid_index: -1 OBSOLETE_local: false peers { permanent_uuid: "d880098e39c346a3856f77eb50b7dd5a" member_type: VOTER last_known_addr { host: "127.24.97.129" port: 45479 } } peers { permanent_uuid: "43d27db8faee450aa010ff6518d09cb1" member_type: VOTER last_known_addr { host: "127.24.97.130" port: 37665 } } peers { permanent_uuid: "d4e5a601a0ba46429494cc032497503b" member_type: VOTER last_known_addr { host: "127.24.97.131" port: 37851 } }
I20260608 12:48:12.217828 27938 raft_consensus.cc:2468] T 0dc1b8449e5b4e549cbdb01e2a5c5d7e P d880098e39c346a3856f77eb50b7dd5a [term 0 FOLLOWER]: Leader pre-election vote request: Granting yes vote for candidate d4e5a601a0ba46429494cc032497503b in term 0.
I20260608 12:48:12.219067 28153 raft_consensus.cc:493] T 473fccdcf9684e9cb663e6881f1b8de8 P 43d27db8faee450aa010ff6518d09cb1 [term 0 FOLLOWER]: Starting pre-election (no leader contacted us within the election timeout)
I20260608 12:48:12.219621 28153 raft_consensus.cc:515] T 473fccdcf9684e9cb663e6881f1b8de8 P 43d27db8faee450aa010ff6518d09cb1 [term 0 FOLLOWER]: Starting pre-election with config: opid_index: -1 OBSOLETE_local: false peers { permanent_uuid: "d880098e39c346a3856f77eb50b7dd5a" member_type: VOTER last_known_addr { host: "127.24.97.129" port: 45479 } } peers { permanent_uuid: "43d27db8faee450aa010ff6518d09cb1" member_type: VOTER last_known_addr { host: "127.24.97.130" port: 37665 } } peers { permanent_uuid: "d4e5a601a0ba46429494cc032497503b" member_type: VOTER last_known_addr { host: "127.24.97.131" port: 37851 } }
I20260608 12:48:12.223048 28153 leader_election.cc:290] T 473fccdcf9684e9cb663e6881f1b8de8 P 43d27db8faee450aa010ff6518d09cb1 [CANDIDATE]: Term 1 pre-election: Requested pre-vote from peers d880098e39c346a3856f77eb50b7dd5a (127.24.97.129:45479), d4e5a601a0ba46429494cc032497503b (127.24.97.131:37851)
W20260608 12:48:12.207882 27904 outbound_call.cc:321] RPC callback for RPC call kudu.consensus.ConsensusService.RequestConsensusVote -> {remote=127.24.97.131:37851, user_credentials={real_user=slave}} blocked reactor thread for 276383us
W20260608 12:48:12.228763 27903 outbound_call.cc:321] RPC callback for RPC call kudu.consensus.ConsensusService.RequestConsensusVote -> {remote=127.24.97.130:37665, user_credentials={real_user=slave}} blocked reactor thread for 48655.1us
I20260608 12:48:12.229913 27903 leader_election.cc:304] T 5740e081f6d5443bbe6ee81129eaaa02 P d880098e39c346a3856f77eb50b7dd5a [CANDIDATE]: Term 1 election: Election decided. Result: candidate won. Election summary: received 2 responses out of 3 voters: 2 yes votes; 0 no votes. yes voters: 43d27db8faee450aa010ff6518d09cb1, d880098e39c346a3856f77eb50b7dd5a; no voters: 
I20260608 12:48:12.231902 28174 raft_consensus.cc:2804] T 5740e081f6d5443bbe6ee81129eaaa02 P d880098e39c346a3856f77eb50b7dd5a [term 1 FOLLOWER]: Leader election won for term 1
I20260608 12:48:12.232535 28174 raft_consensus.cc:697] T 5740e081f6d5443bbe6ee81129eaaa02 P d880098e39c346a3856f77eb50b7dd5a [term 1 LEADER]: Becoming Leader. State: Replica: d880098e39c346a3856f77eb50b7dd5a, State: Running, Role: LEADER
I20260608 12:48:12.235433 28134 ts_tablet_manager.cc:1434] T 0dc1b8449e5b4e549cbdb01e2a5c5d7e P d880098e39c346a3856f77eb50b7dd5a: Time spent starting tablet: real 0.214s	user 0.006s	sys 0.004s
I20260608 12:48:12.234732 27836 catalog_manager.cc:5696] T 473fccdcf9684e9cb663e6881f1b8de8 P d4e5a601a0ba46429494cc032497503b reported cstate change: term changed from 0 to 1, leader changed from <none> to d4e5a601a0ba46429494cc032497503b (127.24.97.131). New cstate: current_term: 1 leader_uuid: "d4e5a601a0ba46429494cc032497503b" committed_config { opid_index: -1 OBSOLETE_local: false peers { permanent_uuid: "d880098e39c346a3856f77eb50b7dd5a" member_type: VOTER last_known_addr { host: "127.24.97.129" port: 45479 } health_report { overall_health: UNKNOWN } } peers { permanent_uuid: "43d27db8faee450aa010ff6518d09cb1" member_type: VOTER last_known_addr { host: "127.24.97.130" port: 37665 } health_report { overall_health: UNKNOWN } } peers { permanent_uuid: "d4e5a601a0ba46429494cc032497503b" member_type: VOTER last_known_addr { host: "127.24.97.131" port: 37851 } health_report { overall_health: HEALTHY } } }
I20260608 12:48:12.236616 28134 tablet_bootstrap.cc:492] T 0b680eb42c6745f7b42985fdca2d09f1 P d880098e39c346a3856f77eb50b7dd5a: Bootstrap starting.
I20260608 12:48:12.233530 28174 consensus_queue.cc:237] T 5740e081f6d5443bbe6ee81129eaaa02 P d880098e39c346a3856f77eb50b7dd5a [LEADER]: Queue going to LEADER mode. State: All replicated index: 0, Majority replicated index: 0, Committed index: 0, Last appended: 0.0, Last appended by leader: 0, Current term: 1, Majority size: 2, State: 0, Mode: LEADER, active raft config: opid_index: -1 OBSOLETE_local: false peers { permanent_uuid: "d880098e39c346a3856f77eb50b7dd5a" member_type: VOTER last_known_addr { host: "127.24.97.129" port: 45479 } } peers { permanent_uuid: "43d27db8faee450aa010ff6518d09cb1" member_type: VOTER last_known_addr { host: "127.24.97.130" port: 37665 } } peers { permanent_uuid: "d4e5a601a0ba46429494cc032497503b" member_type: VOTER last_known_addr { host: "127.24.97.131" port: 37851 } }
I20260608 12:48:12.239099 28139 raft_consensus.cc:493] T 14e5c72c72a94c18913aba58eb128734 P d880098e39c346a3856f77eb50b7dd5a [term 0 FOLLOWER]: Starting pre-election (no leader contacted us within the election timeout)
I20260608 12:48:12.239638 28139 raft_consensus.cc:515] T 14e5c72c72a94c18913aba58eb128734 P d880098e39c346a3856f77eb50b7dd5a [term 0 FOLLOWER]: Starting pre-election with config: opid_index: -1 OBSOLETE_local: false peers { permanent_uuid: "d880098e39c346a3856f77eb50b7dd5a" member_type: VOTER last_known_addr { host: "127.24.97.129" port: 45479 } } peers { permanent_uuid: "43d27db8faee450aa010ff6518d09cb1" member_type: VOTER last_known_addr { host: "127.24.97.130" port: 37665 } } peers { permanent_uuid: "d4e5a601a0ba46429494cc032497503b" member_type: VOTER last_known_addr { host: "127.24.97.131" port: 37851 } }
I20260608 12:48:12.243711 28139 leader_election.cc:290] T 14e5c72c72a94c18913aba58eb128734 P d880098e39c346a3856f77eb50b7dd5a [CANDIDATE]: Term 1 pre-election: Requested pre-vote from peers 43d27db8faee450aa010ff6518d09cb1 (127.24.97.130:37665), d4e5a601a0ba46429494cc032497503b (127.24.97.131:37851)
I20260608 12:48:12.245322 28012 tablet_service.cc:1917] Received RequestConsensusVote() RPC: tablet_id: "14e5c72c72a94c18913aba58eb128734" candidate_uuid: "d880098e39c346a3856f77eb50b7dd5a" candidate_term: 1 candidate_status { last_received { term: 0 index: 0 } } ignore_live_leader: false dest_uuid: "43d27db8faee450aa010ff6518d09cb1" is_pre_election: true
I20260608 12:48:12.246198 28012 raft_consensus.cc:2468] T 14e5c72c72a94c18913aba58eb128734 P 43d27db8faee450aa010ff6518d09cb1 [term 0 FOLLOWER]: Leader pre-election vote request: Granting yes vote for candidate d880098e39c346a3856f77eb50b7dd5a in term 0.
I20260608 12:48:12.247813 27938 tablet_service.cc:1917] Received RequestConsensusVote() RPC: tablet_id: "66216ed531874be29af4f7cb0ed661e4" candidate_uuid: "43d27db8faee450aa010ff6518d09cb1" candidate_term: 1 candidate_status { last_received { term: 0 index: 0 } } ignore_live_leader: false dest_uuid: "d880098e39c346a3856f77eb50b7dd5a" is_pre_election: true
I20260608 12:48:12.247735 27903 leader_election.cc:304] T 14e5c72c72a94c18913aba58eb128734 P d880098e39c346a3856f77eb50b7dd5a [CANDIDATE]: Term 1 pre-election: Election decided. Result: candidate won. Election summary: received 2 responses out of 3 voters: 2 yes votes; 0 no votes. yes voters: 43d27db8faee450aa010ff6518d09cb1, d880098e39c346a3856f77eb50b7dd5a; no voters: 
I20260608 12:48:12.248807 27938 raft_consensus.cc:2393] T 66216ed531874be29af4f7cb0ed661e4 P d880098e39c346a3856f77eb50b7dd5a [term 1 FOLLOWER]: Leader pre-election vote request: Denying vote to candidate 43d27db8faee450aa010ff6518d09cb1 in current term 1: Already voted for candidate d4e5a601a0ba46429494cc032497503b in this term.
I20260608 12:48:12.249131 28139 raft_consensus.cc:2804] T 14e5c72c72a94c18913aba58eb128734 P d880098e39c346a3856f77eb50b7dd5a [term 0 FOLLOWER]: Leader pre-election won for term 1
I20260608 12:48:12.249681 28139 raft_consensus.cc:493] T 14e5c72c72a94c18913aba58eb128734 P d880098e39c346a3856f77eb50b7dd5a [term 0 FOLLOWER]: Starting leader election (no leader contacted us within the election timeout)
I20260608 12:48:12.250017 28139 raft_consensus.cc:3060] T 14e5c72c72a94c18913aba58eb128734 P d880098e39c346a3856f77eb50b7dd5a [term 0 FOLLOWER]: Advancing to term 1
I20260608 12:48:12.250566 27937 tablet_service.cc:1917] Received RequestConsensusVote() RPC: tablet_id: "473fccdcf9684e9cb663e6881f1b8de8" candidate_uuid: "43d27db8faee450aa010ff6518d09cb1" candidate_term: 1 candidate_status { last_received { term: 0 index: 0 } } ignore_live_leader: false dest_uuid: "d880098e39c346a3856f77eb50b7dd5a" is_pre_election: true
W20260608 12:48:12.251685 28053 outbound_call.cc:321] RPC callback for RPC call kudu.consensus.ConsensusService.RequestConsensusVote -> {remote=127.24.97.130:37665, user_credentials={real_user=slave}} blocked reactor thread for 94255us
I20260608 12:48:12.252249 27937 raft_consensus.cc:2393] T 473fccdcf9684e9cb663e6881f1b8de8 P d880098e39c346a3856f77eb50b7dd5a [term 1 FOLLOWER]: Leader pre-election vote request: Denying vote to candidate 43d27db8faee450aa010ff6518d09cb1 in current term 1: Already voted for candidate d4e5a601a0ba46429494cc032497503b in this term.
I20260608 12:48:12.251184 27938 tablet_service.cc:1917] Received RequestConsensusVote() RPC: tablet_id: "8a51a121212c4534aa63fae248b9ea9f" candidate_uuid: "43d27db8faee450aa010ff6518d09cb1" candidate_term: 1 candidate_status { last_received { term: 0 index: 0 } } ignore_live_leader: false dest_uuid: "d880098e39c346a3856f77eb50b7dd5a" is_pre_election: true
I20260608 12:48:12.263423 28013 tablet_service.cc:1917] Received RequestConsensusVote() RPC: tablet_id: "0dc1b8449e5b4e549cbdb01e2a5c5d7e" candidate_uuid: "d4e5a601a0ba46429494cc032497503b" candidate_term: 1 candidate_status { last_received { term: 0 index: 0 } } ignore_live_leader: false dest_uuid: "43d27db8faee450aa010ff6518d09cb1"
I20260608 12:48:12.264151 28013 raft_consensus.cc:3060] T 0dc1b8449e5b4e549cbdb01e2a5c5d7e P 43d27db8faee450aa010ff6518d09cb1 [term 0 FOLLOWER]: Advancing to term 1
I20260608 12:48:12.262023 28012 tablet_service.cc:1917] Received RequestConsensusVote() RPC: tablet_id: "66216ed531874be29af4f7cb0ed661e4" candidate_uuid: "d4e5a601a0ba46429494cc032497503b" candidate_term: 1 candidate_status { last_received { term: 0 index: 0 } } ignore_live_leader: false dest_uuid: "43d27db8faee450aa010ff6518d09cb1"
I20260608 12:48:12.268882 28012 raft_consensus.cc:3060] T 66216ed531874be29af4f7cb0ed661e4 P 43d27db8faee450aa010ff6518d09cb1 [term 0 FOLLOWER]: Advancing to term 1
I20260608 12:48:12.273975 28013 raft_consensus.cc:2468] T 0dc1b8449e5b4e549cbdb01e2a5c5d7e P 43d27db8faee450aa010ff6518d09cb1 [term 1 FOLLOWER]: Leader election vote request: Granting yes vote for candidate d4e5a601a0ba46429494cc032497503b in term 1.
I20260608 12:48:12.275280 28088 tablet_service.cc:1917] Received RequestConsensusVote() RPC: tablet_id: "5b4d5527a94841c8829d5e072d9f17c9" candidate_uuid: "d880098e39c346a3856f77eb50b7dd5a" candidate_term: 1 candidate_status { last_received { term: 0 index: 0 } } ignore_live_leader: false dest_uuid: "d4e5a601a0ba46429494cc032497503b"
I20260608 12:48:12.276075 28088 raft_consensus.cc:3060] T 5b4d5527a94841c8829d5e072d9f17c9 P d4e5a601a0ba46429494cc032497503b [term 0 FOLLOWER]: Advancing to term 1
I20260608 12:48:12.289927 28087 tablet_service.cc:1917] Received RequestConsensusVote() RPC: tablet_id: "5740e081f6d5443bbe6ee81129eaaa02" candidate_uuid: "d880098e39c346a3856f77eb50b7dd5a" candidate_term: 1 candidate_status { last_received { term: 0 index: 0 } } ignore_live_leader: false dest_uuid: "d4e5a601a0ba46429494cc032497503b"
I20260608 12:48:12.290645 28087 raft_consensus.cc:3060] T 5740e081f6d5443bbe6ee81129eaaa02 P d4e5a601a0ba46429494cc032497503b [term 0 FOLLOWER]: Advancing to term 1
I20260608 12:48:12.292896 28139 raft_consensus.cc:515] T 14e5c72c72a94c18913aba58eb128734 P d880098e39c346a3856f77eb50b7dd5a [term 1 FOLLOWER]: Starting leader election with config: opid_index: -1 OBSOLETE_local: false peers { permanent_uuid: "d880098e39c346a3856f77eb50b7dd5a" member_type: VOTER last_known_addr { host: "127.24.97.129" port: 45479 } } peers { permanent_uuid: "43d27db8faee450aa010ff6518d09cb1" member_type: VOTER last_known_addr { host: "127.24.97.130" port: 37665 } } peers { permanent_uuid: "d4e5a601a0ba46429494cc032497503b" member_type: VOTER last_known_addr { host: "127.24.97.131" port: 37851 } }
I20260608 12:48:12.286392 28088 raft_consensus.cc:2468] T 5b4d5527a94841c8829d5e072d9f17c9 P d4e5a601a0ba46429494cc032497503b [term 1 FOLLOWER]: Leader election vote request: Granting yes vote for candidate d880098e39c346a3856f77eb50b7dd5a in term 1.
I20260608 12:48:12.295615 28134 tablet_bootstrap.cc:654] T 0b680eb42c6745f7b42985fdca2d09f1 P d880098e39c346a3856f77eb50b7dd5a: Neither blocks nor log segments found. Creating new log.
I20260608 12:48:12.289273 28162 raft_consensus.cc:515] T 8a51a121212c4534aa63fae248b9ea9f P d880098e39c346a3856f77eb50b7dd5a [term 1 FOLLOWER]: Starting leader election with config: opid_index: -1 OBSOLETE_local: false peers { permanent_uuid: "43d27db8faee450aa010ff6518d09cb1" member_type: VOTER last_known_addr { host: "127.24.97.130" port: 37665 } } peers { permanent_uuid: "d880098e39c346a3856f77eb50b7dd5a" member_type: VOTER last_known_addr { host: "127.24.97.129" port: 45479 } } peers { permanent_uuid: "d4e5a601a0ba46429494cc032497503b" member_type: VOTER last_known_addr { host: "127.24.97.131" port: 37851 } }
I20260608 12:48:12.301342 28086 tablet_service.cc:1917] Received RequestConsensusVote() RPC: tablet_id: "8a51a121212c4534aa63fae248b9ea9f" candidate_uuid: "d880098e39c346a3856f77eb50b7dd5a" candidate_term: 1 candidate_status { last_received { term: 0 index: 0 } } ignore_live_leader: false dest_uuid: "d4e5a601a0ba46429494cc032497503b" is_pre_election: true
I20260608 12:48:12.302049 27938 raft_consensus.cc:2393] T 8a51a121212c4534aa63fae248b9ea9f P d880098e39c346a3856f77eb50b7dd5a [term 1 FOLLOWER]: Leader pre-election vote request: Denying vote to candidate 43d27db8faee450aa010ff6518d09cb1 in current term 1: Already voted for candidate d880098e39c346a3856f77eb50b7dd5a in this term.
I20260608 12:48:12.302176 28086 raft_consensus.cc:2468] T 8a51a121212c4534aa63fae248b9ea9f P d4e5a601a0ba46429494cc032497503b [term 0 FOLLOWER]: Leader pre-election vote request: Granting yes vote for candidate d880098e39c346a3856f77eb50b7dd5a in term 0.
I20260608 12:48:12.302922 28162 leader_election.cc:290] T 8a51a121212c4534aa63fae248b9ea9f P d880098e39c346a3856f77eb50b7dd5a [CANDIDATE]: Term 1 election: Requested vote from peers 43d27db8faee450aa010ff6518d09cb1 (127.24.97.130:37665), d4e5a601a0ba46429494cc032497503b (127.24.97.131:37851)
I20260608 12:48:12.304016 28011 tablet_service.cc:1917] Received RequestConsensusVote() RPC: tablet_id: "8a51a121212c4534aa63fae248b9ea9f" candidate_uuid: "d880098e39c346a3856f77eb50b7dd5a" candidate_term: 1 candidate_status { last_received { term: 0 index: 0 } } ignore_live_leader: false dest_uuid: "43d27db8faee450aa010ff6518d09cb1"
I20260608 12:48:12.304657 28011 raft_consensus.cc:3060] T 8a51a121212c4534aa63fae248b9ea9f P 43d27db8faee450aa010ff6518d09cb1 [term 0 FOLLOWER]: Advancing to term 1
I20260608 12:48:12.304936 28086 tablet_service.cc:1917] Received RequestConsensusVote() RPC: tablet_id: "14e5c72c72a94c18913aba58eb128734" candidate_uuid: "d880098e39c346a3856f77eb50b7dd5a" candidate_term: 1 candidate_status { last_received { term: 0 index: 0 } } ignore_live_leader: false dest_uuid: "d4e5a601a0ba46429494cc032497503b" is_pre_election: true
I20260608 12:48:12.305893 28086 raft_consensus.cc:2468] T 14e5c72c72a94c18913aba58eb128734 P d4e5a601a0ba46429494cc032497503b [term 0 FOLLOWER]: Leader pre-election vote request: Granting yes vote for candidate d880098e39c346a3856f77eb50b7dd5a in term 0.
I20260608 12:48:12.304979 28013 tablet_service.cc:1917] Received RequestConsensusVote() RPC: tablet_id: "14e5c72c72a94c18913aba58eb128734" candidate_uuid: "d880098e39c346a3856f77eb50b7dd5a" candidate_term: 1 candidate_status { last_received { term: 0 index: 0 } } ignore_live_leader: false dest_uuid: "43d27db8faee450aa010ff6518d09cb1"
I20260608 12:48:12.308478 28013 raft_consensus.cc:3060] T 14e5c72c72a94c18913aba58eb128734 P 43d27db8faee450aa010ff6518d09cb1 [term 0 FOLLOWER]: Advancing to term 1
I20260608 12:48:12.308735 28086 tablet_service.cc:1917] Received RequestConsensusVote() RPC: tablet_id: "8a51a121212c4534aa63fae248b9ea9f" candidate_uuid: "d880098e39c346a3856f77eb50b7dd5a" candidate_term: 1 candidate_status { last_received { term: 0 index: 0 } } ignore_live_leader: false dest_uuid: "d4e5a601a0ba46429494cc032497503b"
I20260608 12:48:12.309561 28086 raft_consensus.cc:3060] T 8a51a121212c4534aa63fae248b9ea9f P d4e5a601a0ba46429494cc032497503b [term 0 FOLLOWER]: Advancing to term 1
I20260608 12:48:12.308992 28087 raft_consensus.cc:2468] T 5740e081f6d5443bbe6ee81129eaaa02 P d4e5a601a0ba46429494cc032497503b [term 1 FOLLOWER]: Leader election vote request: Granting yes vote for candidate d880098e39c346a3856f77eb50b7dd5a in term 1.
I20260608 12:48:12.311555 28171 raft_consensus.cc:493] T 0b680eb42c6745f7b42985fdca2d09f1 P d4e5a601a0ba46429494cc032497503b [term 0 FOLLOWER]: Starting pre-election (no leader contacted us within the election timeout)
I20260608 12:48:12.312126 28171 raft_consensus.cc:515] T 0b680eb42c6745f7b42985fdca2d09f1 P d4e5a601a0ba46429494cc032497503b [term 0 FOLLOWER]: Starting pre-election with config: opid_index: -1 OBSOLETE_local: false peers { permanent_uuid: "d880098e39c346a3856f77eb50b7dd5a" member_type: VOTER last_known_addr { host: "127.24.97.129" port: 45479 } } peers { permanent_uuid: "43d27db8faee450aa010ff6518d09cb1" member_type: VOTER last_known_addr { host: "127.24.97.130" port: 37665 } } peers { permanent_uuid: "d4e5a601a0ba46429494cc032497503b" member_type: VOTER last_known_addr { host: "127.24.97.131" port: 37851 } }
I20260608 12:48:12.313833 28139 leader_election.cc:290] T 14e5c72c72a94c18913aba58eb128734 P d880098e39c346a3856f77eb50b7dd5a [CANDIDATE]: Term 1 election: Requested vote from peers 43d27db8faee450aa010ff6518d09cb1 (127.24.97.130:37665), d4e5a601a0ba46429494cc032497503b (127.24.97.131:37851)
I20260608 12:48:12.314683 28171 leader_election.cc:290] T 0b680eb42c6745f7b42985fdca2d09f1 P d4e5a601a0ba46429494cc032497503b [CANDIDATE]: Term 1 pre-election: Requested pre-vote from peers d880098e39c346a3856f77eb50b7dd5a (127.24.97.129:45479), 43d27db8faee450aa010ff6518d09cb1 (127.24.97.130:37665)
I20260608 12:48:12.315727 27938 tablet_service.cc:1917] Received RequestConsensusVote() RPC: tablet_id: "0b680eb42c6745f7b42985fdca2d09f1" candidate_uuid: "d4e5a601a0ba46429494cc032497503b" candidate_term: 1 candidate_status { last_received { term: 0 index: 0 } } ignore_live_leader: false dest_uuid: "d880098e39c346a3856f77eb50b7dd5a" is_pre_election: true
W20260608 12:48:12.317355 28052 leader_election.cc:343] T 0b680eb42c6745f7b42985fdca2d09f1 P d4e5a601a0ba46429494cc032497503b [CANDIDATE]: Term 1 pre-election: Tablet error from VoteRequest() call to peer d880098e39c346a3856f77eb50b7dd5a (127.24.97.129:45479): Illegal state: must be running to vote when last-logged opid is not known
I20260608 12:48:12.317641 28011 raft_consensus.cc:2468] T 8a51a121212c4534aa63fae248b9ea9f P 43d27db8faee450aa010ff6518d09cb1 [term 1 FOLLOWER]: Leader election vote request: Granting yes vote for candidate d880098e39c346a3856f77eb50b7dd5a in term 1.
I20260608 12:48:12.319012 27903 leader_election.cc:304] T 8a51a121212c4534aa63fae248b9ea9f P d880098e39c346a3856f77eb50b7dd5a [CANDIDATE]: Term 1 election: Election decided. Result: candidate won. Election summary: received 2 responses out of 3 voters: 2 yes votes; 0 no votes. yes voters: 43d27db8faee450aa010ff6518d09cb1, d880098e39c346a3856f77eb50b7dd5a; no voters: 
I20260608 12:48:12.321453 28085 tablet_service.cc:1917] Received RequestConsensusVote() RPC: tablet_id: "473fccdcf9684e9cb663e6881f1b8de8" candidate_uuid: "43d27db8faee450aa010ff6518d09cb1" candidate_term: 1 candidate_status { last_received { term: 0 index: 0 } } ignore_live_leader: false dest_uuid: "d4e5a601a0ba46429494cc032497503b" is_pre_election: true
I20260608 12:48:12.319813 28053 leader_election.cc:304] T 0dc1b8449e5b4e549cbdb01e2a5c5d7e P d4e5a601a0ba46429494cc032497503b [CANDIDATE]: Term 1 election: Election decided. Result: candidate won. Election summary: received 3 responses out of 3 voters: 2 yes votes; 1 no votes. yes voters: 43d27db8faee450aa010ff6518d09cb1, d4e5a601a0ba46429494cc032497503b; no voters: d880098e39c346a3856f77eb50b7dd5a
I20260608 12:48:12.335850 28139 raft_consensus.cc:2804] T 8a51a121212c4534aa63fae248b9ea9f P d880098e39c346a3856f77eb50b7dd5a [term 1 FOLLOWER]: Leader election won for term 1
I20260608 12:48:12.339336 28171 raft_consensus.cc:2804] T 0dc1b8449e5b4e549cbdb01e2a5c5d7e P d4e5a601a0ba46429494cc032497503b [term 1 FOLLOWER]: Leader election won for term 1
I20260608 12:48:12.340226 28171 raft_consensus.cc:697] T 0dc1b8449e5b4e549cbdb01e2a5c5d7e P d4e5a601a0ba46429494cc032497503b [term 1 LEADER]: Becoming Leader. State: Replica: d4e5a601a0ba46429494cc032497503b, State: Running, Role: LEADER
I20260608 12:48:12.341225 28171 consensus_queue.cc:237] T 0dc1b8449e5b4e549cbdb01e2a5c5d7e P d4e5a601a0ba46429494cc032497503b [LEADER]: Queue going to LEADER mode. State: All replicated index: 0, Majority replicated index: 0, Committed index: 0, Last appended: 0.0, Last appended by leader: 0, Current term: 1, Majority size: 2, State: 0, Mode: LEADER, active raft config: opid_index: -1 OBSOLETE_local: false peers { permanent_uuid: "d880098e39c346a3856f77eb50b7dd5a" member_type: VOTER last_known_addr { host: "127.24.97.129" port: 45479 } } peers { permanent_uuid: "43d27db8faee450aa010ff6518d09cb1" member_type: VOTER last_known_addr { host: "127.24.97.130" port: 37665 } } peers { permanent_uuid: "d4e5a601a0ba46429494cc032497503b" member_type: VOTER last_known_addr { host: "127.24.97.131" port: 37851 } }
I20260608 12:48:12.343562 28134 tablet_bootstrap.cc:492] T 0b680eb42c6745f7b42985fdca2d09f1 P d880098e39c346a3856f77eb50b7dd5a: No bootstrap required, opened a new log
I20260608 12:48:12.344158 28134 ts_tablet_manager.cc:1403] T 0b680eb42c6745f7b42985fdca2d09f1 P d880098e39c346a3856f77eb50b7dd5a: Time spent bootstrapping tablet: real 0.108s	user 0.014s	sys 0.002s
I20260608 12:48:12.343781 27835 catalog_manager.cc:5696] T 5b4d5527a94841c8829d5e072d9f17c9 P d880098e39c346a3856f77eb50b7dd5a reported cstate change: term changed from 0 to 1, leader changed from <none> to d880098e39c346a3856f77eb50b7dd5a (127.24.97.129). New cstate: current_term: 1 leader_uuid: "d880098e39c346a3856f77eb50b7dd5a" committed_config { opid_index: -1 OBSOLETE_local: false peers { permanent_uuid: "d4e5a601a0ba46429494cc032497503b" member_type: VOTER last_known_addr { host: "127.24.97.131" port: 37851 } health_report { overall_health: UNKNOWN } } peers { permanent_uuid: "43d27db8faee450aa010ff6518d09cb1" member_type: VOTER last_known_addr { host: "127.24.97.130" port: 37665 } health_report { overall_health: UNKNOWN } } peers { permanent_uuid: "d880098e39c346a3856f77eb50b7dd5a" member_type: VOTER last_known_addr { host: "127.24.97.129" port: 45479 } health_report { overall_health: HEALTHY } } }
I20260608 12:48:12.344936 28013 raft_consensus.cc:2468] T 14e5c72c72a94c18913aba58eb128734 P 43d27db8faee450aa010ff6518d09cb1 [term 1 FOLLOWER]: Leader election vote request: Granting yes vote for candidate d880098e39c346a3856f77eb50b7dd5a in term 1.
I20260608 12:48:12.336402 28088 tablet_service.cc:1917] Received RequestConsensusVote() RPC: tablet_id: "8a51a121212c4534aa63fae248b9ea9f" candidate_uuid: "43d27db8faee450aa010ff6518d09cb1" candidate_term: 1 candidate_status { last_received { term: 0 index: 0 } } ignore_live_leader: false dest_uuid: "d4e5a601a0ba46429494cc032497503b" is_pre_election: true
I20260608 12:48:12.346458 27903 leader_election.cc:304] T 14e5c72c72a94c18913aba58eb128734 P d880098e39c346a3856f77eb50b7dd5a [CANDIDATE]: Term 1 election: Election decided. Result: candidate won. Election summary: received 2 responses out of 3 voters: 2 yes votes; 0 no votes. yes voters: 43d27db8faee450aa010ff6518d09cb1, d880098e39c346a3856f77eb50b7dd5a; no voters: 
I20260608 12:48:12.347555 28174 raft_consensus.cc:2804] T 14e5c72c72a94c18913aba58eb128734 P d880098e39c346a3856f77eb50b7dd5a [term 1 FOLLOWER]: Leader election won for term 1
I20260608 12:48:12.347445 28134 raft_consensus.cc:359] T 0b680eb42c6745f7b42985fdca2d09f1 P d880098e39c346a3856f77eb50b7dd5a [term 0 FOLLOWER]: Replica starting. Triggering 0 pending ops. Active config: opid_index: -1 OBSOLETE_local: false peers { permanent_uuid: "d880098e39c346a3856f77eb50b7dd5a" member_type: VOTER last_known_addr { host: "127.24.97.129" port: 45479 } } peers { permanent_uuid: "43d27db8faee450aa010ff6518d09cb1" member_type: VOTER last_known_addr { host: "127.24.97.130" port: 37665 } } peers { permanent_uuid: "d4e5a601a0ba46429494cc032497503b" member_type: VOTER last_known_addr { host: "127.24.97.131" port: 37851 } }
I20260608 12:48:12.348225 28174 raft_consensus.cc:697] T 14e5c72c72a94c18913aba58eb128734 P d880098e39c346a3856f77eb50b7dd5a [term 1 LEADER]: Becoming Leader. State: Replica: d880098e39c346a3856f77eb50b7dd5a, State: Running, Role: LEADER
I20260608 12:48:12.348508 28134 raft_consensus.cc:385] T 0b680eb42c6745f7b42985fdca2d09f1 P d880098e39c346a3856f77eb50b7dd5a [term 0 FOLLOWER]: Consensus starting up: Expiring failure detector timer to make a prompt election more likely
I20260608 12:48:12.348804 28134 raft_consensus.cc:740] T 0b680eb42c6745f7b42985fdca2d09f1 P d880098e39c346a3856f77eb50b7dd5a [term 0 FOLLOWER]: Becoming Follower/Learner. State: Replica: d880098e39c346a3856f77eb50b7dd5a, State: Initialized, Role: FOLLOWER
I20260608 12:48:12.349085 28174 consensus_queue.cc:237] T 14e5c72c72a94c18913aba58eb128734 P d880098e39c346a3856f77eb50b7dd5a [LEADER]: Queue going to LEADER mode. State: All replicated index: 0, Majority replicated index: 0, Committed index: 0, Last appended: 0.0, Last appended by leader: 0, Current term: 1, Majority size: 2, State: 0, Mode: LEADER, active raft config: opid_index: -1 OBSOLETE_local: false peers { permanent_uuid: "d880098e39c346a3856f77eb50b7dd5a" member_type: VOTER last_known_addr { host: "127.24.97.129" port: 45479 } } peers { permanent_uuid: "43d27db8faee450aa010ff6518d09cb1" member_type: VOTER last_known_addr { host: "127.24.97.130" port: 37665 } } peers { permanent_uuid: "d4e5a601a0ba46429494cc032497503b" member_type: VOTER last_known_addr { host: "127.24.97.131" port: 37851 } }
I20260608 12:48:12.349550 28134 consensus_queue.cc:260] T 0b680eb42c6745f7b42985fdca2d09f1 P d880098e39c346a3856f77eb50b7dd5a [NON_LEADER]: Queue going to NON_LEADER mode. State: All replicated index: 0, Majority replicated index: 0, Committed index: 0, Last appended: 0.0, Last appended by leader: 0, Current term: 0, Majority size: -1, State: 0, Mode: NON_LEADER, active raft config: opid_index: -1 OBSOLETE_local: false peers { permanent_uuid: "d880098e39c346a3856f77eb50b7dd5a" member_type: VOTER last_known_addr { host: "127.24.97.129" port: 45479 } } peers { permanent_uuid: "43d27db8faee450aa010ff6518d09cb1" member_type: VOTER last_known_addr { host: "127.24.97.130" port: 37665 } } peers { permanent_uuid: "d4e5a601a0ba46429494cc032497503b" member_type: VOTER last_known_addr { host: "127.24.97.131" port: 37851 } }
I20260608 12:48:12.351007 27836 catalog_manager.cc:5696] T 66216ed531874be29af4f7cb0ed661e4 P d4e5a601a0ba46429494cc032497503b reported cstate change: term changed from 0 to 1, leader changed from <none> to d4e5a601a0ba46429494cc032497503b (127.24.97.131). New cstate: current_term: 1 leader_uuid: "d4e5a601a0ba46429494cc032497503b" committed_config { opid_index: -1 OBSOLETE_local: false peers { permanent_uuid: "d880098e39c346a3856f77eb50b7dd5a" member_type: VOTER last_known_addr { host: "127.24.97.129" port: 45479 } health_report { overall_health: UNKNOWN } } peers { permanent_uuid: "43d27db8faee450aa010ff6518d09cb1" member_type: VOTER last_known_addr { host: "127.24.97.130" port: 37665 } health_report { overall_health: UNKNOWN } } peers { permanent_uuid: "d4e5a601a0ba46429494cc032497503b" member_type: VOTER last_known_addr { host: "127.24.97.131" port: 37851 } health_report { overall_health: HEALTHY } } }
