I20260608 12:48:55.111804 29200 catalog_manager.cc:5696] T 5c9e69373dfd40ccbabec519a417734a P 89520be8ef6147418cc396bb69de564c reported cstate change: term changed from 0 to 1, leader changed from <none> to 89520be8ef6147418cc396bb69de564c (127.24.55.65). New cstate: current_term: 1 leader_uuid: "89520be8ef6147418cc396bb69de564c" committed_config { opid_index: -1 OBSOLETE_local: false peers { permanent_uuid: "89520be8ef6147418cc396bb69de564c" member_type: VOTER last_known_addr { host: "127.24.55.65" port: 44929 } health_report { overall_health: HEALTHY } } peers { permanent_uuid: "da265af479d74e54ba71cba72d899b22" member_type: VOTER last_known_addr { host: "127.24.55.66" port: 35755 } health_report { overall_health: UNKNOWN } } peers { permanent_uuid: "43188b7ecf7e49ccb692b33cf2795771" member_type: VOTER last_known_addr { host: "127.24.55.67" port: 38391 } health_report { overall_health: UNKNOWN } } }
I20260608 12:48:55.112890 29499 raft_consensus.cc:359] T a43bdae9138e43e28a25bc16a333d2f8 P 89520be8ef6147418cc396bb69de564c [term 0 FOLLOWER]: Replica starting. Triggering 0 pending ops. Active config: opid_index: -1 OBSOLETE_local: false peers { permanent_uuid: "89520be8ef6147418cc396bb69de564c" member_type: VOTER last_known_addr { host: "127.24.55.65" port: 44929 } } peers { permanent_uuid: "da265af479d74e54ba71cba72d899b22" member_type: VOTER last_known_addr { host: "127.24.55.66" port: 35755 } } peers { permanent_uuid: "43188b7ecf7e49ccb692b33cf2795771" member_type: VOTER last_known_addr { host: "127.24.55.67" port: 38391 } }
I20260608 12:48:55.113193 29534 leader_election.cc:290] T 2fc7e5c125e344b2820b26470d60ac55 P 89520be8ef6147418cc396bb69de564c [CANDIDATE]: Term 1 pre-election: Requested pre-vote from peers da265af479d74e54ba71cba72d899b22 (127.24.55.66:35755), 43188b7ecf7e49ccb692b33cf2795771 (127.24.55.67:38391)
I20260608 12:48:55.113634 29499 raft_consensus.cc:385] T a43bdae9138e43e28a25bc16a333d2f8 P 89520be8ef6147418cc396bb69de564c [term 0 FOLLOWER]: Consensus starting up: Expiring failure detector timer to make a prompt election more likely
I20260608 12:48:55.114075 29499 raft_consensus.cc:740] T a43bdae9138e43e28a25bc16a333d2f8 P 89520be8ef6147418cc396bb69de564c [term 0 FOLLOWER]: Becoming Follower/Learner. State: Replica: 89520be8ef6147418cc396bb69de564c, State: Initialized, Role: FOLLOWER
I20260608 12:48:55.113399 29500 raft_consensus.cc:359] T 5c9e69373dfd40ccbabec519a417734a P da265af479d74e54ba71cba72d899b22 [term 0 FOLLOWER]: Replica starting. Triggering 0 pending ops. Active config: opid_index: -1 OBSOLETE_local: false peers { permanent_uuid: "89520be8ef6147418cc396bb69de564c" member_type: VOTER last_known_addr { host: "127.24.55.65" port: 44929 } } peers { permanent_uuid: "da265af479d74e54ba71cba72d899b22" member_type: VOTER last_known_addr { host: "127.24.55.66" port: 35755 } } peers { permanent_uuid: "43188b7ecf7e49ccb692b33cf2795771" member_type: VOTER last_known_addr { host: "127.24.55.67" port: 38391 } }
I20260608 12:48:55.114923 29500 raft_consensus.cc:385] T 5c9e69373dfd40ccbabec519a417734a P da265af479d74e54ba71cba72d899b22 [term 0 FOLLOWER]: Consensus starting up: Expiring failure detector timer to make a prompt election more likely
I20260608 12:48:55.115329 29500 raft_consensus.cc:740] T 5c9e69373dfd40ccbabec519a417734a P da265af479d74e54ba71cba72d899b22 [term 0 FOLLOWER]: Becoming Follower/Learner. State: Replica: da265af479d74e54ba71cba72d899b22, State: Initialized, Role: FOLLOWER
I20260608 12:48:55.115500 29499 consensus_queue.cc:260] T a43bdae9138e43e28a25bc16a333d2f8 P 89520be8ef6147418cc396bb69de564c [NON_LEADER]: Queue going to NON_LEADER mode. State: All replicated index: 0, Majority replicated index: 0, Committed index: 0, Last appended: 0.0, Last appended by leader: 0, Current term: 0, Majority size: -1, State: 0, Mode: NON_LEADER, active raft config: opid_index: -1 OBSOLETE_local: false peers { permanent_uuid: "89520be8ef6147418cc396bb69de564c" member_type: VOTER last_known_addr { host: "127.24.55.65" port: 44929 } } peers { permanent_uuid: "da265af479d74e54ba71cba72d899b22" member_type: VOTER last_known_addr { host: "127.24.55.66" port: 35755 } } peers { permanent_uuid: "43188b7ecf7e49ccb692b33cf2795771" member_type: VOTER last_known_addr { host: "127.24.55.67" port: 38391 } }
I20260608 12:48:55.116518 29500 consensus_queue.cc:260] T 5c9e69373dfd40ccbabec519a417734a P da265af479d74e54ba71cba72d899b22 [NON_LEADER]: Queue going to NON_LEADER mode. State: All replicated index: 0, Majority replicated index: 0, Committed index: 0, Last appended: 0.0, Last appended by leader: 0, Current term: 0, Majority size: -1, State: 0, Mode: NON_LEADER, active raft config: opid_index: -1 OBSOLETE_local: false peers { permanent_uuid: "89520be8ef6147418cc396bb69de564c" member_type: VOTER last_known_addr { host: "127.24.55.65" port: 44929 } } peers { permanent_uuid: "da265af479d74e54ba71cba72d899b22" member_type: VOTER last_known_addr { host: "127.24.55.66" port: 35755 } } peers { permanent_uuid: "43188b7ecf7e49ccb692b33cf2795771" member_type: VOTER last_known_addr { host: "127.24.55.67" port: 38391 } }
I20260608 12:48:55.117895 29499 ts_tablet_manager.cc:1434] T a43bdae9138e43e28a25bc16a333d2f8 P 89520be8ef6147418cc396bb69de564c: Time spent starting tablet: real 0.008s	user 0.007s	sys 0.000s
I20260608 12:48:55.118955 29499 tablet_bootstrap.cc:492] T c019595860904b6c86c69d0965591106 P 89520be8ef6147418cc396bb69de564c: Bootstrap starting.
I20260608 12:48:55.119340 29500 ts_tablet_manager.cc:1434] T 5c9e69373dfd40ccbabec519a417734a P da265af479d74e54ba71cba72d899b22: Time spent starting tablet: real 0.010s	user 0.008s	sys 0.000s
I20260608 12:48:55.120652 29500 tablet_bootstrap.cc:492] T b323654af46a4b9caee9b1ed45ebd570 P da265af479d74e54ba71cba72d899b22: Bootstrap starting.
W20260608 12:48:55.113528 29268 outbound_call.cc:321] RPC callback for RPC call kudu.consensus.ConsensusService.RequestConsensusVote -> {remote=127.24.55.66:35755, user_credentials={real_user=slave}} blocked reactor thread for 74448.9us
I20260608 12:48:55.128695 29500 tablet_bootstrap.cc:654] T b323654af46a4b9caee9b1ed45ebd570 P da265af479d74e54ba71cba72d899b22: Neither blocks nor log segments found. Creating new log.
I20260608 12:48:55.128480 29344 leader_election.cc:304] T 8f6857e3b35644f985d3061918967061 P da265af479d74e54ba71cba72d899b22 [CANDIDATE]: Term 1 pre-election: Election decided. Result: candidate won. Election summary: received 3 responses out of 3 voters: 2 yes votes; 1 no votes. yes voters: 89520be8ef6147418cc396bb69de564c, da265af479d74e54ba71cba72d899b22; no voters: 43188b7ecf7e49ccb692b33cf2795771
I20260608 12:48:55.130092 29510 raft_consensus.cc:2804] T 8f6857e3b35644f985d3061918967061 P da265af479d74e54ba71cba72d899b22 [term 0 FOLLOWER]: Leader pre-election won for term 1
I20260608 12:48:55.130512 29510 raft_consensus.cc:493] T 8f6857e3b35644f985d3061918967061 P da265af479d74e54ba71cba72d899b22 [term 0 FOLLOWER]: Starting leader election (no leader contacted us within the election timeout)
I20260608 12:48:55.130893 29510 raft_consensus.cc:3060] T 8f6857e3b35644f985d3061918967061 P da265af479d74e54ba71cba72d899b22 [term 0 FOLLOWER]: Advancing to term 1
I20260608 12:48:55.134553 29499 tablet_bootstrap.cc:654] T c019595860904b6c86c69d0965591106 P 89520be8ef6147418cc396bb69de564c: Neither blocks nor log segments found. Creating new log.
I20260608 12:48:55.141395 29534 raft_consensus.cc:493] T 46efa2f9db304c798535137de560698b P 89520be8ef6147418cc396bb69de564c [term 0 FOLLOWER]: Starting pre-election (no leader contacted us within the election timeout)
I20260608 12:48:55.141906 29534 raft_consensus.cc:515] T 46efa2f9db304c798535137de560698b P 89520be8ef6147418cc396bb69de564c [term 0 FOLLOWER]: Starting pre-election with config: opid_index: -1 OBSOLETE_local: false peers { permanent_uuid: "89520be8ef6147418cc396bb69de564c" member_type: VOTER last_known_addr { host: "127.24.55.65" port: 44929 } } peers { permanent_uuid: "da265af479d74e54ba71cba72d899b22" member_type: VOTER last_known_addr { host: "127.24.55.66" port: 35755 } } peers { permanent_uuid: "43188b7ecf7e49ccb692b33cf2795771" member_type: VOTER last_known_addr { host: "127.24.55.67" port: 38391 } }
I20260608 12:48:55.143533 29379 tablet_service.cc:1917] Received RequestConsensusVote() RPC: tablet_id: "5c9e69373dfd40ccbabec519a417734a" candidate_uuid: "89520be8ef6147418cc396bb69de564c" candidate_term: 1 candidate_status { last_received { term: 0 index: 0 } } ignore_live_leader: false dest_uuid: "da265af479d74e54ba71cba72d899b22"
I20260608 12:48:55.144253 29379 raft_consensus.cc:3060] T 5c9e69373dfd40ccbabec519a417734a P da265af479d74e54ba71cba72d899b22 [term 0 FOLLOWER]: Advancing to term 1
I20260608 12:48:55.145711 29452 tablet_service.cc:1917] Received RequestConsensusVote() RPC: tablet_id: "46efa2f9db304c798535137de560698b" candidate_uuid: "89520be8ef6147418cc396bb69de564c" candidate_term: 1 candidate_status { last_received { term: 0 index: 0 } } ignore_live_leader: false dest_uuid: "43188b7ecf7e49ccb692b33cf2795771" is_pre_election: true
I20260608 12:48:55.146764 29507 raft_consensus.cc:493] T b323654af46a4b9caee9b1ed45ebd570 P 89520be8ef6147418cc396bb69de564c [term 0 FOLLOWER]: Starting pre-election (no leader contacted us within the election timeout)
W20260608 12:48:55.147223 29270 leader_election.cc:343] T 46efa2f9db304c798535137de560698b P 89520be8ef6147418cc396bb69de564c [CANDIDATE]: Term 1 pre-election: Tablet error from VoteRequest() call to peer 43188b7ecf7e49ccb692b33cf2795771 (127.24.55.67:38391): Illegal state: must be running to vote when last-logged opid is not known
I20260608 12:48:55.147315 29507 raft_consensus.cc:515] T b323654af46a4b9caee9b1ed45ebd570 P 89520be8ef6147418cc396bb69de564c [term 0 FOLLOWER]: Starting pre-election with config: opid_index: -1 OBSOLETE_local: false peers { permanent_uuid: "89520be8ef6147418cc396bb69de564c" member_type: VOTER last_known_addr { host: "127.24.55.65" port: 44929 } } peers { permanent_uuid: "da265af479d74e54ba71cba72d899b22" member_type: VOTER last_known_addr { host: "127.24.55.66" port: 35755 } } peers { permanent_uuid: "43188b7ecf7e49ccb692b33cf2795771" member_type: VOTER last_known_addr { host: "127.24.55.67" port: 38391 } }
I20260608 12:48:55.144335 29534 leader_election.cc:290] T 46efa2f9db304c798535137de560698b P 89520be8ef6147418cc396bb69de564c [CANDIDATE]: Term 1 pre-election: Requested pre-vote from peers da265af479d74e54ba71cba72d899b22 (127.24.55.66:35755), 43188b7ecf7e49ccb692b33cf2795771 (127.24.55.67:38391)
I20260608 12:48:55.149304 29507 leader_election.cc:290] T b323654af46a4b9caee9b1ed45ebd570 P 89520be8ef6147418cc396bb69de564c [CANDIDATE]: Term 1 pre-election: Requested pre-vote from peers da265af479d74e54ba71cba72d899b22 (127.24.55.66:35755), 43188b7ecf7e49ccb692b33cf2795771 (127.24.55.67:38391)
I20260608 12:48:55.150771 29452 tablet_service.cc:1917] Received RequestConsensusVote() RPC: tablet_id: "b323654af46a4b9caee9b1ed45ebd570" candidate_uuid: "89520be8ef6147418cc396bb69de564c" candidate_term: 1 candidate_status { last_received { term: 0 index: 0 } } ignore_live_leader: false dest_uuid: "43188b7ecf7e49ccb692b33cf2795771" is_pre_election: true
W20260608 12:48:55.152199 29270 leader_election.cc:343] T b323654af46a4b9caee9b1ed45ebd570 P 89520be8ef6147418cc396bb69de564c [CANDIDATE]: Term 1 pre-election: Tablet error from VoteRequest() call to peer 43188b7ecf7e49ccb692b33cf2795771 (127.24.55.67:38391): Illegal state: must be running to vote when last-logged opid is not known
I20260608 12:48:55.156993 29510 raft_consensus.cc:515] T 8f6857e3b35644f985d3061918967061 P da265af479d74e54ba71cba72d899b22 [term 1 FOLLOWER]: Starting leader election with config: opid_index: -1 OBSOLETE_local: false peers { permanent_uuid: "89520be8ef6147418cc396bb69de564c" member_type: VOTER last_known_addr { host: "127.24.55.65" port: 44929 } } peers { permanent_uuid: "da265af479d74e54ba71cba72d899b22" member_type: VOTER last_known_addr { host: "127.24.55.66" port: 35755 } } peers { permanent_uuid: "43188b7ecf7e49ccb692b33cf2795771" member_type: VOTER last_known_addr { host: "127.24.55.67" port: 38391 } }
I20260608 12:48:55.159358 29378 tablet_service.cc:1917] Received RequestConsensusVote() RPC: tablet_id: "2fc7e5c125e344b2820b26470d60ac55" candidate_uuid: "89520be8ef6147418cc396bb69de564c" candidate_term: 1 candidate_status { last_received { term: 0 index: 0 } } ignore_live_leader: false dest_uuid: "da265af479d74e54ba71cba72d899b22" is_pre_election: true
I20260608 12:48:55.167891 29498 tablet_bootstrap.cc:492] T 2aa72760b1e843e9873ce2fd7fb01874 P 43188b7ecf7e49ccb692b33cf2795771: No bootstrap required, opened a new log
I20260608 12:48:55.160239 29507 raft_consensus.cc:493] T 042d567e8fa6409bb599e16ec0949082 P 89520be8ef6147418cc396bb69de564c [term 0 FOLLOWER]: Starting pre-election (no leader contacted us within the election timeout)
I20260608 12:48:55.168720 29507 raft_consensus.cc:515] T 042d567e8fa6409bb599e16ec0949082 P 89520be8ef6147418cc396bb69de564c [term 0 FOLLOWER]: Starting pre-election with config: opid_index: -1 OBSOLETE_local: false peers { permanent_uuid: "89520be8ef6147418cc396bb69de564c" member_type: VOTER last_known_addr { host: "127.24.55.65" port: 44929 } } peers { permanent_uuid: "da265af479d74e54ba71cba72d899b22" member_type: VOTER last_known_addr { host: "127.24.55.66" port: 35755 } } peers { permanent_uuid: "43188b7ecf7e49ccb692b33cf2795771" member_type: VOTER last_known_addr { host: "127.24.55.67" port: 38391 } }
I20260608 12:48:55.170406 29498 ts_tablet_manager.cc:1403] T 2aa72760b1e843e9873ce2fd7fb01874 P 43188b7ecf7e49ccb692b33cf2795771: Time spent bootstrapping tablet: real 0.093s	user 0.020s	sys 0.024s
I20260608 12:48:55.171620 29507 leader_election.cc:290] T 042d567e8fa6409bb599e16ec0949082 P 89520be8ef6147418cc396bb69de564c [CANDIDATE]: Term 1 pre-election: Requested pre-vote from peers da265af479d74e54ba71cba72d899b22 (127.24.55.66:35755), 43188b7ecf7e49ccb692b33cf2795771 (127.24.55.67:38391)
W20260608 12:48:55.160950 29268 leader_election.cc:343] T 5c9e69373dfd40ccbabec519a417734a P 89520be8ef6147418cc396bb69de564c [CANDIDATE]: Term 1 pre-election: Tablet error from VoteRequest() call to peer da265af479d74e54ba71cba72d899b22 (127.24.55.66:35755): Illegal state: must be running to vote when last-logged opid is not known
I20260608 12:48:55.174026 29452 tablet_service.cc:1917] Received RequestConsensusVote() RPC: tablet_id: "042d567e8fa6409bb599e16ec0949082" candidate_uuid: "89520be8ef6147418cc396bb69de564c" candidate_term: 1 candidate_status { last_received { term: 0 index: 0 } } ignore_live_leader: false dest_uuid: "43188b7ecf7e49ccb692b33cf2795771" is_pre_election: true
I20260608 12:48:55.174773 29452 raft_consensus.cc:2468] T 042d567e8fa6409bb599e16ec0949082 P 43188b7ecf7e49ccb692b33cf2795771 [term 0 FOLLOWER]: Leader pre-election vote request: Granting yes vote for candidate 89520be8ef6147418cc396bb69de564c in term 0.
I20260608 12:48:55.176290 29270 leader_election.cc:304] T 042d567e8fa6409bb599e16ec0949082 P 89520be8ef6147418cc396bb69de564c [CANDIDATE]: Term 1 pre-election: Election decided. Result: candidate won. Election summary: received 2 responses out of 3 voters: 2 yes votes; 0 no votes. yes voters: 43188b7ecf7e49ccb692b33cf2795771, 89520be8ef6147418cc396bb69de564c; no voters: 
I20260608 12:48:55.164974 29512 consensus_queue.cc:1048] T c019595860904b6c86c69d0965591106 P 43188b7ecf7e49ccb692b33cf2795771 [LEADER]: Connected to new peer: Peer: permanent_uuid: "da265af479d74e54ba71cba72d899b22" member_type: VOTER last_known_addr { host: "127.24.55.66" port: 35755 }, Status: LMP_MISMATCH, Last received: 0.0, Next index: 1, Last known committed idx: 0, Time since last communication: 0.001s
I20260608 12:48:55.178287 29498 raft_consensus.cc:359] T 2aa72760b1e843e9873ce2fd7fb01874 P 43188b7ecf7e49ccb692b33cf2795771 [term 0 FOLLOWER]: Replica starting. Triggering 0 pending ops. Active config: opid_index: -1 OBSOLETE_local: false peers { permanent_uuid: "89520be8ef6147418cc396bb69de564c" member_type: VOTER last_known_addr { host: "127.24.55.65" port: 44929 } } peers { permanent_uuid: "da265af479d74e54ba71cba72d899b22" member_type: VOTER last_known_addr { host: "127.24.55.66" port: 35755 } } peers { permanent_uuid: "43188b7ecf7e49ccb692b33cf2795771" member_type: VOTER last_known_addr { host: "127.24.55.67" port: 38391 } }
I20260608 12:48:55.179176 29498 raft_consensus.cc:385] T 2aa72760b1e843e9873ce2fd7fb01874 P 43188b7ecf7e49ccb692b33cf2795771 [term 0 FOLLOWER]: Consensus starting up: Expiring failure detector timer to make a prompt election more likely
I20260608 12:48:55.179461 29498 raft_consensus.cc:740] T 2aa72760b1e843e9873ce2fd7fb01874 P 43188b7ecf7e49ccb692b33cf2795771 [term 0 FOLLOWER]: Becoming Follower/Learner. State: Replica: 43188b7ecf7e49ccb692b33cf2795771, State: Initialized, Role: FOLLOWER
I20260608 12:48:55.179733 29378 tablet_service.cc:1917] Received RequestConsensusVote() RPC: tablet_id: "46efa2f9db304c798535137de560698b" candidate_uuid: "89520be8ef6147418cc396bb69de564c" candidate_term: 1 candidate_status { last_received { term: 0 index: 0 } } ignore_live_leader: false dest_uuid: "da265af479d74e54ba71cba72d899b22" is_pre_election: true
I20260608 12:48:55.182144 29544 raft_consensus.cc:493] T 6abc8ef96e4c4021baade7aa08a6bbd3 P da265af479d74e54ba71cba72d899b22 [term 0 FOLLOWER]: Starting pre-election (no leader contacted us within the election timeout)
I20260608 12:48:55.182431 29378 tablet_service.cc:1917] Received RequestConsensusVote() RPC: tablet_id: "b323654af46a4b9caee9b1ed45ebd570" candidate_uuid: "89520be8ef6147418cc396bb69de564c" candidate_term: 1 candidate_status { last_received { term: 0 index: 0 } } ignore_live_leader: false dest_uuid: "da265af479d74e54ba71cba72d899b22" is_pre_election: true
I20260608 12:48:55.183761 29499 tablet_bootstrap.cc:492] T c019595860904b6c86c69d0965591106 P 89520be8ef6147418cc396bb69de564c: No bootstrap required, opened a new log
I20260608 12:48:55.184276 29499 ts_tablet_manager.cc:1403] T c019595860904b6c86c69d0965591106 P 89520be8ef6147418cc396bb69de564c: Time spent bootstrapping tablet: real 0.066s	user 0.014s	sys 0.002s
I20260608 12:48:55.184054 29544 raft_consensus.cc:515] T 6abc8ef96e4c4021baade7aa08a6bbd3 P da265af479d74e54ba71cba72d899b22 [term 0 FOLLOWER]: Starting pre-election with config: opid_index: -1 OBSOLETE_local: false peers { permanent_uuid: "89520be8ef6147418cc396bb69de564c" member_type: VOTER last_known_addr { host: "127.24.55.65" port: 44929 } } peers { permanent_uuid: "da265af479d74e54ba71cba72d899b22" member_type: VOTER last_known_addr { host: "127.24.55.66" port: 35755 } } peers { permanent_uuid: "43188b7ecf7e49ccb692b33cf2795771" member_type: VOTER last_known_addr { host: "127.24.55.67" port: 38391 } }
I20260608 12:48:55.184774 29378 tablet_service.cc:1917] Received RequestConsensusVote() RPC: tablet_id: "042d567e8fa6409bb599e16ec0949082" candidate_uuid: "89520be8ef6147418cc396bb69de564c" candidate_term: 1 candidate_status { last_received { term: 0 index: 0 } } ignore_live_leader: false dest_uuid: "da265af479d74e54ba71cba72d899b22" is_pre_election: true
W20260608 12:48:55.186755 29268 leader_election.cc:343] T 2fc7e5c125e344b2820b26470d60ac55 P 89520be8ef6147418cc396bb69de564c [CANDIDATE]: Term 1 pre-election: Tablet error from VoteRequest() call to peer da265af479d74e54ba71cba72d899b22 (127.24.55.66:35755): Illegal state: must be running to vote when last-logged opid is not known
I20260608 12:48:55.187188 29268 leader_election.cc:304] T 2fc7e5c125e344b2820b26470d60ac55 P 89520be8ef6147418cc396bb69de564c [CANDIDATE]: Term 1 pre-election: Election decided. Result: candidate lost. Election summary: received 3 responses out of 3 voters: 1 yes votes; 2 no votes. yes voters: 89520be8ef6147418cc396bb69de564c; no voters: 43188b7ecf7e49ccb692b33cf2795771, da265af479d74e54ba71cba72d899b22
I20260608 12:48:55.187429 29499 raft_consensus.cc:359] T c019595860904b6c86c69d0965591106 P 89520be8ef6147418cc396bb69de564c [term 0 FOLLOWER]: Replica starting. Triggering 0 pending ops. Active config: opid_index: -1 OBSOLETE_local: false peers { permanent_uuid: "89520be8ef6147418cc396bb69de564c" member_type: VOTER last_known_addr { host: "127.24.55.65" port: 44929 } } peers { permanent_uuid: "da265af479d74e54ba71cba72d899b22" member_type: VOTER last_known_addr { host: "127.24.55.66" port: 35755 } } peers { permanent_uuid: "43188b7ecf7e49ccb692b33cf2795771" member_type: VOTER last_known_addr { host: "127.24.55.67" port: 38391 } }
I20260608 12:48:55.188019 29452 tablet_service.cc:1917] Received RequestConsensusVote() RPC: tablet_id: "6abc8ef96e4c4021baade7aa08a6bbd3" candidate_uuid: "da265af479d74e54ba71cba72d899b22" candidate_term: 1 candidate_status { last_received { term: 0 index: 0 } } ignore_live_leader: false dest_uuid: "43188b7ecf7e49ccb692b33cf2795771" is_pre_election: true
I20260608 12:48:55.188566 29498 consensus_queue.cc:260] T 2aa72760b1e843e9873ce2fd7fb01874 P 43188b7ecf7e49ccb692b33cf2795771 [NON_LEADER]: Queue going to NON_LEADER mode. State: All replicated index: 0, Majority replicated index: 0, Committed index: 0, Last appended: 0.0, Last appended by leader: 0, Current term: 0, Majority size: -1, State: 0, Mode: NON_LEADER, active raft config: opid_index: -1 OBSOLETE_local: false peers { permanent_uuid: "89520be8ef6147418cc396bb69de564c" member_type: VOTER last_known_addr { host: "127.24.55.65" port: 44929 } } peers { permanent_uuid: "da265af479d74e54ba71cba72d899b22" member_type: VOTER last_known_addr { host: "127.24.55.66" port: 35755 } } peers { permanent_uuid: "43188b7ecf7e49ccb692b33cf2795771" member_type: VOTER last_known_addr { host: "127.24.55.67" port: 38391 } }
I20260608 12:48:55.189749 29539 raft_consensus.cc:2749] T 2fc7e5c125e344b2820b26470d60ac55 P 89520be8ef6147418cc396bb69de564c [term 0 FOLLOWER]: Leader pre-election lost for term 1. Reason: could not achieve majority
I20260608 12:48:55.190713 29498 ts_tablet_manager.cc:1434] T 2aa72760b1e843e9873ce2fd7fb01874 P 43188b7ecf7e49ccb692b33cf2795771: Time spent starting tablet: real 0.020s	user 0.007s	sys 0.000s
W20260608 12:48:55.191035 29268 leader_election.cc:343] T 46efa2f9db304c798535137de560698b P 89520be8ef6147418cc396bb69de564c [CANDIDATE]: Term 1 pre-election: Tablet error from VoteRequest() call to peer da265af479d74e54ba71cba72d899b22 (127.24.55.66:35755): Illegal state: must be running to vote when last-logged opid is not known
I20260608 12:48:55.191470 29268 leader_election.cc:304] T 46efa2f9db304c798535137de560698b P 89520be8ef6147418cc396bb69de564c [CANDIDATE]: Term 1 pre-election: Election decided. Result: candidate lost. Election summary: received 3 responses out of 3 voters: 1 yes votes; 2 no votes. yes voters: 89520be8ef6147418cc396bb69de564c; no voters: 43188b7ecf7e49ccb692b33cf2795771, da265af479d74e54ba71cba72d899b22
I20260608 12:48:55.191807 29498 tablet_bootstrap.cc:492] T b323654af46a4b9caee9b1ed45ebd570 P 43188b7ecf7e49ccb692b33cf2795771: Bootstrap starting.
I20260608 12:48:55.192648 29544 leader_election.cc:290] T 6abc8ef96e4c4021baade7aa08a6bbd3 P da265af479d74e54ba71cba72d899b22 [CANDIDATE]: Term 1 pre-election: Requested pre-vote from peers 89520be8ef6147418cc396bb69de564c (127.24.55.65:44929), 43188b7ecf7e49ccb692b33cf2795771 (127.24.55.67:38391)
I20260608 12:48:55.193998 29510 leader_election.cc:290] T 8f6857e3b35644f985d3061918967061 P da265af479d74e54ba71cba72d899b22 [CANDIDATE]: Term 1 election: Requested vote from peers 89520be8ef6147418cc396bb69de564c (127.24.55.65:44929), 43188b7ecf7e49ccb692b33cf2795771 (127.24.55.67:38391)
I20260608 12:48:55.194224 29452 tablet_service.cc:1917] Received RequestConsensusVote() RPC: tablet_id: "8f6857e3b35644f985d3061918967061" candidate_uuid: "da265af479d74e54ba71cba72d899b22" candidate_term: 1 candidate_status { last_received { term: 0 index: 0 } } ignore_live_leader: false dest_uuid: "43188b7ecf7e49ccb692b33cf2795771"
I20260608 12:48:55.195638 29539 raft_consensus.cc:2749] T 46efa2f9db304c798535137de560698b P 89520be8ef6147418cc396bb69de564c [term 0 FOLLOWER]: Leader pre-election lost for term 1. Reason: could not achieve majority
W20260608 12:48:55.195820 29345 leader_election.cc:343] T 8f6857e3b35644f985d3061918967061 P da265af479d74e54ba71cba72d899b22 [CANDIDATE]: Term 1 election: Tablet error from VoteRequest() call to peer 43188b7ecf7e49ccb692b33cf2795771 (127.24.55.67:38391): Illegal state: must be running to vote when last-logged opid is not known
W20260608 12:48:55.196995 29268 leader_election.cc:343] T b323654af46a4b9caee9b1ed45ebd570 P 89520be8ef6147418cc396bb69de564c [CANDIDATE]: Term 1 pre-election: Tablet error from VoteRequest() call to peer da265af479d74e54ba71cba72d899b22 (127.24.55.66:35755): Illegal state: must be running to vote when last-logged opid is not known
I20260608 12:48:55.167245 29379 raft_consensus.cc:2468] T 5c9e69373dfd40ccbabec519a417734a P da265af479d74e54ba71cba72d899b22 [term 1 FOLLOWER]: Leader election vote request: Granting yes vote for candidate 89520be8ef6147418cc396bb69de564c in term 1.
I20260608 12:48:55.177399 29507 raft_consensus.cc:2804] T 042d567e8fa6409bb599e16ec0949082 P 89520be8ef6147418cc396bb69de564c [term 0 FOLLOWER]: Leader pre-election won for term 1
I20260608 12:48:55.197439 29268 leader_election.cc:304] T b323654af46a4b9caee9b1ed45ebd570 P 89520be8ef6147418cc396bb69de564c [CANDIDATE]: Term 1 pre-election: Election decided. Result: candidate lost. Election summary: received 3 responses out of 3 voters: 1 yes votes; 2 no votes. yes voters: 89520be8ef6147418cc396bb69de564c; no voters: 43188b7ecf7e49ccb692b33cf2795771, da265af479d74e54ba71cba72d899b22
I20260608 12:48:55.197851 29507 raft_consensus.cc:493] T 042d567e8fa6409bb599e16ec0949082 P 89520be8ef6147418cc396bb69de564c [term 0 FOLLOWER]: Starting leader election (no leader contacted us within the election timeout)
I20260608 12:48:55.198314 29507 raft_consensus.cc:3060] T 042d567e8fa6409bb599e16ec0949082 P 89520be8ef6147418cc396bb69de564c [term 0 FOLLOWER]: Advancing to term 1
I20260608 12:48:55.199730 29498 tablet_bootstrap.cc:654] T b323654af46a4b9caee9b1ed45ebd570 P 43188b7ecf7e49ccb692b33cf2795771: Neither blocks nor log segments found. Creating new log.
I20260608 12:48:55.199867 29539 raft_consensus.cc:2749] T b323654af46a4b9caee9b1ed45ebd570 P 89520be8ef6147418cc396bb69de564c [term 0 FOLLOWER]: Leader pre-election lost for term 1. Reason: could not achieve majority
W20260608 12:48:55.201050 29268 leader_election.cc:343] T 042d567e8fa6409bb599e16ec0949082 P 89520be8ef6147418cc396bb69de564c [CANDIDATE]: Term 1 pre-election: Tablet error from VoteRequest() call to peer da265af479d74e54ba71cba72d899b22 (127.24.55.66:35755): Illegal state: must be running to vote when last-logged opid is not known
I20260608 12:48:55.188110 29499 raft_consensus.cc:385] T c019595860904b6c86c69d0965591106 P 89520be8ef6147418cc396bb69de564c [term 0 FOLLOWER]: Consensus starting up: Expiring failure detector timer to make a prompt election more likely
I20260608 12:48:55.202095 29499 raft_consensus.cc:740] T c019595860904b6c86c69d0965591106 P 89520be8ef6147418cc396bb69de564c [term 0 FOLLOWER]: Becoming Follower/Learner. State: Replica: 89520be8ef6147418cc396bb69de564c, State: Initialized, Role: FOLLOWER
I20260608 12:48:55.202824 29499 consensus_queue.cc:260] T c019595860904b6c86c69d0965591106 P 89520be8ef6147418cc396bb69de564c [NON_LEADER]: Queue going to NON_LEADER mode. State: All replicated index: 0, Majority replicated index: 0, Committed index: 0, Last appended: 0.0, Last appended by leader: 0, Current term: 0, Majority size: -1, State: 0, Mode: NON_LEADER, active raft config: opid_index: -1 OBSOLETE_local: false peers { permanent_uuid: "89520be8ef6147418cc396bb69de564c" member_type: VOTER last_known_addr { host: "127.24.55.65" port: 44929 } } peers { permanent_uuid: "da265af479d74e54ba71cba72d899b22" member_type: VOTER last_known_addr { host: "127.24.55.66" port: 35755 } } peers { permanent_uuid: "43188b7ecf7e49ccb692b33cf2795771" member_type: VOTER last_known_addr { host: "127.24.55.67" port: 38391 } }
I20260608 12:48:55.203212 29304 tablet_service.cc:1917] Received RequestConsensusVote() RPC: tablet_id: "6abc8ef96e4c4021baade7aa08a6bbd3" candidate_uuid: "da265af479d74e54ba71cba72d899b22" candidate_term: 1 candidate_status { last_received { term: 0 index: 0 } } ignore_live_leader: false dest_uuid: "89520be8ef6147418cc396bb69de564c" is_pre_election: true
I20260608 12:48:55.204180 29304 raft_consensus.cc:2393] T 6abc8ef96e4c4021baade7aa08a6bbd3 P 89520be8ef6147418cc396bb69de564c [term 1 FOLLOWER]: Leader pre-election vote request: Denying vote to candidate da265af479d74e54ba71cba72d899b22 in current term 1: Already voted for candidate 43188b7ecf7e49ccb692b33cf2795771 in this term.
I20260608 12:48:55.205363 29499 ts_tablet_manager.cc:1434] T c019595860904b6c86c69d0965591106 P 89520be8ef6147418cc396bb69de564c: Time spent starting tablet: real 0.021s	user 0.005s	sys 0.001s
I20260608 12:48:55.204962 29200 catalog_manager.cc:5696] T 42a6a239acdd4960bda032bbf6911b7c P 43188b7ecf7e49ccb692b33cf2795771 reported cstate change: term changed from 0 to 1, leader changed from <none> to 43188b7ecf7e49ccb692b33cf2795771 (127.24.55.67). New cstate: current_term: 1 leader_uuid: "43188b7ecf7e49ccb692b33cf2795771" committed_config { opid_index: -1 OBSOLETE_local: false peers { permanent_uuid: "da265af479d74e54ba71cba72d899b22" member_type: VOTER last_known_addr { host: "127.24.55.66" port: 35755 } health_report { overall_health: UNKNOWN } } peers { permanent_uuid: "43188b7ecf7e49ccb692b33cf2795771" member_type: VOTER last_known_addr { host: "127.24.55.67" port: 38391 } health_report { overall_health: HEALTHY } } peers { permanent_uuid: "89520be8ef6147418cc396bb69de564c" member_type: VOTER last_known_addr { host: "127.24.55.65" port: 44929 } health_report { overall_health: UNKNOWN } } }
I20260608 12:48:55.206570 29499 tablet_bootstrap.cc:492] T 42a6a239acdd4960bda032bbf6911b7c P 89520be8ef6147418cc396bb69de564c: Bootstrap starting.
I20260608 12:48:55.209712 29304 tablet_service.cc:1917] Received RequestConsensusVote() RPC: tablet_id: "8f6857e3b35644f985d3061918967061" candidate_uuid: "da265af479d74e54ba71cba72d899b22" candidate_term: 1 candidate_status { last_received { term: 0 index: 0 } } ignore_live_leader: false dest_uuid: "89520be8ef6147418cc396bb69de564c"
I20260608 12:48:55.210354 29304 raft_consensus.cc:3060] T 8f6857e3b35644f985d3061918967061 P 89520be8ef6147418cc396bb69de564c [term 0 FOLLOWER]: Advancing to term 1
I20260608 12:48:55.212699 29499 tablet_bootstrap.cc:654] T 42a6a239acdd4960bda032bbf6911b7c P 89520be8ef6147418cc396bb69de564c: Neither blocks nor log segments found. Creating new log.
I20260608 12:48:55.218712 29507 raft_consensus.cc:515] T 042d567e8fa6409bb599e16ec0949082 P 89520be8ef6147418cc396bb69de564c [term 1 FOLLOWER]: Starting leader election with config: opid_index: -1 OBSOLETE_local: false peers { permanent_uuid: "89520be8ef6147418cc396bb69de564c" member_type: VOTER last_known_addr { host: "127.24.55.65" port: 44929 } } peers { permanent_uuid: "da265af479d74e54ba71cba72d899b22" member_type: VOTER last_known_addr { host: "127.24.55.66" port: 35755 } } peers { permanent_uuid: "43188b7ecf7e49ccb692b33cf2795771" member_type: VOTER last_known_addr { host: "127.24.55.67" port: 38391 } }
I20260608 12:48:55.220978 29507 leader_election.cc:290] T 042d567e8fa6409bb599e16ec0949082 P 89520be8ef6147418cc396bb69de564c [CANDIDATE]: Term 1 election: Requested vote from peers da265af479d74e54ba71cba72d899b22 (127.24.55.66:35755), 43188b7ecf7e49ccb692b33cf2795771 (127.24.55.67:38391)
I20260608 12:48:55.222082 29452 tablet_service.cc:1917] Received RequestConsensusVote() RPC: tablet_id: "042d567e8fa6409bb599e16ec0949082" candidate_uuid: "89520be8ef6147418cc396bb69de564c" candidate_term: 1 candidate_status { last_received { term: 0 index: 0 } } ignore_live_leader: false dest_uuid: "43188b7ecf7e49ccb692b33cf2795771"
I20260608 12:48:55.222685 29452 raft_consensus.cc:3060] T 042d567e8fa6409bb599e16ec0949082 P 43188b7ecf7e49ccb692b33cf2795771 [term 0 FOLLOWER]: Advancing to term 1
I20260608 12:48:55.229302 29498 tablet_bootstrap.cc:492] T b323654af46a4b9caee9b1ed45ebd570 P 43188b7ecf7e49ccb692b33cf2795771: No bootstrap required, opened a new log
I20260608 12:48:55.229635 29452 raft_consensus.cc:2468] T 042d567e8fa6409bb599e16ec0949082 P 43188b7ecf7e49ccb692b33cf2795771 [term 1 FOLLOWER]: Leader election vote request: Granting yes vote for candidate 89520be8ef6147418cc396bb69de564c in term 1.
I20260608 12:48:55.229871 29498 ts_tablet_manager.cc:1403] T b323654af46a4b9caee9b1ed45ebd570 P 43188b7ecf7e49ccb692b33cf2795771: Time spent bootstrapping tablet: real 0.038s	user 0.012s	sys 0.005s
I20260608 12:48:55.230895 29270 leader_election.cc:304] T 042d567e8fa6409bb599e16ec0949082 P 89520be8ef6147418cc396bb69de564c [CANDIDATE]: Term 1 election: Election decided. Result: candidate won. Election summary: received 2 responses out of 3 voters: 2 yes votes; 0 no votes. yes voters: 43188b7ecf7e49ccb692b33cf2795771, 89520be8ef6147418cc396bb69de564c; no voters: 
I20260608 12:48:55.231832 29507 raft_consensus.cc:2804] T 042d567e8fa6409bb599e16ec0949082 P 89520be8ef6147418cc396bb69de564c [term 1 FOLLOWER]: Leader election won for term 1
I20260608 12:48:55.233098 29507 raft_consensus.cc:697] T 042d567e8fa6409bb599e16ec0949082 P 89520be8ef6147418cc396bb69de564c [term 1 LEADER]: Becoming Leader. State: Replica: 89520be8ef6147418cc396bb69de564c, State: Running, Role: LEADER
I20260608 12:48:55.224661 29499 tablet_bootstrap.cc:492] T 42a6a239acdd4960bda032bbf6911b7c P 89520be8ef6147418cc396bb69de564c: No bootstrap required, opened a new log
I20260608 12:48:55.233973 29507 consensus_queue.cc:237] T 042d567e8fa6409bb599e16ec0949082 P 89520be8ef6147418cc396bb69de564c [LEADER]: Queue going to LEADER mode. State: All replicated index: 0, Majority replicated index: 0, Committed index: 0, Last appended: 0.0, Last appended by leader: 0, Current term: 1, Majority size: 2, State: 0, Mode: LEADER, active raft config: opid_index: -1 OBSOLETE_local: false peers { permanent_uuid: "89520be8ef6147418cc396bb69de564c" member_type: VOTER last_known_addr { host: "127.24.55.65" port: 44929 } } peers { permanent_uuid: "da265af479d74e54ba71cba72d899b22" member_type: VOTER last_known_addr { host: "127.24.55.66" port: 35755 } } peers { permanent_uuid: "43188b7ecf7e49ccb692b33cf2795771" member_type: VOTER last_known_addr { host: "127.24.55.67" port: 38391 } }
I20260608 12:48:55.233971 29498 raft_consensus.cc:359] T b323654af46a4b9caee9b1ed45ebd570 P 43188b7ecf7e49ccb692b33cf2795771 [term 0 FOLLOWER]: Replica starting. Triggering 0 pending ops. Active config: opid_index: -1 OBSOLETE_local: false peers { permanent_uuid: "89520be8ef6147418cc396bb69de564c" member_type: VOTER last_known_addr { host: "127.24.55.65" port: 44929 } } peers { permanent_uuid: "da265af479d74e54ba71cba72d899b22" member_type: VOTER last_known_addr { host: "127.24.55.66" port: 35755 } } peers { permanent_uuid: "43188b7ecf7e49ccb692b33cf2795771" member_type: VOTER last_known_addr { host: "127.24.55.67" port: 38391 } }
I20260608 12:48:55.235846 29498 raft_consensus.cc:385] T b323654af46a4b9caee9b1ed45ebd570 P 43188b7ecf7e49ccb692b33cf2795771 [term 0 FOLLOWER]: Consensus starting up: Expiring failure detector timer to make a prompt election more likely
I20260608 12:48:55.236181 29498 raft_consensus.cc:740] T b323654af46a4b9caee9b1ed45ebd570 P 43188b7ecf7e49ccb692b33cf2795771 [term 0 FOLLOWER]: Becoming Follower/Learner. State: Replica: 43188b7ecf7e49ccb692b33cf2795771, State: Initialized, Role: FOLLOWER
I20260608 12:48:55.236958 29498 consensus_queue.cc:260] T b323654af46a4b9caee9b1ed45ebd570 P 43188b7ecf7e49ccb692b33cf2795771 [NON_LEADER]: Queue going to NON_LEADER mode. State: All replicated index: 0, Majority replicated index: 0, Committed index: 0, Last appended: 0.0, Last appended by leader: 0, Current term: 0, Majority size: -1, State: 0, Mode: NON_LEADER, active raft config: opid_index: -1 OBSOLETE_local: false peers { permanent_uuid: "89520be8ef6147418cc396bb69de564c" member_type: VOTER last_known_addr { host: "127.24.55.65" port: 44929 } } peers { permanent_uuid: "da265af479d74e54ba71cba72d899b22" member_type: VOTER last_known_addr { host: "127.24.55.66" port: 35755 } } peers { permanent_uuid: "43188b7ecf7e49ccb692b33cf2795771" member_type: VOTER last_known_addr { host: "127.24.55.67" port: 38391 } }
I20260608 12:48:55.235535 29499 ts_tablet_manager.cc:1403] T 42a6a239acdd4960bda032bbf6911b7c P 89520be8ef6147418cc396bb69de564c: Time spent bootstrapping tablet: real 0.029s	user 0.012s	sys 0.002s
I20260608 12:48:55.240839 29499 raft_consensus.cc:359] T 42a6a239acdd4960bda032bbf6911b7c P 89520be8ef6147418cc396bb69de564c [term 0 FOLLOWER]: Replica starting. Triggering 0 pending ops. Active config: opid_index: -1 OBSOLETE_local: false peers { permanent_uuid: "da265af479d74e54ba71cba72d899b22" member_type: VOTER last_known_addr { host: "127.24.55.66" port: 35755 } } peers { permanent_uuid: "43188b7ecf7e49ccb692b33cf2795771" member_type: VOTER last_known_addr { host: "127.24.55.67" port: 38391 } } peers { permanent_uuid: "89520be8ef6147418cc396bb69de564c" member_type: VOTER last_known_addr { host: "127.24.55.65" port: 44929 } }
I20260608 12:48:55.243322 29499 raft_consensus.cc:385] T 42a6a239acdd4960bda032bbf6911b7c P 89520be8ef6147418cc396bb69de564c [term 0 FOLLOWER]: Consensus starting up: Expiring failure detector timer to make a prompt election more likely
I20260608 12:48:55.243677 29499 raft_consensus.cc:740] T 42a6a239acdd4960bda032bbf6911b7c P 89520be8ef6147418cc396bb69de564c [term 0 FOLLOWER]: Becoming Follower/Learner. State: Replica: 89520be8ef6147418cc396bb69de564c, State: Initialized, Role: FOLLOWER
I20260608 12:48:55.243777 29303 raft_consensus.cc:3060] T c019595860904b6c86c69d0965591106 P 89520be8ef6147418cc396bb69de564c [term 0 FOLLOWER]: Advancing to term 1
I20260608 12:48:55.244875 29500 tablet_bootstrap.cc:492] T b323654af46a4b9caee9b1ed45ebd570 P da265af479d74e54ba71cba72d899b22: No bootstrap required, opened a new log
I20260608 12:48:55.244629 29499 consensus_queue.cc:260] T 42a6a239acdd4960bda032bbf6911b7c P 89520be8ef6147418cc396bb69de564c [NON_LEADER]: Queue going to NON_LEADER mode. State: All replicated index: 0, Majority replicated index: 0, Committed index: 0, Last appended: 0.0, Last appended by leader: 0, Current term: 0, Majority size: -1, State: 0, Mode: NON_LEADER, active raft config: opid_index: -1 OBSOLETE_local: false peers { permanent_uuid: "da265af479d74e54ba71cba72d899b22" member_type: VOTER last_known_addr { host: "127.24.55.66" port: 35755 } } peers { permanent_uuid: "43188b7ecf7e49ccb692b33cf2795771" member_type: VOTER last_known_addr { host: "127.24.55.67" port: 38391 } } peers { permanent_uuid: "89520be8ef6147418cc396bb69de564c" member_type: VOTER last_known_addr { host: "127.24.55.65" port: 44929 } }
I20260608 12:48:55.241117 29304 raft_consensus.cc:2468] T 8f6857e3b35644f985d3061918967061 P 89520be8ef6147418cc396bb69de564c [term 1 FOLLOWER]: Leader election vote request: Granting yes vote for candidate da265af479d74e54ba71cba72d899b22 in term 1.
I20260608 12:48:55.242373 29344 leader_election.cc:304] T 6abc8ef96e4c4021baade7aa08a6bbd3 P da265af479d74e54ba71cba72d899b22 [CANDIDATE]: Term 1 pre-election: Election decided. Result: candidate lost. Election summary: received 3 responses out of 3 voters: 1 yes votes; 2 no votes. yes voters: da265af479d74e54ba71cba72d899b22; no voters: 43188b7ecf7e49ccb692b33cf2795771, 89520be8ef6147418cc396bb69de564c
I20260608 12:48:55.242966 29498 ts_tablet_manager.cc:1434] T b323654af46a4b9caee9b1ed45ebd570 P 43188b7ecf7e49ccb692b33cf2795771: Time spent starting tablet: real 0.013s	user 0.004s	sys 0.002s
I20260608 12:48:55.246881 29544 raft_consensus.cc:3060] T 6abc8ef96e4c4021baade7aa08a6bbd3 P da265af479d74e54ba71cba72d899b22 [term 0 FOLLOWER]: Advancing to term 1
I20260608 12:48:55.247329 29498 tablet_bootstrap.cc:492] T 8f6857e3b35644f985d3061918967061 P 43188b7ecf7e49ccb692b33cf2795771: Bootstrap starting.
I20260608 12:48:55.248093 29344 leader_election.cc:304] T 8f6857e3b35644f985d3061918967061 P da265af479d74e54ba71cba72d899b22 [CANDIDATE]: Term 1 election: Election decided. Result: candidate won. Election summary: received 3 responses out of 3 voters: 2 yes votes; 1 no votes. yes voters: 89520be8ef6147418cc396bb69de564c, da265af479d74e54ba71cba72d899b22; no voters: 43188b7ecf7e49ccb692b33cf2795771
I20260608 12:48:55.250267 29545 raft_consensus.cc:2804] T 8f6857e3b35644f985d3061918967061 P da265af479d74e54ba71cba72d899b22 [term 1 FOLLOWER]: Leader election won for term 1
I20260608 12:48:55.250825 29545 raft_consensus.cc:697] T 8f6857e3b35644f985d3061918967061 P da265af479d74e54ba71cba72d899b22 [term 1 LEADER]: Becoming Leader. State: Replica: da265af479d74e54ba71cba72d899b22, State: Running, Role: LEADER
I20260608 12:48:55.251057 29377 tablet_service.cc:1917] Received RequestConsensusVote() RPC: tablet_id: "042d567e8fa6409bb599e16ec0949082" candidate_uuid: "89520be8ef6147418cc396bb69de564c" candidate_term: 1 candidate_status { last_received { term: 0 index: 0 } } ignore_live_leader: false dest_uuid: "da265af479d74e54ba71cba72d899b22"
I20260608 12:48:55.245388 29500 ts_tablet_manager.cc:1403] T b323654af46a4b9caee9b1ed45ebd570 P da265af479d74e54ba71cba72d899b22: Time spent bootstrapping tablet: real 0.125s	user 0.012s	sys 0.013s
I20260608 12:48:55.254218 29499 ts_tablet_manager.cc:1434] T 42a6a239acdd4960bda032bbf6911b7c P 89520be8ef6147418cc396bb69de564c: Time spent starting tablet: real 0.016s	user 0.006s	sys 0.000s
I20260608 12:48:55.256229 29500 raft_consensus.cc:359] T b323654af46a4b9caee9b1ed45ebd570 P da265af479d74e54ba71cba72d899b22 [term 0 FOLLOWER]: Replica starting. Triggering 0 pending ops. Active config: opid_index: -1 OBSOLETE_local: false peers { permanent_uuid: "89520be8ef6147418cc396bb69de564c" member_type: VOTER last_known_addr { host: "127.24.55.65" port: 44929 } } peers { permanent_uuid: "da265af479d74e54ba71cba72d899b22" member_type: VOTER last_known_addr { host: "127.24.55.66" port: 35755 } } peers { permanent_uuid: "43188b7ecf7e49ccb692b33cf2795771" member_type: VOTER last_known_addr { host: "127.24.55.67" port: 38391 } }
I20260608 12:48:55.257035 29500 raft_consensus.cc:385] T b323654af46a4b9caee9b1ed45ebd570 P da265af479d74e54ba71cba72d899b22 [term 0 FOLLOWER]: Consensus starting up: Expiring failure detector timer to make a prompt election more likely
I20260608 12:48:55.257318 29500 raft_consensus.cc:740] T b323654af46a4b9caee9b1ed45ebd570 P da265af479d74e54ba71cba72d899b22 [term 0 FOLLOWER]: Becoming Follower/Learner. State: Replica: da265af479d74e54ba71cba72d899b22, State: Initialized, Role: FOLLOWER
I20260608 12:48:55.257555 29544 raft_consensus.cc:2749] T 6abc8ef96e4c4021baade7aa08a6bbd3 P da265af479d74e54ba71cba72d899b22 [term 1 FOLLOWER]: Leader pre-election lost for term 1. Reason: could not achieve majority
I20260608 12:48:55.258364 29500 consensus_queue.cc:260] T b323654af46a4b9caee9b1ed45ebd570 P da265af479d74e54ba71cba72d899b22 [NON_LEADER]: Queue going to NON_LEADER mode. State: All replicated index: 0, Majority replicated index: 0, Committed index: 0, Last appended: 0.0, Last appended by leader: 0, Current term: 0, Majority size: -1, State: 0, Mode: NON_LEADER, active raft config: opid_index: -1 OBSOLETE_local: false peers { permanent_uuid: "89520be8ef6147418cc396bb69de564c" member_type: VOTER last_known_addr { host: "127.24.55.65" port: 44929 } } peers { permanent_uuid: "da265af479d74e54ba71cba72d899b22" member_type: VOTER last_known_addr { host: "127.24.55.66" port: 35755 } } peers { permanent_uuid: "43188b7ecf7e49ccb692b33cf2795771" member_type: VOTER last_known_addr { host: "127.24.55.67" port: 38391 } }
I20260608 12:48:55.260833 29500 ts_tablet_manager.cc:1434] T b323654af46a4b9caee9b1ed45ebd570 P da265af479d74e54ba71cba72d899b22: Time spent starting tablet: real 0.008s	user 0.005s	sys 0.000s
I20260608 12:48:55.262142 29500 tablet_bootstrap.cc:492] T d6ae1d3ca54749ba9afa342bc9729bc2 P da265af479d74e54ba71cba72d899b22: Bootstrap starting.
W20260608 12:48:55.262251 29268 leader_election.cc:343] T 042d567e8fa6409bb599e16ec0949082 P 89520be8ef6147418cc396bb69de564c [CANDIDATE]: Term 1 election: Tablet error from VoteRequest() call to peer da265af479d74e54ba71cba72d899b22 (127.24.55.66:35755): Illegal state: must be running to vote when last-logged opid is not known
I20260608 12:48:55.261029 29545 consensus_queue.cc:237] T 8f6857e3b35644f985d3061918967061 P da265af479d74e54ba71cba72d899b22 [LEADER]: Queue going to LEADER mode. State: All replicated index: 0, Majority replicated index: 0, Committed index: 0, Last appended: 0.0, Last appended by leader: 0, Current term: 1, Majority size: 2, State: 0, Mode: LEADER, active raft config: opid_index: -1 OBSOLETE_local: false peers { permanent_uuid: "89520be8ef6147418cc396bb69de564c" member_type: VOTER last_known_addr { host: "127.24.55.65" port: 44929 } } peers { permanent_uuid: "da265af479d74e54ba71cba72d899b22" member_type: VOTER last_known_addr { host: "127.24.55.66" port: 35755 } } peers { permanent_uuid: "43188b7ecf7e49ccb692b33cf2795771" member_type: VOTER last_known_addr { host: "127.24.55.67" port: 38391 } }
I20260608 12:48:55.264096 29503 consensus_queue.cc:1048] T c019595860904b6c86c69d0965591106 P 43188b7ecf7e49ccb692b33cf2795771 [LEADER]: Connected to new peer: Peer: permanent_uuid: "89520be8ef6147418cc396bb69de564c" member_type: VOTER last_known_addr { host: "127.24.55.65" port: 44929 }, Status: LMP_MISMATCH, Last received: 0.0, Next index: 1, Last known committed idx: 0, Time since last communication: 0.000s
I20260608 12:48:55.270104 29498 tablet_bootstrap.cc:654] T 8f6857e3b35644f985d3061918967061 P 43188b7ecf7e49ccb692b33cf2795771: Neither blocks nor log segments found. Creating new log.
I20260608 12:48:55.271456 29500 tablet_bootstrap.cc:654] T d6ae1d3ca54749ba9afa342bc9729bc2 P da265af479d74e54ba71cba72d899b22: Neither blocks nor log segments found. Creating new log.
I20260608 12:48:55.270920 29201 catalog_manager.cc:5696] T 042d567e8fa6409bb599e16ec0949082 P 89520be8ef6147418cc396bb69de564c reported cstate change: term changed from 0 to 1, leader changed from <none> to 89520be8ef6147418cc396bb69de564c (127.24.55.65). New cstate: current_term: 1 leader_uuid: "89520be8ef6147418cc396bb69de564c" committed_config { opid_index: -1 OBSOLETE_local: false peers { permanent_uuid: "89520be8ef6147418cc396bb69de564c" member_type: VOTER last_known_addr { host: "127.24.55.65" port: 44929 } health_report { overall_health: HEALTHY } } peers { permanent_uuid: "da265af479d74e54ba71cba72d899b22" member_type: VOTER last_known_addr { host: "127.24.55.66" port: 35755 } health_report { overall_health: UNKNOWN } } peers { permanent_uuid: "43188b7ecf7e49ccb692b33cf2795771" member_type: VOTER last_known_addr { host: "127.24.55.67" port: 38391 } health_report { overall_health: UNKNOWN } } }
I20260608 12:48:55.280720 29500 tablet_bootstrap.cc:492] T d6ae1d3ca54749ba9afa342bc9729bc2 P da265af479d74e54ba71cba72d899b22: No bootstrap required, opened a new log
I20260608 12:48:55.281220 29500 ts_tablet_manager.cc:1403] T d6ae1d3ca54749ba9afa342bc9729bc2 P da265af479d74e54ba71cba72d899b22: Time spent bootstrapping tablet: real 0.019s	user 0.013s	sys 0.000s
I20260608 12:48:55.283561 29201 catalog_manager.cc:5696] T 8f6857e3b35644f985d3061918967061 P da265af479d74e54ba71cba72d899b22 reported cstate change: term changed from 0 to 1, leader changed from <none> to da265af479d74e54ba71cba72d899b22 (127.24.55.66). New cstate: current_term: 1 leader_uuid: "da265af479d74e54ba71cba72d899b22" committed_config { opid_index: -1 OBSOLETE_local: false peers { permanent_uuid: "89520be8ef6147418cc396bb69de564c" member_type: VOTER last_known_addr { host: "127.24.55.65" port: 44929 } health_report { overall_health: UNKNOWN } } peers { permanent_uuid: "da265af479d74e54ba71cba72d899b22" member_type: VOTER last_known_addr { host: "127.24.55.66" port: 35755 } health_report { overall_health: HEALTHY } } peers { permanent_uuid: "43188b7ecf7e49ccb692b33cf2795771" member_type: VOTER last_known_addr { host: "127.24.55.67" port: 38391 } health_report { overall_health: UNKNOWN } } }
I20260608 12:48:55.284165 29500 raft_consensus.cc:359] T d6ae1d3ca54749ba9afa342bc9729bc2 P da265af479d74e54ba71cba72d899b22 [term 0 FOLLOWER]: Replica starting. Triggering 0 pending ops. Active config: opid_index: -1 OBSOLETE_local: false peers { permanent_uuid: "89520be8ef6147418cc396bb69de564c" member_type: VOTER last_known_addr { host: "127.24.55.65" port: 44929 } } peers { permanent_uuid: "da265af479d74e54ba71cba72d899b22" member_type: VOTER last_known_addr { host: "127.24.55.66" port: 35755 } } peers { permanent_uuid: "43188b7ecf7e49ccb692b33cf2795771" member_type: VOTER last_known_addr { host: "127.24.55.67" port: 38391 } }
I20260608 12:48:55.284854 29500 raft_consensus.cc:385] T d6ae1d3ca54749ba9afa342bc9729bc2 P da265af479d74e54ba71cba72d899b22 [term 0 FOLLOWER]: Consensus starting up: Expiring failure detector timer to make a prompt election more likely
I20260608 12:48:55.285154 29500 raft_consensus.cc:740] T d6ae1d3ca54749ba9afa342bc9729bc2 P da265af479d74e54ba71cba72d899b22 [term 0 FOLLOWER]: Becoming Follower/Learner. State: Replica: da265af479d74e54ba71cba72d899b22, State: Initialized, Role: FOLLOWER
I20260608 12:48:55.290126 29498 tablet_bootstrap.cc:492] T 8f6857e3b35644f985d3061918967061 P 43188b7ecf7e49ccb692b33cf2795771: No bootstrap required, opened a new log
I20260608 12:48:55.290622 29498 ts_tablet_manager.cc:1403] T 8f6857e3b35644f985d3061918967061 P 43188b7ecf7e49ccb692b33cf2795771: Time spent bootstrapping tablet: real 0.044s	user 0.016s	sys 0.000s
