I20260608 12:48:01.772455 28036 raft_consensus.cc:515] T 3c4656d766594ca1849cf03ae01d3c73 P 760f846ba41d49b38727dc901e0f66bc [term 0 FOLLOWER]: Starting pre-election with config: opid_index: -1 OBSOLETE_local: false peers { permanent_uuid: "122847fd75dd423ca31957ecd74110b0" member_type: VOTER last_known_addr { host: "127.24.65.194" port: 37683 } } peers { permanent_uuid: "760f846ba41d49b38727dc901e0f66bc" member_type: VOTER last_known_addr { host: "127.24.65.193" port: 41073 } } peers { permanent_uuid: "665fa10f46f44186bd4cad214b13acd4" member_type: VOTER last_known_addr { host: "127.24.65.195" port: 41761 } }
I20260608 12:48:01.774366 28036 leader_election.cc:290] T 3c4656d766594ca1849cf03ae01d3c73 P 760f846ba41d49b38727dc901e0f66bc [CANDIDATE]: Term 1 pre-election: Requested pre-vote from peers 122847fd75dd423ca31957ecd74110b0 (127.24.65.194:37683), 665fa10f46f44186bd4cad214b13acd4 (127.24.65.195:41761)
I20260608 12:48:01.775332 27891 tablet_service.cc:1917] Received RequestConsensusVote() RPC: tablet_id: "3c4656d766594ca1849cf03ae01d3c73" candidate_uuid: "760f846ba41d49b38727dc901e0f66bc" candidate_term: 1 candidate_status { last_received { term: 0 index: 0 } } ignore_live_leader: false dest_uuid: "122847fd75dd423ca31957ecd74110b0" is_pre_election: true
I20260608 12:48:01.775580 27966 tablet_service.cc:1917] Received RequestConsensusVote() RPC: tablet_id: "3c4656d766594ca1849cf03ae01d3c73" candidate_uuid: "760f846ba41d49b38727dc901e0f66bc" candidate_term: 1 candidate_status { last_received { term: 0 index: 0 } } ignore_live_leader: false dest_uuid: "665fa10f46f44186bd4cad214b13acd4" is_pre_election: true
I20260608 12:48:01.775906 27891 raft_consensus.cc:2468] T 3c4656d766594ca1849cf03ae01d3c73 P 122847fd75dd423ca31957ecd74110b0 [term 0 FOLLOWER]: Leader pre-election vote request: Granting yes vote for candidate 760f846ba41d49b38727dc901e0f66bc in term 0.
I20260608 12:48:01.776217 27966 raft_consensus.cc:2468] T 3c4656d766594ca1849cf03ae01d3c73 P 665fa10f46f44186bd4cad214b13acd4 [term 0 FOLLOWER]: Leader pre-election vote request: Granting yes vote for candidate 760f846ba41d49b38727dc901e0f66bc in term 0.
I20260608 12:48:01.777081 27780 leader_election.cc:304] T 3c4656d766594ca1849cf03ae01d3c73 P 760f846ba41d49b38727dc901e0f66bc [CANDIDATE]: Term 1 pre-election: Election decided. Result: candidate won. Election summary: received 2 responses out of 3 voters: 2 yes votes; 0 no votes. yes voters: 122847fd75dd423ca31957ecd74110b0, 760f846ba41d49b38727dc901e0f66bc; no voters: 
I20260608 12:48:01.777935 28036 raft_consensus.cc:2804] T 3c4656d766594ca1849cf03ae01d3c73 P 760f846ba41d49b38727dc901e0f66bc [term 0 FOLLOWER]: Leader pre-election won for term 1
I20260608 12:48:01.778301 28036 raft_consensus.cc:493] T 3c4656d766594ca1849cf03ae01d3c73 P 760f846ba41d49b38727dc901e0f66bc [term 0 FOLLOWER]: Starting leader election (no leader contacted us within the election timeout)
I20260608 12:48:01.778628 28036 raft_consensus.cc:3060] T 3c4656d766594ca1849cf03ae01d3c73 P 760f846ba41d49b38727dc901e0f66bc [term 0 FOLLOWER]: Advancing to term 1
I20260608 12:48:01.783188 28036 raft_consensus.cc:515] T 3c4656d766594ca1849cf03ae01d3c73 P 760f846ba41d49b38727dc901e0f66bc [term 1 FOLLOWER]: Starting leader election with config: opid_index: -1 OBSOLETE_local: false peers { permanent_uuid: "122847fd75dd423ca31957ecd74110b0" member_type: VOTER last_known_addr { host: "127.24.65.194" port: 37683 } } peers { permanent_uuid: "760f846ba41d49b38727dc901e0f66bc" member_type: VOTER last_known_addr { host: "127.24.65.193" port: 41073 } } peers { permanent_uuid: "665fa10f46f44186bd4cad214b13acd4" member_type: VOTER last_known_addr { host: "127.24.65.195" port: 41761 } }
I20260608 12:48:01.784857 28036 leader_election.cc:290] T 3c4656d766594ca1849cf03ae01d3c73 P 760f846ba41d49b38727dc901e0f66bc [CANDIDATE]: Term 1 election: Requested vote from peers 122847fd75dd423ca31957ecd74110b0 (127.24.65.194:37683), 665fa10f46f44186bd4cad214b13acd4 (127.24.65.195:41761)
I20260608 12:48:01.785820 27891 tablet_service.cc:1917] Received RequestConsensusVote() RPC: tablet_id: "3c4656d766594ca1849cf03ae01d3c73" candidate_uuid: "760f846ba41d49b38727dc901e0f66bc" candidate_term: 1 candidate_status { last_received { term: 0 index: 0 } } ignore_live_leader: false dest_uuid: "122847fd75dd423ca31957ecd74110b0"
I20260608 12:48:01.785997 27966 tablet_service.cc:1917] Received RequestConsensusVote() RPC: tablet_id: "3c4656d766594ca1849cf03ae01d3c73" candidate_uuid: "760f846ba41d49b38727dc901e0f66bc" candidate_term: 1 candidate_status { last_received { term: 0 index: 0 } } ignore_live_leader: false dest_uuid: "665fa10f46f44186bd4cad214b13acd4"
I20260608 12:48:01.786326 27891 raft_consensus.cc:3060] T 3c4656d766594ca1849cf03ae01d3c73 P 122847fd75dd423ca31957ecd74110b0 [term 0 FOLLOWER]: Advancing to term 1
I20260608 12:48:01.786568 27966 raft_consensus.cc:3060] T 3c4656d766594ca1849cf03ae01d3c73 P 665fa10f46f44186bd4cad214b13acd4 [term 0 FOLLOWER]: Advancing to term 1
I20260608 12:48:01.791476 27891 raft_consensus.cc:2468] T 3c4656d766594ca1849cf03ae01d3c73 P 122847fd75dd423ca31957ecd74110b0 [term 1 FOLLOWER]: Leader election vote request: Granting yes vote for candidate 760f846ba41d49b38727dc901e0f66bc in term 1.
I20260608 12:48:01.791648 27966 raft_consensus.cc:2468] T 3c4656d766594ca1849cf03ae01d3c73 P 665fa10f46f44186bd4cad214b13acd4 [term 1 FOLLOWER]: Leader election vote request: Granting yes vote for candidate 760f846ba41d49b38727dc901e0f66bc in term 1.
I20260608 12:48:01.792845 27780 leader_election.cc:304] T 3c4656d766594ca1849cf03ae01d3c73 P 760f846ba41d49b38727dc901e0f66bc [CANDIDATE]: Term 1 election: Election decided. Result: candidate won. Election summary: received 2 responses out of 3 voters: 2 yes votes; 0 no votes. yes voters: 122847fd75dd423ca31957ecd74110b0, 760f846ba41d49b38727dc901e0f66bc; no voters: 
I20260608 12:48:01.793645 28036 raft_consensus.cc:2804] T 3c4656d766594ca1849cf03ae01d3c73 P 760f846ba41d49b38727dc901e0f66bc [term 1 FOLLOWER]: Leader election won for term 1
I20260608 12:48:01.794225 28036 raft_consensus.cc:697] T 3c4656d766594ca1849cf03ae01d3c73 P 760f846ba41d49b38727dc901e0f66bc [term 1 LEADER]: Becoming Leader. State: Replica: 760f846ba41d49b38727dc901e0f66bc, State: Running, Role: LEADER
I20260608 12:48:01.794976 28036 consensus_queue.cc:237] T 3c4656d766594ca1849cf03ae01d3c73 P 760f846ba41d49b38727dc901e0f66bc [LEADER]: Queue going to LEADER mode. State: All replicated index: 0, Majority replicated index: 0, Committed index: 0, Last appended: 0.0, Last appended by leader: 0, Current term: 1, Majority size: 2, State: 0, Mode: LEADER, active raft config: opid_index: -1 OBSOLETE_local: false peers { permanent_uuid: "122847fd75dd423ca31957ecd74110b0" member_type: VOTER last_known_addr { host: "127.24.65.194" port: 37683 } } peers { permanent_uuid: "760f846ba41d49b38727dc901e0f66bc" member_type: VOTER last_known_addr { host: "127.24.65.193" port: 41073 } } peers { permanent_uuid: "665fa10f46f44186bd4cad214b13acd4" member_type: VOTER last_known_addr { host: "127.24.65.195" port: 41761 } }
I20260608 12:48:01.802273 27712 catalog_manager.cc:5696] T 3c4656d766594ca1849cf03ae01d3c73 P 760f846ba41d49b38727dc901e0f66bc reported cstate change: term changed from 0 to 1, leader changed from <none> to 760f846ba41d49b38727dc901e0f66bc (127.24.65.193). New cstate: current_term: 1 leader_uuid: "760f846ba41d49b38727dc901e0f66bc" committed_config { opid_index: -1 OBSOLETE_local: false peers { permanent_uuid: "122847fd75dd423ca31957ecd74110b0" member_type: VOTER last_known_addr { host: "127.24.65.194" port: 37683 } health_report { overall_health: UNKNOWN } } peers { permanent_uuid: "760f846ba41d49b38727dc901e0f66bc" member_type: VOTER last_known_addr { host: "127.24.65.193" port: 41073 } health_report { overall_health: HEALTHY } } peers { permanent_uuid: "665fa10f46f44186bd4cad214b13acd4" member_type: VOTER last_known_addr { host: "127.24.65.195" port: 41761 } health_report { overall_health: UNKNOWN } } }
I20260608 12:48:01.819283 28036 consensus_queue.cc:1048] T 5ce288beea4b4114ad5ff6685f56c5c6 P 760f846ba41d49b38727dc901e0f66bc [LEADER]: Connected to new peer: Peer: permanent_uuid: "122847fd75dd423ca31957ecd74110b0" member_type: VOTER last_known_addr { host: "127.24.65.194" port: 37683 }, Status: LMP_MISMATCH, Last received: 0.0, Next index: 1, Last known committed idx: 0, Time since last communication: 0.000s
I20260608 12:48:01.832203 28036 consensus_queue.cc:1048] T 5ce288beea4b4114ad5ff6685f56c5c6 P 760f846ba41d49b38727dc901e0f66bc [LEADER]: Connected to new peer: Peer: permanent_uuid: "665fa10f46f44186bd4cad214b13acd4" member_type: VOTER last_known_addr { host: "127.24.65.195" port: 41761 }, Status: LMP_MISMATCH, Last received: 0.0, Next index: 1, Last known committed idx: 0, Time since last communication: 0.000s
I20260608 12:48:01.880133 28036 consensus_queue.cc:1048] T dd701d29c8f74f38b9c38eaec530392e P 760f846ba41d49b38727dc901e0f66bc [LEADER]: Connected to new peer: Peer: permanent_uuid: "665fa10f46f44186bd4cad214b13acd4" member_type: VOTER last_known_addr { host: "127.24.65.195" port: 41761 }, Status: LMP_MISMATCH, Last received: 0.0, Next index: 1, Last known committed idx: 0, Time since last communication: 0.000s
I20260608 12:48:01.884083 28017 consensus_queue.cc:1048] T 960afe23a69a44b5b57c186e5407f26a P 122847fd75dd423ca31957ecd74110b0 [LEADER]: Connected to new peer: Peer: permanent_uuid: "760f846ba41d49b38727dc901e0f66bc" member_type: VOTER last_known_addr { host: "127.24.65.193" port: 41073 }, Status: LMP_MISMATCH, Last received: 0.0, Next index: 1, Last known committed idx: 0, Time since last communication: 0.000s
I20260608 12:48:01.886879 28036 consensus_queue.cc:1048] T dd701d29c8f74f38b9c38eaec530392e P 760f846ba41d49b38727dc901e0f66bc [LEADER]: Connected to new peer: Peer: permanent_uuid: "122847fd75dd423ca31957ecd74110b0" member_type: VOTER last_known_addr { host: "127.24.65.194" port: 37683 }, Status: LMP_MISMATCH, Last received: 0.0, Next index: 1, Last known committed idx: 0, Time since last communication: 0.000s
I20260608 12:48:01.898900 28038 consensus_queue.cc:1048] T 960afe23a69a44b5b57c186e5407f26a P 122847fd75dd423ca31957ecd74110b0 [LEADER]: Connected to new peer: Peer: permanent_uuid: "665fa10f46f44186bd4cad214b13acd4" member_type: VOTER last_known_addr { host: "127.24.65.195" port: 41761 }, Status: LMP_MISMATCH, Last received: 0.0, Next index: 1, Last known committed idx: 0, Time since last communication: 0.000s
I20260608 12:48:01.970746 28051 consensus_queue.cc:1048] T 508cba627a6942f69895dc7e73e11992 P 760f846ba41d49b38727dc901e0f66bc [LEADER]: Connected to new peer: Peer: permanent_uuid: "122847fd75dd423ca31957ecd74110b0" member_type: VOTER last_known_addr { host: "127.24.65.194" port: 37683 }, Status: LMP_MISMATCH, Last received: 0.0, Next index: 1, Last known committed idx: 0, Time since last communication: 0.000s
I20260608 12:48:01.977766 24839 file_cache.cc:492] Constructed file cache file cache with capacity 419430
I20260608 12:48:01.983414 28054 consensus_queue.cc:1048] T 508cba627a6942f69895dc7e73e11992 P 760f846ba41d49b38727dc901e0f66bc [LEADER]: Connected to new peer: Peer: permanent_uuid: "665fa10f46f44186bd4cad214b13acd4" member_type: VOTER last_known_addr { host: "127.24.65.195" port: 41761 }, Status: LMP_MISMATCH, Last received: 0.0, Next index: 1, Last known committed idx: 0, Time since last communication: 0.001s
W20260608 12:48:01.994457 28079 instance_detector.cc:116] could not retrieve Azure instance metadata: Network error: curl error: HTTP response code said error: The requested URL returned error: 404
W20260608 12:48:01.997123 28078 instance_detector.cc:116] could not retrieve AWS instance metadata: Network error: curl error: HTTP response code said error: The requested URL returned error: 404
I20260608 12:48:02.000355 24839 server_base.cc:1061] running on GCE node
W20260608 12:48:02.002712 28083 instance_detector.cc:116] could not retrieve OpenStack instance metadata: Network error: curl error: HTTP response code said error: The requested URL returned error: 404
I20260608 12:48:02.004365 24839 hybrid_clock.cc:584] initializing the hybrid clock with 'system_unsync' time source
W20260608 12:48:02.004680 24839 system_unsync_time.cc:38] NTP support is disabled. Clock error bounds will not be accurate. This configuration is not suitable for distributed clusters.
I20260608 12:48:02.004897 24839 hybrid_clock.cc:648] HybridClock initialized: now 1780922882004883 us; error 0 us; skew 500 ppm
I20260608 12:48:02.005667 24839 server_base.cc:861] Flag tcmalloc_max_total_thread_cache_bytes is not working since tcmalloc is not enabled.
I20260608 12:48:02.008519 24839 webserver.cc:533] Webserver started at http://127.24.65.196:37941/ using document root <none> and password file <none>
I20260608 12:48:02.009132 24839 fs_manager.cc:362] Metadata directory not provided
I20260608 12:48:02.009325 24839 fs_manager.cc:368] Using write-ahead log directory (fs_wal_dir) as metadata directory
I20260608 12:48:02.009771 24839 server_base.cc:909] This appears to be a new deployment of Kudu; creating new FS layout
I20260608 12:48:02.011081 24839 fs_manager.cc:1068] Generated new instance metadata in path /tmp/dist-test-taskxSyTbR/test-tmp/auto_rebalancer-test.0.AutoRebalancerTest.RangeAwareRebalancesNewRangeReplicas.1780922803652623-24839-0/minicluster-data/ts-3-root/instance:
uuid: "ded7b19f9dd84fa2be8947efdded9b4f"
format_stamp: "Formatted at 2026-06-08 12:48:02 on dist-test-slave-5cx1"
I20260608 12:48:02.016186 24839 fs_manager.cc:696] Time spent creating directory manager: real 0.005s	user 0.006s	sys 0.000s
I20260608 12:48:02.020443 28087 log_block_manager.cc:4031] Time spent loading block containers with low live blocks: real 0.000s	user 0.000s	sys 0.000s
I20260608 12:48:02.021235 24839 fs_manager.cc:730] Time spent opening block manager: real 0.002s	user 0.002s	sys 0.000s
I20260608 12:48:02.021656 24839 fs_manager.cc:647] Opened local filesystem: /tmp/dist-test-taskxSyTbR/test-tmp/auto_rebalancer-test.0.AutoRebalancerTest.RangeAwareRebalancesNewRangeReplicas.1780922803652623-24839-0/minicluster-data/ts-3-root
uuid: "ded7b19f9dd84fa2be8947efdded9b4f"
format_stamp: "Formatted at 2026-06-08 12:48:02 on dist-test-slave-5cx1"
I20260608 12:48:02.021973 24839 fs_report.cc:389] FS layout report
--------------------
wal directory: /tmp/dist-test-taskxSyTbR/test-tmp/auto_rebalancer-test.0.AutoRebalancerTest.RangeAwareRebalancesNewRangeReplicas.1780922803652623-24839-0/minicluster-data/ts-3-root
metadata directory: /tmp/dist-test-taskxSyTbR/test-tmp/auto_rebalancer-test.0.AutoRebalancerTest.RangeAwareRebalancesNewRangeReplicas.1780922803652623-24839-0/minicluster-data/ts-3-root
1 data directories: /tmp/dist-test-taskxSyTbR/test-tmp/auto_rebalancer-test.0.AutoRebalancerTest.RangeAwareRebalancesNewRangeReplicas.1780922803652623-24839-0/minicluster-data/ts-3-root/data
Total live blocks: 0
Total live bytes: 0
Total live bytes (after alignment): 0
Total number of LBM containers: 0 (0 full)
Did not check for missing blocks
Did not check for orphaned blocks
Total full LBM containers with extra space: 0 (0 repaired)
Total full LBM container extra space in bytes: 0 (0 repaired)
Total incomplete LBM containers: 0 (0 repaired)
Total LBM partial records: 0 (0 repaired)
Total corrupted LBM metadata records in RocksDB: 0 (0 repaired)
I20260608 12:48:02.057677 24839 rpc_server.cc:225] running with OpenSSL 1.1.1  11 Sep 2018
I20260608 12:48:02.058981 24839 kserver.cc:163] Server-wide thread pool size limit: 3276
I20260608 12:48:02.060468 24839 txn_system_client.cc:432] TxnSystemClient initialization is disabled...
I20260608 12:48:02.062737 24839 ts_tablet_manager.cc:585] Loaded tablet metadata (0 total tablets, 0 live tablets)
I20260608 12:48:02.062984 24839 ts_tablet_manager.cc:531] Time spent load tablet metadata: real 0.000s	user 0.000s	sys 0.000s
I20260608 12:48:02.063236 24839 ts_tablet_manager.cc:616] Registered 0 tablets
I20260608 12:48:02.063423 24839 ts_tablet_manager.cc:595] Time spent register tablets: real 0.000s	user 0.000s	sys 0.000s
I20260608 12:48:02.099872 28036 consensus_queue.cc:1048] T a6277263bcfa492389d730ec72c5936e P 760f846ba41d49b38727dc901e0f66bc [LEADER]: Connected to new peer: Peer: permanent_uuid: "665fa10f46f44186bd4cad214b13acd4" member_type: VOTER last_known_addr { host: "127.24.65.195" port: 41761 }, Status: LMP_MISMATCH, Last received: 0.0, Next index: 1, Last known committed idx: 0, Time since last communication: 0.000s
I20260608 12:48:02.108239 28036 consensus_queue.cc:1048] T a6277263bcfa492389d730ec72c5936e P 760f846ba41d49b38727dc901e0f66bc [LEADER]: Connected to new peer: Peer: permanent_uuid: "122847fd75dd423ca31957ecd74110b0" member_type: VOTER last_known_addr { host: "127.24.65.194" port: 37683 }, Status: LMP_MISMATCH, Last received: 0.0, Next index: 1, Last known committed idx: 0, Time since last communication: 0.000s
I20260608 12:48:02.114524 24839 rpc_server.cc:307] RPC server started. Bound to: 127.24.65.196:40993
I20260608 12:48:02.114676 28150 acceptor_pool.cc:272] collecting diagnostics on the listening RPC socket 127.24.65.196:40993 every 8 connection(s)
I20260608 12:48:02.120828 28035 consensus_queue.cc:1048] T cf8c3562e5504d4db65faf260c282624 P 122847fd75dd423ca31957ecd74110b0 [LEADER]: Connected to new peer: Peer: permanent_uuid: "665fa10f46f44186bd4cad214b13acd4" member_type: VOTER last_known_addr { host: "127.24.65.195" port: 41761 }, Status: LMP_MISMATCH, Last received: 0.0, Next index: 1, Last known committed idx: 0, Time since last communication: 0.001s
I20260608 12:48:02.139534 27712 catalog_manager.cc:3569] Servicing AlterTable request from {username='slave'} at 127.0.0.1:55832:
table { table_name: "range_aware_rebalance_new_range" } alter_schema_steps { type: ADD_RANGE_PARTITION add_range_partition { range_bounds { rows: "\006\001\n\000\000\000\007\001\024\000\000\000""\006\001\n\000\000\000\007\001\024\000\000\000" indirect_data: """" } } } schema { columns { name: "key" type: INT32 is_key: true is_nullable: false encoding: AUTO_ENCODING compression: DEFAULT_COMPRESSION cfile_block_size: 0 immutable: false } } modify_external_catalogs: true
I20260608 12:48:02.143793 28035 consensus_queue.cc:1048] T cf8c3562e5504d4db65faf260c282624 P 122847fd75dd423ca31957ecd74110b0 [LEADER]: Connected to new peer: Peer: permanent_uuid: "760f846ba41d49b38727dc901e0f66bc" member_type: VOTER last_known_addr { host: "127.24.65.193" port: 41073 }, Status: LMP_MISMATCH, Last received: 0.0, Next index: 1, Last known committed idx: 0, Time since last communication: 0.001s
I20260608 12:48:02.168480 28152 heartbeater.cc:344] Connected to a master server at 127.24.65.254:42003
I20260608 12:48:02.168982 28152 heartbeater.cc:461] Registering TS with master...
I20260608 12:48:02.169945 28152 heartbeater.cc:507] Master 127.24.65.254:42003 requested a full tablet report, sending...
I20260608 12:48:02.172441 27711 ts_manager.cc:194] Registered new tserver with Master: ded7b19f9dd84fa2be8947efdded9b4f (127.24.65.196:40993)
I20260608 12:48:02.174471 27711 master_service.cc:502] Signed X509 certificate for tserver {username='slave'} at 127.0.0.1:55844
W20260608 12:48:02.179139 27712 catalog_manager.cc:5956] Failed to send alter table request: Not found: failed to reset TS proxy: No leader found: Tablet f78e6b23608e4dda9a1b6bc173a7e17b has no consensus state
W20260608 12:48:02.181128 27712 catalog_manager.cc:5956] Failed to send alter table request: Not found: failed to reset TS proxy: No leader found: Tablet 8ece270c521a4cada1b2542c01b90d0c has no consensus state
W20260608 12:48:02.184571 27712 catalog_manager.cc:5956] Failed to send alter table request: Not found: failed to reset TS proxy: No leader found: Tablet ea5c3b7671aa4e8fb2212fb97c326341 has no consensus state
W20260608 12:48:02.186473 27712 catalog_manager.cc:5956] Failed to send alter table request: Not found: failed to reset TS proxy: No leader found: Tablet 4e9cc0dc22e14332950637c049d446f9 has no consensus state
W20260608 12:48:02.188112 27712 catalog_manager.cc:5956] Failed to send alter table request: Not found: failed to reset TS proxy: No leader found: Tablet 7b3897cd213843af926158f81312e945 has no consensus state
W20260608 12:48:02.189651 27712 catalog_manager.cc:5956] Failed to send alter table request: Not found: failed to reset TS proxy: No leader found: Tablet 43c659e4c7194e7eaaa8349a650b8cb0 has no consensus state
W20260608 12:48:02.191156 27712 catalog_manager.cc:5956] Failed to send alter table request: Not found: failed to reset TS proxy: No leader found: Tablet effe79d4c8b8427a9b55b8b3c6f138a7 has no consensus state
W20260608 12:48:02.192669 27712 catalog_manager.cc:5956] Failed to send alter table request: Not found: failed to reset TS proxy: No leader found: Tablet 3e66812403574d90948bc8962b3c82d8 has no consensus state
W20260608 12:48:02.198263 27701 catalog_manager.cc:4809] Async tablet task AlterTable RPC for tablet f78e6b23608e4dda9a1b6bc173a7e17b (table range_aware_rebalance_new_range [id=0cf31fa737cf45a297a490f74062e275], current schema version=0) failed: Not found: failed to reset TS proxy: No leader found: Tablet f78e6b23608e4dda9a1b6bc173a7e17b has no consensus state
I20260608 12:48:02.220600 28016 consensus_queue.cc:1048] T 3c4656d766594ca1849cf03ae01d3c73 P 760f846ba41d49b38727dc901e0f66bc [LEADER]: Connected to new peer: Peer: permanent_uuid: "122847fd75dd423ca31957ecd74110b0" member_type: VOTER last_known_addr { host: "127.24.65.194" port: 37683 }, Status: LMP_MISMATCH, Last received: 0.0, Next index: 1, Last known committed idx: 0, Time since last communication: 0.000s
I20260608 12:48:02.221160 27806 tablet_service.cc:1511] Processing CreateTablet for tablet f78e6b23608e4dda9a1b6bc173a7e17b (DEFAULT_TABLE table=range_aware_rebalance_new_range [id=0cf31fa737cf45a297a490f74062e275]), partition=HASH (key) PARTITION 0, RANGE (key) PARTITION 10 <= VALUES < 20
I20260608 12:48:02.222759 27806 data_dirs.cc:400] Could only allocate 1 dirs of requested 3 for tablet f78e6b23608e4dda9a1b6bc173a7e17b. 1 dirs total, 0 dirs full, 0 dirs failed
I20260608 12:48:02.227310 27881 tablet_service.cc:1511] Processing CreateTablet for tablet f78e6b23608e4dda9a1b6bc173a7e17b (DEFAULT_TABLE table=range_aware_rebalance_new_range [id=0cf31fa737cf45a297a490f74062e275]), partition=HASH (key) PARTITION 0, RANGE (key) PARTITION 10 <= VALUES < 20
I20260608 12:48:02.227751 27951 tablet_service.cc:1511] Processing CreateTablet for tablet 8ece270c521a4cada1b2542c01b90d0c (DEFAULT_TABLE table=range_aware_rebalance_new_range [id=0cf31fa737cf45a297a490f74062e275]), partition=HASH (key) PARTITION 1, RANGE (key) PARTITION 10 <= VALUES < 20
I20260608 12:48:02.228878 27881 data_dirs.cc:400] Could only allocate 1 dirs of requested 3 for tablet f78e6b23608e4dda9a1b6bc173a7e17b. 1 dirs total, 0 dirs full, 0 dirs failed
I20260608 12:48:02.229080 27951 data_dirs.cc:400] Could only allocate 1 dirs of requested 3 for tablet 8ece270c521a4cada1b2542c01b90d0c. 1 dirs total, 0 dirs full, 0 dirs failed
I20260608 12:48:02.233588 27803 tablet_service.cc:1511] Processing CreateTablet for tablet 8ece270c521a4cada1b2542c01b90d0c (DEFAULT_TABLE table=range_aware_rebalance_new_range [id=0cf31fa737cf45a297a490f74062e275]), partition=HASH (key) PARTITION 1, RANGE (key) PARTITION 10 <= VALUES < 20
I20260608 12:48:02.235582 27803 data_dirs.cc:400] Could only allocate 1 dirs of requested 3 for tablet 8ece270c521a4cada1b2542c01b90d0c. 1 dirs total, 0 dirs full, 0 dirs failed
I20260608 12:48:02.239264 27882 tablet_service.cc:1511] Processing CreateTablet for tablet ea5c3b7671aa4e8fb2212fb97c326341 (DEFAULT_TABLE table=range_aware_rebalance_new_range [id=0cf31fa737cf45a297a490f74062e275]), partition=HASH (key) PARTITION 2, RANGE (key) PARTITION 10 <= VALUES < 20
I20260608 12:48:02.240885 27882 data_dirs.cc:400] Could only allocate 1 dirs of requested 3 for tablet ea5c3b7671aa4e8fb2212fb97c326341. 1 dirs total, 0 dirs full, 0 dirs failed
I20260608 12:48:02.243188 27950 tablet_service.cc:1511] Processing CreateTablet for tablet ea5c3b7671aa4e8fb2212fb97c326341 (DEFAULT_TABLE table=range_aware_rebalance_new_range [id=0cf31fa737cf45a297a490f74062e275]), partition=HASH (key) PARTITION 2, RANGE (key) PARTITION 10 <= VALUES < 20
I20260608 12:48:02.243708 27805 tablet_service.cc:1511] Processing CreateTablet for tablet 4e9cc0dc22e14332950637c049d446f9 (DEFAULT_TABLE table=range_aware_rebalance_new_range [id=0cf31fa737cf45a297a490f74062e275]), partition=HASH (key) PARTITION 3, RANGE (key) PARTITION 10 <= VALUES < 20
I20260608 12:48:02.244756 27950 data_dirs.cc:400] Could only allocate 1 dirs of requested 3 for tablet ea5c3b7671aa4e8fb2212fb97c326341. 1 dirs total, 0 dirs full, 0 dirs failed
I20260608 12:48:02.245151 27805 data_dirs.cc:400] Could only allocate 1 dirs of requested 3 for tablet 4e9cc0dc22e14332950637c049d446f9. 1 dirs total, 0 dirs full, 0 dirs failed
I20260608 12:48:02.274037 28016 consensus_queue.cc:1048] T 3c4656d766594ca1849cf03ae01d3c73 P 760f846ba41d49b38727dc901e0f66bc [LEADER]: Connected to new peer: Peer: permanent_uuid: "665fa10f46f44186bd4cad214b13acd4" member_type: VOTER last_known_addr { host: "127.24.65.195" port: 41761 }, Status: LMP_MISMATCH, Last received: 0.0, Next index: 1, Last known committed idx: 0, Time since last communication: 0.001s
I20260608 12:48:02.275051 28163 tablet_bootstrap.cc:492] T f78e6b23608e4dda9a1b6bc173a7e17b P 760f846ba41d49b38727dc901e0f66bc: Bootstrap starting.
I20260608 12:48:02.277125 27876 tablet_service.cc:1511] Processing CreateTablet for tablet 4e9cc0dc22e14332950637c049d446f9 (DEFAULT_TABLE table=range_aware_rebalance_new_range [id=0cf31fa737cf45a297a490f74062e275]), partition=HASH (key) PARTITION 3, RANGE (key) PARTITION 10 <= VALUES < 20
I20260608 12:48:02.278909 27876 data_dirs.cc:400] Could only allocate 1 dirs of requested 3 for tablet 4e9cc0dc22e14332950637c049d446f9. 1 dirs total, 0 dirs full, 0 dirs failed
I20260608 12:48:02.297495 28162 tablet_bootstrap.cc:492] T 8ece270c521a4cada1b2542c01b90d0c P 665fa10f46f44186bd4cad214b13acd4: Bootstrap starting.
I20260608 12:48:02.297495 28161 tablet_bootstrap.cc:492] T f78e6b23608e4dda9a1b6bc173a7e17b P 122847fd75dd423ca31957ecd74110b0: Bootstrap starting.
I20260608 12:48:02.303161 27950 tablet_service.cc:1511] Processing CreateTablet for tablet 7b3897cd213843af926158f81312e945 (DEFAULT_TABLE table=range_aware_rebalance_new_range [id=0cf31fa737cf45a297a490f74062e275]), partition=HASH (key) PARTITION 4, RANGE (key) PARTITION 10 <= VALUES < 20
I20260608 12:48:02.306934 27877 tablet_service.cc:1511] Processing CreateTablet for tablet 43c659e4c7194e7eaaa8349a650b8cb0 (DEFAULT_TABLE table=range_aware_rebalance_new_range [id=0cf31fa737cf45a297a490f74062e275]), partition=HASH (key) PARTITION 5, RANGE (key) PARTITION 10 <= VALUES < 20
I20260608 12:48:02.308434 27877 data_dirs.cc:400] Could only allocate 1 dirs of requested 3 for tablet 43c659e4c7194e7eaaa8349a650b8cb0. 1 dirs total, 0 dirs full, 0 dirs failed
I20260608 12:48:02.310467 28161 tablet_bootstrap.cc:654] T f78e6b23608e4dda9a1b6bc173a7e17b P 122847fd75dd423ca31957ecd74110b0: Neither blocks nor log segments found. Creating new log.
I20260608 12:48:02.310938 27805 tablet_service.cc:1511] Processing CreateTablet for tablet 7b3897cd213843af926158f81312e945 (DEFAULT_TABLE table=range_aware_rebalance_new_range [id=0cf31fa737cf45a297a490f74062e275]), partition=HASH (key) PARTITION 4, RANGE (key) PARTITION 10 <= VALUES < 20
I20260608 12:48:02.312382 27805 data_dirs.cc:400] Could only allocate 1 dirs of requested 3 for tablet 7b3897cd213843af926158f81312e945. 1 dirs total, 0 dirs full, 0 dirs failed
I20260608 12:48:02.313051 27950 data_dirs.cc:400] Could only allocate 1 dirs of requested 3 for tablet 7b3897cd213843af926158f81312e945. 1 dirs total, 0 dirs full, 0 dirs failed
I20260608 12:48:02.314996 27806 tablet_service.cc:1511] Processing CreateTablet for tablet effe79d4c8b8427a9b55b8b3c6f138a7 (DEFAULT_TABLE table=range_aware_rebalance_new_range [id=0cf31fa737cf45a297a490f74062e275]), partition=HASH (key) PARTITION 6, RANGE (key) PARTITION 10 <= VALUES < 20
I20260608 12:48:02.316390 27806 data_dirs.cc:400] Could only allocate 1 dirs of requested 3 for tablet effe79d4c8b8427a9b55b8b3c6f138a7. 1 dirs total, 0 dirs full, 0 dirs failed
I20260608 12:48:02.317454 28162 tablet_bootstrap.cc:654] T 8ece270c521a4cada1b2542c01b90d0c P 665fa10f46f44186bd4cad214b13acd4: Neither blocks nor log segments found. Creating new log.
I20260608 12:48:02.319931 27879 tablet_service.cc:1511] Processing CreateTablet for tablet effe79d4c8b8427a9b55b8b3c6f138a7 (DEFAULT_TABLE table=range_aware_rebalance_new_range [id=0cf31fa737cf45a297a490f74062e275]), partition=HASH (key) PARTITION 6, RANGE (key) PARTITION 10 <= VALUES < 20
I20260608 12:48:02.321408 27879 data_dirs.cc:400] Could only allocate 1 dirs of requested 3 for tablet effe79d4c8b8427a9b55b8b3c6f138a7. 1 dirs total, 0 dirs full, 0 dirs failed
I20260608 12:48:02.311627 27951 tablet_service.cc:1511] Processing CreateTablet for tablet 43c659e4c7194e7eaaa8349a650b8cb0 (DEFAULT_TABLE table=range_aware_rebalance_new_range [id=0cf31fa737cf45a297a490f74062e275]), partition=HASH (key) PARTITION 5, RANGE (key) PARTITION 10 <= VALUES < 20
I20260608 12:48:02.333195 27951 data_dirs.cc:400] Could only allocate 1 dirs of requested 3 for tablet 43c659e4c7194e7eaaa8349a650b8cb0. 1 dirs total, 0 dirs full, 0 dirs failed
I20260608 12:48:02.323937 28163 tablet_bootstrap.cc:654] T f78e6b23608e4dda9a1b6bc173a7e17b P 760f846ba41d49b38727dc901e0f66bc: Neither blocks nor log segments found. Creating new log.
W20260608 12:48:02.339196 27763 auto_rebalancer.cc:259] Could not retrieve cluster info: Service unavailable: Tablet not running
I20260608 12:48:02.356878 27955 tablet_service.cc:1511] Processing CreateTablet for tablet 3e66812403574d90948bc8962b3c82d8 (DEFAULT_TABLE table=range_aware_rebalance_new_range [id=0cf31fa737cf45a297a490f74062e275]), partition=HASH (key) PARTITION 7, RANGE (key) PARTITION 10 <= VALUES < 20
I20260608 12:48:02.371296 27955 data_dirs.cc:400] Could only allocate 1 dirs of requested 3 for tablet 3e66812403574d90948bc8962b3c82d8. 1 dirs total, 0 dirs full, 0 dirs failed
I20260608 12:48:02.398424 27803 tablet_service.cc:1511] Processing CreateTablet for tablet 3e66812403574d90948bc8962b3c82d8 (DEFAULT_TABLE table=range_aware_rebalance_new_range [id=0cf31fa737cf45a297a490f74062e275]), partition=HASH (key) PARTITION 7, RANGE (key) PARTITION 10 <= VALUES < 20
I20260608 12:48:02.400054 27803 data_dirs.cc:400] Could only allocate 1 dirs of requested 3 for tablet 3e66812403574d90948bc8962b3c82d8. 1 dirs total, 0 dirs full, 0 dirs failed
I20260608 12:48:02.412065 28162 tablet_bootstrap.cc:492] T 8ece270c521a4cada1b2542c01b90d0c P 665fa10f46f44186bd4cad214b13acd4: No bootstrap required, opened a new log
I20260608 12:48:02.412719 28162 ts_tablet_manager.cc:1403] T 8ece270c521a4cada1b2542c01b90d0c P 665fa10f46f44186bd4cad214b13acd4: Time spent bootstrapping tablet: real 0.116s	user 0.020s	sys 0.005s
I20260608 12:48:02.415993 28162 raft_consensus.cc:359] T 8ece270c521a4cada1b2542c01b90d0c P 665fa10f46f44186bd4cad214b13acd4 [term 0 FOLLOWER]: Replica starting. Triggering 0 pending ops. Active config: opid_index: -1 OBSOLETE_local: false peers { permanent_uuid: "760f846ba41d49b38727dc901e0f66bc" member_type: VOTER last_known_addr { host: "127.24.65.193" port: 41073 } } peers { permanent_uuid: "ded7b19f9dd84fa2be8947efdded9b4f" member_type: VOTER last_known_addr { host: "127.24.65.196" port: 40993 } } peers { permanent_uuid: "665fa10f46f44186bd4cad214b13acd4" member_type: VOTER last_known_addr { host: "127.24.65.195" port: 41761 } }
I20260608 12:48:02.419654 28162 raft_consensus.cc:385] T 8ece270c521a4cada1b2542c01b90d0c P 665fa10f46f44186bd4cad214b13acd4 [term 0 FOLLOWER]: Consensus starting up: Expiring failure detector timer to make a prompt election more likely
I20260608 12:48:02.420002 28162 raft_consensus.cc:740] T 8ece270c521a4cada1b2542c01b90d0c P 665fa10f46f44186bd4cad214b13acd4 [term 0 FOLLOWER]: Becoming Follower/Learner. State: Replica: 665fa10f46f44186bd4cad214b13acd4, State: Initialized, Role: FOLLOWER
I20260608 12:48:02.420948 28162 consensus_queue.cc:260] T 8ece270c521a4cada1b2542c01b90d0c P 665fa10f46f44186bd4cad214b13acd4 [NON_LEADER]: Queue going to NON_LEADER mode. State: All replicated index: 0, Majority replicated index: 0, Committed index: 0, Last appended: 0.0, Last appended by leader: 0, Current term: 0, Majority size: -1, State: 0, Mode: NON_LEADER, active raft config: opid_index: -1 OBSOLETE_local: false peers { permanent_uuid: "760f846ba41d49b38727dc901e0f66bc" member_type: VOTER last_known_addr { host: "127.24.65.193" port: 41073 } } peers { permanent_uuid: "ded7b19f9dd84fa2be8947efdded9b4f" member_type: VOTER last_known_addr { host: "127.24.65.196" port: 40993 } } peers { permanent_uuid: "665fa10f46f44186bd4cad214b13acd4" member_type: VOTER last_known_addr { host: "127.24.65.195" port: 41761 } }
I20260608 12:48:02.435971 28161 tablet_bootstrap.cc:492] T f78e6b23608e4dda9a1b6bc173a7e17b P 122847fd75dd423ca31957ecd74110b0: No bootstrap required, opened a new log
I20260608 12:48:02.436519 28161 ts_tablet_manager.cc:1403] T f78e6b23608e4dda9a1b6bc173a7e17b P 122847fd75dd423ca31957ecd74110b0: Time spent bootstrapping tablet: real 0.139s	user 0.026s	sys 0.027s
I20260608 12:48:02.438217 28163 tablet_bootstrap.cc:492] T f78e6b23608e4dda9a1b6bc173a7e17b P 760f846ba41d49b38727dc901e0f66bc: No bootstrap required, opened a new log
I20260608 12:48:02.438768 28163 ts_tablet_manager.cc:1403] T f78e6b23608e4dda9a1b6bc173a7e17b P 760f846ba41d49b38727dc901e0f66bc: Time spent bootstrapping tablet: real 0.164s	user 0.018s	sys 0.031s
I20260608 12:48:02.442131 28163 raft_consensus.cc:359] T f78e6b23608e4dda9a1b6bc173a7e17b P 760f846ba41d49b38727dc901e0f66bc [term 0 FOLLOWER]: Replica starting. Triggering 0 pending ops. Active config: opid_index: -1 OBSOLETE_local: false peers { permanent_uuid: "ded7b19f9dd84fa2be8947efdded9b4f" member_type: VOTER last_known_addr { host: "127.24.65.196" port: 40993 } } peers { permanent_uuid: "760f846ba41d49b38727dc901e0f66bc" member_type: VOTER last_known_addr { host: "127.24.65.193" port: 41073 } } peers { permanent_uuid: "122847fd75dd423ca31957ecd74110b0" member_type: VOTER last_known_addr { host: "127.24.65.194" port: 37683 } }
I20260608 12:48:02.442875 28163 raft_consensus.cc:385] T f78e6b23608e4dda9a1b6bc173a7e17b P 760f846ba41d49b38727dc901e0f66bc [term 0 FOLLOWER]: Consensus starting up: Expiring failure detector timer to make a prompt election more likely
I20260608 12:48:02.443172 28163 raft_consensus.cc:740] T f78e6b23608e4dda9a1b6bc173a7e17b P 760f846ba41d49b38727dc901e0f66bc [term 0 FOLLOWER]: Becoming Follower/Learner. State: Replica: 760f846ba41d49b38727dc901e0f66bc, State: Initialized, Role: FOLLOWER
I20260608 12:48:02.443943 28163 consensus_queue.cc:260] T f78e6b23608e4dda9a1b6bc173a7e17b P 760f846ba41d49b38727dc901e0f66bc [NON_LEADER]: Queue going to NON_LEADER mode. State: All replicated index: 0, Majority replicated index: 0, Committed index: 0, Last appended: 0.0, Last appended by leader: 0, Current term: 0, Majority size: -1, State: 0, Mode: NON_LEADER, active raft config: opid_index: -1 OBSOLETE_local: false peers { permanent_uuid: "ded7b19f9dd84fa2be8947efdded9b4f" member_type: VOTER last_known_addr { host: "127.24.65.196" port: 40993 } } peers { permanent_uuid: "760f846ba41d49b38727dc901e0f66bc" member_type: VOTER last_known_addr { host: "127.24.65.193" port: 41073 } } peers { permanent_uuid: "122847fd75dd423ca31957ecd74110b0" member_type: VOTER last_known_addr { host: "127.24.65.194" port: 37683 } }
I20260608 12:48:02.444021 28114 tablet_service.cc:1511] Processing CreateTablet for tablet 8ece270c521a4cada1b2542c01b90d0c (DEFAULT_TABLE table=range_aware_rebalance_new_range [id=0cf31fa737cf45a297a490f74062e275]), partition=HASH (key) PARTITION 1, RANGE (key) PARTITION 10 <= VALUES < 20
I20260608 12:48:02.427977 28162 ts_tablet_manager.cc:1434] T 8ece270c521a4cada1b2542c01b90d0c P 665fa10f46f44186bd4cad214b13acd4: Time spent starting tablet: real 0.014s	user 0.002s	sys 0.004s
I20260608 12:48:02.445834 28114 data_dirs.cc:400] Could only allocate 1 dirs of requested 3 for tablet 8ece270c521a4cada1b2542c01b90d0c. 1 dirs total, 0 dirs full, 0 dirs failed
I20260608 12:48:02.446406 28115 tablet_service.cc:1511] Processing CreateTablet for tablet f78e6b23608e4dda9a1b6bc173a7e17b (DEFAULT_TABLE table=range_aware_rebalance_new_range [id=0cf31fa737cf45a297a490f74062e275]), partition=HASH (key) PARTITION 0, RANGE (key) PARTITION 10 <= VALUES < 20
I20260608 12:48:02.446910 28163 ts_tablet_manager.cc:1434] T f78e6b23608e4dda9a1b6bc173a7e17b P 760f846ba41d49b38727dc901e0f66bc: Time spent starting tablet: real 0.008s	user 0.005s	sys 0.003s
I20260608 12:48:02.447925 28115 data_dirs.cc:400] Could only allocate 1 dirs of requested 3 for tablet f78e6b23608e4dda9a1b6bc173a7e17b. 1 dirs total, 0 dirs full, 0 dirs failed
I20260608 12:48:02.448009 28163 tablet_bootstrap.cc:492] T 4e9cc0dc22e14332950637c049d446f9 P 760f846ba41d49b38727dc901e0f66bc: Bootstrap starting.
I20260608 12:48:02.448544 28162 tablet_bootstrap.cc:492] T ea5c3b7671aa4e8fb2212fb97c326341 P 665fa10f46f44186bd4cad214b13acd4: Bootstrap starting.
I20260608 12:48:02.450878 28113 tablet_service.cc:1511] Processing CreateTablet for tablet ea5c3b7671aa4e8fb2212fb97c326341 (DEFAULT_TABLE table=range_aware_rebalance_new_range [id=0cf31fa737cf45a297a490f74062e275]), partition=HASH (key) PARTITION 2, RANGE (key) PARTITION 10 <= VALUES < 20
I20260608 12:48:02.452440 28113 data_dirs.cc:400] Could only allocate 1 dirs of requested 3 for tablet ea5c3b7671aa4e8fb2212fb97c326341. 1 dirs total, 0 dirs full, 0 dirs failed
I20260608 12:48:02.454409 28112 tablet_service.cc:1511] Processing CreateTablet for tablet 4e9cc0dc22e14332950637c049d446f9 (DEFAULT_TABLE table=range_aware_rebalance_new_range [id=0cf31fa737cf45a297a490f74062e275]), partition=HASH (key) PARTITION 3, RANGE (key) PARTITION 10 <= VALUES < 20
I20260608 12:48:02.457232 28110 tablet_service.cc:1511] Processing CreateTablet for tablet 43c659e4c7194e7eaaa8349a650b8cb0 (DEFAULT_TABLE table=range_aware_rebalance_new_range [id=0cf31fa737cf45a297a490f74062e275]), partition=HASH (key) PARTITION 5, RANGE (key) PARTITION 10 <= VALUES < 20
I20260608 12:48:02.459300 28110 data_dirs.cc:400] Could only allocate 1 dirs of requested 3 for tablet 43c659e4c7194e7eaaa8349a650b8cb0. 1 dirs total, 0 dirs full, 0 dirs failed
I20260608 12:48:02.461968 28109 tablet_service.cc:1511] Processing CreateTablet for tablet effe79d4c8b8427a9b55b8b3c6f138a7 (DEFAULT_TABLE table=range_aware_rebalance_new_range [id=0cf31fa737cf45a297a490f74062e275]), partition=HASH (key) PARTITION 6, RANGE (key) PARTITION 10 <= VALUES < 20
I20260608 12:48:02.464109 28109 data_dirs.cc:400] Could only allocate 1 dirs of requested 3 for tablet effe79d4c8b8427a9b55b8b3c6f138a7. 1 dirs total, 0 dirs full, 0 dirs failed
I20260608 12:48:02.474236 28108 tablet_service.cc:1511] Processing CreateTablet for tablet 3e66812403574d90948bc8962b3c82d8 (DEFAULT_TABLE table=range_aware_rebalance_new_range [id=0cf31fa737cf45a297a490f74062e275]), partition=HASH (key) PARTITION 7, RANGE (key) PARTITION 10 <= VALUES < 20
I20260608 12:48:02.476505 28108 data_dirs.cc:400] Could only allocate 1 dirs of requested 3 for tablet 3e66812403574d90948bc8962b3c82d8. 1 dirs total, 0 dirs full, 0 dirs failed
I20260608 12:48:02.490844 28112 data_dirs.cc:400] Could only allocate 1 dirs of requested 3 for tablet 4e9cc0dc22e14332950637c049d446f9. 1 dirs total, 0 dirs full, 0 dirs failed
I20260608 12:48:02.471306 28111 tablet_service.cc:1511] Processing CreateTablet for tablet 7b3897cd213843af926158f81312e945 (DEFAULT_TABLE table=range_aware_rebalance_new_range [id=0cf31fa737cf45a297a490f74062e275]), partition=HASH (key) PARTITION 4, RANGE (key) PARTITION 10 <= VALUES < 20
I20260608 12:48:02.493858 28111 data_dirs.cc:400] Could only allocate 1 dirs of requested 3 for tablet 7b3897cd213843af926158f81312e945. 1 dirs total, 0 dirs full, 0 dirs failed
I20260608 12:48:02.495913 28016 raft_consensus.cc:493] T f78e6b23608e4dda9a1b6bc173a7e17b P 760f846ba41d49b38727dc901e0f66bc [term 0 FOLLOWER]: Starting pre-election (no leader contacted us within the election timeout)
I20260608 12:48:02.496666 28016 raft_consensus.cc:515] T f78e6b23608e4dda9a1b6bc173a7e17b P 760f846ba41d49b38727dc901e0f66bc [term 0 FOLLOWER]: Starting pre-election with config: opid_index: -1 OBSOLETE_local: false peers { permanent_uuid: "ded7b19f9dd84fa2be8947efdded9b4f" member_type: VOTER last_known_addr { host: "127.24.65.196" port: 40993 } } peers { permanent_uuid: "760f846ba41d49b38727dc901e0f66bc" member_type: VOTER last_known_addr { host: "127.24.65.193" port: 41073 } } peers { permanent_uuid: "122847fd75dd423ca31957ecd74110b0" member_type: VOTER last_known_addr { host: "127.24.65.194" port: 37683 } }
I20260608 12:48:02.519008 28163 tablet_bootstrap.cc:654] T 4e9cc0dc22e14332950637c049d446f9 P 760f846ba41d49b38727dc901e0f66bc: Neither blocks nor log segments found. Creating new log.
W20260608 12:48:02.530095 27699 outbound_call.cc:321] RPC callback for RPC call kudu.tserver.TabletServerAdminService.CreateTablet -> {remote=127.24.65.193:41073, user_credentials={real_user=slave}} blocked reactor thread for 44295.7us
I20260608 12:48:02.540259 28162 tablet_bootstrap.cc:654] T ea5c3b7671aa4e8fb2212fb97c326341 P 665fa10f46f44186bd4cad214b13acd4: Neither blocks nor log segments found. Creating new log.
I20260608 12:48:02.547447 28163 tablet_bootstrap.cc:492] T 4e9cc0dc22e14332950637c049d446f9 P 760f846ba41d49b38727dc901e0f66bc: No bootstrap required, opened a new log
I20260608 12:48:02.548007 28163 ts_tablet_manager.cc:1403] T 4e9cc0dc22e14332950637c049d446f9 P 760f846ba41d49b38727dc901e0f66bc: Time spent bootstrapping tablet: real 0.100s	user 0.041s	sys 0.051s
I20260608 12:48:02.549728 28162 tablet_bootstrap.cc:492] T ea5c3b7671aa4e8fb2212fb97c326341 P 665fa10f46f44186bd4cad214b13acd4: No bootstrap required, opened a new log
I20260608 12:48:02.550784 28162 ts_tablet_manager.cc:1403] T ea5c3b7671aa4e8fb2212fb97c326341 P 665fa10f46f44186bd4cad214b13acd4: Time spent bootstrapping tablet: real 0.102s	user 0.014s	sys 0.013s
I20260608 12:48:02.555454 28163 raft_consensus.cc:359] T 4e9cc0dc22e14332950637c049d446f9 P 760f846ba41d49b38727dc901e0f66bc [term 0 FOLLOWER]: Replica starting. Triggering 0 pending ops. Active config: opid_index: -1 OBSOLETE_local: false peers { permanent_uuid: "760f846ba41d49b38727dc901e0f66bc" member_type: VOTER last_known_addr { host: "127.24.65.193" port: 41073 } } peers { permanent_uuid: "ded7b19f9dd84fa2be8947efdded9b4f" member_type: VOTER last_known_addr { host: "127.24.65.196" port: 40993 } } peers { permanent_uuid: "122847fd75dd423ca31957ecd74110b0" member_type: VOTER last_known_addr { host: "127.24.65.194" port: 37683 } }
I20260608 12:48:02.556277 28163 raft_consensus.cc:385] T 4e9cc0dc22e14332950637c049d446f9 P 760f846ba41d49b38727dc901e0f66bc [term 0 FOLLOWER]: Consensus starting up: Expiring failure detector timer to make a prompt election more likely
I20260608 12:48:02.555874 28161 raft_consensus.cc:359] T f78e6b23608e4dda9a1b6bc173a7e17b P 122847fd75dd423ca31957ecd74110b0 [term 0 FOLLOWER]: Replica starting. Triggering 0 pending ops. Active config: opid_index: -1 OBSOLETE_local: false peers { permanent_uuid: "ded7b19f9dd84fa2be8947efdded9b4f" member_type: VOTER last_known_addr { host: "127.24.65.196" port: 40993 } } peers { permanent_uuid: "760f846ba41d49b38727dc901e0f66bc" member_type: VOTER last_known_addr { host: "127.24.65.193" port: 41073 } } peers { permanent_uuid: "122847fd75dd423ca31957ecd74110b0" member_type: VOTER last_known_addr { host: "127.24.65.194" port: 37683 } }
I20260608 12:48:02.557246 28161 raft_consensus.cc:385] T f78e6b23608e4dda9a1b6bc173a7e17b P 122847fd75dd423ca31957ecd74110b0 [term 0 FOLLOWER]: Consensus starting up: Expiring failure detector timer to make a prompt election more likely
I20260608 12:48:02.565805 28161 raft_consensus.cc:740] T f78e6b23608e4dda9a1b6bc173a7e17b P 122847fd75dd423ca31957ecd74110b0 [term 0 FOLLOWER]: Becoming Follower/Learner. State: Replica: 122847fd75dd423ca31957ecd74110b0, State: Initialized, Role: FOLLOWER
I20260608 12:48:02.566823 27891 tablet_service.cc:1917] Received RequestConsensusVote() RPC: tablet_id: "f78e6b23608e4dda9a1b6bc173a7e17b" candidate_uuid: "760f846ba41d49b38727dc901e0f66bc" candidate_term: 1 candidate_status { last_received { term: 0 index: 0 } } ignore_live_leader: false dest_uuid: "122847fd75dd423ca31957ecd74110b0" is_pre_election: true
I20260608 12:48:02.567373 28161 consensus_queue.cc:260] T f78e6b23608e4dda9a1b6bc173a7e17b P 122847fd75dd423ca31957ecd74110b0 [NON_LEADER]: Queue going to NON_LEADER mode. State: All replicated index: 0, Majority replicated index: 0, Committed index: 0, Last appended: 0.0, Last appended by leader: 0, Current term: 0, Majority size: -1, State: 0, Mode: NON_LEADER, active raft config: opid_index: -1 OBSOLETE_local: false peers { permanent_uuid: "ded7b19f9dd84fa2be8947efdded9b4f" member_type: VOTER last_known_addr { host: "127.24.65.196" port: 40993 } } peers { permanent_uuid: "760f846ba41d49b38727dc901e0f66bc" member_type: VOTER last_known_addr { host: "127.24.65.193" port: 41073 } } peers { permanent_uuid: "122847fd75dd423ca31957ecd74110b0" member_type: VOTER last_known_addr { host: "127.24.65.194" port: 37683 } }
I20260608 12:48:02.568987 27891 raft_consensus.cc:2468] T f78e6b23608e4dda9a1b6bc173a7e17b P 122847fd75dd423ca31957ecd74110b0 [term 0 FOLLOWER]: Leader pre-election vote request: Granting yes vote for candidate 760f846ba41d49b38727dc901e0f66bc in term 0.
I20260608 12:48:02.568208 28016 leader_election.cc:290] T f78e6b23608e4dda9a1b6bc173a7e17b P 760f846ba41d49b38727dc901e0f66bc [CANDIDATE]: Term 1 pre-election: Requested pre-vote from peers ded7b19f9dd84fa2be8947efdded9b4f (127.24.65.196:40993), 122847fd75dd423ca31957ecd74110b0 (127.24.65.194:37683)
I20260608 12:48:02.556711 28163 raft_consensus.cc:740] T 4e9cc0dc22e14332950637c049d446f9 P 760f846ba41d49b38727dc901e0f66bc [term 0 FOLLOWER]: Becoming Follower/Learner. State: Replica: 760f846ba41d49b38727dc901e0f66bc, State: Initialized, Role: FOLLOWER
I20260608 12:48:02.572791 28163 consensus_queue.cc:260] T 4e9cc0dc22e14332950637c049d446f9 P 760f846ba41d49b38727dc901e0f66bc [NON_LEADER]: Queue going to NON_LEADER mode. State: All replicated index: 0, Majority replicated index: 0, Committed index: 0, Last appended: 0.0, Last appended by leader: 0, Current term: 0, Majority size: -1, State: 0, Mode: NON_LEADER, active raft config: opid_index: -1 OBSOLETE_local: false peers { permanent_uuid: "760f846ba41d49b38727dc901e0f66bc" member_type: VOTER last_known_addr { host: "127.24.65.193" port: 41073 } } peers { permanent_uuid: "ded7b19f9dd84fa2be8947efdded9b4f" member_type: VOTER last_known_addr { host: "127.24.65.196" port: 40993 } } peers { permanent_uuid: "122847fd75dd423ca31957ecd74110b0" member_type: VOTER last_known_addr { host: "127.24.65.194" port: 37683 } }
I20260608 12:48:02.571105 27780 leader_election.cc:304] T f78e6b23608e4dda9a1b6bc173a7e17b P 760f846ba41d49b38727dc901e0f66bc [CANDIDATE]: Term 1 pre-election: Election decided. Result: candidate won. Election summary: received 2 responses out of 3 voters: 2 yes votes; 0 no votes. yes voters: 122847fd75dd423ca31957ecd74110b0, 760f846ba41d49b38727dc901e0f66bc; no voters: 
I20260608 12:48:02.577612 28036 raft_consensus.cc:2804] T f78e6b23608e4dda9a1b6bc173a7e17b P 760f846ba41d49b38727dc901e0f66bc [term 0 FOLLOWER]: Leader pre-election won for term 1
I20260608 12:48:02.578171 28036 raft_consensus.cc:493] T f78e6b23608e4dda9a1b6bc173a7e17b P 760f846ba41d49b38727dc901e0f66bc [term 0 FOLLOWER]: Starting leader election (no leader contacted us within the election timeout)
I20260608 12:48:02.578540 28036 raft_consensus.cc:3060] T f78e6b23608e4dda9a1b6bc173a7e17b P 760f846ba41d49b38727dc901e0f66bc [term 0 FOLLOWER]: Advancing to term 1
I20260608 12:48:02.571255 28161 ts_tablet_manager.cc:1434] T f78e6b23608e4dda9a1b6bc173a7e17b P 122847fd75dd423ca31957ecd74110b0: Time spent starting tablet: real 0.134s	user 0.009s	sys 0.001s
I20260608 12:48:02.558123 28162 raft_consensus.cc:359] T ea5c3b7671aa4e8fb2212fb97c326341 P 665fa10f46f44186bd4cad214b13acd4 [term 0 FOLLOWER]: Replica starting. Triggering 0 pending ops. Active config: opid_index: -1 OBSOLETE_local: false peers { permanent_uuid: "122847fd75dd423ca31957ecd74110b0" member_type: VOTER last_known_addr { host: "127.24.65.194" port: 37683 } } peers { permanent_uuid: "665fa10f46f44186bd4cad214b13acd4" member_type: VOTER last_known_addr { host: "127.24.65.195" port: 41761 } } peers { permanent_uuid: "ded7b19f9dd84fa2be8947efdded9b4f" member_type: VOTER last_known_addr { host: "127.24.65.196" port: 40993 } }
I20260608 12:48:02.582176 28162 raft_consensus.cc:385] T ea5c3b7671aa4e8fb2212fb97c326341 P 665fa10f46f44186bd4cad214b13acd4 [term 0 FOLLOWER]: Consensus starting up: Expiring failure detector timer to make a prompt election more likely
I20260608 12:48:02.582546 28162 raft_consensus.cc:740] T ea5c3b7671aa4e8fb2212fb97c326341 P 665fa10f46f44186bd4cad214b13acd4 [term 0 FOLLOWER]: Becoming Follower/Learner. State: Replica: 665fa10f46f44186bd4cad214b13acd4, State: Initialized, Role: FOLLOWER
I20260608 12:48:02.582981 28161 tablet_bootstrap.cc:492] T ea5c3b7671aa4e8fb2212fb97c326341 P 122847fd75dd423ca31957ecd74110b0: Bootstrap starting.
I20260608 12:48:02.589684 28163 ts_tablet_manager.cc:1434] T 4e9cc0dc22e14332950637c049d446f9 P 760f846ba41d49b38727dc901e0f66bc: Time spent starting tablet: real 0.041s	user 0.012s	sys 0.001s
