W20260608 12:48:38.727928 29368 outbound_call.cc:321] RPC callback for RPC call kudu.consensus.ConsensusService.RequestConsensusVote -> {remote=127.24.78.3:40807, user_credentials={real_user=slave}} blocked reactor thread for 47937.5us
W20260608 12:48:38.760525 29368 leader_election.cc:343] T bb74bf7a5c424c19b6596dcf9bae3ee7 P 4c1fbdf19b9e4d61a570893d51ba2098 [CANDIDATE]: Term 1 pre-election: Tablet error from VoteRequest() call to peer c6e96a50390b4838981d89dce4260f0e (127.24.78.3:40807): Illegal state: must be running to vote when last-logged opid is not known
I20260608 12:48:38.761013 29368 leader_election.cc:304] T bb74bf7a5c424c19b6596dcf9bae3ee7 P 4c1fbdf19b9e4d61a570893d51ba2098 [CANDIDATE]: Term 1 pre-election: Election decided. Result: candidate lost. Election summary: received 3 responses out of 3 voters: 1 yes votes; 2 no votes. yes voters: 4c1fbdf19b9e4d61a570893d51ba2098; no voters: c6e96a50390b4838981d89dce4260f0e, d97e5d23d0a5451db6839ea54300030a
I20260608 12:48:38.761720 29554 tablet_service.cc:1917] Received RequestConsensusVote() RPC: tablet_id: "3500a58998fa4daf9f606e1184455f8c" candidate_uuid: "4c1fbdf19b9e4d61a570893d51ba2098" candidate_term: 1 candidate_status { last_received { term: 0 index: 0 } } ignore_live_leader: false dest_uuid: "c6e96a50390b4838981d89dce4260f0e"
I20260608 12:48:38.762625 29554 raft_consensus.cc:2393] T 3500a58998fa4daf9f606e1184455f8c P c6e96a50390b4838981d89dce4260f0e [term 1 FOLLOWER]: Leader election vote request: Denying vote to candidate 4c1fbdf19b9e4d61a570893d51ba2098 in current term 1: Already voted for candidate c6e96a50390b4838981d89dce4260f0e in this term.
I20260608 12:48:38.763587 29601 ts_tablet_manager.cc:1434] T bb80484dd40c44049c616ad57fa00e8e P 4c1fbdf19b9e4d61a570893d51ba2098: Time spent starting tablet: real 0.094s	user 0.020s	sys 0.012s
I20260608 12:48:38.763727 29552 tablet_service.cc:1917] Received RequestConsensusVote() RPC: tablet_id: "91aeb47e318844cb83d8f9453a14fe7f" candidate_uuid: "4c1fbdf19b9e4d61a570893d51ba2098" candidate_term: 1 candidate_status { last_received { term: 0 index: 0 } } ignore_live_leader: false dest_uuid: "c6e96a50390b4838981d89dce4260f0e"
I20260608 12:48:38.765178 29601 tablet_bootstrap.cc:492] T 494357380a91431fa1f3e6b48d5cca82 P 4c1fbdf19b9e4d61a570893d51ba2098: Bootstrap starting.
I20260608 12:48:38.765182 29553 tablet_service.cc:1917] Received RequestConsensusVote() RPC: tablet_id: "8cd2bda0070642779864203eb00824ff" candidate_uuid: "4c1fbdf19b9e4d61a570893d51ba2098" candidate_term: 1 candidate_status { last_received { term: 0 index: 0 } } ignore_live_leader: false dest_uuid: "c6e96a50390b4838981d89dce4260f0e"
I20260608 12:48:38.768569 29600 tablet_bootstrap.cc:654] T bb80484dd40c44049c616ad57fa00e8e P c6e96a50390b4838981d89dce4260f0e: Neither blocks nor log segments found. Creating new log.
I20260608 12:48:38.768683 29553 raft_consensus.cc:2393] T 8cd2bda0070642779864203eb00824ff P c6e96a50390b4838981d89dce4260f0e [term 1 FOLLOWER]: Leader election vote request: Denying vote to candidate 4c1fbdf19b9e4d61a570893d51ba2098 in current term 1: Already voted for candidate c6e96a50390b4838981d89dce4260f0e in this term.
I20260608 12:48:38.769402 29627 raft_consensus.cc:2749] T bb74bf7a5c424c19b6596dcf9bae3ee7 P 4c1fbdf19b9e4d61a570893d51ba2098 [term 0 FOLLOWER]: Leader pre-election lost for term 1. Reason: could not achieve majority
I20260608 12:48:38.769956 29631 raft_consensus.cc:2749] T 8cd2bda0070642779864203eb00824ff P c6e96a50390b4838981d89dce4260f0e [term 1 FOLLOWER]: Leader election lost for term 1. Reason: could not achieve majority
W20260608 12:48:38.773474 29370 leader_election.cc:343] T 8cd2bda0070642779864203eb00824ff P 4c1fbdf19b9e4d61a570893d51ba2098 [CANDIDATE]: Term 1 election: Tablet error from VoteRequest() call to peer d97e5d23d0a5451db6839ea54300030a (127.24.78.2:34757): Illegal state: must be running to vote when last-logged opid is not known
I20260608 12:48:38.774647 29370 leader_election.cc:304] T 3500a58998fa4daf9f606e1184455f8c P 4c1fbdf19b9e4d61a570893d51ba2098 [CANDIDATE]: Term 1 election: Election decided. Result: candidate won. Election summary: received 2 responses out of 3 voters: 2 yes votes; 0 no votes. yes voters: 4c1fbdf19b9e4d61a570893d51ba2098, d97e5d23d0a5451db6839ea54300030a; no voters: 
I20260608 12:48:38.775735 29627 raft_consensus.cc:2804] T 3500a58998fa4daf9f606e1184455f8c P 4c1fbdf19b9e4d61a570893d51ba2098 [term 1 FOLLOWER]: Leader election won for term 1
I20260608 12:48:38.776625 29599 tablet_bootstrap.cc:492] T 8cd2bda0070642779864203eb00824ff P d97e5d23d0a5451db6839ea54300030a: No bootstrap required, opened a new log
I20260608 12:48:38.777202 29599 ts_tablet_manager.cc:1403] T 8cd2bda0070642779864203eb00824ff P d97e5d23d0a5451db6839ea54300030a: Time spent bootstrapping tablet: real 0.081s	user 0.013s	sys 0.003s
I20260608 12:48:38.777123 29627 raft_consensus.cc:697] T 3500a58998fa4daf9f606e1184455f8c P 4c1fbdf19b9e4d61a570893d51ba2098 [term 1 LEADER]: Becoming Leader. State: Replica: 4c1fbdf19b9e4d61a570893d51ba2098, State: Running, Role: LEADER
I20260608 12:48:38.778570 29627 consensus_queue.cc:237] T 3500a58998fa4daf9f606e1184455f8c P 4c1fbdf19b9e4d61a570893d51ba2098 [LEADER]: Queue going to LEADER mode. State: All replicated index: 0, Majority replicated index: 0, Committed index: 0, Last appended: 0.0, Last appended by leader: 0, Current term: 1, Majority size: 2, State: 0, Mode: LEADER, active raft config: opid_index: -1 OBSOLETE_local: false peers { permanent_uuid: "4c1fbdf19b9e4d61a570893d51ba2098" member_type: VOTER last_known_addr { host: "127.24.78.1" port: 46469 } } peers { permanent_uuid: "c6e96a50390b4838981d89dce4260f0e" member_type: VOTER last_known_addr { host: "127.24.78.3" port: 40807 } } peers { permanent_uuid: "d97e5d23d0a5451db6839ea54300030a" member_type: VOTER last_known_addr { host: "127.24.78.2" port: 34757 } }
I20260608 12:48:38.780718 29599 raft_consensus.cc:359] T 8cd2bda0070642779864203eb00824ff P d97e5d23d0a5451db6839ea54300030a [term 0 FOLLOWER]: Replica starting. Triggering 0 pending ops. Active config: opid_index: -1 OBSOLETE_local: false peers { permanent_uuid: "4c1fbdf19b9e4d61a570893d51ba2098" member_type: VOTER last_known_addr { host: "127.24.78.1" port: 46469 } } peers { permanent_uuid: "d97e5d23d0a5451db6839ea54300030a" member_type: VOTER last_known_addr { host: "127.24.78.2" port: 34757 } } peers { permanent_uuid: "c6e96a50390b4838981d89dce4260f0e" member_type: VOTER last_known_addr { host: "127.24.78.3" port: 40807 } }
I20260608 12:48:38.773828 29601 tablet_bootstrap.cc:654] T 494357380a91431fa1f3e6b48d5cca82 P 4c1fbdf19b9e4d61a570893d51ba2098: Neither blocks nor log segments found. Creating new log.
I20260608 12:48:38.781529 29599 raft_consensus.cc:385] T 8cd2bda0070642779864203eb00824ff P d97e5d23d0a5451db6839ea54300030a [term 0 FOLLOWER]: Consensus starting up: Expiring failure detector timer to make a prompt election more likely
I20260608 12:48:38.781915 29599 raft_consensus.cc:740] T 8cd2bda0070642779864203eb00824ff P d97e5d23d0a5451db6839ea54300030a [term 0 FOLLOWER]: Becoming Follower/Learner. State: Replica: d97e5d23d0a5451db6839ea54300030a, State: Initialized, Role: FOLLOWER
I20260608 12:48:38.783113 29599 consensus_queue.cc:260] T 8cd2bda0070642779864203eb00824ff P d97e5d23d0a5451db6839ea54300030a [NON_LEADER]: Queue going to NON_LEADER mode. State: All replicated index: 0, Majority replicated index: 0, Committed index: 0, Last appended: 0.0, Last appended by leader: 0, Current term: 0, Majority size: -1, State: 0, Mode: NON_LEADER, active raft config: opid_index: -1 OBSOLETE_local: false peers { permanent_uuid: "4c1fbdf19b9e4d61a570893d51ba2098" member_type: VOTER last_known_addr { host: "127.24.78.1" port: 46469 } } peers { permanent_uuid: "d97e5d23d0a5451db6839ea54300030a" member_type: VOTER last_known_addr { host: "127.24.78.2" port: 34757 } } peers { permanent_uuid: "c6e96a50390b4838981d89dce4260f0e" member_type: VOTER last_known_addr { host: "127.24.78.3" port: 40807 } }
I20260608 12:48:38.788156 29631 raft_consensus.cc:493] T f2d19c8789ea494489325408c1ca05fc P c6e96a50390b4838981d89dce4260f0e [term 0 FOLLOWER]: Starting pre-election (no leader contacted us within the election timeout)
I20260608 12:48:38.788982 29631 raft_consensus.cc:515] T f2d19c8789ea494489325408c1ca05fc P c6e96a50390b4838981d89dce4260f0e [term 0 FOLLOWER]: Starting pre-election with config: opid_index: -1 OBSOLETE_local: false peers { permanent_uuid: "4c1fbdf19b9e4d61a570893d51ba2098" member_type: VOTER last_known_addr { host: "127.24.78.1" port: 46469 } } peers { permanent_uuid: "d97e5d23d0a5451db6839ea54300030a" member_type: VOTER last_known_addr { host: "127.24.78.2" port: 34757 } } peers { permanent_uuid: "c6e96a50390b4838981d89dce4260f0e" member_type: VOTER last_known_addr { host: "127.24.78.3" port: 40807 } }
I20260608 12:48:38.808452 29405 tablet_service.cc:1917] Received RequestConsensusVote() RPC: tablet_id: "f2d19c8789ea494489325408c1ca05fc" candidate_uuid: "c6e96a50390b4838981d89dce4260f0e" candidate_term: 1 candidate_status { last_received { term: 0 index: 0 } } ignore_live_leader: false dest_uuid: "4c1fbdf19b9e4d61a570893d51ba2098" is_pre_election: true
W20260608 12:48:38.809019 29368 leader_election.cc:343] T 91aeb47e318844cb83d8f9453a14fe7f P 4c1fbdf19b9e4d61a570893d51ba2098 [CANDIDATE]: Term 1 election: Tablet error from VoteRequest() call to peer c6e96a50390b4838981d89dce4260f0e (127.24.78.3:40807): Illegal state: must be running to vote when last-logged opid is not known
W20260608 12:48:38.810350 29520 leader_election.cc:343] T f2d19c8789ea494489325408c1ca05fc P c6e96a50390b4838981d89dce4260f0e [CANDIDATE]: Term 1 pre-election: Tablet error from VoteRequest() call to peer 4c1fbdf19b9e4d61a570893d51ba2098 (127.24.78.1:46469): Illegal state: must be running to vote when last-logged opid is not known
I20260608 12:48:38.810747 29604 raft_consensus.cc:493] T 1fdc28f448f04cdfaf58dbf61b3bbfe2 P d97e5d23d0a5451db6839ea54300030a [term 0 FOLLOWER]: Starting pre-election (no leader contacted us within the election timeout)
I20260608 12:48:38.811035 29478 raft_consensus.cc:2468] T 91aeb47e318844cb83d8f9453a14fe7f P d97e5d23d0a5451db6839ea54300030a [term 1 FOLLOWER]: Leader election vote request: Granting yes vote for candidate 4c1fbdf19b9e4d61a570893d51ba2098 in term 1.
I20260608 12:48:38.810355 29368 leader_election.cc:304] T 8cd2bda0070642779864203eb00824ff P 4c1fbdf19b9e4d61a570893d51ba2098 [CANDIDATE]: Term 1 election: Election decided. Result: candidate lost. Election summary: received 3 responses out of 3 voters: 1 yes votes; 2 no votes. yes voters: 4c1fbdf19b9e4d61a570893d51ba2098; no voters: c6e96a50390b4838981d89dce4260f0e, d97e5d23d0a5451db6839ea54300030a
I20260608 12:48:38.812381 29627 raft_consensus.cc:2749] T 8cd2bda0070642779864203eb00824ff P 4c1fbdf19b9e4d61a570893d51ba2098 [term 1 FOLLOWER]: Leader election lost for term 1. Reason: could not achieve majority
I20260608 12:48:38.811309 29604 raft_consensus.cc:515] T 1fdc28f448f04cdfaf58dbf61b3bbfe2 P d97e5d23d0a5451db6839ea54300030a [term 0 FOLLOWER]: Starting pre-election with config: opid_index: -1 OBSOLETE_local: false peers { permanent_uuid: "4c1fbdf19b9e4d61a570893d51ba2098" member_type: VOTER last_known_addr { host: "127.24.78.1" port: 46469 } } peers { permanent_uuid: "d97e5d23d0a5451db6839ea54300030a" member_type: VOTER last_known_addr { host: "127.24.78.2" port: 34757 } } peers { permanent_uuid: "c6e96a50390b4838981d89dce4260f0e" member_type: VOTER last_known_addr { host: "127.24.78.3" port: 40807 } }
I20260608 12:48:38.812983 29370 leader_election.cc:304] T 91aeb47e318844cb83d8f9453a14fe7f P 4c1fbdf19b9e4d61a570893d51ba2098 [CANDIDATE]: Term 1 election: Election decided. Result: candidate won. Election summary: received 3 responses out of 3 voters: 2 yes votes; 1 no votes. yes voters: 4c1fbdf19b9e4d61a570893d51ba2098, d97e5d23d0a5451db6839ea54300030a; no voters: c6e96a50390b4838981d89dce4260f0e
I20260608 12:48:38.814522 29627 raft_consensus.cc:2804] T 91aeb47e318844cb83d8f9453a14fe7f P 4c1fbdf19b9e4d61a570893d51ba2098 [term 1 FOLLOWER]: Leader election won for term 1
I20260608 12:48:38.815024 29627 raft_consensus.cc:697] T 91aeb47e318844cb83d8f9453a14fe7f P 4c1fbdf19b9e4d61a570893d51ba2098 [term 1 LEADER]: Becoming Leader. State: Replica: 4c1fbdf19b9e4d61a570893d51ba2098, State: Running, Role: LEADER
I20260608 12:48:38.815886 29627 consensus_queue.cc:237] T 91aeb47e318844cb83d8f9453a14fe7f P 4c1fbdf19b9e4d61a570893d51ba2098 [LEADER]: Queue going to LEADER mode. State: All replicated index: 0, Majority replicated index: 0, Committed index: 0, Last appended: 0.0, Last appended by leader: 0, Current term: 1, Majority size: 2, State: 0, Mode: LEADER, active raft config: opid_index: -1 OBSOLETE_local: false peers { permanent_uuid: "4c1fbdf19b9e4d61a570893d51ba2098" member_type: VOTER last_known_addr { host: "127.24.78.1" port: 46469 } } peers { permanent_uuid: "d97e5d23d0a5451db6839ea54300030a" member_type: VOTER last_known_addr { host: "127.24.78.2" port: 34757 } } peers { permanent_uuid: "c6e96a50390b4838981d89dce4260f0e" member_type: VOTER last_known_addr { host: "127.24.78.3" port: 40807 } }
I20260608 12:48:38.816742 29553 tablet_service.cc:1917] Received RequestConsensusVote() RPC: tablet_id: "1fdc28f448f04cdfaf58dbf61b3bbfe2" candidate_uuid: "d97e5d23d0a5451db6839ea54300030a" candidate_term: 1 candidate_status { last_received { term: 0 index: 0 } } ignore_live_leader: false dest_uuid: "c6e96a50390b4838981d89dce4260f0e" is_pre_election: true
I20260608 12:48:38.817560 29405 tablet_service.cc:1917] Received RequestConsensusVote() RPC: tablet_id: "1fdc28f448f04cdfaf58dbf61b3bbfe2" candidate_uuid: "d97e5d23d0a5451db6839ea54300030a" candidate_term: 1 candidate_status { last_received { term: 0 index: 0 } } ignore_live_leader: false dest_uuid: "4c1fbdf19b9e4d61a570893d51ba2098" is_pre_election: true
W20260608 12:48:38.818467 29443 leader_election.cc:343] T 1fdc28f448f04cdfaf58dbf61b3bbfe2 P d97e5d23d0a5451db6839ea54300030a [CANDIDATE]: Term 1 pre-election: Tablet error from VoteRequest() call to peer c6e96a50390b4838981d89dce4260f0e (127.24.78.3:40807): Illegal state: must be running to vote when last-logged opid is not known
I20260608 12:48:38.818605 29604 leader_election.cc:290] T 1fdc28f448f04cdfaf58dbf61b3bbfe2 P d97e5d23d0a5451db6839ea54300030a [CANDIDATE]: Term 1 pre-election: Requested pre-vote from peers 4c1fbdf19b9e4d61a570893d51ba2098 (127.24.78.1:46469), c6e96a50390b4838981d89dce4260f0e (127.24.78.3:40807)
I20260608 12:48:38.818945 29480 tablet_service.cc:1917] Received RequestConsensusVote() RPC: tablet_id: "f2d19c8789ea494489325408c1ca05fc" candidate_uuid: "c6e96a50390b4838981d89dce4260f0e" candidate_term: 1 candidate_status { last_received { term: 0 index: 0 } } ignore_live_leader: false dest_uuid: "d97e5d23d0a5451db6839ea54300030a" is_pre_election: true
I20260608 12:48:38.818504 29300 catalog_manager.cc:5696] T 3500a58998fa4daf9f606e1184455f8c P 4c1fbdf19b9e4d61a570893d51ba2098 reported cstate change: term changed from 0 to 1, leader changed from <none> to 4c1fbdf19b9e4d61a570893d51ba2098 (127.24.78.1). New cstate: current_term: 1 leader_uuid: "4c1fbdf19b9e4d61a570893d51ba2098" committed_config { opid_index: -1 OBSOLETE_local: false peers { permanent_uuid: "4c1fbdf19b9e4d61a570893d51ba2098" member_type: VOTER last_known_addr { host: "127.24.78.1" port: 46469 } health_report { overall_health: HEALTHY } } peers { permanent_uuid: "c6e96a50390b4838981d89dce4260f0e" member_type: VOTER last_known_addr { host: "127.24.78.3" port: 40807 } health_report { overall_health: UNKNOWN } } peers { permanent_uuid: "d97e5d23d0a5451db6839ea54300030a" member_type: VOTER last_known_addr { host: "127.24.78.2" port: 34757 } health_report { overall_health: UNKNOWN } } }
I20260608 12:48:38.816288 29631 leader_election.cc:290] T f2d19c8789ea494489325408c1ca05fc P c6e96a50390b4838981d89dce4260f0e [CANDIDATE]: Term 1 pre-election: Requested pre-vote from peers 4c1fbdf19b9e4d61a570893d51ba2098 (127.24.78.1:46469), d97e5d23d0a5451db6839ea54300030a (127.24.78.2:34757)
I20260608 12:48:38.824115 29600 tablet_bootstrap.cc:492] T bb80484dd40c44049c616ad57fa00e8e P c6e96a50390b4838981d89dce4260f0e: No bootstrap required, opened a new log
I20260608 12:48:38.824683 29600 ts_tablet_manager.cc:1403] T bb80484dd40c44049c616ad57fa00e8e P c6e96a50390b4838981d89dce4260f0e: Time spent bootstrapping tablet: real 0.067s	user 0.017s	sys 0.039s
I20260608 12:48:38.825578 29601 tablet_bootstrap.cc:492] T 494357380a91431fa1f3e6b48d5cca82 P 4c1fbdf19b9e4d61a570893d51ba2098: No bootstrap required, opened a new log
W20260608 12:48:38.825484 29519 leader_election.cc:343] T f2d19c8789ea494489325408c1ca05fc P c6e96a50390b4838981d89dce4260f0e [CANDIDATE]: Term 1 pre-election: Tablet error from VoteRequest() call to peer d97e5d23d0a5451db6839ea54300030a (127.24.78.2:34757): Illegal state: must be running to vote when last-logged opid is not known
I20260608 12:48:38.826319 29601 ts_tablet_manager.cc:1403] T 494357380a91431fa1f3e6b48d5cca82 P 4c1fbdf19b9e4d61a570893d51ba2098: Time spent bootstrapping tablet: real 0.062s	user 0.012s	sys 0.002s
I20260608 12:48:38.826357 29519 leader_election.cc:304] T f2d19c8789ea494489325408c1ca05fc P c6e96a50390b4838981d89dce4260f0e [CANDIDATE]: Term 1 pre-election: Election decided. Result: candidate lost. Election summary: received 3 responses out of 3 voters: 1 yes votes; 2 no votes. yes voters: c6e96a50390b4838981d89dce4260f0e; no voters: 4c1fbdf19b9e4d61a570893d51ba2098, d97e5d23d0a5451db6839ea54300030a
I20260608 12:48:38.828100 29600 raft_consensus.cc:359] T bb80484dd40c44049c616ad57fa00e8e P c6e96a50390b4838981d89dce4260f0e [term 0 FOLLOWER]: Replica starting. Triggering 0 pending ops. Active config: opid_index: -1 OBSOLETE_local: false peers { permanent_uuid: "4c1fbdf19b9e4d61a570893d51ba2098" member_type: VOTER last_known_addr { host: "127.24.78.1" port: 46469 } } peers { permanent_uuid: "d97e5d23d0a5451db6839ea54300030a" member_type: VOTER last_known_addr { host: "127.24.78.2" port: 34757 } } peers { permanent_uuid: "c6e96a50390b4838981d89dce4260f0e" member_type: VOTER last_known_addr { host: "127.24.78.3" port: 40807 } }
W20260608 12:48:38.828490 29446 leader_election.cc:343] T 1fdc28f448f04cdfaf58dbf61b3bbfe2 P d97e5d23d0a5451db6839ea54300030a [CANDIDATE]: Term 1 pre-election: Tablet error from VoteRequest() call to peer 4c1fbdf19b9e4d61a570893d51ba2098 (127.24.78.1:46469): Illegal state: must be running to vote when last-logged opid is not known
I20260608 12:48:38.828922 29600 raft_consensus.cc:385] T bb80484dd40c44049c616ad57fa00e8e P c6e96a50390b4838981d89dce4260f0e [term 0 FOLLOWER]: Consensus starting up: Expiring failure detector timer to make a prompt election more likely
I20260608 12:48:38.829331 29600 raft_consensus.cc:740] T bb80484dd40c44049c616ad57fa00e8e P c6e96a50390b4838981d89dce4260f0e [term 0 FOLLOWER]: Becoming Follower/Learner. State: Replica: c6e96a50390b4838981d89dce4260f0e, State: Initialized, Role: FOLLOWER
I20260608 12:48:38.829214 29446 leader_election.cc:304] T 1fdc28f448f04cdfaf58dbf61b3bbfe2 P d97e5d23d0a5451db6839ea54300030a [CANDIDATE]: Term 1 pre-election: Election decided. Result: candidate lost. Election summary: received 3 responses out of 3 voters: 1 yes votes; 2 no votes. yes voters: d97e5d23d0a5451db6839ea54300030a; no voters: 4c1fbdf19b9e4d61a570893d51ba2098, c6e96a50390b4838981d89dce4260f0e
I20260608 12:48:38.829789 29601 raft_consensus.cc:359] T 494357380a91431fa1f3e6b48d5cca82 P 4c1fbdf19b9e4d61a570893d51ba2098 [term 0 FOLLOWER]: Replica starting. Triggering 0 pending ops. Active config: opid_index: -1 OBSOLETE_local: false peers { permanent_uuid: "4c1fbdf19b9e4d61a570893d51ba2098" member_type: VOTER last_known_addr { host: "127.24.78.1" port: 46469 } } peers { permanent_uuid: "d97e5d23d0a5451db6839ea54300030a" member_type: VOTER last_known_addr { host: "127.24.78.2" port: 34757 } } peers { permanent_uuid: "c6e96a50390b4838981d89dce4260f0e" member_type: VOTER last_known_addr { host: "127.24.78.3" port: 40807 } }
I20260608 12:48:38.830673 29631 raft_consensus.cc:2749] T f2d19c8789ea494489325408c1ca05fc P c6e96a50390b4838981d89dce4260f0e [term 0 FOLLOWER]: Leader pre-election lost for term 1. Reason: could not achieve majority
I20260608 12:48:38.830482 29600 consensus_queue.cc:260] T bb80484dd40c44049c616ad57fa00e8e P c6e96a50390b4838981d89dce4260f0e [NON_LEADER]: Queue going to NON_LEADER mode. State: All replicated index: 0, Majority replicated index: 0, Committed index: 0, Last appended: 0.0, Last appended by leader: 0, Current term: 0, Majority size: -1, State: 0, Mode: NON_LEADER, active raft config: opid_index: -1 OBSOLETE_local: false peers { permanent_uuid: "4c1fbdf19b9e4d61a570893d51ba2098" member_type: VOTER last_known_addr { host: "127.24.78.1" port: 46469 } } peers { permanent_uuid: "d97e5d23d0a5451db6839ea54300030a" member_type: VOTER last_known_addr { host: "127.24.78.2" port: 34757 } } peers { permanent_uuid: "c6e96a50390b4838981d89dce4260f0e" member_type: VOTER last_known_addr { host: "127.24.78.3" port: 40807 } }
I20260608 12:48:38.831156 29604 raft_consensus.cc:2749] T 1fdc28f448f04cdfaf58dbf61b3bbfe2 P d97e5d23d0a5451db6839ea54300030a [term 0 FOLLOWER]: Leader pre-election lost for term 1. Reason: could not achieve majority
I20260608 12:48:38.830519 29601 raft_consensus.cc:385] T 494357380a91431fa1f3e6b48d5cca82 P 4c1fbdf19b9e4d61a570893d51ba2098 [term 0 FOLLOWER]: Consensus starting up: Expiring failure detector timer to make a prompt election more likely
I20260608 12:48:38.831950 29601 raft_consensus.cc:740] T 494357380a91431fa1f3e6b48d5cca82 P 4c1fbdf19b9e4d61a570893d51ba2098 [term 0 FOLLOWER]: Becoming Follower/Learner. State: Replica: 4c1fbdf19b9e4d61a570893d51ba2098, State: Initialized, Role: FOLLOWER
I20260608 12:48:38.832756 29601 consensus_queue.cc:260] T 494357380a91431fa1f3e6b48d5cca82 P 4c1fbdf19b9e4d61a570893d51ba2098 [NON_LEADER]: Queue going to NON_LEADER mode. State: All replicated index: 0, Majority replicated index: 0, Committed index: 0, Last appended: 0.0, Last appended by leader: 0, Current term: 0, Majority size: -1, State: 0, Mode: NON_LEADER, active raft config: opid_index: -1 OBSOLETE_local: false peers { permanent_uuid: "4c1fbdf19b9e4d61a570893d51ba2098" member_type: VOTER last_known_addr { host: "127.24.78.1" port: 46469 } } peers { permanent_uuid: "d97e5d23d0a5451db6839ea54300030a" member_type: VOTER last_known_addr { host: "127.24.78.2" port: 34757 } } peers { permanent_uuid: "c6e96a50390b4838981d89dce4260f0e" member_type: VOTER last_known_addr { host: "127.24.78.3" port: 40807 } }
I20260608 12:48:38.833448 29600 ts_tablet_manager.cc:1434] T bb80484dd40c44049c616ad57fa00e8e P c6e96a50390b4838981d89dce4260f0e: Time spent starting tablet: real 0.008s	user 0.007s	sys 0.003s
I20260608 12:48:38.835382 29601 ts_tablet_manager.cc:1434] T 494357380a91431fa1f3e6b48d5cca82 P 4c1fbdf19b9e4d61a570893d51ba2098: Time spent starting tablet: real 0.009s	user 0.008s	sys 0.000s
I20260608 12:48:38.836706 29601 tablet_bootstrap.cc:492] T f2d19c8789ea494489325408c1ca05fc P 4c1fbdf19b9e4d61a570893d51ba2098: Bootstrap starting.
I20260608 12:48:38.846482 29600 tablet_bootstrap.cc:492] T 91aeb47e318844cb83d8f9453a14fe7f P c6e96a50390b4838981d89dce4260f0e: Bootstrap starting.
I20260608 12:48:38.846169 29638 raft_consensus.cc:493] T fa228d356c5b4d069f202004679f8a83 P d97e5d23d0a5451db6839ea54300030a [term 0 FOLLOWER]: Starting pre-election (no leader contacted us within the election timeout)
I20260608 12:48:38.852774 29601 tablet_bootstrap.cc:654] T f2d19c8789ea494489325408c1ca05fc P 4c1fbdf19b9e4d61a570893d51ba2098: Neither blocks nor log segments found. Creating new log.
I20260608 12:48:38.854782 29599 ts_tablet_manager.cc:1434] T 8cd2bda0070642779864203eb00824ff P d97e5d23d0a5451db6839ea54300030a: Time spent starting tablet: real 0.077s	user 0.010s	sys 0.003s
I20260608 12:48:38.853525 29638 raft_consensus.cc:515] T fa228d356c5b4d069f202004679f8a83 P d97e5d23d0a5451db6839ea54300030a [term 0 FOLLOWER]: Starting pre-election with config: opid_index: -1 OBSOLETE_local: false peers { permanent_uuid: "4c1fbdf19b9e4d61a570893d51ba2098" member_type: VOTER last_known_addr { host: "127.24.78.1" port: 46469 } } peers { permanent_uuid: "d97e5d23d0a5451db6839ea54300030a" member_type: VOTER last_known_addr { host: "127.24.78.2" port: 34757 } } peers { permanent_uuid: "c6e96a50390b4838981d89dce4260f0e" member_type: VOTER last_known_addr { host: "127.24.78.3" port: 40807 } }
I20260608 12:48:38.857453 29600 tablet_bootstrap.cc:654] T 91aeb47e318844cb83d8f9453a14fe7f P c6e96a50390b4838981d89dce4260f0e: Neither blocks nor log segments found. Creating new log.
I20260608 12:48:38.860481 29405 tablet_service.cc:1917] Received RequestConsensusVote() RPC: tablet_id: "fa228d356c5b4d069f202004679f8a83" candidate_uuid: "d97e5d23d0a5451db6839ea54300030a" candidate_term: 1 candidate_status { last_received { term: 0 index: 0 } } ignore_live_leader: false dest_uuid: "4c1fbdf19b9e4d61a570893d51ba2098" is_pre_election: true
I20260608 12:48:38.861773 29599 tablet_bootstrap.cc:492] T f2d19c8789ea494489325408c1ca05fc P d97e5d23d0a5451db6839ea54300030a: Bootstrap starting.
W20260608 12:48:38.862697 29446 leader_election.cc:343] T fa228d356c5b4d069f202004679f8a83 P d97e5d23d0a5451db6839ea54300030a [CANDIDATE]: Term 1 pre-election: Tablet error from VoteRequest() call to peer 4c1fbdf19b9e4d61a570893d51ba2098 (127.24.78.1:46469): Illegal state: must be running to vote when last-logged opid is not known
I20260608 12:48:38.864593 29638 leader_election.cc:290] T fa228d356c5b4d069f202004679f8a83 P d97e5d23d0a5451db6839ea54300030a [CANDIDATE]: Term 1 pre-election: Requested pre-vote from peers 4c1fbdf19b9e4d61a570893d51ba2098 (127.24.78.1:46469), c6e96a50390b4838981d89dce4260f0e (127.24.78.3:40807)
I20260608 12:48:38.868350 29601 tablet_bootstrap.cc:492] T f2d19c8789ea494489325408c1ca05fc P 4c1fbdf19b9e4d61a570893d51ba2098: No bootstrap required, opened a new log
I20260608 12:48:38.869215 29553 tablet_service.cc:1917] Received RequestConsensusVote() RPC: tablet_id: "fa228d356c5b4d069f202004679f8a83" candidate_uuid: "d97e5d23d0a5451db6839ea54300030a" candidate_term: 1 candidate_status { last_received { term: 0 index: 0 } } ignore_live_leader: false dest_uuid: "c6e96a50390b4838981d89dce4260f0e" is_pre_election: true
I20260608 12:48:38.869171 29601 ts_tablet_manager.cc:1403] T f2d19c8789ea494489325408c1ca05fc P 4c1fbdf19b9e4d61a570893d51ba2098: Time spent bootstrapping tablet: real 0.033s	user 0.017s	sys 0.000s
W20260608 12:48:38.871348 29443 leader_election.cc:343] T fa228d356c5b4d069f202004679f8a83 P d97e5d23d0a5451db6839ea54300030a [CANDIDATE]: Term 1 pre-election: Tablet error from VoteRequest() call to peer c6e96a50390b4838981d89dce4260f0e (127.24.78.3:40807): Illegal state: must be running to vote when last-logged opid is not known
I20260608 12:48:38.872085 29443 leader_election.cc:304] T fa228d356c5b4d069f202004679f8a83 P d97e5d23d0a5451db6839ea54300030a [CANDIDATE]: Term 1 pre-election: Election decided. Result: candidate lost. Election summary: received 3 responses out of 3 voters: 1 yes votes; 2 no votes. yes voters: d97e5d23d0a5451db6839ea54300030a; no voters: 4c1fbdf19b9e4d61a570893d51ba2098, c6e96a50390b4838981d89dce4260f0e
I20260608 12:48:38.873919 29638 raft_consensus.cc:2749] T fa228d356c5b4d069f202004679f8a83 P d97e5d23d0a5451db6839ea54300030a [term 0 FOLLOWER]: Leader pre-election lost for term 1. Reason: could not achieve majority
I20260608 12:48:38.875993 29601 raft_consensus.cc:359] T f2d19c8789ea494489325408c1ca05fc P 4c1fbdf19b9e4d61a570893d51ba2098 [term 0 FOLLOWER]: Replica starting. Triggering 0 pending ops. Active config: opid_index: -1 OBSOLETE_local: false peers { permanent_uuid: "4c1fbdf19b9e4d61a570893d51ba2098" member_type: VOTER last_known_addr { host: "127.24.78.1" port: 46469 } } peers { permanent_uuid: "d97e5d23d0a5451db6839ea54300030a" member_type: VOTER last_known_addr { host: "127.24.78.2" port: 34757 } } peers { permanent_uuid: "c6e96a50390b4838981d89dce4260f0e" member_type: VOTER last_known_addr { host: "127.24.78.3" port: 40807 } }
I20260608 12:48:38.877148 29601 raft_consensus.cc:385] T f2d19c8789ea494489325408c1ca05fc P 4c1fbdf19b9e4d61a570893d51ba2098 [term 0 FOLLOWER]: Consensus starting up: Expiring failure detector timer to make a prompt election more likely
I20260608 12:48:38.877614 29601 raft_consensus.cc:740] T f2d19c8789ea494489325408c1ca05fc P 4c1fbdf19b9e4d61a570893d51ba2098 [term 0 FOLLOWER]: Becoming Follower/Learner. State: Replica: 4c1fbdf19b9e4d61a570893d51ba2098, State: Initialized, Role: FOLLOWER
I20260608 12:48:38.879104 29601 consensus_queue.cc:260] T f2d19c8789ea494489325408c1ca05fc P 4c1fbdf19b9e4d61a570893d51ba2098 [NON_LEADER]: Queue going to NON_LEADER mode. State: All replicated index: 0, Majority replicated index: 0, Committed index: 0, Last appended: 0.0, Last appended by leader: 0, Current term: 0, Majority size: -1, State: 0, Mode: NON_LEADER, active raft config: opid_index: -1 OBSOLETE_local: false peers { permanent_uuid: "4c1fbdf19b9e4d61a570893d51ba2098" member_type: VOTER last_known_addr { host: "127.24.78.1" port: 46469 } } peers { permanent_uuid: "d97e5d23d0a5451db6839ea54300030a" member_type: VOTER last_known_addr { host: "127.24.78.2" port: 34757 } } peers { permanent_uuid: "c6e96a50390b4838981d89dce4260f0e" member_type: VOTER last_known_addr { host: "127.24.78.3" port: 40807 } }
I20260608 12:48:38.880426 29607 raft_consensus.cc:493] T f2d19c8789ea494489325408c1ca05fc P 4c1fbdf19b9e4d61a570893d51ba2098 [term 0 FOLLOWER]: Starting pre-election (no leader contacted us within the election timeout)
I20260608 12:48:38.881135 29607 raft_consensus.cc:515] T f2d19c8789ea494489325408c1ca05fc P 4c1fbdf19b9e4d61a570893d51ba2098 [term 0 FOLLOWER]: Starting pre-election with config: opid_index: -1 OBSOLETE_local: false peers { permanent_uuid: "4c1fbdf19b9e4d61a570893d51ba2098" member_type: VOTER last_known_addr { host: "127.24.78.1" port: 46469 } } peers { permanent_uuid: "d97e5d23d0a5451db6839ea54300030a" member_type: VOTER last_known_addr { host: "127.24.78.2" port: 34757 } } peers { permanent_uuid: "c6e96a50390b4838981d89dce4260f0e" member_type: VOTER last_known_addr { host: "127.24.78.3" port: 40807 } }
I20260608 12:48:38.885076 29601 ts_tablet_manager.cc:1434] T f2d19c8789ea494489325408c1ca05fc P 4c1fbdf19b9e4d61a570893d51ba2098: Time spent starting tablet: real 0.013s	user 0.009s	sys 0.000s
I20260608 12:48:38.886653 29601 tablet_bootstrap.cc:492] T fa228d356c5b4d069f202004679f8a83 P 4c1fbdf19b9e4d61a570893d51ba2098: Bootstrap starting.
I20260608 12:48:38.889650 29629 raft_consensus.cc:493] T 494357380a91431fa1f3e6b48d5cca82 P 4c1fbdf19b9e4d61a570893d51ba2098 [term 0 FOLLOWER]: Starting pre-election (no leader contacted us within the election timeout)
I20260608 12:48:38.890250 29629 raft_consensus.cc:515] T 494357380a91431fa1f3e6b48d5cca82 P 4c1fbdf19b9e4d61a570893d51ba2098 [term 0 FOLLOWER]: Starting pre-election with config: opid_index: -1 OBSOLETE_local: false peers { permanent_uuid: "4c1fbdf19b9e4d61a570893d51ba2098" member_type: VOTER last_known_addr { host: "127.24.78.1" port: 46469 } } peers { permanent_uuid: "d97e5d23d0a5451db6839ea54300030a" member_type: VOTER last_known_addr { host: "127.24.78.2" port: 34757 } } peers { permanent_uuid: "c6e96a50390b4838981d89dce4260f0e" member_type: VOTER last_known_addr { host: "127.24.78.3" port: 40807 } }
I20260608 12:48:38.894104 29478 tablet_service.cc:1917] Received RequestConsensusVote() RPC: tablet_id: "494357380a91431fa1f3e6b48d5cca82" candidate_uuid: "4c1fbdf19b9e4d61a570893d51ba2098" candidate_term: 1 candidate_status { last_received { term: 0 index: 0 } } ignore_live_leader: false dest_uuid: "d97e5d23d0a5451db6839ea54300030a" is_pre_election: true
I20260608 12:48:38.894470 29599 tablet_bootstrap.cc:654] T f2d19c8789ea494489325408c1ca05fc P d97e5d23d0a5451db6839ea54300030a: Neither blocks nor log segments found. Creating new log.
W20260608 12:48:38.895874 29370 leader_election.cc:343] T 494357380a91431fa1f3e6b48d5cca82 P 4c1fbdf19b9e4d61a570893d51ba2098 [CANDIDATE]: Term 1 pre-election: Tablet error from VoteRequest() call to peer d97e5d23d0a5451db6839ea54300030a (127.24.78.2:34757): Illegal state: must be running to vote when last-logged opid is not known
I20260608 12:48:38.896023 29629 leader_election.cc:290] T 494357380a91431fa1f3e6b48d5cca82 P 4c1fbdf19b9e4d61a570893d51ba2098 [CANDIDATE]: Term 1 pre-election: Requested pre-vote from peers d97e5d23d0a5451db6839ea54300030a (127.24.78.2:34757), c6e96a50390b4838981d89dce4260f0e (127.24.78.3:40807)
I20260608 12:48:38.896855 29553 tablet_service.cc:1917] Received RequestConsensusVote() RPC: tablet_id: "494357380a91431fa1f3e6b48d5cca82" candidate_uuid: "4c1fbdf19b9e4d61a570893d51ba2098" candidate_term: 1 candidate_status { last_received { term: 0 index: 0 } } ignore_live_leader: false dest_uuid: "c6e96a50390b4838981d89dce4260f0e" is_pre_election: true
I20260608 12:48:38.897634 29553 raft_consensus.cc:2468] T 494357380a91431fa1f3e6b48d5cca82 P c6e96a50390b4838981d89dce4260f0e [term 0 FOLLOWER]: Leader pre-election vote request: Granting yes vote for candidate 4c1fbdf19b9e4d61a570893d51ba2098 in term 0.
I20260608 12:48:38.900669 29368 leader_election.cc:304] T 494357380a91431fa1f3e6b48d5cca82 P 4c1fbdf19b9e4d61a570893d51ba2098 [CANDIDATE]: Term 1 pre-election: Election decided. Result: candidate won. Election summary: received 3 responses out of 3 voters: 2 yes votes; 1 no votes. yes voters: 4c1fbdf19b9e4d61a570893d51ba2098, c6e96a50390b4838981d89dce4260f0e; no voters: d97e5d23d0a5451db6839ea54300030a
I20260608 12:48:38.901346 29478 tablet_service.cc:1917] Received RequestConsensusVote() RPC: tablet_id: "f2d19c8789ea494489325408c1ca05fc" candidate_uuid: "4c1fbdf19b9e4d61a570893d51ba2098" candidate_term: 1 candidate_status { last_received { term: 0 index: 0 } } ignore_live_leader: false dest_uuid: "d97e5d23d0a5451db6839ea54300030a" is_pre_election: true
I20260608 12:48:38.901726 29629 raft_consensus.cc:2804] T 494357380a91431fa1f3e6b48d5cca82 P 4c1fbdf19b9e4d61a570893d51ba2098 [term 0 FOLLOWER]: Leader pre-election won for term 1
I20260608 12:48:38.902213 29607 leader_election.cc:290] T f2d19c8789ea494489325408c1ca05fc P 4c1fbdf19b9e4d61a570893d51ba2098 [CANDIDATE]: Term 1 pre-election: Requested pre-vote from peers d97e5d23d0a5451db6839ea54300030a (127.24.78.2:34757), c6e96a50390b4838981d89dce4260f0e (127.24.78.3:40807)
I20260608 12:48:38.902281 29629 raft_consensus.cc:493] T 494357380a91431fa1f3e6b48d5cca82 P 4c1fbdf19b9e4d61a570893d51ba2098 [term 0 FOLLOWER]: Starting leader election (no leader contacted us within the election timeout)
I20260608 12:48:38.903062 29629 raft_consensus.cc:3060] T 494357380a91431fa1f3e6b48d5cca82 P 4c1fbdf19b9e4d61a570893d51ba2098 [term 0 FOLLOWER]: Advancing to term 1
W20260608 12:48:38.903029 29370 leader_election.cc:343] T f2d19c8789ea494489325408c1ca05fc P 4c1fbdf19b9e4d61a570893d51ba2098 [CANDIDATE]: Term 1 pre-election: Tablet error from VoteRequest() call to peer d97e5d23d0a5451db6839ea54300030a (127.24.78.2:34757): Illegal state: must be running to vote when last-logged opid is not known
I20260608 12:48:38.903792 29600 tablet_bootstrap.cc:492] T 91aeb47e318844cb83d8f9453a14fe7f P c6e96a50390b4838981d89dce4260f0e: No bootstrap required, opened a new log
I20260608 12:48:38.903973 29553 tablet_service.cc:1917] Received RequestConsensusVote() RPC: tablet_id: "f2d19c8789ea494489325408c1ca05fc" candidate_uuid: "4c1fbdf19b9e4d61a570893d51ba2098" candidate_term: 1 candidate_status { last_received { term: 0 index: 0 } } ignore_live_leader: false dest_uuid: "c6e96a50390b4838981d89dce4260f0e" is_pre_election: true
I20260608 12:48:38.904409 29600 ts_tablet_manager.cc:1403] T 91aeb47e318844cb83d8f9453a14fe7f P c6e96a50390b4838981d89dce4260f0e: Time spent bootstrapping tablet: real 0.058s	user 0.016s	sys 0.026s
I20260608 12:48:38.904691 29553 raft_consensus.cc:2468] T f2d19c8789ea494489325408c1ca05fc P c6e96a50390b4838981d89dce4260f0e [term 0 FOLLOWER]: Leader pre-election vote request: Granting yes vote for candidate 4c1fbdf19b9e4d61a570893d51ba2098 in term 0.
I20260608 12:48:38.906194 29368 leader_election.cc:304] T f2d19c8789ea494489325408c1ca05fc P 4c1fbdf19b9e4d61a570893d51ba2098 [CANDIDATE]: Term 1 pre-election: Election decided. Result: candidate won. Election summary: received 3 responses out of 3 voters: 2 yes votes; 1 no votes. yes voters: 4c1fbdf19b9e4d61a570893d51ba2098, c6e96a50390b4838981d89dce4260f0e; no voters: d97e5d23d0a5451db6839ea54300030a
I20260608 12:48:38.907392 29627 raft_consensus.cc:2804] T f2d19c8789ea494489325408c1ca05fc P 4c1fbdf19b9e4d61a570893d51ba2098 [term 0 FOLLOWER]: Leader pre-election won for term 1
I20260608 12:48:38.907765 29627 raft_consensus.cc:493] T f2d19c8789ea494489325408c1ca05fc P 4c1fbdf19b9e4d61a570893d51ba2098 [term 0 FOLLOWER]: Starting leader election (no leader contacted us within the election timeout)
I20260608 12:48:38.907769 29600 raft_consensus.cc:359] T 91aeb47e318844cb83d8f9453a14fe7f P c6e96a50390b4838981d89dce4260f0e [term 0 FOLLOWER]: Replica starting. Triggering 0 pending ops. Active config: opid_index: -1 OBSOLETE_local: false peers { permanent_uuid: "4c1fbdf19b9e4d61a570893d51ba2098" member_type: VOTER last_known_addr { host: "127.24.78.1" port: 46469 } } peers { permanent_uuid: "d97e5d23d0a5451db6839ea54300030a" member_type: VOTER last_known_addr { host: "127.24.78.2" port: 34757 } } peers { permanent_uuid: "c6e96a50390b4838981d89dce4260f0e" member_type: VOTER last_known_addr { host: "127.24.78.3" port: 40807 } }
I20260608 12:48:38.908316 29627 raft_consensus.cc:3060] T f2d19c8789ea494489325408c1ca05fc P 4c1fbdf19b9e4d61a570893d51ba2098 [term 0 FOLLOWER]: Advancing to term 1
I20260608 12:48:38.908710 29600 raft_consensus.cc:385] T 91aeb47e318844cb83d8f9453a14fe7f P c6e96a50390b4838981d89dce4260f0e [term 0 FOLLOWER]: Consensus starting up: Expiring failure detector timer to make a prompt election more likely
I20260608 12:48:38.907862 29601 tablet_bootstrap.cc:654] T fa228d356c5b4d069f202004679f8a83 P 4c1fbdf19b9e4d61a570893d51ba2098: Neither blocks nor log segments found. Creating new log.
I20260608 12:48:38.909142 29600 raft_consensus.cc:740] T 91aeb47e318844cb83d8f9453a14fe7f P c6e96a50390b4838981d89dce4260f0e [term 0 FOLLOWER]: Becoming Follower/Learner. State: Replica: c6e96a50390b4838981d89dce4260f0e, State: Initialized, Role: FOLLOWER
I20260608 12:48:38.910041 29600 consensus_queue.cc:260] T 91aeb47e318844cb83d8f9453a14fe7f P c6e96a50390b4838981d89dce4260f0e [NON_LEADER]: Queue going to NON_LEADER mode. State: All replicated index: 0, Majority replicated index: 0, Committed index: 0, Last appended: 0.0, Last appended by leader: 0, Current term: 0, Majority size: -1, State: 0, Mode: NON_LEADER, active raft config: opid_index: -1 OBSOLETE_local: false peers { permanent_uuid: "4c1fbdf19b9e4d61a570893d51ba2098" member_type: VOTER last_known_addr { host: "127.24.78.1" port: 46469 } } peers { permanent_uuid: "d97e5d23d0a5451db6839ea54300030a" member_type: VOTER last_known_addr { host: "127.24.78.2" port: 34757 } } peers { permanent_uuid: "c6e96a50390b4838981d89dce4260f0e" member_type: VOTER last_known_addr { host: "127.24.78.3" port: 40807 } }
I20260608 12:48:38.912480 29600 ts_tablet_manager.cc:1434] T 91aeb47e318844cb83d8f9453a14fe7f P c6e96a50390b4838981d89dce4260f0e: Time spent starting tablet: real 0.008s	user 0.003s	sys 0.005s
I20260608 12:48:38.913899 29600 tablet_bootstrap.cc:492] T 1fdc28f448f04cdfaf58dbf61b3bbfe2 P c6e96a50390b4838981d89dce4260f0e: Bootstrap starting.
I20260608 12:48:38.918046 29629 raft_consensus.cc:515] T 494357380a91431fa1f3e6b48d5cca82 P 4c1fbdf19b9e4d61a570893d51ba2098 [term 1 FOLLOWER]: Starting leader election with config: opid_index: -1 OBSOLETE_local: false peers { permanent_uuid: "4c1fbdf19b9e4d61a570893d51ba2098" member_type: VOTER last_known_addr { host: "127.24.78.1" port: 46469 } } peers { permanent_uuid: "d97e5d23d0a5451db6839ea54300030a" member_type: VOTER last_known_addr { host: "127.24.78.2" port: 34757 } } peers { permanent_uuid: "c6e96a50390b4838981d89dce4260f0e" member_type: VOTER last_known_addr { host: "127.24.78.3" port: 40807 } }
I20260608 12:48:38.920657 29600 tablet_bootstrap.cc:654] T 1fdc28f448f04cdfaf58dbf61b3bbfe2 P c6e96a50390b4838981d89dce4260f0e: Neither blocks nor log segments found. Creating new log.
I20260608 12:48:38.922350 29478 tablet_service.cc:1917] Received RequestConsensusVote() RPC: tablet_id: "494357380a91431fa1f3e6b48d5cca82" candidate_uuid: "4c1fbdf19b9e4d61a570893d51ba2098" candidate_term: 1 candidate_status { last_received { term: 0 index: 0 } } ignore_live_leader: false dest_uuid: "d97e5d23d0a5451db6839ea54300030a"
W20260608 12:48:38.924080 29370 leader_election.cc:343] T 494357380a91431fa1f3e6b48d5cca82 P 4c1fbdf19b9e4d61a570893d51ba2098 [CANDIDATE]: Term 1 election: Tablet error from VoteRequest() call to peer d97e5d23d0a5451db6839ea54300030a (127.24.78.2:34757): Illegal state: must be running to vote when last-logged opid is not known
I20260608 12:48:38.924639 29553 tablet_service.cc:1917] Received RequestConsensusVote() RPC: tablet_id: "494357380a91431fa1f3e6b48d5cca82" candidate_uuid: "4c1fbdf19b9e4d61a570893d51ba2098" candidate_term: 1 candidate_status { last_received { term: 0 index: 0 } } ignore_live_leader: false dest_uuid: "c6e96a50390b4838981d89dce4260f0e"
I20260608 12:48:38.925473 29553 raft_consensus.cc:3060] T 494357380a91431fa1f3e6b48d5cca82 P c6e96a50390b4838981d89dce4260f0e [term 0 FOLLOWER]: Advancing to term 1
I20260608 12:48:38.936331 29638 raft_consensus.cc:493] T 8cd2bda0070642779864203eb00824ff P d97e5d23d0a5451db6839ea54300030a [term 0 FOLLOWER]: Starting pre-election (no leader contacted us within the election timeout)
I20260608 12:48:38.935542 29303 catalog_manager.cc:5696] T 91aeb47e318844cb83d8f9453a14fe7f P 4c1fbdf19b9e4d61a570893d51ba2098 reported cstate change: term changed from 0 to 1, leader changed from <none> to 4c1fbdf19b9e4d61a570893d51ba2098 (127.24.78.1). New cstate: current_term: 1 leader_uuid: "4c1fbdf19b9e4d61a570893d51ba2098" committed_config { opid_index: -1 OBSOLETE_local: false peers { permanent_uuid: "4c1fbdf19b9e4d61a570893d51ba2098" member_type: VOTER last_known_addr { host: "127.24.78.1" port: 46469 } health_report { overall_health: HEALTHY } } peers { permanent_uuid: "d97e5d23d0a5451db6839ea54300030a" member_type: VOTER last_known_addr { host: "127.24.78.2" port: 34757 } health_report { overall_health: UNKNOWN } } peers { permanent_uuid: "c6e96a50390b4838981d89dce4260f0e" member_type: VOTER last_known_addr { host: "127.24.78.3" port: 40807 } health_report { overall_health: UNKNOWN } } }
I20260608 12:48:38.936866 29638 raft_consensus.cc:515] T 8cd2bda0070642779864203eb00824ff P d97e5d23d0a5451db6839ea54300030a [term 0 FOLLOWER]: Starting pre-election with config: opid_index: -1 OBSOLETE_local: false peers { permanent_uuid: "4c1fbdf19b9e4d61a570893d51ba2098" member_type: VOTER last_known_addr { host: "127.24.78.1" port: 46469 } } peers { permanent_uuid: "d97e5d23d0a5451db6839ea54300030a" member_type: VOTER last_known_addr { host: "127.24.78.2" port: 34757 } } peers { permanent_uuid: "c6e96a50390b4838981d89dce4260f0e" member_type: VOTER last_known_addr { host: "127.24.78.3" port: 40807 } }
I20260608 12:48:38.939200 29638 leader_election.cc:290] T 8cd2bda0070642779864203eb00824ff P d97e5d23d0a5451db6839ea54300030a [CANDIDATE]: Term 1 pre-election: Requested pre-vote from peers 4c1fbdf19b9e4d61a570893d51ba2098 (127.24.78.1:46469), c6e96a50390b4838981d89dce4260f0e (127.24.78.3:40807)
I20260608 12:48:38.939419 29599 tablet_bootstrap.cc:492] T f2d19c8789ea494489325408c1ca05fc P d97e5d23d0a5451db6839ea54300030a: No bootstrap required, opened a new log
I20260608 12:48:38.940030 29599 ts_tablet_manager.cc:1403] T f2d19c8789ea494489325408c1ca05fc P d97e5d23d0a5451db6839ea54300030a: Time spent bootstrapping tablet: real 0.079s	user 0.022s	sys 0.000s
I20260608 12:48:38.941105 29552 tablet_service.cc:1917] Received RequestConsensusVote() RPC: tablet_id: "8cd2bda0070642779864203eb00824ff" candidate_uuid: "d97e5d23d0a5451db6839ea54300030a" candidate_term: 1 candidate_status { last_received { term: 0 index: 0 } } ignore_live_leader: false dest_uuid: "c6e96a50390b4838981d89dce4260f0e" is_pre_election: true
I20260608 12:48:38.941229 29607 raft_consensus.cc:493] T bb80484dd40c44049c616ad57fa00e8e P 4c1fbdf19b9e4d61a570893d51ba2098 [term 0 FOLLOWER]: Starting pre-election (no leader contacted us within the election timeout)
I20260608 12:48:38.941262 29627 raft_consensus.cc:515] T f2d19c8789ea494489325408c1ca05fc P 4c1fbdf19b9e4d61a570893d51ba2098 [term 1 FOLLOWER]: Starting leader election with config: opid_index: -1 OBSOLETE_local: false peers { permanent_uuid: "4c1fbdf19b9e4d61a570893d51ba2098" member_type: VOTER last_known_addr { host: "127.24.78.1" port: 46469 } } peers { permanent_uuid: "d97e5d23d0a5451db6839ea54300030a" member_type: VOTER last_known_addr { host: "127.24.78.2" port: 34757 } } peers { permanent_uuid: "c6e96a50390b4838981d89dce4260f0e" member_type: VOTER last_known_addr { host: "127.24.78.3" port: 40807 } }
I20260608 12:48:38.942116 29607 raft_consensus.cc:515] T bb80484dd40c44049c616ad57fa00e8e P 4c1fbdf19b9e4d61a570893d51ba2098 [term 0 FOLLOWER]: Starting pre-election with config: opid_index: -1 OBSOLETE_local: false peers { permanent_uuid: "4c1fbdf19b9e4d61a570893d51ba2098" member_type: VOTER last_known_addr { host: "127.24.78.1" port: 46469 } } peers { permanent_uuid: "d97e5d23d0a5451db6839ea54300030a" member_type: VOTER last_known_addr { host: "127.24.78.2" port: 34757 } } peers { permanent_uuid: "c6e96a50390b4838981d89dce4260f0e" member_type: VOTER last_known_addr { host: "127.24.78.3" port: 40807 } }
I20260608 12:48:38.942595 29405 tablet_service.cc:1917] Received RequestConsensusVote() RPC: tablet_id: "8cd2bda0070642779864203eb00824ff" candidate_uuid: "d97e5d23d0a5451db6839ea54300030a" candidate_term: 1 candidate_status { last_received { term: 0 index: 0 } } ignore_live_leader: false dest_uuid: "4c1fbdf19b9e4d61a570893d51ba2098" is_pre_election: true
I20260608 12:48:38.943375 29405 raft_consensus.cc:2393] T 8cd2bda0070642779864203eb00824ff P 4c1fbdf19b9e4d61a570893d51ba2098 [term 1 FOLLOWER]: Leader pre-election vote request: Denying vote to candidate d97e5d23d0a5451db6839ea54300030a in current term 1: Already voted for candidate 4c1fbdf19b9e4d61a570893d51ba2098 in this term.
I20260608 12:48:38.944301 29627 leader_election.cc:290] T f2d19c8789ea494489325408c1ca05fc P 4c1fbdf19b9e4d61a570893d51ba2098 [CANDIDATE]: Term 1 election: Requested vote from peers d97e5d23d0a5451db6839ea54300030a (127.24.78.2:34757), c6e96a50390b4838981d89dce4260f0e (127.24.78.3:40807)
I20260608 12:48:38.942018 29552 raft_consensus.cc:2393] T 8cd2bda0070642779864203eb00824ff P c6e96a50390b4838981d89dce4260f0e [term 1 FOLLOWER]: Leader pre-election vote request: Denying vote to candidate d97e5d23d0a5451db6839ea54300030a in current term 1: Already voted for candidate c6e96a50390b4838981d89dce4260f0e in this term.
I20260608 12:48:38.946504 29478 tablet_service.cc:1917] Received RequestConsensusVote() RPC: tablet_id: "f2d19c8789ea494489325408c1ca05fc" candidate_uuid: "4c1fbdf19b9e4d61a570893d51ba2098" candidate_term: 1 candidate_status { last_received { term: 0 index: 0 } } ignore_live_leader: false dest_uuid: "d97e5d23d0a5451db6839ea54300030a"
I20260608 12:48:38.944450 29607 leader_election.cc:290] T bb80484dd40c44049c616ad57fa00e8e P 4c1fbdf19b9e4d61a570893d51ba2098 [CANDIDATE]: Term 1 pre-election: Requested pre-vote from peers d97e5d23d0a5451db6839ea54300030a (127.24.78.2:34757), c6e96a50390b4838981d89dce4260f0e (127.24.78.3:40807)
I20260608 12:48:38.949791 29480 tablet_service.cc:1917] Received RequestConsensusVote() RPC: tablet_id: "bb80484dd40c44049c616ad57fa00e8e" candidate_uuid: "4c1fbdf19b9e4d61a570893d51ba2098" candidate_term: 1 candidate_status { last_received { term: 0 index: 0 } } ignore_live_leader: false dest_uuid: "d97e5d23d0a5451db6839ea54300030a" is_pre_election: true
I20260608 12:48:38.950444 29554 tablet_service.cc:1917] Received RequestConsensusVote() RPC: tablet_id: "f2d19c8789ea494489325408c1ca05fc" candidate_uuid: "4c1fbdf19b9e4d61a570893d51ba2098" candidate_term: 1 candidate_status { last_received { term: 0 index: 0 } } ignore_live_leader: false dest_uuid: "c6e96a50390b4838981d89dce4260f0e"
I20260608 12:48:38.950506 29480 raft_consensus.cc:2468] T bb80484dd40c44049c616ad57fa00e8e P d97e5d23d0a5451db6839ea54300030a [term 0 FOLLOWER]: Leader pre-election vote request: Granting yes vote for candidate 4c1fbdf19b9e4d61a570893d51ba2098 in term 0.
I20260608 12:48:38.951179 29554 raft_consensus.cc:3060] T f2d19c8789ea494489325408c1ca05fc P c6e96a50390b4838981d89dce4260f0e [term 0 FOLLOWER]: Advancing to term 1
I20260608 12:48:38.953619 29370 leader_election.cc:304] T bb80484dd40c44049c616ad57fa00e8e P 4c1fbdf19b9e4d61a570893d51ba2098 [CANDIDATE]: Term 1 pre-election: Election decided. Result: candidate won. Election summary: received 2 responses out of 3 voters: 2 yes votes; 0 no votes. yes voters: 4c1fbdf19b9e4d61a570893d51ba2098, d97e5d23d0a5451db6839ea54300030a; no voters: 
I20260608 12:48:38.954203 29551 tablet_service.cc:1917] Received RequestConsensusVote() RPC: tablet_id: "bb80484dd40c44049c616ad57fa00e8e" candidate_uuid: "4c1fbdf19b9e4d61a570893d51ba2098" candidate_term: 1 candidate_status { last_received { term: 0 index: 0 } } ignore_live_leader: false dest_uuid: "c6e96a50390b4838981d89dce4260f0e" is_pre_election: true
I20260608 12:48:38.954910 29551 raft_consensus.cc:2468] T bb80484dd40c44049c616ad57fa00e8e P c6e96a50390b4838981d89dce4260f0e [term 0 FOLLOWER]: Leader pre-election vote request: Granting yes vote for candidate 4c1fbdf19b9e4d61a570893d51ba2098 in term 0.
