I20260608 12:47:41.016901 27118 tablet_bootstrap.cc:492] T 00000000000000000000000000000000 P 7e7dc0bbe61e4a628d5437b4d26f081d: No bootstrap required, opened a new log
I20260608 12:47:41.019317 27118 raft_consensus.cc:359] T 00000000000000000000000000000000 P 7e7dc0bbe61e4a628d5437b4d26f081d [term 0 FOLLOWER]: Replica starting. Triggering 0 pending ops. Active config: opid_index: -1 OBSOLETE_local: true peers { permanent_uuid: "7e7dc0bbe61e4a628d5437b4d26f081d" member_type: VOTER }
I20260608 12:47:41.019769 27118 raft_consensus.cc:385] T 00000000000000000000000000000000 P 7e7dc0bbe61e4a628d5437b4d26f081d [term 0 FOLLOWER]: Consensus starting up: Expiring failure detector timer to make a prompt election more likely
I20260608 12:47:41.020011 27118 raft_consensus.cc:740] T 00000000000000000000000000000000 P 7e7dc0bbe61e4a628d5437b4d26f081d [term 0 FOLLOWER]: Becoming Follower/Learner. State: Replica: 7e7dc0bbe61e4a628d5437b4d26f081d, State: Initialized, Role: FOLLOWER
I20260608 12:47:41.020759 27118 consensus_queue.cc:260] T 00000000000000000000000000000000 P 7e7dc0bbe61e4a628d5437b4d26f081d [NON_LEADER]: Queue going to NON_LEADER mode. State: All replicated index: 0, Majority replicated index: 0, Committed index: 0, Last appended: 0.0, Last appended by leader: 0, Current term: 0, Majority size: -1, State: 0, Mode: NON_LEADER, active raft config: opid_index: -1 OBSOLETE_local: true peers { permanent_uuid: "7e7dc0bbe61e4a628d5437b4d26f081d" member_type: VOTER }
I20260608 12:47:41.021262 27118 raft_consensus.cc:399] T 00000000000000000000000000000000 P 7e7dc0bbe61e4a628d5437b4d26f081d [term 0 FOLLOWER]: Only one voter in the Raft config. Triggering election immediately
I20260608 12:47:41.021483 27118 raft_consensus.cc:493] T 00000000000000000000000000000000 P 7e7dc0bbe61e4a628d5437b4d26f081d [term 0 FOLLOWER]: Starting leader election (initial election of a single-replica configuration)
I20260608 12:47:41.021771 27118 raft_consensus.cc:3060] T 00000000000000000000000000000000 P 7e7dc0bbe61e4a628d5437b4d26f081d [term 0 FOLLOWER]: Advancing to term 1
I20260608 12:47:41.026288 27118 raft_consensus.cc:515] T 00000000000000000000000000000000 P 7e7dc0bbe61e4a628d5437b4d26f081d [term 1 FOLLOWER]: Starting leader election with config: opid_index: -1 OBSOLETE_local: true peers { permanent_uuid: "7e7dc0bbe61e4a628d5437b4d26f081d" member_type: VOTER }
I20260608 12:47:41.026801 27118 leader_election.cc:304] T 00000000000000000000000000000000 P 7e7dc0bbe61e4a628d5437b4d26f081d [CANDIDATE]: Term 1 election: Election decided. Result: candidate won. Election summary: received 1 responses out of 1 voters: 1 yes votes; 0 no votes. yes voters: 7e7dc0bbe61e4a628d5437b4d26f081d; no voters: 
I20260608 12:47:41.028092 27118 leader_election.cc:290] T 00000000000000000000000000000000 P 7e7dc0bbe61e4a628d5437b4d26f081d [CANDIDATE]: Term 1 election: Requested vote from peers 
I20260608 12:47:41.028636 27121 raft_consensus.cc:2804] T 00000000000000000000000000000000 P 7e7dc0bbe61e4a628d5437b4d26f081d [term 1 FOLLOWER]: Leader election won for term 1
I20260608 12:47:41.030055 27121 raft_consensus.cc:697] T 00000000000000000000000000000000 P 7e7dc0bbe61e4a628d5437b4d26f081d [term 1 LEADER]: Becoming Leader. State: Replica: 7e7dc0bbe61e4a628d5437b4d26f081d, State: Running, Role: LEADER
I20260608 12:47:41.030808 27121 consensus_queue.cc:237] T 00000000000000000000000000000000 P 7e7dc0bbe61e4a628d5437b4d26f081d [LEADER]: Queue going to LEADER mode. State: All replicated index: 0, Majority replicated index: 0, Committed index: 0, Last appended: 0.0, Last appended by leader: 0, Current term: 1, Majority size: 1, State: 0, Mode: LEADER, active raft config: opid_index: -1 OBSOLETE_local: true peers { permanent_uuid: "7e7dc0bbe61e4a628d5437b4d26f081d" member_type: VOTER }
I20260608 12:47:41.031148 27118 sys_catalog.cc:565] T 00000000000000000000000000000000 P 7e7dc0bbe61e4a628d5437b4d26f081d [sys.catalog]: configured and running, proceeding with master startup.
I20260608 12:47:41.034123 27122 sys_catalog.cc:455] T 00000000000000000000000000000000 P 7e7dc0bbe61e4a628d5437b4d26f081d [sys.catalog]: SysCatalogTable state changed. Reason: RaftConsensus started. Latest consensus state: current_term: 1 leader_uuid: "7e7dc0bbe61e4a628d5437b4d26f081d" committed_config { opid_index: -1 OBSOLETE_local: true peers { permanent_uuid: "7e7dc0bbe61e4a628d5437b4d26f081d" member_type: VOTER } }
I20260608 12:47:41.034123 27123 sys_catalog.cc:455] T 00000000000000000000000000000000 P 7e7dc0bbe61e4a628d5437b4d26f081d [sys.catalog]: SysCatalogTable state changed. Reason: New leader 7e7dc0bbe61e4a628d5437b4d26f081d. Latest consensus state: current_term: 1 leader_uuid: "7e7dc0bbe61e4a628d5437b4d26f081d" committed_config { opid_index: -1 OBSOLETE_local: true peers { permanent_uuid: "7e7dc0bbe61e4a628d5437b4d26f081d" member_type: VOTER } }
I20260608 12:47:41.034876 27122 sys_catalog.cc:458] T 00000000000000000000000000000000 P 7e7dc0bbe61e4a628d5437b4d26f081d [sys.catalog]: This master's current role is: LEADER
I20260608 12:47:41.035072 27123 sys_catalog.cc:458] T 00000000000000000000000000000000 P 7e7dc0bbe61e4a628d5437b4d26f081d [sys.catalog]: This master's current role is: LEADER
I20260608 12:47:41.038300 27126 catalog_manager.cc:1510] Loading table and tablet metadata into memory...
I20260608 12:47:41.044054 27126 catalog_manager.cc:1519] Initializing Kudu cluster ID...
I20260608 12:47:41.048255 24841 internal_mini_cluster.cc:184] Waiting to initialize catalog manager on master 0
I20260608 12:47:41.053586 27126 catalog_manager.cc:1382] Generated new cluster ID: e39c9e10b6004d209c71ef10b36d1587
I20260608 12:47:41.053898 27126 catalog_manager.cc:1530] Initializing Kudu internal certificate authority...
I20260608 12:47:41.076211 27126 catalog_manager.cc:1405] Generated new certificate authority record
I20260608 12:47:41.077527 27126 catalog_manager.cc:1539] Loading token signing keys...
I20260608 12:47:41.092877 27126 catalog_manager.cc:6069] T 00000000000000000000000000000000 P 7e7dc0bbe61e4a628d5437b4d26f081d: Generated new TSK 0
I20260608 12:47:41.093514 27126 catalog_manager.cc:1549] Initializing in-progress tserver states...
I20260608 12:47:41.114657 24841 file_cache.cc:492] Constructed file cache file cache with capacity 419430
W20260608 12:47:41.121228 27139 instance_detector.cc:116] could not retrieve AWS instance metadata: Network error: curl error: HTTP response code said error: The requested URL returned error: 404
W20260608 12:47:41.122568 27140 instance_detector.cc:116] could not retrieve Azure instance metadata: Network error: curl error: HTTP response code said error: The requested URL returned error: 404
W20260608 12:47:41.123788 27142 instance_detector.cc:116] could not retrieve OpenStack instance metadata: Network error: curl error: HTTP response code said error: The requested URL returned error: 404
I20260608 12:47:41.124161 24841 server_base.cc:1061] running on GCE node
I20260608 12:47:41.125144 24841 hybrid_clock.cc:584] initializing the hybrid clock with 'system_unsync' time source
W20260608 12:47:41.125341 24841 system_unsync_time.cc:38] NTP support is disabled. Clock error bounds will not be accurate. This configuration is not suitable for distributed clusters.
I20260608 12:47:41.125522 24841 hybrid_clock.cc:648] HybridClock initialized: now 1780922861125504 us; error 0 us; skew 500 ppm
I20260608 12:47:41.126125 24841 server_base.cc:861] Flag tcmalloc_max_total_thread_cache_bytes is not working since tcmalloc is not enabled.
I20260608 12:47:41.128520 24841 webserver.cc:533] Webserver started at http://127.24.66.65:33607/ using document root <none> and password file <none>
I20260608 12:47:41.129045 24841 fs_manager.cc:362] Metadata directory not provided
I20260608 12:47:41.129251 24841 fs_manager.cc:368] Using write-ahead log directory (fs_wal_dir) as metadata directory
I20260608 12:47:41.129522 24841 server_base.cc:909] This appears to be a new deployment of Kudu; creating new FS layout
I20260608 12:47:41.130771 24841 fs_manager.cc:1068] Generated new instance metadata in path /tmp/dist-test-task0_iHUh/test-tmp/auto_rebalancer-test.0.AutoRebalancerTest.NoReplicaMovesIfNoTablets.1780922796417103-24841-0/minicluster-data/ts-0-root/instance:
uuid: "e05a8dfcc4b34d10a929702c9ef45e81"
format_stamp: "Formatted at 2026-06-08 12:47:41 on dist-test-slave-2924"
I20260608 12:47:41.135980 24841 fs_manager.cc:696] Time spent creating directory manager: real 0.005s	user 0.003s	sys 0.004s
I20260608 12:47:41.139353 27147 log_block_manager.cc:4031] Time spent loading block containers with low live blocks: real 0.000s	user 0.000s	sys 0.000s
I20260608 12:47:41.140156 24841 fs_manager.cc:730] Time spent opening block manager: real 0.002s	user 0.003s	sys 0.000s
I20260608 12:47:41.140451 24841 fs_manager.cc:647] Opened local filesystem: /tmp/dist-test-task0_iHUh/test-tmp/auto_rebalancer-test.0.AutoRebalancerTest.NoReplicaMovesIfNoTablets.1780922796417103-24841-0/minicluster-data/ts-0-root
uuid: "e05a8dfcc4b34d10a929702c9ef45e81"
format_stamp: "Formatted at 2026-06-08 12:47:41 on dist-test-slave-2924"
I20260608 12:47:41.140720 24841 fs_report.cc:389] FS layout report
--------------------
wal directory: /tmp/dist-test-task0_iHUh/test-tmp/auto_rebalancer-test.0.AutoRebalancerTest.NoReplicaMovesIfNoTablets.1780922796417103-24841-0/minicluster-data/ts-0-root
metadata directory: /tmp/dist-test-task0_iHUh/test-tmp/auto_rebalancer-test.0.AutoRebalancerTest.NoReplicaMovesIfNoTablets.1780922796417103-24841-0/minicluster-data/ts-0-root
1 data directories: /tmp/dist-test-task0_iHUh/test-tmp/auto_rebalancer-test.0.AutoRebalancerTest.NoReplicaMovesIfNoTablets.1780922796417103-24841-0/minicluster-data/ts-0-root/data
Total live blocks: 0
Total live bytes: 0
Total live bytes (after alignment): 0
Total number of LBM containers: 0 (0 full)
Did not check for missing blocks
Did not check for orphaned blocks
Total full LBM containers with extra space: 0 (0 repaired)
Total full LBM container extra space in bytes: 0 (0 repaired)
Total incomplete LBM containers: 0 (0 repaired)
Total LBM partial records: 0 (0 repaired)
Total corrupted LBM metadata records in RocksDB: 0 (0 repaired)
I20260608 12:47:41.157370 24841 rpc_server.cc:225] running with OpenSSL 1.1.1  11 Sep 2018
I20260608 12:47:41.158565 24841 kserver.cc:163] Server-wide thread pool size limit: 3276
I20260608 12:47:41.160072 24841 txn_system_client.cc:432] TxnSystemClient initialization is disabled...
I20260608 12:47:41.162410 24841 ts_tablet_manager.cc:585] Loaded tablet metadata (0 total tablets, 0 live tablets)
I20260608 12:47:41.162582 24841 ts_tablet_manager.cc:531] Time spent load tablet metadata: real 0.000s	user 0.000s	sys 0.000s
I20260608 12:47:41.162884 24841 ts_tablet_manager.cc:616] Registered 0 tablets
I20260608 12:47:41.163043 24841 ts_tablet_manager.cc:595] Time spent register tablets: real 0.000s	user 0.000s	sys 0.000s
I20260608 12:47:41.204242 24841 rpc_server.cc:307] RPC server started. Bound to: 127.24.66.65:33349
I20260608 12:47:41.204360 27209 acceptor_pool.cc:272] collecting diagnostics on the listening RPC socket 127.24.66.65:33349 every 8 connection(s)
I20260608 12:47:41.209861 24841 file_cache.cc:492] Constructed file cache file cache with capacity 419430
W20260608 12:47:41.218462 27214 instance_detector.cc:116] could not retrieve AWS instance metadata: Network error: curl error: HTTP response code said error: The requested URL returned error: 404
W20260608 12:47:41.219780 27215 instance_detector.cc:116] could not retrieve Azure instance metadata: Network error: curl error: HTTP response code said error: The requested URL returned error: 404
W20260608 12:47:41.222528 27217 instance_detector.cc:116] could not retrieve OpenStack instance metadata: Network error: curl error: HTTP response code said error: The requested URL returned error: 404
I20260608 12:47:41.223503 24841 server_base.cc:1061] running on GCE node
I20260608 12:47:41.224488 24841 hybrid_clock.cc:584] initializing the hybrid clock with 'system_unsync' time source
W20260608 12:47:41.224725 24841 system_unsync_time.cc:38] NTP support is disabled. Clock error bounds will not be accurate. This configuration is not suitable for distributed clusters.
I20260608 12:47:41.224931 24841 hybrid_clock.cc:648] HybridClock initialized: now 1780922861224911 us; error 0 us; skew 500 ppm
I20260608 12:47:41.225553 24841 server_base.cc:861] Flag tcmalloc_max_total_thread_cache_bytes is not working since tcmalloc is not enabled.
I20260608 12:47:41.225481 27210 heartbeater.cc:344] Connected to a master server at 127.24.66.126:36843
I20260608 12:47:41.226122 27210 heartbeater.cc:461] Registering TS with master...
I20260608 12:47:41.227031 27210 heartbeater.cc:507] Master 127.24.66.126:36843 requested a full tablet report, sending...
I20260608 12:47:41.228333 24841 webserver.cc:533] Webserver started at http://127.24.66.66:42555/ using document root <none> and password file <none>
I20260608 12:47:41.228873 24841 fs_manager.cc:362] Metadata directory not provided
I20260608 12:47:41.229068 24841 fs_manager.cc:368] Using write-ahead log directory (fs_wal_dir) as metadata directory
I20260608 12:47:41.229389 24841 server_base.cc:909] This appears to be a new deployment of Kudu; creating new FS layout
I20260608 12:47:41.229506 27083 ts_manager.cc:194] Registered new tserver with Master: e05a8dfcc4b34d10a929702c9ef45e81 (127.24.66.65:33349)
I20260608 12:47:41.230655 24841 fs_manager.cc:1068] Generated new instance metadata in path /tmp/dist-test-task0_iHUh/test-tmp/auto_rebalancer-test.0.AutoRebalancerTest.NoReplicaMovesIfNoTablets.1780922796417103-24841-0/minicluster-data/ts-1-root/instance:
uuid: "e210070402d8462fbac75c9600e60516"
format_stamp: "Formatted at 2026-06-08 12:47:41 on dist-test-slave-2924"
I20260608 12:47:41.231541 27083 master_service.cc:502] Signed X509 certificate for tserver {username='slave'} at 127.0.0.1:58944
I20260608 12:47:41.235651 24841 fs_manager.cc:696] Time spent creating directory manager: real 0.004s	user 0.004s	sys 0.003s
I20260608 12:47:41.239284 27222 log_block_manager.cc:4031] Time spent loading block containers with low live blocks: real 0.000s	user 0.000s	sys 0.000s
I20260608 12:47:41.240129 24841 fs_manager.cc:730] Time spent opening block manager: real 0.002s	user 0.003s	sys 0.000s
I20260608 12:47:41.240415 24841 fs_manager.cc:647] Opened local filesystem: /tmp/dist-test-task0_iHUh/test-tmp/auto_rebalancer-test.0.AutoRebalancerTest.NoReplicaMovesIfNoTablets.1780922796417103-24841-0/minicluster-data/ts-1-root
uuid: "e210070402d8462fbac75c9600e60516"
format_stamp: "Formatted at 2026-06-08 12:47:41 on dist-test-slave-2924"
I20260608 12:47:41.240674 24841 fs_report.cc:389] FS layout report
--------------------
wal directory: /tmp/dist-test-task0_iHUh/test-tmp/auto_rebalancer-test.0.AutoRebalancerTest.NoReplicaMovesIfNoTablets.1780922796417103-24841-0/minicluster-data/ts-1-root
metadata directory: /tmp/dist-test-task0_iHUh/test-tmp/auto_rebalancer-test.0.AutoRebalancerTest.NoReplicaMovesIfNoTablets.1780922796417103-24841-0/minicluster-data/ts-1-root
1 data directories: /tmp/dist-test-task0_iHUh/test-tmp/auto_rebalancer-test.0.AutoRebalancerTest.NoReplicaMovesIfNoTablets.1780922796417103-24841-0/minicluster-data/ts-1-root/data
Total live blocks: 0
Total live bytes: 0
Total live bytes (after alignment): 0
Total number of LBM containers: 0 (0 full)
Did not check for missing blocks
Did not check for orphaned blocks
Total full LBM containers with extra space: 0 (0 repaired)
Total full LBM container extra space in bytes: 0 (0 repaired)
Total incomplete LBM containers: 0 (0 repaired)
Total LBM partial records: 0 (0 repaired)
Total corrupted LBM metadata records in RocksDB: 0 (0 repaired)
I20260608 12:47:41.267257 24841 rpc_server.cc:225] running with OpenSSL 1.1.1  11 Sep 2018
I20260608 12:47:41.268589 24841 kserver.cc:163] Server-wide thread pool size limit: 3276
I20260608 12:47:41.270052 24841 txn_system_client.cc:432] TxnSystemClient initialization is disabled...
I20260608 12:47:41.272425 24841 ts_tablet_manager.cc:585] Loaded tablet metadata (0 total tablets, 0 live tablets)
I20260608 12:47:41.272651 24841 ts_tablet_manager.cc:531] Time spent load tablet metadata: real 0.000s	user 0.000s	sys 0.000s
I20260608 12:47:41.272897 24841 ts_tablet_manager.cc:616] Registered 0 tablets
I20260608 12:47:41.273072 24841 ts_tablet_manager.cc:595] Time spent register tablets: real 0.000s	user 0.000s	sys 0.000s
I20260608 12:47:41.313073 24841 rpc_server.cc:307] RPC server started. Bound to: 127.24.66.66:42503
I20260608 12:47:41.313202 27284 acceptor_pool.cc:272] collecting diagnostics on the listening RPC socket 127.24.66.66:42503 every 8 connection(s)
I20260608 12:47:41.318220 24841 file_cache.cc:492] Constructed file cache file cache with capacity 419430
W20260608 12:47:41.326364 27288 instance_detector.cc:116] could not retrieve AWS instance metadata: Network error: curl error: HTTP response code said error: The requested URL returned error: 404
W20260608 12:47:41.328243 27289 instance_detector.cc:116] could not retrieve Azure instance metadata: Network error: curl error: HTTP response code said error: The requested URL returned error: 404
I20260608 12:47:41.331331 24841 server_base.cc:1061] running on GCE node
W20260608 12:47:41.331787 27291 instance_detector.cc:116] could not retrieve OpenStack instance metadata: Network error: curl error: HTTP response code said error: The requested URL returned error: 404
I20260608 12:47:41.332556 27285 heartbeater.cc:344] Connected to a master server at 127.24.66.126:36843
I20260608 12:47:41.332995 27285 heartbeater.cc:461] Registering TS with master...
I20260608 12:47:41.332998 24841 hybrid_clock.cc:584] initializing the hybrid clock with 'system_unsync' time source
W20260608 12:47:41.333446 24841 system_unsync_time.cc:38] NTP support is disabled. Clock error bounds will not be accurate. This configuration is not suitable for distributed clusters.
I20260608 12:47:41.333662 24841 hybrid_clock.cc:648] HybridClock initialized: now 1780922861333641 us; error 0 us; skew 500 ppm
I20260608 12:47:41.334108 27285 heartbeater.cc:507] Master 127.24.66.126:36843 requested a full tablet report, sending...
I20260608 12:47:41.334558 24841 server_base.cc:861] Flag tcmalloc_max_total_thread_cache_bytes is not working since tcmalloc is not enabled.
I20260608 12:47:41.336542 27083 ts_manager.cc:194] Registered new tserver with Master: e210070402d8462fbac75c9600e60516 (127.24.66.66:42503)
I20260608 12:47:41.337558 24841 webserver.cc:533] Webserver started at http://127.24.66.67:41999/ using document root <none> and password file <none>
I20260608 12:47:41.338121 24841 fs_manager.cc:362] Metadata directory not provided
I20260608 12:47:41.338135 27083 master_service.cc:502] Signed X509 certificate for tserver {username='slave'} at 127.0.0.1:58950
I20260608 12:47:41.338431 24841 fs_manager.cc:368] Using write-ahead log directory (fs_wal_dir) as metadata directory
I20260608 12:47:41.338804 24841 server_base.cc:909] This appears to be a new deployment of Kudu; creating new FS layout
I20260608 12:47:41.340154 24841 fs_manager.cc:1068] Generated new instance metadata in path /tmp/dist-test-task0_iHUh/test-tmp/auto_rebalancer-test.0.AutoRebalancerTest.NoReplicaMovesIfNoTablets.1780922796417103-24841-0/minicluster-data/ts-2-root/instance:
uuid: "3283a6086fe94993a7e4f374129cab35"
format_stamp: "Formatted at 2026-06-08 12:47:41 on dist-test-slave-2924"
I20260608 12:47:41.345505 24841 fs_manager.cc:696] Time spent creating directory manager: real 0.005s	user 0.002s	sys 0.002s
I20260608 12:47:41.349092 27296 log_block_manager.cc:4031] Time spent loading block containers with low live blocks: real 0.000s	user 0.000s	sys 0.000s
I20260608 12:47:41.349877 24841 fs_manager.cc:730] Time spent opening block manager: real 0.002s	user 0.002s	sys 0.001s
I20260608 12:47:41.350127 24841 fs_manager.cc:647] Opened local filesystem: /tmp/dist-test-task0_iHUh/test-tmp/auto_rebalancer-test.0.AutoRebalancerTest.NoReplicaMovesIfNoTablets.1780922796417103-24841-0/minicluster-data/ts-2-root
uuid: "3283a6086fe94993a7e4f374129cab35"
format_stamp: "Formatted at 2026-06-08 12:47:41 on dist-test-slave-2924"
I20260608 12:47:41.350365 24841 fs_report.cc:389] FS layout report
--------------------
wal directory: /tmp/dist-test-task0_iHUh/test-tmp/auto_rebalancer-test.0.AutoRebalancerTest.NoReplicaMovesIfNoTablets.1780922796417103-24841-0/minicluster-data/ts-2-root
metadata directory: /tmp/dist-test-task0_iHUh/test-tmp/auto_rebalancer-test.0.AutoRebalancerTest.NoReplicaMovesIfNoTablets.1780922796417103-24841-0/minicluster-data/ts-2-root
1 data directories: /tmp/dist-test-task0_iHUh/test-tmp/auto_rebalancer-test.0.AutoRebalancerTest.NoReplicaMovesIfNoTablets.1780922796417103-24841-0/minicluster-data/ts-2-root/data
Total live blocks: 0
Total live bytes: 0
Total live bytes (after alignment): 0
Total number of LBM containers: 0 (0 full)
Did not check for missing blocks
Did not check for orphaned blocks
Total full LBM containers with extra space: 0 (0 repaired)
Total full LBM container extra space in bytes: 0 (0 repaired)
Total incomplete LBM containers: 0 (0 repaired)
Total LBM partial records: 0 (0 repaired)
Total corrupted LBM metadata records in RocksDB: 0 (0 repaired)
I20260608 12:47:41.361182 24841 rpc_server.cc:225] running with OpenSSL 1.1.1  11 Sep 2018
I20260608 12:47:41.362373 24841 kserver.cc:163] Server-wide thread pool size limit: 3276
I20260608 12:47:41.363791 24841 txn_system_client.cc:432] TxnSystemClient initialization is disabled...
I20260608 12:47:41.366163 24841 ts_tablet_manager.cc:585] Loaded tablet metadata (0 total tablets, 0 live tablets)
I20260608 12:47:41.366336 24841 ts_tablet_manager.cc:531] Time spent load tablet metadata: real 0.000s	user 0.000s	sys 0.000s
I20260608 12:47:41.366618 24841 ts_tablet_manager.cc:616] Registered 0 tablets
I20260608 12:47:41.366760 24841 ts_tablet_manager.cc:595] Time spent register tablets: real 0.000s	user 0.000s	sys 0.000s
I20260608 12:47:41.408281 24841 rpc_server.cc:307] RPC server started. Bound to: 127.24.66.67:41085
I20260608 12:47:41.408411 27358 acceptor_pool.cc:272] collecting diagnostics on the listening RPC socket 127.24.66.67:41085 every 8 connection(s)
I20260608 12:47:41.422597 27359 heartbeater.cc:344] Connected to a master server at 127.24.66.126:36843
I20260608 12:47:41.423000 27359 heartbeater.cc:461] Registering TS with master...
I20260608 12:47:41.423754 27359 heartbeater.cc:507] Master 127.24.66.126:36843 requested a full tablet report, sending...
I20260608 12:47:41.425805 27083 ts_manager.cc:194] Registered new tserver with Master: 3283a6086fe94993a7e4f374129cab35 (127.24.66.67:41085)
I20260608 12:47:41.426359 24841 internal_mini_cluster.cc:371] 3 TS(s) registered with all masters after 0.014693199s
I20260608 12:47:41.427597 27083 master_service.cc:502] Signed X509 certificate for tserver {username='slave'} at 127.0.0.1:58962
I20260608 12:47:42.234278 27210 heartbeater.cc:499] Master 127.24.66.126:36843 was elected leader, sending a full tablet report...
I20260608 12:47:42.341064 27285 heartbeater.cc:499] Master 127.24.66.126:36843 was elected leader, sending a full tablet report...
I20260608 12:47:42.430558 27359 heartbeater.cc:499] Master 127.24.66.126:36843 was elected leader, sending a full tablet report...
I20260608 12:47:43.047829 27136 auto_leader_rebalancer.cc:451] All tables' leader rebalancing finished this round
I20260608 12:47:45.048841 27136 auto_leader_rebalancer.cc:451] All tables' leader rebalancing finished this round
I20260608 12:47:47.050067 27136 auto_leader_rebalancer.cc:451] All tables' leader rebalancing finished this round
W20260608 12:47:47.200526 27206 debug-util.cc:398] Leaking SignalData structure 0x7b0800091b00 after lost signal to thread 24844
W20260608 12:47:47.201809 27206 debug-util.cc:398] Leaking SignalData structure 0x7b0800120be0 after lost signal to thread 27117
W20260608 12:47:47.202975 27206 debug-util.cc:398] Leaking SignalData structure 0x7b080017b040 after lost signal to thread 27209
W20260608 12:47:47.204298 27206 debug-util.cc:398] Leaking SignalData structure 0x7b0800014980 after lost signal to thread 27284
W20260608 12:47:47.205410 27206 debug-util.cc:398] Leaking SignalData structure 0x7b0800139ac0 after lost signal to thread 27358
I20260608 12:47:49.051357 27136 auto_leader_rebalancer.cc:451] All tables' leader rebalancing finished this round
I20260608 12:47:51.052369 27136 auto_leader_rebalancer.cc:451] All tables' leader rebalancing finished this round
I20260608 12:47:53.053352 27136 auto_leader_rebalancer.cc:451] All tables' leader rebalancing finished this round
I20260608 12:47:54.043813 24841 tablet_server.cc:179] TabletServer@127.24.66.65:0 shutting down...
I20260608 12:47:54.072319 24841 ts_tablet_manager.cc:1507] Shutting down tablet manager...
I20260608 12:47:54.105705 24841 tablet_server.cc:196] TabletServer@127.24.66.65:0 shutdown complete.
I20260608 12:47:54.116154 24841 tablet_server.cc:179] TabletServer@127.24.66.66:0 shutting down...
I20260608 12:47:54.141299 24841 ts_tablet_manager.cc:1507] Shutting down tablet manager...
I20260608 12:47:54.157922 24841 tablet_server.cc:196] TabletServer@127.24.66.66:0 shutdown complete.
I20260608 12:47:54.166909 24841 tablet_server.cc:179] TabletServer@127.24.66.67:0 shutting down...
I20260608 12:47:54.185824 24841 ts_tablet_manager.cc:1507] Shutting down tablet manager...
I20260608 12:47:54.201839 24841 tablet_server.cc:196] TabletServer@127.24.66.67:0 shutdown complete.
I20260608 12:47:54.210991 24841 master.cc:562] Master@127.24.66.126:36843 shutting down...
I20260608 12:47:54.230702 24841 raft_consensus.cc:2243] T 00000000000000000000000000000000 P 7e7dc0bbe61e4a628d5437b4d26f081d [term 1 LEADER]: Raft consensus shutting down.
I20260608 12:47:54.231464 24841 raft_consensus.cc:2272] T 00000000000000000000000000000000 P 7e7dc0bbe61e4a628d5437b4d26f081d [term 1 FOLLOWER]: Raft consensus is shut down!
I20260608 12:47:54.231798 24841 tablet_replica.cc:333] T 00000000000000000000000000000000 P 7e7dc0bbe61e4a628d5437b4d26f081d: stopping tablet replica
I20260608 12:47:54.250070 24841 master.cc:584] Master@127.24.66.126:36843 shutdown complete.
[       OK ] AutoRebalancerTest.NoReplicaMovesIfNoTablets (13372 ms)
[ RUN      ] AutoRebalancerTest.RangeAwareBuildClusterInfoGroupsByRange
I20260608 12:47:54.283037 24841 internal_mini_cluster.cc:156] Creating distributed mini masters. Addrs: 127.24.66.126:42163
I20260608 12:47:54.284291 24841 file_cache.cc:492] Constructed file cache file cache with capacity 419430
W20260608 12:47:54.290004 27365 instance_detector.cc:116] could not retrieve Azure instance metadata: Network error: curl error: HTTP response code said error: The requested URL returned error: 404
W20260608 12:47:54.290057 27364 instance_detector.cc:116] could not retrieve AWS instance metadata: Network error: curl error: HTTP response code said error: The requested URL returned error: 404
W20260608 12:47:54.290867 27367 instance_detector.cc:116] could not retrieve OpenStack instance metadata: Network error: curl error: HTTP response code said error: The requested URL returned error: 404
I20260608 12:47:54.292205 24841 server_base.cc:1061] running on GCE node
I20260608 12:47:54.293135 24841 hybrid_clock.cc:584] initializing the hybrid clock with 'system_unsync' time source
W20260608 12:47:54.293351 24841 system_unsync_time.cc:38] NTP support is disabled. Clock error bounds will not be accurate. This configuration is not suitable for distributed clusters.
I20260608 12:47:54.293517 24841 hybrid_clock.cc:648] HybridClock initialized: now 1780922874293502 us; error 0 us; skew 500 ppm
I20260608 12:47:54.294073 24841 server_base.cc:861] Flag tcmalloc_max_total_thread_cache_bytes is not working since tcmalloc is not enabled.
I20260608 12:47:54.296504 24841 webserver.cc:533] Webserver started at http://127.24.66.126:45751/ using document root <none> and password file <none>
I20260608 12:47:54.297003 24841 fs_manager.cc:362] Metadata directory not provided
I20260608 12:47:54.297204 24841 fs_manager.cc:368] Using write-ahead log directory (fs_wal_dir) as metadata directory
I20260608 12:47:54.297472 24841 server_base.cc:909] This appears to be a new deployment of Kudu; creating new FS layout
I20260608 12:47:54.298617 24841 fs_manager.cc:1068] Generated new instance metadata in path /tmp/dist-test-task0_iHUh/test-tmp/auto_rebalancer-test.0.AutoRebalancerTest.RangeAwareBuildClusterInfoGroupsByRange.1780922796417103-24841-0/minicluster-data/master-0-root/instance:
uuid: "6a148abe314f482d84bb23c74c2dafa7"
format_stamp: "Formatted at 2026-06-08 12:47:54 on dist-test-slave-2924"
I20260608 12:47:54.303112 24841 fs_manager.cc:696] Time spent creating directory manager: real 0.004s	user 0.006s	sys 0.000s
I20260608 12:47:54.306600 27372 log_block_manager.cc:4031] Time spent loading block containers with low live blocks: real 0.000s	user 0.000s	sys 0.000s
I20260608 12:47:54.307354 24841 fs_manager.cc:730] Time spent opening block manager: real 0.002s	user 0.002s	sys 0.000s
I20260608 12:47:54.307639 24841 fs_manager.cc:647] Opened local filesystem: /tmp/dist-test-task0_iHUh/test-tmp/auto_rebalancer-test.0.AutoRebalancerTest.RangeAwareBuildClusterInfoGroupsByRange.1780922796417103-24841-0/minicluster-data/master-0-root
uuid: "6a148abe314f482d84bb23c74c2dafa7"
format_stamp: "Formatted at 2026-06-08 12:47:54 on dist-test-slave-2924"
I20260608 12:47:54.307971 24841 fs_report.cc:389] FS layout report
--------------------
wal directory: /tmp/dist-test-task0_iHUh/test-tmp/auto_rebalancer-test.0.AutoRebalancerTest.RangeAwareBuildClusterInfoGroupsByRange.1780922796417103-24841-0/minicluster-data/master-0-root
metadata directory: /tmp/dist-test-task0_iHUh/test-tmp/auto_rebalancer-test.0.AutoRebalancerTest.RangeAwareBuildClusterInfoGroupsByRange.1780922796417103-24841-0/minicluster-data/master-0-root
1 data directories: /tmp/dist-test-task0_iHUh/test-tmp/auto_rebalancer-test.0.AutoRebalancerTest.RangeAwareBuildClusterInfoGroupsByRange.1780922796417103-24841-0/minicluster-data/master-0-root/data
Total live blocks: 0
Total live bytes: 0
Total live bytes (after alignment): 0
Total number of LBM containers: 0 (0 full)
Did not check for missing blocks
Did not check for orphaned blocks
Total full LBM containers with extra space: 0 (0 repaired)
Total full LBM container extra space in bytes: 0 (0 repaired)
Total incomplete LBM containers: 0 (0 repaired)
Total LBM partial records: 0 (0 repaired)
Total corrupted LBM metadata records in RocksDB: 0 (0 repaired)
I20260608 12:47:54.319084 24841 rpc_server.cc:225] running with OpenSSL 1.1.1  11 Sep 2018
I20260608 12:47:54.320410 24841 kserver.cc:163] Server-wide thread pool size limit: 3276
I20260608 12:47:54.358952 24841 rpc_server.cc:307] RPC server started. Bound to: 127.24.66.126:42163
I20260608 12:47:54.359107 27423 acceptor_pool.cc:272] collecting diagnostics on the listening RPC socket 127.24.66.126:42163 every 8 connection(s)
I20260608 12:47:54.363158 27424 data_dirs.cc:400] Could only allocate 1 dirs of requested 3 for tablet 00000000000000000000000000000000. 1 dirs total, 0 dirs full, 0 dirs failed
I20260608 12:47:54.373997 27424 tablet_bootstrap.cc:492] T 00000000000000000000000000000000 P 6a148abe314f482d84bb23c74c2dafa7: Bootstrap starting.
I20260608 12:47:54.378755 27424 tablet_bootstrap.cc:654] T 00000000000000000000000000000000 P 6a148abe314f482d84bb23c74c2dafa7: Neither blocks nor log segments found. Creating new log.
I20260608 12:47:54.383097 27424 tablet_bootstrap.cc:492] T 00000000000000000000000000000000 P 6a148abe314f482d84bb23c74c2dafa7: No bootstrap required, opened a new log
I20260608 12:47:54.385499 27424 raft_consensus.cc:359] T 00000000000000000000000000000000 P 6a148abe314f482d84bb23c74c2dafa7 [term 0 FOLLOWER]: Replica starting. Triggering 0 pending ops. Active config: opid_index: -1 OBSOLETE_local: true peers { permanent_uuid: "6a148abe314f482d84bb23c74c2dafa7" member_type: VOTER }
I20260608 12:47:54.385949 27424 raft_consensus.cc:385] T 00000000000000000000000000000000 P 6a148abe314f482d84bb23c74c2dafa7 [term 0 FOLLOWER]: Consensus starting up: Expiring failure detector timer to make a prompt election more likely
I20260608 12:47:54.386147 27424 raft_consensus.cc:740] T 00000000000000000000000000000000 P 6a148abe314f482d84bb23c74c2dafa7 [term 0 FOLLOWER]: Becoming Follower/Learner. State: Replica: 6a148abe314f482d84bb23c74c2dafa7, State: Initialized, Role: FOLLOWER
I20260608 12:47:54.386821 27424 consensus_queue.cc:260] T 00000000000000000000000000000000 P 6a148abe314f482d84bb23c74c2dafa7 [NON_LEADER]: Queue going to NON_LEADER mode. State: All replicated index: 0, Majority replicated index: 0, Committed index: 0, Last appended: 0.0, Last appended by leader: 0, Current term: 0, Majority size: -1, State: 0, Mode: NON_LEADER, active raft config: opid_index: -1 OBSOLETE_local: true peers { permanent_uuid: "6a148abe314f482d84bb23c74c2dafa7" member_type: VOTER }
I20260608 12:47:54.387274 27424 raft_consensus.cc:399] T 00000000000000000000000000000000 P 6a148abe314f482d84bb23c74c2dafa7 [term 0 FOLLOWER]: Only one voter in the Raft config. Triggering election immediately
I20260608 12:47:54.387477 27424 raft_consensus.cc:493] T 00000000000000000000000000000000 P 6a148abe314f482d84bb23c74c2dafa7 [term 0 FOLLOWER]: Starting leader election (initial election of a single-replica configuration)
I20260608 12:47:54.387710 27424 raft_consensus.cc:3060] T 00000000000000000000000000000000 P 6a148abe314f482d84bb23c74c2dafa7 [term 0 FOLLOWER]: Advancing to term 1
I20260608 12:47:54.391916 27424 raft_consensus.cc:515] T 00000000000000000000000000000000 P 6a148abe314f482d84bb23c74c2dafa7 [term 1 FOLLOWER]: Starting leader election with config: opid_index: -1 OBSOLETE_local: true peers { permanent_uuid: "6a148abe314f482d84bb23c74c2dafa7" member_type: VOTER }
I20260608 12:47:54.392408 27424 leader_election.cc:304] T 00000000000000000000000000000000 P 6a148abe314f482d84bb23c74c2dafa7 [CANDIDATE]: Term 1 election: Election decided. Result: candidate won. Election summary: received 1 responses out of 1 voters: 1 yes votes; 0 no votes. yes voters: 6a148abe314f482d84bb23c74c2dafa7; no voters: 
I20260608 12:47:54.393587 27424 leader_election.cc:290] T 00000000000000000000000000000000 P 6a148abe314f482d84bb23c74c2dafa7 [CANDIDATE]: Term 1 election: Requested vote from peers 
I20260608 12:47:54.394066 27427 raft_consensus.cc:2804] T 00000000000000000000000000000000 P 6a148abe314f482d84bb23c74c2dafa7 [term 1 FOLLOWER]: Leader election won for term 1
I20260608 12:47:54.395532 27427 raft_consensus.cc:697] T 00000000000000000000000000000000 P 6a148abe314f482d84bb23c74c2dafa7 [term 1 LEADER]: Becoming Leader. State: Replica: 6a148abe314f482d84bb23c74c2dafa7, State: Running, Role: LEADER
I20260608 12:47:54.396195 27427 consensus_queue.cc:237] T 00000000000000000000000000000000 P 6a148abe314f482d84bb23c74c2dafa7 [LEADER]: Queue going to LEADER mode. State: All replicated index: 0, Majority replicated index: 0, Committed index: 0, Last appended: 0.0, Last appended by leader: 0, Current term: 1, Majority size: 1, State: 0, Mode: LEADER, active raft config: opid_index: -1 OBSOLETE_local: true peers { permanent_uuid: "6a148abe314f482d84bb23c74c2dafa7" member_type: VOTER }
I20260608 12:47:54.396957 27424 sys_catalog.cc:565] T 00000000000000000000000000000000 P 6a148abe314f482d84bb23c74c2dafa7 [sys.catalog]: configured and running, proceeding with master startup.
I20260608 12:47:54.402097 27428 sys_catalog.cc:455] T 00000000000000000000000000000000 P 6a148abe314f482d84bb23c74c2dafa7 [sys.catalog]: SysCatalogTable state changed. Reason: RaftConsensus started. Latest consensus state: current_term: 1 leader_uuid: "6a148abe314f482d84bb23c74c2dafa7" committed_config { opid_index: -1 OBSOLETE_local: true peers { permanent_uuid: "6a148abe314f482d84bb23c74c2dafa7" member_type: VOTER } }
I20260608 12:47:54.402783 27428 sys_catalog.cc:458] T 00000000000000000000000000000000 P 6a148abe314f482d84bb23c74c2dafa7 [sys.catalog]: This master's current role is: LEADER
I20260608 12:47:54.403797 27429 sys_catalog.cc:455] T 00000000000000000000000000000000 P 6a148abe314f482d84bb23c74c2dafa7 [sys.catalog]: SysCatalogTable state changed. Reason: New leader 6a148abe314f482d84bb23c74c2dafa7. Latest consensus state: current_term: 1 leader_uuid: "6a148abe314f482d84bb23c74c2dafa7" committed_config { opid_index: -1 OBSOLETE_local: true peers { permanent_uuid: "6a148abe314f482d84bb23c74c2dafa7" member_type: VOTER } }
I20260608 12:47:54.404615 27429 sys_catalog.cc:458] T 00000000000000000000000000000000 P 6a148abe314f482d84bb23c74c2dafa7 [sys.catalog]: This master's current role is: LEADER
I20260608 12:47:54.408962 27435 catalog_manager.cc:1510] Loading table and tablet metadata into memory...
I20260608 12:47:54.414536 27435 catalog_manager.cc:1519] Initializing Kudu cluster ID...
I20260608 12:47:54.415675 24841 internal_mini_cluster.cc:184] Waiting to initialize catalog manager on master 0
I20260608 12:47:54.424067 27435 catalog_manager.cc:1382] Generated new cluster ID: bcf823cca3a94be4ba8e0ef6209b5ae1
I20260608 12:47:54.424400 27435 catalog_manager.cc:1530] Initializing Kudu internal certificate authority...
I20260608 12:47:54.439440 27435 catalog_manager.cc:1405] Generated new certificate authority record
I20260608 12:47:54.440814 27435 catalog_manager.cc:1539] Loading token signing keys...
I20260608 12:47:54.465534 27435 catalog_manager.cc:6069] T 00000000000000000000000000000000 P 6a148abe314f482d84bb23c74c2dafa7: Generated new TSK 0
I20260608 12:47:54.466156 27435 catalog_manager.cc:1549] Initializing in-progress tserver states...
I20260608 12:47:54.482652 24841 file_cache.cc:492] Constructed file cache file cache with capacity 419430
W20260608 12:47:54.488974 27445 instance_detector.cc:116] could not retrieve AWS instance metadata: Network error: curl error: HTTP response code said error: The requested URL returned error: 404
W20260608 12:47:54.490053 27446 instance_detector.cc:116] could not retrieve Azure instance metadata: Network error: curl error: HTTP response code said error: The requested URL returned error: 404
W20260608 12:47:54.491809 27448 instance_detector.cc:116] could not retrieve OpenStack instance metadata: Network error: curl error: HTTP response code said error: The requested URL returned error: 404
I20260608 12:47:54.491914 24841 server_base.cc:1061] running on GCE node
I20260608 12:47:54.493038 24841 hybrid_clock.cc:584] initializing the hybrid clock with 'system_unsync' time source
W20260608 12:47:54.493268 24841 system_unsync_time.cc:38] NTP support is disabled. Clock error bounds will not be accurate. This configuration is not suitable for distributed clusters.
I20260608 12:47:54.493439 24841 hybrid_clock.cc:648] HybridClock initialized: now 1780922874493425 us; error 0 us; skew 500 ppm
I20260608 12:47:54.494024 24841 server_base.cc:861] Flag tcmalloc_max_total_thread_cache_bytes is not working since tcmalloc is not enabled.
I20260608 12:47:54.496390 24841 webserver.cc:533] Webserver started at http://127.24.66.65:40913/ using document root <none> and password file <none>
I20260608 12:47:54.496896 24841 fs_manager.cc:362] Metadata directory not provided
I20260608 12:47:54.497097 24841 fs_manager.cc:368] Using write-ahead log directory (fs_wal_dir) as metadata directory
I20260608 12:47:54.497361 24841 server_base.cc:909] This appears to be a new deployment of Kudu; creating new FS layout
I20260608 12:47:54.498549 24841 fs_manager.cc:1068] Generated new instance metadata in path /tmp/dist-test-task0_iHUh/test-tmp/auto_rebalancer-test.0.AutoRebalancerTest.RangeAwareBuildClusterInfoGroupsByRange.1780922796417103-24841-0/minicluster-data/ts-0-root/instance:
uuid: "7c9375f2a2ac431f800ebe60aa63dc35"
format_stamp: "Formatted at 2026-06-08 12:47:54 on dist-test-slave-2924"
I20260608 12:47:54.503389 24841 fs_manager.cc:696] Time spent creating directory manager: real 0.004s	user 0.004s	sys 0.003s
I20260608 12:47:54.506865 27453 log_block_manager.cc:4031] Time spent loading block containers with low live blocks: real 0.000s	user 0.000s	sys 0.000s
I20260608 12:47:54.507802 24841 fs_manager.cc:730] Time spent opening block manager: real 0.002s	user 0.003s	sys 0.000s
I20260608 12:47:54.508240 24841 fs_manager.cc:647] Opened local filesystem: /tmp/dist-test-task0_iHUh/test-tmp/auto_rebalancer-test.0.AutoRebalancerTest.RangeAwareBuildClusterInfoGroupsByRange.1780922796417103-24841-0/minicluster-data/ts-0-root
uuid: "7c9375f2a2ac431f800ebe60aa63dc35"
format_stamp: "Formatted at 2026-06-08 12:47:54 on dist-test-slave-2924"
I20260608 12:47:54.508517 24841 fs_report.cc:389] FS layout report
--------------------
wal directory: /tmp/dist-test-task0_iHUh/test-tmp/auto_rebalancer-test.0.AutoRebalancerTest.RangeAwareBuildClusterInfoGroupsByRange.1780922796417103-24841-0/minicluster-data/ts-0-root
metadata directory: /tmp/dist-test-task0_iHUh/test-tmp/auto_rebalancer-test.0.AutoRebalancerTest.RangeAwareBuildClusterInfoGroupsByRange.1780922796417103-24841-0/minicluster-data/ts-0-root
1 data directories: /tmp/dist-test-task0_iHUh/test-tmp/auto_rebalancer-test.0.AutoRebalancerTest.RangeAwareBuildClusterInfoGroupsByRange.1780922796417103-24841-0/minicluster-data/ts-0-root/data
Total live blocks: 0
Total live bytes: 0
Total live bytes (after alignment): 0
Total number of LBM containers: 0 (0 full)
Did not check for missing blocks
Did not check for orphaned blocks
Total full LBM containers with extra space: 0 (0 repaired)
Total full LBM container extra space in bytes: 0 (0 repaired)
Total incomplete LBM containers: 0 (0 repaired)
Total LBM partial records: 0 (0 repaired)
Total corrupted LBM metadata records in RocksDB: 0 (0 repaired)
I20260608 12:47:54.533574 24841 rpc_server.cc:225] running with OpenSSL 1.1.1  11 Sep 2018
I20260608 12:47:54.534802 24841 kserver.cc:163] Server-wide thread pool size limit: 3276
I20260608 12:47:54.536343 24841 txn_system_client.cc:432] TxnSystemClient initialization is disabled...
I20260608 12:47:54.538889 24841 ts_tablet_manager.cc:585] Loaded tablet metadata (0 total tablets, 0 live tablets)
I20260608 12:47:54.539103 24841 ts_tablet_manager.cc:531] Time spent load tablet metadata: real 0.000s	user 0.000s	sys 0.000s
I20260608 12:47:54.539381 24841 ts_tablet_manager.cc:616] Registered 0 tablets
I20260608 12:47:54.539547 24841 ts_tablet_manager.cc:595] Time spent register tablets: real 0.000s	user 0.000s	sys 0.000s
I20260608 12:47:54.581598 24841 rpc_server.cc:307] RPC server started. Bound to: 127.24.66.65:33365
I20260608 12:47:54.581698 27515 acceptor_pool.cc:272] collecting diagnostics on the listening RPC socket 127.24.66.65:33365 every 8 connection(s)
I20260608 12:47:54.587292 24841 file_cache.cc:492] Constructed file cache file cache with capacity 419430
W20260608 12:47:54.594692 27520 instance_detector.cc:116] could not retrieve AWS instance metadata: Network error: curl error: HTTP response code said error: The requested URL returned error: 404
W20260608 12:47:54.595144 27521 instance_detector.cc:116] could not retrieve Azure instance metadata: Network error: curl error: HTTP response code said error: The requested URL returned error: 404
I20260608 12:47:54.598300 24841 server_base.cc:1061] running on GCE node
W20260608 12:47:54.598955 27523 instance_detector.cc:116] could not retrieve OpenStack instance metadata: Network error: curl error: HTTP response code said error: The requested URL returned error: 404
I20260608 12:47:54.599802 24841 hybrid_clock.cc:584] initializing the hybrid clock with 'system_unsync' time source
W20260608 12:47:54.600050 24841 system_unsync_time.cc:38] NTP support is disabled. Clock error bounds will not be accurate. This configuration is not suitable for distributed clusters.
I20260608 12:47:54.600250 24841 hybrid_clock.cc:648] HybridClock initialized: now 1780922874600235 us; error 0 us; skew 500 ppm
I20260608 12:47:54.600785 24841 server_base.cc:861] Flag tcmalloc_max_total_thread_cache_bytes is not working since tcmalloc is not enabled.
I20260608 12:47:54.603686 24841 webserver.cc:533] Webserver started at http://127.24.66.66:46769/ using document root <none> and password file <none>
I20260608 12:47:54.604394 24841 fs_manager.cc:362] Metadata directory not provided
I20260608 12:47:54.604586 27516 heartbeater.cc:344] Connected to a master server at 127.24.66.126:42163
I20260608 12:47:54.604643 24841 fs_manager.cc:368] Using write-ahead log directory (fs_wal_dir) as metadata directory
I20260608 12:47:54.605058 27516 heartbeater.cc:461] Registering TS with master...
I20260608 12:47:54.605115 24841 server_base.cc:909] This appears to be a new deployment of Kudu; creating new FS layout
I20260608 12:47:54.605876 27516 heartbeater.cc:507] Master 127.24.66.126:42163 requested a full tablet report, sending...
I20260608 12:47:54.606577 24841 fs_manager.cc:1068] Generated new instance metadata in path /tmp/dist-test-task0_iHUh/test-tmp/auto_rebalancer-test.0.AutoRebalancerTest.RangeAwareBuildClusterInfoGroupsByRange.1780922796417103-24841-0/minicluster-data/ts-1-root/instance:
uuid: "150c204c8e39427d8f12bce515c016ed"
format_stamp: "Formatted at 2026-06-08 12:47:54 on dist-test-slave-2924"
I20260608 12:47:54.608433 27389 ts_manager.cc:194] Registered new tserver with Master: 7c9375f2a2ac431f800ebe60aa63dc35 (127.24.66.65:33365)
I20260608 12:47:54.611400 27389 master_service.cc:502] Signed X509 certificate for tserver {username='slave'} at 127.0.0.1:60934
I20260608 12:47:54.613883 24841 fs_manager.cc:696] Time spent creating directory manager: real 0.007s	user 0.004s	sys 0.004s
I20260608 12:47:54.617769 27528 log_block_manager.cc:4031] Time spent loading block containers with low live blocks: real 0.000s	user 0.000s	sys 0.000s
I20260608 12:47:54.618548 24841 fs_manager.cc:730] Time spent opening block manager: real 0.002s	user 0.001s	sys 0.000s
I20260608 12:47:54.618852 24841 fs_manager.cc:647] Opened local filesystem: /tmp/dist-test-task0_iHUh/test-tmp/auto_rebalancer-test.0.AutoRebalancerTest.RangeAwareBuildClusterInfoGroupsByRange.1780922796417103-24841-0/minicluster-data/ts-1-root
uuid: "150c204c8e39427d8f12bce515c016ed"
format_stamp: "Formatted at 2026-06-08 12:47:54 on dist-test-slave-2924"
I20260608 12:47:54.619134 24841 fs_report.cc:389] FS layout report
--------------------
wal directory: /tmp/dist-test-task0_iHUh/test-tmp/auto_rebalancer-test.0.AutoRebalancerTest.RangeAwareBuildClusterInfoGroupsByRange.1780922796417103-24841-0/minicluster-data/ts-1-root
metadata directory: /tmp/dist-test-task0_iHUh/test-tmp/auto_rebalancer-test.0.AutoRebalancerTest.RangeAwareBuildClusterInfoGroupsByRange.1780922796417103-24841-0/minicluster-data/ts-1-root
1 data directories: /tmp/dist-test-task0_iHUh/test-tmp/auto_rebalancer-test.0.AutoRebalancerTest.RangeAwareBuildClusterInfoGroupsByRange.1780922796417103-24841-0/minicluster-data/ts-1-root/data
Total live blocks: 0
Total live bytes: 0
Total live bytes (after alignment): 0
Total number of LBM containers: 0 (0 full)
Did not check for missing blocks
Did not check for orphaned blocks
Total full LBM containers with extra space: 0 (0 repaired)
Total full LBM container extra space in bytes: 0 (0 repaired)
Total incomplete LBM containers: 0 (0 repaired)
Total LBM partial records: 0 (0 repaired)
Total corrupted LBM metadata records in RocksDB: 0 (0 repaired)
I20260608 12:47:54.638319 24841 rpc_server.cc:225] running with OpenSSL 1.1.1  11 Sep 2018
I20260608 12:47:54.639508 24841 kserver.cc:163] Server-wide thread pool size limit: 3276
I20260608 12:47:54.641269 24841 txn_system_client.cc:432] TxnSystemClient initialization is disabled...
I20260608 12:47:54.643707 24841 ts_tablet_manager.cc:585] Loaded tablet metadata (0 total tablets, 0 live tablets)
I20260608 12:47:54.643951 24841 ts_tablet_manager.cc:531] Time spent load tablet metadata: real 0.000s	user 0.001s	sys 0.000s
I20260608 12:47:54.644202 24841 ts_tablet_manager.cc:616] Registered 0 tablets
I20260608 12:47:54.644392 24841 ts_tablet_manager.cc:595] Time spent register tablets: real 0.000s	user 0.000s	sys 0.000s
I20260608 12:47:54.684197 24841 rpc_server.cc:307] RPC server started. Bound to: 127.24.66.66:33699
I20260608 12:47:54.684324 27590 acceptor_pool.cc:272] collecting diagnostics on the listening RPC socket 127.24.66.66:33699 every 8 connection(s)
I20260608 12:47:54.689744 24841 file_cache.cc:492] Constructed file cache file cache with capacity 419430
W20260608 12:47:54.697435 27594 instance_detector.cc:116] could not retrieve AWS instance metadata: Network error: curl error: HTTP response code said error: The requested URL returned error: 404
W20260608 12:47:54.699285 27595 instance_detector.cc:116] could not retrieve Azure instance metadata: Network error: curl error: HTTP response code said error: The requested URL returned error: 404
I20260608 12:47:54.701576 24841 server_base.cc:1061] running on GCE node
W20260608 12:47:54.702229 27597 instance_detector.cc:116] could not retrieve OpenStack instance metadata: Network error: curl error: HTTP response code said error: The requested URL returned error: 404
I20260608 12:47:54.703379 24841 hybrid_clock.cc:584] initializing the hybrid clock with 'system_unsync' time source
W20260608 12:47:54.703676 24841 system_unsync_time.cc:38] NTP support is disabled. Clock error bounds will not be accurate. This configuration is not suitable for distributed clusters.
I20260608 12:47:54.703840 27591 heartbeater.cc:344] Connected to a master server at 127.24.66.126:42163
I20260608 12:47:54.703936 24841 hybrid_clock.cc:648] HybridClock initialized: now 1780922874703917 us; error 0 us; skew 500 ppm
I20260608 12:47:54.704304 27591 heartbeater.cc:461] Registering TS with master...
I20260608 12:47:54.704741 24841 server_base.cc:861] Flag tcmalloc_max_total_thread_cache_bytes is not working since tcmalloc is not enabled.
