I20260608 12:48:04.036715 27844 raft_consensus.cc:2955] T c8499de31b694986bafc9aece8d83a51 P 194cee754d0e432884f5e91b8fc6232d [term 1 FOLLOWER]: Committing config change with OpId 1.3: config changed from index 2 to 3, 05a236bf504c4bcdad6f49e1e1d9e2aa (127.24.66.68) changed from NON_VOTER to VOTER. New config: { opid_index: 3 OBSOLETE_local: false peers { permanent_uuid: "194cee754d0e432884f5e91b8fc6232d" member_type: VOTER last_known_addr { host: "127.24.66.65" port: 39941 } attrs { replace: true } } peers { permanent_uuid: "a6e4e554cd6f421cb3b078950ad24ee9" member_type: VOTER last_known_addr { host: "127.24.66.66" port: 36065 } } peers { permanent_uuid: "13af6aaa3e274440bceca0fe0f080c76" member_type: VOTER last_known_addr { host: "127.24.66.67" port: 42841 } } peers { permanent_uuid: "05a236bf504c4bcdad6f49e1e1d9e2aa" member_type: VOTER last_known_addr { host: "127.24.66.68" port: 35855 } attrs { promote: false } } }
I20260608 12:48:04.025599 27919 consensus_queue.cc:260] T 98cc88ab2cdd489286f412f88c8dadf9 P a6e4e554cd6f421cb3b078950ad24ee9 [NON_LEADER]: Queue going to NON_LEADER mode. State: All replicated index: 0, Majority replicated index: 3, Committed index: 3, Last appended: 2.3, Last appended by leader: 3, Current term: 2, Majority size: -1, State: 0, Mode: NON_LEADER, active raft config: opid_index: 2 OBSOLETE_local: false peers { permanent_uuid: "194cee754d0e432884f5e91b8fc6232d" member_type: VOTER last_known_addr { host: "127.24.66.65" port: 39941 } } peers { permanent_uuid: "a6e4e554cd6f421cb3b078950ad24ee9" member_type: VOTER last_known_addr { host: "127.24.66.66" port: 36065 } attrs { replace: true } } peers { permanent_uuid: "13af6aaa3e274440bceca0fe0f080c76" member_type: VOTER last_known_addr { host: "127.24.66.67" port: 42841 } } peers { permanent_uuid: "05a236bf504c4bcdad6f49e1e1d9e2aa" member_type: NON_VOTER last_known_addr { host: "127.24.66.68" port: 35855 } attrs { promote: true } }
I20260608 12:48:04.040925 27919 raft_consensus.cc:3060] T 98cc88ab2cdd489286f412f88c8dadf9 P a6e4e554cd6f421cb3b078950ad24ee9 [term 2 FOLLOWER]: Advancing to term 3
W20260608 12:48:04.041307 28312 consensus_queue.cc:1175] T 98cc88ab2cdd489286f412f88c8dadf9 P a6e4e554cd6f421cb3b078950ad24ee9 [NON_LEADER]: Queue is closed or peer was untracked, disregarding peer response. Response: responder_uuid: "05a236bf504c4bcdad6f49e1e1d9e2aa" responder_term: 2 status { last_received { term: 2 index: 3 } last_committed_idx: 2 last_received_current_leader { term: 2 index: 3 } }
I20260608 12:48:04.054280 27739 catalog_manager.cc:5696] T c8499de31b694986bafc9aece8d83a51 P 05a236bf504c4bcdad6f49e1e1d9e2aa reported cstate change: config changed from index 2 to 3, 05a236bf504c4bcdad6f49e1e1d9e2aa (127.24.66.68) changed from NON_VOTER to VOTER. New cstate: current_term: 1 leader_uuid: "13af6aaa3e274440bceca0fe0f080c76" committed_config { opid_index: 3 OBSOLETE_local: false peers { permanent_uuid: "194cee754d0e432884f5e91b8fc6232d" member_type: VOTER last_known_addr { host: "127.24.66.65" port: 39941 } attrs { replace: true } } peers { permanent_uuid: "a6e4e554cd6f421cb3b078950ad24ee9" member_type: VOTER last_known_addr { host: "127.24.66.66" port: 36065 } } peers { permanent_uuid: "13af6aaa3e274440bceca0fe0f080c76" member_type: VOTER last_known_addr { host: "127.24.66.67" port: 42841 } } peers { permanent_uuid: "05a236bf504c4bcdad6f49e1e1d9e2aa" member_type: VOTER last_known_addr { host: "127.24.66.68" port: 35855 } attrs { promote: false } } }
I20260608 12:48:04.071987 27741 catalog_manager.cc:5696] T 8ea3a6baa9244b6f842237c641441317 P 194cee754d0e432884f5e91b8fc6232d reported cstate change: config changed from index 2 to 3, 05a236bf504c4bcdad6f49e1e1d9e2aa (127.24.66.68) changed from NON_VOTER to VOTER. New cstate: current_term: 1 leader_uuid: "a6e4e554cd6f421cb3b078950ad24ee9" committed_config { opid_index: 3 OBSOLETE_local: false peers { permanent_uuid: "194cee754d0e432884f5e91b8fc6232d" member_type: VOTER last_known_addr { host: "127.24.66.65" port: 39941 } attrs { replace: true } } peers { permanent_uuid: "a6e4e554cd6f421cb3b078950ad24ee9" member_type: VOTER last_known_addr { host: "127.24.66.66" port: 36065 } } peers { permanent_uuid: "13af6aaa3e274440bceca0fe0f080c76" member_type: VOTER last_known_addr { host: "127.24.66.67" port: 42841 } } peers { permanent_uuid: "05a236bf504c4bcdad6f49e1e1d9e2aa" member_type: VOTER last_known_addr { host: "127.24.66.68" port: 35855 } attrs { promote: false } } }
I20260608 12:48:04.086360 27919 raft_consensus.cc:2468] T 98cc88ab2cdd489286f412f88c8dadf9 P a6e4e554cd6f421cb3b078950ad24ee9 [term 3 FOLLOWER]: Leader election vote request: Granting yes vote for candidate 194cee754d0e432884f5e91b8fc6232d in term 3.
I20260608 12:48:04.097445 27811 leader_election.cc:304] T 98cc88ab2cdd489286f412f88c8dadf9 P 194cee754d0e432884f5e91b8fc6232d [CANDIDATE]: Term 3 election: Election decided. Result: candidate won. Election summary: received 3 responses out of 3 voters: 2 yes votes; 1 no votes. yes voters: 194cee754d0e432884f5e91b8fc6232d, a6e4e554cd6f421cb3b078950ad24ee9; no voters: 13af6aaa3e274440bceca0fe0f080c76
I20260608 12:48:04.104578 28341 raft_consensus.cc:2804] T 98cc88ab2cdd489286f412f88c8dadf9 P 194cee754d0e432884f5e91b8fc6232d [term 3 FOLLOWER]: Leader election won for term 3
I20260608 12:48:04.105401 28341 raft_consensus.cc:697] T 98cc88ab2cdd489286f412f88c8dadf9 P 194cee754d0e432884f5e91b8fc6232d [term 3 LEADER]: Becoming Leader. State: Replica: 194cee754d0e432884f5e91b8fc6232d, State: Running, Role: LEADER
I20260608 12:48:04.106683 28341 consensus_queue.cc:237] T 98cc88ab2cdd489286f412f88c8dadf9 P 194cee754d0e432884f5e91b8fc6232d [LEADER]: Queue going to LEADER mode. State: All replicated index: 0, Majority replicated index: 3, Committed index: 3, Last appended: 2.3, Last appended by leader: 3, Current term: 3, Majority size: 2, State: 0, Mode: LEADER, active raft config: opid_index: 2 OBSOLETE_local: false peers { permanent_uuid: "194cee754d0e432884f5e91b8fc6232d" member_type: VOTER last_known_addr { host: "127.24.66.65" port: 39941 } } peers { permanent_uuid: "a6e4e554cd6f421cb3b078950ad24ee9" member_type: VOTER last_known_addr { host: "127.24.66.66" port: 36065 } attrs { replace: true } } peers { permanent_uuid: "13af6aaa3e274440bceca0fe0f080c76" member_type: VOTER last_known_addr { host: "127.24.66.67" port: 42841 } } peers { permanent_uuid: "05a236bf504c4bcdad6f49e1e1d9e2aa" member_type: NON_VOTER last_known_addr { host: "127.24.66.68" port: 35855 } attrs { promote: true } }
W20260608 12:48:04.174919 27960 outbound_call.cc:321] RPC callback for RPC call kudu.consensus.ConsensusService.UpdateConsensus -> {remote=127.24.66.66:36065, user_credentials={real_user=slave}} blocked reactor thread for 85667.8us
I20260608 12:48:04.186098 28339 ts_tablet_manager.cc:1929] T c1f6cf6204ab4d45af36c32a3621c38f P 13af6aaa3e274440bceca0fe0f080c76: tablet deleted with delete type TABLET_DATA_TOMBSTONED: last-logged OpId 1.3
I20260608 12:48:04.186647 28339 log.cc:1199] T c1f6cf6204ab4d45af36c32a3621c38f P 13af6aaa3e274440bceca0fe0f080c76: Deleting WAL directory at /tmp/dist-test-task0_iHUh/test-tmp/auto_rebalancer-test.0.AutoRebalancerTest.RangeAwareRebalancesNewRangeReplicas.1780922796417103-24841-0/minicluster-data/ts-2-root/wals/c1f6cf6204ab4d45af36c32a3621c38f
I20260608 12:48:04.189007 27920 consensus_queue.cc:237] T 8ea3a6baa9244b6f842237c641441317 P a6e4e554cd6f421cb3b078950ad24ee9 [LEADER]: Queue going to LEADER mode. State: All replicated index: 0, Majority replicated index: 3, Committed index: 3, Last appended: 1.3, Last appended by leader: 0, Current term: 1, Majority size: 2, State: 0, Mode: LEADER, active raft config: opid_index: 4 OBSOLETE_local: false peers { permanent_uuid: "a6e4e554cd6f421cb3b078950ad24ee9" member_type: VOTER last_known_addr { host: "127.24.66.66" port: 36065 } } peers { permanent_uuid: "13af6aaa3e274440bceca0fe0f080c76" member_type: VOTER last_known_addr { host: "127.24.66.67" port: 42841 } } peers { permanent_uuid: "05a236bf504c4bcdad6f49e1e1d9e2aa" member_type: VOTER last_known_addr { host: "127.24.66.68" port: 35855 } attrs { promote: false } }
I20260608 12:48:04.199187 27729 catalog_manager.cc:5027] TS 13af6aaa3e274440bceca0fe0f080c76 (127.24.66.67:42841): tablet c1f6cf6204ab4d45af36c32a3621c38f (table range_aware_rebalance_new_range [id=64030ce105af45edafaf3e9605fc40de]) successfully deleted
I20260608 12:48:04.206750 27992 consensus_queue.cc:237] T c8499de31b694986bafc9aece8d83a51 P 13af6aaa3e274440bceca0fe0f080c76 [LEADER]: Queue going to LEADER mode. State: All replicated index: 0, Majority replicated index: 3, Committed index: 3, Last appended: 1.3, Last appended by leader: 0, Current term: 1, Majority size: 2, State: 0, Mode: LEADER, active raft config: opid_index: 4 OBSOLETE_local: false peers { permanent_uuid: "a6e4e554cd6f421cb3b078950ad24ee9" member_type: VOTER last_known_addr { host: "127.24.66.66" port: 36065 } } peers { permanent_uuid: "13af6aaa3e274440bceca0fe0f080c76" member_type: VOTER last_known_addr { host: "127.24.66.67" port: 42841 } } peers { permanent_uuid: "05a236bf504c4bcdad6f49e1e1d9e2aa" member_type: VOTER last_known_addr { host: "127.24.66.68" port: 35855 } attrs { promote: false } }
I20260608 12:48:04.215998 28151 raft_consensus.cc:1275] T c8499de31b694986bafc9aece8d83a51 P 05a236bf504c4bcdad6f49e1e1d9e2aa [term 1 FOLLOWER]: Refusing update from remote peer 13af6aaa3e274440bceca0fe0f080c76: Log matching property violated. Preceding OpId in replica: term: 1 index: 3. Preceding OpId from leader: term: 1 index: 4. (index mismatch)
I20260608 12:48:04.217873 28306 consensus_queue.cc:1048] T c8499de31b694986bafc9aece8d83a51 P 13af6aaa3e274440bceca0fe0f080c76 [LEADER]: Connected to new peer: Peer: permanent_uuid: "05a236bf504c4bcdad6f49e1e1d9e2aa" member_type: VOTER last_known_addr { host: "127.24.66.68" port: 35855 } attrs { promote: false }, Status: LMP_MISMATCH, Last received: 0.0, Next index: 4, Last known committed idx: 3, Time since last communication: 0.001s
I20260608 12:48:04.218967 27919 raft_consensus.cc:1275] T c8499de31b694986bafc9aece8d83a51 P a6e4e554cd6f421cb3b078950ad24ee9 [term 1 FOLLOWER]: Refusing update from remote peer 13af6aaa3e274440bceca0fe0f080c76: Log matching property violated. Preceding OpId in replica: term: 1 index: 3. Preceding OpId from leader: term: 1 index: 4. (index mismatch)
I20260608 12:48:04.220886 28087 consensus_queue.cc:1048] T c8499de31b694986bafc9aece8d83a51 P 13af6aaa3e274440bceca0fe0f080c76 [LEADER]: Connected to new peer: Peer: permanent_uuid: "a6e4e554cd6f421cb3b078950ad24ee9" member_type: VOTER last_known_addr { host: "127.24.66.66" port: 36065 }, Status: LMP_MISMATCH, Last received: 0.0, Next index: 4, Last known committed idx: 3, Time since last communication: 0.001s
I20260608 12:48:04.222532 27739 catalog_manager.cc:5696] T 98cc88ab2cdd489286f412f88c8dadf9 P 194cee754d0e432884f5e91b8fc6232d reported cstate change: term changed from 2 to 3, leader changed from a6e4e554cd6f421cb3b078950ad24ee9 (127.24.66.66) to 194cee754d0e432884f5e91b8fc6232d (127.24.66.65). New cstate: current_term: 3 leader_uuid: "194cee754d0e432884f5e91b8fc6232d" committed_config { opid_index: 2 OBSOLETE_local: false peers { permanent_uuid: "194cee754d0e432884f5e91b8fc6232d" member_type: VOTER last_known_addr { host: "127.24.66.65" port: 39941 } health_report { overall_health: HEALTHY } } peers { permanent_uuid: "a6e4e554cd6f421cb3b078950ad24ee9" member_type: VOTER last_known_addr { host: "127.24.66.66" port: 36065 } attrs { replace: true } health_report { overall_health: UNKNOWN } } peers { permanent_uuid: "13af6aaa3e274440bceca0fe0f080c76" member_type: VOTER last_known_addr { host: "127.24.66.67" port: 42841 } health_report { overall_health: UNKNOWN } } peers { permanent_uuid: "05a236bf504c4bcdad6f49e1e1d9e2aa" member_type: NON_VOTER last_known_addr { host: "127.24.66.68" port: 35855 } attrs { promote: true } health_report { overall_health: UNKNOWN } } }
I20260608 12:48:04.224004 28151 raft_consensus.cc:1275] T 8ea3a6baa9244b6f842237c641441317 P 05a236bf504c4bcdad6f49e1e1d9e2aa [term 1 FOLLOWER]: Refusing update from remote peer a6e4e554cd6f421cb3b078950ad24ee9: Log matching property violated. Preceding OpId in replica: term: 1 index: 3. Preceding OpId from leader: term: 1 index: 4. (index mismatch)
I20260608 12:48:04.225008 27992 raft_consensus.cc:1275] T 8ea3a6baa9244b6f842237c641441317 P 13af6aaa3e274440bceca0fe0f080c76 [term 1 FOLLOWER]: Refusing update from remote peer a6e4e554cd6f421cb3b078950ad24ee9: Log matching property violated. Preceding OpId in replica: term: 1 index: 3. Preceding OpId from leader: term: 1 index: 4. (index mismatch)
I20260608 12:48:04.226624 28312 consensus_queue.cc:1048] T 8ea3a6baa9244b6f842237c641441317 P a6e4e554cd6f421cb3b078950ad24ee9 [LEADER]: Connected to new peer: Peer: permanent_uuid: "13af6aaa3e274440bceca0fe0f080c76" member_type: VOTER last_known_addr { host: "127.24.66.67" port: 42841 }, Status: LMP_MISMATCH, Last received: 0.0, Next index: 4, Last known committed idx: 3, Time since last communication: 0.000s
I20260608 12:48:04.227885 28313 consensus_queue.cc:1048] T 8ea3a6baa9244b6f842237c641441317 P a6e4e554cd6f421cb3b078950ad24ee9 [LEADER]: Connected to new peer: Peer: permanent_uuid: "05a236bf504c4bcdad6f49e1e1d9e2aa" member_type: VOTER last_known_addr { host: "127.24.66.68" port: 35855 } attrs { promote: false }, Status: LMP_MISMATCH, Last received: 0.0, Next index: 4, Last known committed idx: 3, Time since last communication: 0.000s
I20260608 12:48:04.230865 28331 raft_consensus.cc:2955] T c8499de31b694986bafc9aece8d83a51 P 13af6aaa3e274440bceca0fe0f080c76 [term 1 LEADER]: Committing config change with OpId 1.4: config changed from index 3 to 4, VOTER 194cee754d0e432884f5e91b8fc6232d (127.24.66.65) evicted. New config: { opid_index: 4 OBSOLETE_local: false peers { permanent_uuid: "a6e4e554cd6f421cb3b078950ad24ee9" member_type: VOTER last_known_addr { host: "127.24.66.66" port: 36065 } } peers { permanent_uuid: "13af6aaa3e274440bceca0fe0f080c76" member_type: VOTER last_known_addr { host: "127.24.66.67" port: 42841 } } peers { permanent_uuid: "05a236bf504c4bcdad6f49e1e1d9e2aa" member_type: VOTER last_known_addr { host: "127.24.66.68" port: 35855 } attrs { promote: false } } }
I20260608 12:48:04.252777 28152 raft_consensus.cc:2955] T c8499de31b694986bafc9aece8d83a51 P 05a236bf504c4bcdad6f49e1e1d9e2aa [term 1 FOLLOWER]: Committing config change with OpId 1.4: config changed from index 3 to 4, VOTER 194cee754d0e432884f5e91b8fc6232d (127.24.66.65) evicted. New config: { opid_index: 4 OBSOLETE_local: false peers { permanent_uuid: "a6e4e554cd6f421cb3b078950ad24ee9" member_type: VOTER last_known_addr { host: "127.24.66.66" port: 36065 } } peers { permanent_uuid: "13af6aaa3e274440bceca0fe0f080c76" member_type: VOTER last_known_addr { host: "127.24.66.67" port: 42841 } } peers { permanent_uuid: "05a236bf504c4bcdad6f49e1e1d9e2aa" member_type: VOTER last_known_addr { host: "127.24.66.68" port: 35855 } attrs { promote: false } } }
I20260608 12:48:04.256417 27729 catalog_manager.cc:5209] ChangeConfig:REMOVE_PEER RPC for tablet c8499de31b694986bafc9aece8d83a51 with cas_config_opid_index 3: ChangeConfig:REMOVE_PEER succeeded (attempt 1)
I20260608 12:48:04.259963 27991 raft_consensus.cc:2955] T 8ea3a6baa9244b6f842237c641441317 P 13af6aaa3e274440bceca0fe0f080c76 [term 1 FOLLOWER]: Committing config change with OpId 1.4: config changed from index 3 to 4, VOTER 194cee754d0e432884f5e91b8fc6232d (127.24.66.65) evicted. New config: { opid_index: 4 OBSOLETE_local: false peers { permanent_uuid: "a6e4e554cd6f421cb3b078950ad24ee9" member_type: VOTER last_known_addr { host: "127.24.66.66" port: 36065 } } peers { permanent_uuid: "13af6aaa3e274440bceca0fe0f080c76" member_type: VOTER last_known_addr { host: "127.24.66.67" port: 42841 } } peers { permanent_uuid: "05a236bf504c4bcdad6f49e1e1d9e2aa" member_type: VOTER last_known_addr { host: "127.24.66.68" port: 35855 } attrs { promote: false } } }
I20260608 12:48:04.251133 28312 raft_consensus.cc:2955] T 8ea3a6baa9244b6f842237c641441317 P a6e4e554cd6f421cb3b078950ad24ee9 [term 1 LEADER]: Committing config change with OpId 1.4: config changed from index 3 to 4, VOTER 194cee754d0e432884f5e91b8fc6232d (127.24.66.65) evicted. New config: { opid_index: 4 OBSOLETE_local: false peers { permanent_uuid: "a6e4e554cd6f421cb3b078950ad24ee9" member_type: VOTER last_known_addr { host: "127.24.66.66" port: 36065 } } peers { permanent_uuid: "13af6aaa3e274440bceca0fe0f080c76" member_type: VOTER last_known_addr { host: "127.24.66.67" port: 42841 } } peers { permanent_uuid: "05a236bf504c4bcdad6f49e1e1d9e2aa" member_type: VOTER last_known_addr { host: "127.24.66.68" port: 35855 } attrs { promote: false } } }
I20260608 12:48:04.273176 27742 catalog_manager.cc:5696] T c8499de31b694986bafc9aece8d83a51 P 13af6aaa3e274440bceca0fe0f080c76 reported cstate change: config changed from index 3 to 4, VOTER 194cee754d0e432884f5e91b8fc6232d (127.24.66.65) evicted. New cstate: current_term: 1 leader_uuid: "13af6aaa3e274440bceca0fe0f080c76" committed_config { opid_index: 4 OBSOLETE_local: false peers { permanent_uuid: "a6e4e554cd6f421cb3b078950ad24ee9" member_type: VOTER last_known_addr { host: "127.24.66.66" port: 36065 } health_report { overall_health: HEALTHY } } peers { permanent_uuid: "13af6aaa3e274440bceca0fe0f080c76" member_type: VOTER last_known_addr { host: "127.24.66.67" port: 42841 } health_report { overall_health: HEALTHY } } peers { permanent_uuid: "05a236bf504c4bcdad6f49e1e1d9e2aa" member_type: VOTER last_known_addr { host: "127.24.66.68" port: 35855 } attrs { promote: false } health_report { overall_health: HEALTHY } } }
I20260608 12:48:04.276501 28151 raft_consensus.cc:2955] T 8ea3a6baa9244b6f842237c641441317 P 05a236bf504c4bcdad6f49e1e1d9e2aa [term 1 FOLLOWER]: Committing config change with OpId 1.4: config changed from index 3 to 4, VOTER 194cee754d0e432884f5e91b8fc6232d (127.24.66.65) evicted. New config: { opid_index: 4 OBSOLETE_local: false peers { permanent_uuid: "a6e4e554cd6f421cb3b078950ad24ee9" member_type: VOTER last_known_addr { host: "127.24.66.66" port: 36065 } } peers { permanent_uuid: "13af6aaa3e274440bceca0fe0f080c76" member_type: VOTER last_known_addr { host: "127.24.66.67" port: 42841 } } peers { permanent_uuid: "05a236bf504c4bcdad6f49e1e1d9e2aa" member_type: VOTER last_known_addr { host: "127.24.66.68" port: 35855 } attrs { promote: false } } }
I20260608 12:48:04.276501 27920 raft_consensus.cc:2955] T c8499de31b694986bafc9aece8d83a51 P a6e4e554cd6f421cb3b078950ad24ee9 [term 1 FOLLOWER]: Committing config change with OpId 1.4: config changed from index 3 to 4, VOTER 194cee754d0e432884f5e91b8fc6232d (127.24.66.65) evicted. New config: { opid_index: 4 OBSOLETE_local: false peers { permanent_uuid: "a6e4e554cd6f421cb3b078950ad24ee9" member_type: VOTER last_known_addr { host: "127.24.66.66" port: 36065 } } peers { permanent_uuid: "13af6aaa3e274440bceca0fe0f080c76" member_type: VOTER last_known_addr { host: "127.24.66.67" port: 42841 } } peers { permanent_uuid: "05a236bf504c4bcdad6f49e1e1d9e2aa" member_type: VOTER last_known_addr { host: "127.24.66.68" port: 35855 } attrs { promote: false } } }
I20260608 12:48:04.291821 27832 tablet_service.cc:1558] Processing DeleteTablet for tablet c8499de31b694986bafc9aece8d83a51 with delete_type TABLET_DATA_TOMBSTONED (TS 194cee754d0e432884f5e91b8fc6232d not found in new config with opid_index 4) from {username='slave'} at 127.0.0.1:46838
I20260608 12:48:04.294770 27729 catalog_manager.cc:5209] ChangeConfig:REMOVE_PEER RPC for tablet 8ea3a6baa9244b6f842237c641441317 with cas_config_opid_index 3: ChangeConfig:REMOVE_PEER succeeded (attempt 1)
I20260608 12:48:04.296918 28348 tablet_replica.cc:333] T c8499de31b694986bafc9aece8d83a51 P 194cee754d0e432884f5e91b8fc6232d: stopping tablet replica
I20260608 12:48:04.299203 28348 raft_consensus.cc:2243] T c8499de31b694986bafc9aece8d83a51 P 194cee754d0e432884f5e91b8fc6232d [term 1 FOLLOWER]: Raft consensus shutting down.
I20260608 12:48:04.300540 27739 catalog_manager.cc:5696] T 8ea3a6baa9244b6f842237c641441317 P a6e4e554cd6f421cb3b078950ad24ee9 reported cstate change: config changed from index 3 to 4, VOTER 194cee754d0e432884f5e91b8fc6232d (127.24.66.65) evicted. New cstate: current_term: 1 leader_uuid: "a6e4e554cd6f421cb3b078950ad24ee9" committed_config { opid_index: 4 OBSOLETE_local: false peers { permanent_uuid: "a6e4e554cd6f421cb3b078950ad24ee9" member_type: VOTER last_known_addr { host: "127.24.66.66" port: 36065 } health_report { overall_health: HEALTHY } } peers { permanent_uuid: "13af6aaa3e274440bceca0fe0f080c76" member_type: VOTER last_known_addr { host: "127.24.66.67" port: 42841 } health_report { overall_health: HEALTHY } } peers { permanent_uuid: "05a236bf504c4bcdad6f49e1e1d9e2aa" member_type: VOTER last_known_addr { host: "127.24.66.68" port: 35855 } attrs { promote: false } health_report { overall_health: HEALTHY } } }
I20260608 12:48:04.307207 28348 raft_consensus.cc:2272] T c8499de31b694986bafc9aece8d83a51 P 194cee754d0e432884f5e91b8fc6232d [term 1 FOLLOWER]: Raft consensus is shut down!
I20260608 12:48:04.314090 28348 ts_tablet_manager.cc:1916] T c8499de31b694986bafc9aece8d83a51 P 194cee754d0e432884f5e91b8fc6232d: Deleting tablet data with delete state TABLET_DATA_TOMBSTONED
I20260608 12:48:04.315583 27832 tablet_service.cc:1558] Processing DeleteTablet for tablet 8ea3a6baa9244b6f842237c641441317 with delete_type TABLET_DATA_TOMBSTONED (TS 194cee754d0e432884f5e91b8fc6232d not found in new config with opid_index 4) from {username='slave'} at 127.0.0.1:46838
I20260608 12:48:04.331472 28348 ts_tablet_manager.cc:1929] T c8499de31b694986bafc9aece8d83a51 P 194cee754d0e432884f5e91b8fc6232d: tablet deleted with delete type TABLET_DATA_TOMBSTONED: last-logged OpId 1.3
I20260608 12:48:04.331979 28348 log.cc:1199] T c8499de31b694986bafc9aece8d83a51 P 194cee754d0e432884f5e91b8fc6232d: Deleting WAL directory at /tmp/dist-test-task0_iHUh/test-tmp/auto_rebalancer-test.0.AutoRebalancerTest.RangeAwareRebalancesNewRangeReplicas.1780922796417103-24841-0/minicluster-data/ts-0-root/wals/c8499de31b694986bafc9aece8d83a51
I20260608 12:48:04.333686 28348 tablet_replica.cc:333] T 8ea3a6baa9244b6f842237c641441317 P 194cee754d0e432884f5e91b8fc6232d: stopping tablet replica
I20260608 12:48:04.333606 27728 catalog_manager.cc:5027] TS 194cee754d0e432884f5e91b8fc6232d (127.24.66.65:39941): tablet c8499de31b694986bafc9aece8d83a51 (table range_aware_rebalance_new_range [id=64030ce105af45edafaf3e9605fc40de]) successfully deleted
I20260608 12:48:04.334563 28348 raft_consensus.cc:2243] T 8ea3a6baa9244b6f842237c641441317 P 194cee754d0e432884f5e91b8fc6232d [term 1 FOLLOWER]: Raft consensus shutting down.
I20260608 12:48:04.335156 28348 raft_consensus.cc:2272] T 8ea3a6baa9244b6f842237c641441317 P 194cee754d0e432884f5e91b8fc6232d [term 1 FOLLOWER]: Raft consensus is shut down!
I20260608 12:48:04.337890 28348 ts_tablet_manager.cc:1916] T 8ea3a6baa9244b6f842237c641441317 P 194cee754d0e432884f5e91b8fc6232d: Deleting tablet data with delete state TABLET_DATA_TOMBSTONED
I20260608 12:48:04.348002 28348 ts_tablet_manager.cc:1929] T 8ea3a6baa9244b6f842237c641441317 P 194cee754d0e432884f5e91b8fc6232d: tablet deleted with delete type TABLET_DATA_TOMBSTONED: last-logged OpId 1.3
I20260608 12:48:04.348307 28348 log.cc:1199] T 8ea3a6baa9244b6f842237c641441317 P 194cee754d0e432884f5e91b8fc6232d: Deleting WAL directory at /tmp/dist-test-task0_iHUh/test-tmp/auto_rebalancer-test.0.AutoRebalancerTest.RangeAwareRebalancesNewRangeReplicas.1780922796417103-24841-0/minicluster-data/ts-0-root/wals/8ea3a6baa9244b6f842237c641441317
I20260608 12:48:04.349615 27728 catalog_manager.cc:5027] TS 194cee754d0e432884f5e91b8fc6232d (127.24.66.65:39941): tablet 8ea3a6baa9244b6f842237c641441317 (table range_aware_rebalance_new_range [id=64030ce105af45edafaf3e9605fc40de]) successfully deleted
I20260608 12:48:04.551993 27991 raft_consensus.cc:3060] T 98cc88ab2cdd489286f412f88c8dadf9 P 13af6aaa3e274440bceca0fe0f080c76 [term 2 FOLLOWER]: Advancing to term 3
I20260608 12:48:04.556619 27991 raft_consensus.cc:1275] T 98cc88ab2cdd489286f412f88c8dadf9 P 13af6aaa3e274440bceca0fe0f080c76 [term 3 FOLLOWER]: Refusing update from remote peer 194cee754d0e432884f5e91b8fc6232d: Log matching property violated. Preceding OpId in replica: term: 2 index: 3. Preceding OpId from leader: term: 3 index: 4. (index mismatch)
I20260608 12:48:04.557924 28341 consensus_queue.cc:1048] T 98cc88ab2cdd489286f412f88c8dadf9 P 194cee754d0e432884f5e91b8fc6232d [LEADER]: Connected to new peer: Peer: permanent_uuid: "13af6aaa3e274440bceca0fe0f080c76" member_type: VOTER last_known_addr { host: "127.24.66.67" port: 42841 }, Status: LMP_MISMATCH, Last received: 0.0, Next index: 4, Last known committed idx: 2, Time since last communication: 0.000s
I20260608 12:48:04.569765 28151 raft_consensus.cc:3060] T 98cc88ab2cdd489286f412f88c8dadf9 P 05a236bf504c4bcdad6f49e1e1d9e2aa [term 2 LEARNER]: Advancing to term 3
I20260608 12:48:04.570006 27920 raft_consensus.cc:1275] T 98cc88ab2cdd489286f412f88c8dadf9 P a6e4e554cd6f421cb3b078950ad24ee9 [term 3 FOLLOWER]: Refusing update from remote peer 194cee754d0e432884f5e91b8fc6232d: Log matching property violated. Preceding OpId in replica: term: 2 index: 3. Preceding OpId from leader: term: 3 index: 4. (index mismatch)
I20260608 12:48:04.573897 28341 consensus_queue.cc:1048] T 98cc88ab2cdd489286f412f88c8dadf9 P 194cee754d0e432884f5e91b8fc6232d [LEADER]: Connected to new peer: Peer: permanent_uuid: "a6e4e554cd6f421cb3b078950ad24ee9" member_type: VOTER last_known_addr { host: "127.24.66.66" port: 36065 } attrs { replace: true }, Status: LMP_MISMATCH, Last received: 0.0, Next index: 4, Last known committed idx: 3, Time since last communication: 0.000s
I20260608 12:48:04.581403 28151 raft_consensus.cc:1275] T 98cc88ab2cdd489286f412f88c8dadf9 P 05a236bf504c4bcdad6f49e1e1d9e2aa [term 3 LEARNER]: Refusing update from remote peer 194cee754d0e432884f5e91b8fc6232d: Log matching property violated. Preceding OpId in replica: term: 2 index: 3. Preceding OpId from leader: term: 3 index: 4. (index mismatch)
I20260608 12:48:04.582862 28341 consensus_queue.cc:1048] T 98cc88ab2cdd489286f412f88c8dadf9 P 194cee754d0e432884f5e91b8fc6232d [LEADER]: Connected to new peer: Peer: permanent_uuid: "05a236bf504c4bcdad6f49e1e1d9e2aa" member_type: NON_VOTER last_known_addr { host: "127.24.66.68" port: 35855 } attrs { promote: true }, Status: LMP_MISMATCH, Last received: 0.0, Next index: 4, Last known committed idx: 2, Time since last communication: 0.000s
I20260608 12:48:04.608237 28315 raft_consensus.cc:1064] T 98cc88ab2cdd489286f412f88c8dadf9 P 194cee754d0e432884f5e91b8fc6232d: attempting to promote NON_VOTER 05a236bf504c4bcdad6f49e1e1d9e2aa to VOTER
I20260608 12:48:04.611197 28315 consensus_queue.cc:237] T 98cc88ab2cdd489286f412f88c8dadf9 P 194cee754d0e432884f5e91b8fc6232d [LEADER]: Queue going to LEADER mode. State: All replicated index: 0, Majority replicated index: 4, Committed index: 4, Last appended: 3.4, Last appended by leader: 3, Current term: 3, Majority size: 3, State: 0, Mode: LEADER, active raft config: opid_index: 5 OBSOLETE_local: false peers { permanent_uuid: "194cee754d0e432884f5e91b8fc6232d" member_type: VOTER last_known_addr { host: "127.24.66.65" port: 39941 } } peers { permanent_uuid: "a6e4e554cd6f421cb3b078950ad24ee9" member_type: VOTER last_known_addr { host: "127.24.66.66" port: 36065 } attrs { replace: true } } peers { permanent_uuid: "13af6aaa3e274440bceca0fe0f080c76" member_type: VOTER last_known_addr { host: "127.24.66.67" port: 42841 } } peers { permanent_uuid: "05a236bf504c4bcdad6f49e1e1d9e2aa" member_type: VOTER last_known_addr { host: "127.24.66.68" port: 35855 } attrs { promote: false } }
I20260608 12:48:04.620518 27991 raft_consensus.cc:1275] T 98cc88ab2cdd489286f412f88c8dadf9 P 13af6aaa3e274440bceca0fe0f080c76 [term 3 FOLLOWER]: Refusing update from remote peer 194cee754d0e432884f5e91b8fc6232d: Log matching property violated. Preceding OpId in replica: term: 3 index: 4. Preceding OpId from leader: term: 3 index: 5. (index mismatch)
I20260608 12:48:04.622620 28350 consensus_queue.cc:1048] T 98cc88ab2cdd489286f412f88c8dadf9 P 194cee754d0e432884f5e91b8fc6232d [LEADER]: Connected to new peer: Peer: permanent_uuid: "13af6aaa3e274440bceca0fe0f080c76" member_type: VOTER last_known_addr { host: "127.24.66.67" port: 42841 }, Status: LMP_MISMATCH, Last received: 0.0, Next index: 5, Last known committed idx: 4, Time since last communication: 0.001s
I20260608 12:48:04.625326 28152 raft_consensus.cc:1275] T 98cc88ab2cdd489286f412f88c8dadf9 P 05a236bf504c4bcdad6f49e1e1d9e2aa [term 3 LEARNER]: Refusing update from remote peer 194cee754d0e432884f5e91b8fc6232d: Log matching property violated. Preceding OpId in replica: term: 3 index: 4. Preceding OpId from leader: term: 3 index: 5. (index mismatch)
I20260608 12:48:04.625618 27920 raft_consensus.cc:1275] T 98cc88ab2cdd489286f412f88c8dadf9 P a6e4e554cd6f421cb3b078950ad24ee9 [term 3 FOLLOWER]: Refusing update from remote peer 194cee754d0e432884f5e91b8fc6232d: Log matching property violated. Preceding OpId in replica: term: 3 index: 4. Preceding OpId from leader: term: 3 index: 5. (index mismatch)
I20260608 12:48:04.628029 28341 consensus_queue.cc:1048] T 98cc88ab2cdd489286f412f88c8dadf9 P 194cee754d0e432884f5e91b8fc6232d [LEADER]: Connected to new peer: Peer: permanent_uuid: "05a236bf504c4bcdad6f49e1e1d9e2aa" member_type: VOTER last_known_addr { host: "127.24.66.68" port: 35855 } attrs { promote: false }, Status: LMP_MISMATCH, Last received: 0.0, Next index: 5, Last known committed idx: 4, Time since last communication: 0.000s
I20260608 12:48:04.629508 28341 consensus_queue.cc:1048] T 98cc88ab2cdd489286f412f88c8dadf9 P 194cee754d0e432884f5e91b8fc6232d [LEADER]: Connected to new peer: Peer: permanent_uuid: "a6e4e554cd6f421cb3b078950ad24ee9" member_type: VOTER last_known_addr { host: "127.24.66.66" port: 36065 } attrs { replace: true }, Status: LMP_MISMATCH, Last received: 0.0, Next index: 5, Last known committed idx: 4, Time since last communication: 0.000s
I20260608 12:48:04.638171 28350 raft_consensus.cc:2955] T 98cc88ab2cdd489286f412f88c8dadf9 P 194cee754d0e432884f5e91b8fc6232d [term 3 LEADER]: Committing config change with OpId 3.5: config changed from index 2 to 5, 05a236bf504c4bcdad6f49e1e1d9e2aa (127.24.66.68) changed from NON_VOTER to VOTER. New config: { opid_index: 5 OBSOLETE_local: false peers { permanent_uuid: "194cee754d0e432884f5e91b8fc6232d" member_type: VOTER last_known_addr { host: "127.24.66.65" port: 39941 } } peers { permanent_uuid: "a6e4e554cd6f421cb3b078950ad24ee9" member_type: VOTER last_known_addr { host: "127.24.66.66" port: 36065 } attrs { replace: true } } peers { permanent_uuid: "13af6aaa3e274440bceca0fe0f080c76" member_type: VOTER last_known_addr { host: "127.24.66.67" port: 42841 } } peers { permanent_uuid: "05a236bf504c4bcdad6f49e1e1d9e2aa" member_type: VOTER last_known_addr { host: "127.24.66.68" port: 35855 } attrs { promote: false } } }
I20260608 12:48:04.640234 28150 raft_consensus.cc:2955] T 98cc88ab2cdd489286f412f88c8dadf9 P 05a236bf504c4bcdad6f49e1e1d9e2aa [term 3 FOLLOWER]: Committing config change with OpId 3.5: config changed from index 2 to 5, 05a236bf504c4bcdad6f49e1e1d9e2aa (127.24.66.68) changed from NON_VOTER to VOTER. New config: { opid_index: 5 OBSOLETE_local: false peers { permanent_uuid: "194cee754d0e432884f5e91b8fc6232d" member_type: VOTER last_known_addr { host: "127.24.66.65" port: 39941 } } peers { permanent_uuid: "a6e4e554cd6f421cb3b078950ad24ee9" member_type: VOTER last_known_addr { host: "127.24.66.66" port: 36065 } attrs { replace: true } } peers { permanent_uuid: "13af6aaa3e274440bceca0fe0f080c76" member_type: VOTER last_known_addr { host: "127.24.66.67" port: 42841 } } peers { permanent_uuid: "05a236bf504c4bcdad6f49e1e1d9e2aa" member_type: VOTER last_known_addr { host: "127.24.66.68" port: 35855 } attrs { promote: false } } }
I20260608 12:48:04.642937 27920 raft_consensus.cc:2955] T 98cc88ab2cdd489286f412f88c8dadf9 P a6e4e554cd6f421cb3b078950ad24ee9 [term 3 FOLLOWER]: Committing config change with OpId 3.5: config changed from index 2 to 5, 05a236bf504c4bcdad6f49e1e1d9e2aa (127.24.66.68) changed from NON_VOTER to VOTER. New config: { opid_index: 5 OBSOLETE_local: false peers { permanent_uuid: "194cee754d0e432884f5e91b8fc6232d" member_type: VOTER last_known_addr { host: "127.24.66.65" port: 39941 } } peers { permanent_uuid: "a6e4e554cd6f421cb3b078950ad24ee9" member_type: VOTER last_known_addr { host: "127.24.66.66" port: 36065 } attrs { replace: true } } peers { permanent_uuid: "13af6aaa3e274440bceca0fe0f080c76" member_type: VOTER last_known_addr { host: "127.24.66.67" port: 42841 } } peers { permanent_uuid: "05a236bf504c4bcdad6f49e1e1d9e2aa" member_type: VOTER last_known_addr { host: "127.24.66.68" port: 35855 } attrs { promote: false } } }
I20260608 12:48:04.654714 27742 catalog_manager.cc:5696] T 98cc88ab2cdd489286f412f88c8dadf9 P 05a236bf504c4bcdad6f49e1e1d9e2aa reported cstate change: config changed from index 2 to 5, 05a236bf504c4bcdad6f49e1e1d9e2aa (127.24.66.68) changed from NON_VOTER to VOTER. New cstate: current_term: 3 leader_uuid: "194cee754d0e432884f5e91b8fc6232d" committed_config { opid_index: 5 OBSOLETE_local: false peers { permanent_uuid: "194cee754d0e432884f5e91b8fc6232d" member_type: VOTER last_known_addr { host: "127.24.66.65" port: 39941 } } peers { permanent_uuid: "a6e4e554cd6f421cb3b078950ad24ee9" member_type: VOTER last_known_addr { host: "127.24.66.66" port: 36065 } attrs { replace: true } } peers { permanent_uuid: "13af6aaa3e274440bceca0fe0f080c76" member_type: VOTER last_known_addr { host: "127.24.66.67" port: 42841 } } peers { permanent_uuid: "05a236bf504c4bcdad6f49e1e1d9e2aa" member_type: VOTER last_known_addr { host: "127.24.66.68" port: 35855 } attrs { promote: false } } }
I20260608 12:48:04.655457 27991 raft_consensus.cc:2955] T 98cc88ab2cdd489286f412f88c8dadf9 P 13af6aaa3e274440bceca0fe0f080c76 [term 3 FOLLOWER]: Committing config change with OpId 3.5: config changed from index 2 to 5, 05a236bf504c4bcdad6f49e1e1d9e2aa (127.24.66.68) changed from NON_VOTER to VOTER. New config: { opid_index: 5 OBSOLETE_local: false peers { permanent_uuid: "194cee754d0e432884f5e91b8fc6232d" member_type: VOTER last_known_addr { host: "127.24.66.65" port: 39941 } } peers { permanent_uuid: "a6e4e554cd6f421cb3b078950ad24ee9" member_type: VOTER last_known_addr { host: "127.24.66.66" port: 36065 } attrs { replace: true } } peers { permanent_uuid: "13af6aaa3e274440bceca0fe0f080c76" member_type: VOTER last_known_addr { host: "127.24.66.67" port: 42841 } } peers { permanent_uuid: "05a236bf504c4bcdad6f49e1e1d9e2aa" member_type: VOTER last_known_addr { host: "127.24.66.68" port: 35855 } attrs { promote: false } } }
W20260608 12:48:04.675529 28315 consensus_queue.cc:1175] T 98cc88ab2cdd489286f412f88c8dadf9 P 194cee754d0e432884f5e91b8fc6232d [LEADER]: Queue is closed or peer was untracked, disregarding peer response. Response: responder_uuid: "13af6aaa3e274440bceca0fe0f080c76" responder_term: 3 status { last_received { term: 3 index: 5 } last_committed_idx: 5 last_received_current_leader { term: 3 index: 5 } }
I20260608 12:48:04.677866 27844 consensus_queue.cc:237] T 98cc88ab2cdd489286f412f88c8dadf9 P 194cee754d0e432884f5e91b8fc6232d [LEADER]: Queue going to LEADER mode. State: All replicated index: 0, Majority replicated index: 5, Committed index: 5, Last appended: 3.5, Last appended by leader: 3, Current term: 3, Majority size: 2, State: 0, Mode: LEADER, active raft config: opid_index: 6 OBSOLETE_local: false peers { permanent_uuid: "194cee754d0e432884f5e91b8fc6232d" member_type: VOTER last_known_addr { host: "127.24.66.65" port: 39941 } } peers { permanent_uuid: "13af6aaa3e274440bceca0fe0f080c76" member_type: VOTER last_known_addr { host: "127.24.66.67" port: 42841 } } peers { permanent_uuid: "05a236bf504c4bcdad6f49e1e1d9e2aa" member_type: VOTER last_known_addr { host: "127.24.66.68" port: 35855 } attrs { promote: false } }
I20260608 12:48:04.685499 27991 raft_consensus.cc:1275] T 98cc88ab2cdd489286f412f88c8dadf9 P 13af6aaa3e274440bceca0fe0f080c76 [term 3 FOLLOWER]: Refusing update from remote peer 194cee754d0e432884f5e91b8fc6232d: Log matching property violated. Preceding OpId in replica: term: 3 index: 5. Preceding OpId from leader: term: 3 index: 6. (index mismatch)
I20260608 12:48:04.688652 28150 raft_consensus.cc:1275] T 98cc88ab2cdd489286f412f88c8dadf9 P 05a236bf504c4bcdad6f49e1e1d9e2aa [term 3 FOLLOWER]: Refusing update from remote peer 194cee754d0e432884f5e91b8fc6232d: Log matching property violated. Preceding OpId in replica: term: 3 index: 5. Preceding OpId from leader: term: 3 index: 6. (index mismatch)
I20260608 12:48:04.689993 28350 consensus_queue.cc:1048] T 98cc88ab2cdd489286f412f88c8dadf9 P 194cee754d0e432884f5e91b8fc6232d [LEADER]: Connected to new peer: Peer: permanent_uuid: "05a236bf504c4bcdad6f49e1e1d9e2aa" member_type: VOTER last_known_addr { host: "127.24.66.68" port: 35855 } attrs { promote: false }, Status: LMP_MISMATCH, Last received: 0.0, Next index: 6, Last known committed idx: 5, Time since last communication: 0.000s
I20260608 12:48:04.694859 28350 consensus_queue.cc:1048] T 98cc88ab2cdd489286f412f88c8dadf9 P 194cee754d0e432884f5e91b8fc6232d [LEADER]: Connected to new peer: Peer: permanent_uuid: "13af6aaa3e274440bceca0fe0f080c76" member_type: VOTER last_known_addr { host: "127.24.66.67" port: 42841 }, Status: LMP_MISMATCH, Last received: 0.0, Next index: 6, Last known committed idx: 5, Time since last communication: 0.000s
I20260608 12:48:04.702163 28341 raft_consensus.cc:2955] T 98cc88ab2cdd489286f412f88c8dadf9 P 194cee754d0e432884f5e91b8fc6232d [term 3 LEADER]: Committing config change with OpId 3.6: config changed from index 5 to 6, VOTER a6e4e554cd6f421cb3b078950ad24ee9 (127.24.66.66) evicted. New config: { opid_index: 6 OBSOLETE_local: false peers { permanent_uuid: "194cee754d0e432884f5e91b8fc6232d" member_type: VOTER last_known_addr { host: "127.24.66.65" port: 39941 } } peers { permanent_uuid: "13af6aaa3e274440bceca0fe0f080c76" member_type: VOTER last_known_addr { host: "127.24.66.67" port: 42841 } } peers { permanent_uuid: "05a236bf504c4bcdad6f49e1e1d9e2aa" member_type: VOTER last_known_addr { host: "127.24.66.68" port: 35855 } attrs { promote: false } } }
I20260608 12:48:04.704257 27991 raft_consensus.cc:2955] T 98cc88ab2cdd489286f412f88c8dadf9 P 13af6aaa3e274440bceca0fe0f080c76 [term 3 FOLLOWER]: Committing config change with OpId 3.6: config changed from index 5 to 6, VOTER a6e4e554cd6f421cb3b078950ad24ee9 (127.24.66.66) evicted. New config: { opid_index: 6 OBSOLETE_local: false peers { permanent_uuid: "194cee754d0e432884f5e91b8fc6232d" member_type: VOTER last_known_addr { host: "127.24.66.65" port: 39941 } } peers { permanent_uuid: "13af6aaa3e274440bceca0fe0f080c76" member_type: VOTER last_known_addr { host: "127.24.66.67" port: 42841 } } peers { permanent_uuid: "05a236bf504c4bcdad6f49e1e1d9e2aa" member_type: VOTER last_known_addr { host: "127.24.66.68" port: 35855 } attrs { promote: false } } }
I20260608 12:48:04.705017 28150 raft_consensus.cc:2955] T 98cc88ab2cdd489286f412f88c8dadf9 P 05a236bf504c4bcdad6f49e1e1d9e2aa [term 3 FOLLOWER]: Committing config change with OpId 3.6: config changed from index 5 to 6, VOTER a6e4e554cd6f421cb3b078950ad24ee9 (127.24.66.66) evicted. New config: { opid_index: 6 OBSOLETE_local: false peers { permanent_uuid: "194cee754d0e432884f5e91b8fc6232d" member_type: VOTER last_known_addr { host: "127.24.66.65" port: 39941 } } peers { permanent_uuid: "13af6aaa3e274440bceca0fe0f080c76" member_type: VOTER last_known_addr { host: "127.24.66.67" port: 42841 } } peers { permanent_uuid: "05a236bf504c4bcdad6f49e1e1d9e2aa" member_type: VOTER last_known_addr { host: "127.24.66.68" port: 35855 } attrs { promote: false } } }
I20260608 12:48:04.713295 27728 catalog_manager.cc:5209] ChangeConfig:REMOVE_PEER RPC for tablet 98cc88ab2cdd489286f412f88c8dadf9 with cas_config_opid_index 5: ChangeConfig:REMOVE_PEER succeeded (attempt 1)
I20260608 12:48:04.719090 27742 catalog_manager.cc:5696] T 98cc88ab2cdd489286f412f88c8dadf9 P 13af6aaa3e274440bceca0fe0f080c76 reported cstate change: config changed from index 5 to 6, VOTER a6e4e554cd6f421cb3b078950ad24ee9 (127.24.66.66) evicted. New cstate: current_term: 3 leader_uuid: "194cee754d0e432884f5e91b8fc6232d" committed_config { opid_index: 6 OBSOLETE_local: false peers { permanent_uuid: "194cee754d0e432884f5e91b8fc6232d" member_type: VOTER last_known_addr { host: "127.24.66.65" port: 39941 } } peers { permanent_uuid: "13af6aaa3e274440bceca0fe0f080c76" member_type: VOTER last_known_addr { host: "127.24.66.67" port: 42841 } } peers { permanent_uuid: "05a236bf504c4bcdad6f49e1e1d9e2aa" member_type: VOTER last_known_addr { host: "127.24.66.68" port: 35855 } attrs { promote: false } } }
I20260608 12:48:04.732658 27911 tablet_service.cc:1558] Processing DeleteTablet for tablet 98cc88ab2cdd489286f412f88c8dadf9 with delete_type TABLET_DATA_TOMBSTONED (TS a6e4e554cd6f421cb3b078950ad24ee9 not found in new config with opid_index 6) from {username='slave'} at 127.0.0.1:42080
I20260608 12:48:04.736644 28353 tablet_replica.cc:333] T 98cc88ab2cdd489286f412f88c8dadf9 P a6e4e554cd6f421cb3b078950ad24ee9: stopping tablet replica
I20260608 12:48:04.737702 28353 raft_consensus.cc:2243] T 98cc88ab2cdd489286f412f88c8dadf9 P a6e4e554cd6f421cb3b078950ad24ee9 [term 3 FOLLOWER]: Raft consensus shutting down.
I20260608 12:48:04.738560 28353 raft_consensus.cc:2272] T 98cc88ab2cdd489286f412f88c8dadf9 P a6e4e554cd6f421cb3b078950ad24ee9 [term 3 FOLLOWER]: Raft consensus is shut down!
I20260608 12:48:04.741735 28353 ts_tablet_manager.cc:1916] T 98cc88ab2cdd489286f412f88c8dadf9 P a6e4e554cd6f421cb3b078950ad24ee9: Deleting tablet data with delete state TABLET_DATA_TOMBSTONED
I20260608 12:48:04.758487 28353 ts_tablet_manager.cc:1929] T 98cc88ab2cdd489286f412f88c8dadf9 P a6e4e554cd6f421cb3b078950ad24ee9: tablet deleted with delete type TABLET_DATA_TOMBSTONED: last-logged OpId 3.5
I20260608 12:48:04.758934 28353 log.cc:1199] T 98cc88ab2cdd489286f412f88c8dadf9 P a6e4e554cd6f421cb3b078950ad24ee9: Deleting WAL directory at /tmp/dist-test-task0_iHUh/test-tmp/auto_rebalancer-test.0.AutoRebalancerTest.RangeAwareRebalancesNewRangeReplicas.1780922796417103-24841-0/minicluster-data/ts-1-root/wals/98cc88ab2cdd489286f412f88c8dadf9
I20260608 12:48:04.760793 27729 catalog_manager.cc:5027] TS a6e4e554cd6f421cb3b078950ad24ee9 (127.24.66.66:36065): tablet 98cc88ab2cdd489286f412f88c8dadf9 (table range_aware_rebalance_new_range [id=64030ce105af45edafaf3e9605fc40de]) successfully deleted
I20260608 12:48:04.979496 27796 auto_leader_rebalancer.cc:140] leader rebalance for table range_aware_rebalance_new_range
I20260608 12:48:04.999715 27844 tablet_service.cc:2072] Received LeaderStepDown RPC: tablet_id: "bb93ad2db88b4676a6d973d087cf47a5"
dest_uuid: "194cee754d0e432884f5e91b8fc6232d"
mode: GRACEFUL
new_leader_uuid: "05a236bf504c4bcdad6f49e1e1d9e2aa"
 from {username='slave'} at 127.0.0.1:46868
I20260608 12:48:05.000360 27844 raft_consensus.cc:606] T bb93ad2db88b4676a6d973d087cf47a5 P 194cee754d0e432884f5e91b8fc6232d [term 1 LEADER]: Received request to transfer leadership to TS 05a236bf504c4bcdad6f49e1e1d9e2aa
I20260608 12:48:05.003510 27991 tablet_service.cc:2072] Received LeaderStepDown RPC: tablet_id: "beefc70f85e94ef0b2bc2f9a63eebf1b"
dest_uuid: "13af6aaa3e274440bceca0fe0f080c76"
mode: GRACEFUL
new_leader_uuid: "a6e4e554cd6f421cb3b078950ad24ee9"
 from {username='slave'} at 127.0.0.1:52846
I20260608 12:48:05.004024 27991 raft_consensus.cc:606] T beefc70f85e94ef0b2bc2f9a63eebf1b P 13af6aaa3e274440bceca0fe0f080c76 [term 1 LEADER]: Received request to transfer leadership to TS a6e4e554cd6f421cb3b078950ad24ee9
I20260608 12:48:05.005319 27796 auto_leader_rebalancer.cc:388] table: range_aware_rebalance_new_range, leader rebalance finish, leader transfer count: 2
I20260608 12:48:05.006157 27796 auto_leader_rebalancer.cc:451] All tables' leader rebalancing finished this round
I20260608 12:48:05.340648 27991 consensus_queue.cc:237] T beee730bb9a1422bac20cf1006535a68 P 13af6aaa3e274440bceca0fe0f080c76 [LEADER]: Queue going to LEADER mode. State: All replicated index: 0, Majority replicated index: 1, Committed index: 1, Last appended: 1.1, Last appended by leader: 0, Current term: 1, Majority size: 2, State: 0, Mode: LEADER, active raft config: opid_index: 2 OBSOLETE_local: false peers { permanent_uuid: "13af6aaa3e274440bceca0fe0f080c76" member_type: VOTER last_known_addr { host: "127.24.66.67" port: 42841 } } peers { permanent_uuid: "05a236bf504c4bcdad6f49e1e1d9e2aa" member_type: VOTER last_known_addr { host: "127.24.66.68" port: 35855 } attrs { replace: true } } peers { permanent_uuid: "194cee754d0e432884f5e91b8fc6232d" member_type: VOTER last_known_addr { host: "127.24.66.65" port: 39941 } } peers { permanent_uuid: "a6e4e554cd6f421cb3b078950ad24ee9" member_type: NON_VOTER last_known_addr { host: "127.24.66.66" port: 36065 } attrs { promote: true } }
I20260608 12:48:05.349110 27844 raft_consensus.cc:1275] T beee730bb9a1422bac20cf1006535a68 P 194cee754d0e432884f5e91b8fc6232d [term 1 FOLLOWER]: Refusing update from remote peer 13af6aaa3e274440bceca0fe0f080c76: Log matching property violated. Preceding OpId in replica: term: 1 index: 1. Preceding OpId from leader: term: 1 index: 2. (index mismatch)
W20260608 12:48:05.349905 27960 consensus_peers.cc:597] T beee730bb9a1422bac20cf1006535a68 P 13af6aaa3e274440bceca0fe0f080c76 -> Peer a6e4e554cd6f421cb3b078950ad24ee9 (127.24.66.66:36065): Couldn't send request to peer a6e4e554cd6f421cb3b078950ad24ee9. Error code: TABLET_NOT_FOUND (6). Status: Not found: Tablet not found: beee730bb9a1422bac20cf1006535a68. This is attempt 1: this message will repeat every 5th retry.
I20260608 12:48:05.350744 28150 raft_consensus.cc:1275] T beee730bb9a1422bac20cf1006535a68 P 05a236bf504c4bcdad6f49e1e1d9e2aa [term 1 FOLLOWER]: Refusing update from remote peer 13af6aaa3e274440bceca0fe0f080c76: Log matching property violated. Preceding OpId in replica: term: 1 index: 1. Preceding OpId from leader: term: 1 index: 2. (index mismatch)
I20260608 12:48:05.350950 28306 consensus_queue.cc:1048] T beee730bb9a1422bac20cf1006535a68 P 13af6aaa3e274440bceca0fe0f080c76 [LEADER]: Connected to new peer: Peer: permanent_uuid: "194cee754d0e432884f5e91b8fc6232d" member_type: VOTER last_known_addr { host: "127.24.66.65" port: 39941 }, Status: LMP_MISMATCH, Last received: 0.0, Next index: 2, Last known committed idx: 1, Time since last communication: 0.000s
I20260608 12:48:05.352255 28355 consensus_queue.cc:1048] T beee730bb9a1422bac20cf1006535a68 P 13af6aaa3e274440bceca0fe0f080c76 [LEADER]: Connected to new peer: Peer: permanent_uuid: "05a236bf504c4bcdad6f49e1e1d9e2aa" member_type: VOTER last_known_addr { host: "127.24.66.68" port: 35855 } attrs { replace: true }, Status: LMP_MISMATCH, Last received: 0.0, Next index: 2, Last known committed idx: 1, Time since last communication: 0.000s
I20260608 12:48:05.359596 28355 raft_consensus.cc:2955] T beee730bb9a1422bac20cf1006535a68 P 13af6aaa3e274440bceca0fe0f080c76 [term 1 LEADER]: Committing config change with OpId 1.2: config changed from index -1 to 2, NON_VOTER a6e4e554cd6f421cb3b078950ad24ee9 (127.24.66.66) added. New config: { opid_index: 2 OBSOLETE_local: false peers { permanent_uuid: "13af6aaa3e274440bceca0fe0f080c76" member_type: VOTER last_known_addr { host: "127.24.66.67" port: 42841 } } peers { permanent_uuid: "05a236bf504c4bcdad6f49e1e1d9e2aa" member_type: VOTER last_known_addr { host: "127.24.66.68" port: 35855 } attrs { replace: true } } peers { permanent_uuid: "194cee754d0e432884f5e91b8fc6232d" member_type: VOTER last_known_addr { host: "127.24.66.65" port: 39941 } } peers { permanent_uuid: "a6e4e554cd6f421cb3b078950ad24ee9" member_type: NON_VOTER last_known_addr { host: "127.24.66.66" port: 36065 } attrs { promote: true } } }
I20260608 12:48:05.362337 28150 raft_consensus.cc:2955] T beee730bb9a1422bac20cf1006535a68 P 05a236bf504c4bcdad6f49e1e1d9e2aa [term 1 FOLLOWER]: Committing config change with OpId 1.2: config changed from index -1 to 2, NON_VOTER a6e4e554cd6f421cb3b078950ad24ee9 (127.24.66.66) added. New config: { opid_index: 2 OBSOLETE_local: false peers { permanent_uuid: "13af6aaa3e274440bceca0fe0f080c76" member_type: VOTER last_known_addr { host: "127.24.66.67" port: 42841 } } peers { permanent_uuid: "05a236bf504c4bcdad6f49e1e1d9e2aa" member_type: VOTER last_known_addr { host: "127.24.66.68" port: 35855 } attrs { replace: true } } peers { permanent_uuid: "194cee754d0e432884f5e91b8fc6232d" member_type: VOTER last_known_addr { host: "127.24.66.65" port: 39941 } } peers { permanent_uuid: "a6e4e554cd6f421cb3b078950ad24ee9" member_type: NON_VOTER last_known_addr { host: "127.24.66.66" port: 36065 } attrs { promote: true } } }
I20260608 12:48:05.377672 27739 catalog_manager.cc:5696] T beee730bb9a1422bac20cf1006535a68 P 05a236bf504c4bcdad6f49e1e1d9e2aa reported cstate change: config changed from index -1 to 2, NON_VOTER a6e4e554cd6f421cb3b078950ad24ee9 (127.24.66.66) added. New cstate: current_term: 1 leader_uuid: "13af6aaa3e274440bceca0fe0f080c76" committed_config { opid_index: 2 OBSOLETE_local: false peers { permanent_uuid: "13af6aaa3e274440bceca0fe0f080c76" member_type: VOTER last_known_addr { host: "127.24.66.67" port: 42841 } } peers { permanent_uuid: "05a236bf504c4bcdad6f49e1e1d9e2aa" member_type: VOTER last_known_addr { host: "127.24.66.68" port: 35855 } attrs { replace: true } } peers { permanent_uuid: "194cee754d0e432884f5e91b8fc6232d" member_type: VOTER last_known_addr { host: "127.24.66.65" port: 39941 } } peers { permanent_uuid: "a6e4e554cd6f421cb3b078950ad24ee9" member_type: NON_VOTER last_known_addr { host: "127.24.66.66" port: 36065 } attrs { promote: true } } }
