I20260608 12:47:47.110625 28144 consensus_queue.cc:260] T 348f08d67f1f4b1b9b36944d16e47027 P b1d1c525f40e4df6ba3ca9cc6ef8341f [NON_LEADER]: Queue going to NON_LEADER mode. State: All replicated index: 0, Majority replicated index: 0, Committed index: 0, Last appended: 0.0, Last appended by leader: 0, Current term: 0, Majority size: -1, State: 0, Mode: NON_LEADER, active raft config: opid_index: -1 OBSOLETE_local: false peers { permanent_uuid: "b1d1c525f40e4df6ba3ca9cc6ef8341f" member_type: VOTER last_known_addr { host: "127.24.64.132" port: 46447 } } peers { permanent_uuid: "60268911a14046d88bafea630333e875" member_type: VOTER last_known_addr { host: "127.24.64.131" port: 44965 } } peers { permanent_uuid: "4a27ecb8c1bd40878a2e4722d93927a3" member_type: VOTER last_known_addr { host: "127.24.64.129" port: 46763 } }
I20260608 12:47:47.114997 28169 raft_consensus.cc:2804] T cf7d045e2fbf4b98a44e464d9c2b7b5e P b1d1c525f40e4df6ba3ca9cc6ef8341f [term 1 FOLLOWER]: Leader election won for term 1
I20260608 12:47:47.116067 28144 ts_tablet_manager.cc:1434] T 348f08d67f1f4b1b9b36944d16e47027 P b1d1c525f40e4df6ba3ca9cc6ef8341f: Time spent starting tablet: real 0.013s	user 0.001s	sys 0.007s
I20260608 12:47:47.116523 28169 raft_consensus.cc:697] T cf7d045e2fbf4b98a44e464d9c2b7b5e P b1d1c525f40e4df6ba3ca9cc6ef8341f [term 1 LEADER]: Becoming Leader. State: Replica: b1d1c525f40e4df6ba3ca9cc6ef8341f, State: Running, Role: LEADER
I20260608 12:47:47.111447 28138 tablet_bootstrap.cc:492] T 348f08d67f1f4b1b9b36944d16e47027 P 4a27ecb8c1bd40878a2e4722d93927a3: No bootstrap required, opened a new log
I20260608 12:47:47.117100 28144 tablet_bootstrap.cc:492] T 5f2678d30e404750a495348fba6f5d3f P b1d1c525f40e4df6ba3ca9cc6ef8341f: Bootstrap starting.
I20260608 12:47:47.117440 28138 ts_tablet_manager.cc:1403] T 348f08d67f1f4b1b9b36944d16e47027 P 4a27ecb8c1bd40878a2e4722d93927a3: Time spent bootstrapping tablet: real 0.051s	user 0.009s	sys 0.010s
I20260608 12:47:47.117436 28169 consensus_queue.cc:237] T cf7d045e2fbf4b98a44e464d9c2b7b5e P b1d1c525f40e4df6ba3ca9cc6ef8341f [LEADER]: Queue going to LEADER mode. State: All replicated index: 0, Majority replicated index: 0, Committed index: 0, Last appended: 0.0, Last appended by leader: 0, Current term: 1, Majority size: 2, State: 0, Mode: LEADER, active raft config: opid_index: -1 OBSOLETE_local: false peers { permanent_uuid: "b1d1c525f40e4df6ba3ca9cc6ef8341f" member_type: VOTER last_known_addr { host: "127.24.64.132" port: 46447 } } peers { permanent_uuid: "60268911a14046d88bafea630333e875" member_type: VOTER last_known_addr { host: "127.24.64.131" port: 44965 } } peers { permanent_uuid: "f367eee3ccc64357bb71ffba75d2b385" member_type: VOTER last_known_addr { host: "127.24.64.130" port: 42225 } }
I20260608 12:47:47.122118 28138 raft_consensus.cc:359] T 348f08d67f1f4b1b9b36944d16e47027 P 4a27ecb8c1bd40878a2e4722d93927a3 [term 0 FOLLOWER]: Replica starting. Triggering 0 pending ops. Active config: opid_index: -1 OBSOLETE_local: false peers { permanent_uuid: "b1d1c525f40e4df6ba3ca9cc6ef8341f" member_type: VOTER last_known_addr { host: "127.24.64.132" port: 46447 } } peers { permanent_uuid: "60268911a14046d88bafea630333e875" member_type: VOTER last_known_addr { host: "127.24.64.131" port: 44965 } } peers { permanent_uuid: "4a27ecb8c1bd40878a2e4722d93927a3" member_type: VOTER last_known_addr { host: "127.24.64.129" port: 46763 } }
I20260608 12:47:47.122865 28138 raft_consensus.cc:385] T 348f08d67f1f4b1b9b36944d16e47027 P 4a27ecb8c1bd40878a2e4722d93927a3 [term 0 FOLLOWER]: Consensus starting up: Expiring failure detector timer to make a prompt election more likely
I20260608 12:47:47.123214 28138 raft_consensus.cc:740] T 348f08d67f1f4b1b9b36944d16e47027 P 4a27ecb8c1bd40878a2e4722d93927a3 [term 0 FOLLOWER]: Becoming Follower/Learner. State: Replica: 4a27ecb8c1bd40878a2e4722d93927a3, State: Initialized, Role: FOLLOWER
I20260608 12:47:47.124095 28138 consensus_queue.cc:260] T 348f08d67f1f4b1b9b36944d16e47027 P 4a27ecb8c1bd40878a2e4722d93927a3 [NON_LEADER]: Queue going to NON_LEADER mode. State: All replicated index: 0, Majority replicated index: 0, Committed index: 0, Last appended: 0.0, Last appended by leader: 0, Current term: 0, Majority size: -1, State: 0, Mode: NON_LEADER, active raft config: opid_index: -1 OBSOLETE_local: false peers { permanent_uuid: "b1d1c525f40e4df6ba3ca9cc6ef8341f" member_type: VOTER last_known_addr { host: "127.24.64.132" port: 46447 } } peers { permanent_uuid: "60268911a14046d88bafea630333e875" member_type: VOTER last_known_addr { host: "127.24.64.131" port: 44965 } } peers { permanent_uuid: "4a27ecb8c1bd40878a2e4722d93927a3" member_type: VOTER last_known_addr { host: "127.24.64.129" port: 46763 } }
I20260608 12:47:47.125260 28144 tablet_bootstrap.cc:654] T 5f2678d30e404750a495348fba6f5d3f P b1d1c525f40e4df6ba3ca9cc6ef8341f: Neither blocks nor log segments found. Creating new log.
I20260608 12:47:47.127100 28138 ts_tablet_manager.cc:1434] T 348f08d67f1f4b1b9b36944d16e47027 P 4a27ecb8c1bd40878a2e4722d93927a3: Time spent starting tablet: real 0.009s	user 0.008s	sys 0.000s
I20260608 12:47:47.128508 28142 tablet_bootstrap.cc:492] T 348f08d67f1f4b1b9b36944d16e47027 P 60268911a14046d88bafea630333e875: No bootstrap required, opened a new log
I20260608 12:47:47.129164 28142 ts_tablet_manager.cc:1403] T 348f08d67f1f4b1b9b36944d16e47027 P 60268911a14046d88bafea630333e875: Time spent bootstrapping tablet: real 0.052s	user 0.014s	sys 0.005s
I20260608 12:47:47.137681 28144 tablet_bootstrap.cc:492] T 5f2678d30e404750a495348fba6f5d3f P b1d1c525f40e4df6ba3ca9cc6ef8341f: No bootstrap required, opened a new log
I20260608 12:47:47.138267 28144 ts_tablet_manager.cc:1403] T 5f2678d30e404750a495348fba6f5d3f P b1d1c525f40e4df6ba3ca9cc6ef8341f: Time spent bootstrapping tablet: real 0.021s	user 0.009s	sys 0.010s
I20260608 12:47:47.139318 28142 raft_consensus.cc:359] T 348f08d67f1f4b1b9b36944d16e47027 P 60268911a14046d88bafea630333e875 [term 0 FOLLOWER]: Replica starting. Triggering 0 pending ops. Active config: opid_index: -1 OBSOLETE_local: false peers { permanent_uuid: "b1d1c525f40e4df6ba3ca9cc6ef8341f" member_type: VOTER last_known_addr { host: "127.24.64.132" port: 46447 } } peers { permanent_uuid: "60268911a14046d88bafea630333e875" member_type: VOTER last_known_addr { host: "127.24.64.131" port: 44965 } } peers { permanent_uuid: "4a27ecb8c1bd40878a2e4722d93927a3" member_type: VOTER last_known_addr { host: "127.24.64.129" port: 46763 } }
I20260608 12:47:47.140864 28142 raft_consensus.cc:385] T 348f08d67f1f4b1b9b36944d16e47027 P 60268911a14046d88bafea630333e875 [term 0 FOLLOWER]: Consensus starting up: Expiring failure detector timer to make a prompt election more likely
I20260608 12:47:47.141222 28142 raft_consensus.cc:740] T 348f08d67f1f4b1b9b36944d16e47027 P 60268911a14046d88bafea630333e875 [term 0 FOLLOWER]: Becoming Follower/Learner. State: Replica: 60268911a14046d88bafea630333e875, State: Initialized, Role: FOLLOWER
I20260608 12:47:47.141462 28144 raft_consensus.cc:359] T 5f2678d30e404750a495348fba6f5d3f P b1d1c525f40e4df6ba3ca9cc6ef8341f [term 0 FOLLOWER]: Replica starting. Triggering 0 pending ops. Active config: opid_index: -1 OBSOLETE_local: false peers { permanent_uuid: "4a27ecb8c1bd40878a2e4722d93927a3" member_type: VOTER last_known_addr { host: "127.24.64.129" port: 46763 } } peers { permanent_uuid: "b1d1c525f40e4df6ba3ca9cc6ef8341f" member_type: VOTER last_known_addr { host: "127.24.64.132" port: 46447 } } peers { permanent_uuid: "f367eee3ccc64357bb71ffba75d2b385" member_type: VOTER last_known_addr { host: "127.24.64.130" port: 42225 } }
I20260608 12:47:47.142307 28144 raft_consensus.cc:385] T 5f2678d30e404750a495348fba6f5d3f P b1d1c525f40e4df6ba3ca9cc6ef8341f [term 0 FOLLOWER]: Consensus starting up: Expiring failure detector timer to make a prompt election more likely
I20260608 12:47:47.142812 28144 raft_consensus.cc:740] T 5f2678d30e404750a495348fba6f5d3f P b1d1c525f40e4df6ba3ca9cc6ef8341f [term 0 FOLLOWER]: Becoming Follower/Learner. State: Replica: b1d1c525f40e4df6ba3ca9cc6ef8341f, State: Initialized, Role: FOLLOWER
I20260608 12:47:47.142278 28142 consensus_queue.cc:260] T 348f08d67f1f4b1b9b36944d16e47027 P 60268911a14046d88bafea630333e875 [NON_LEADER]: Queue going to NON_LEADER mode. State: All replicated index: 0, Majority replicated index: 0, Committed index: 0, Last appended: 0.0, Last appended by leader: 0, Current term: 0, Majority size: -1, State: 0, Mode: NON_LEADER, active raft config: opid_index: -1 OBSOLETE_local: false peers { permanent_uuid: "b1d1c525f40e4df6ba3ca9cc6ef8341f" member_type: VOTER last_known_addr { host: "127.24.64.132" port: 46447 } } peers { permanent_uuid: "60268911a14046d88bafea630333e875" member_type: VOTER last_known_addr { host: "127.24.64.131" port: 44965 } } peers { permanent_uuid: "4a27ecb8c1bd40878a2e4722d93927a3" member_type: VOTER last_known_addr { host: "127.24.64.129" port: 46763 } }
I20260608 12:47:47.143498 28144 consensus_queue.cc:260] T 5f2678d30e404750a495348fba6f5d3f P b1d1c525f40e4df6ba3ca9cc6ef8341f [NON_LEADER]: Queue going to NON_LEADER mode. State: All replicated index: 0, Majority replicated index: 0, Committed index: 0, Last appended: 0.0, Last appended by leader: 0, Current term: 0, Majority size: -1, State: 0, Mode: NON_LEADER, active raft config: opid_index: -1 OBSOLETE_local: false peers { permanent_uuid: "4a27ecb8c1bd40878a2e4722d93927a3" member_type: VOTER last_known_addr { host: "127.24.64.129" port: 46763 } } peers { permanent_uuid: "b1d1c525f40e4df6ba3ca9cc6ef8341f" member_type: VOTER last_known_addr { host: "127.24.64.132" port: 46447 } } peers { permanent_uuid: "f367eee3ccc64357bb71ffba75d2b385" member_type: VOTER last_known_addr { host: "127.24.64.130" port: 42225 } }
I20260608 12:47:47.143460 27685 catalog_manager.cc:5696] T cf7d045e2fbf4b98a44e464d9c2b7b5e P b1d1c525f40e4df6ba3ca9cc6ef8341f reported cstate change: term changed from 0 to 1, leader changed from <none> to b1d1c525f40e4df6ba3ca9cc6ef8341f (127.24.64.132). New cstate: current_term: 1 leader_uuid: "b1d1c525f40e4df6ba3ca9cc6ef8341f" committed_config { opid_index: -1 OBSOLETE_local: false peers { permanent_uuid: "b1d1c525f40e4df6ba3ca9cc6ef8341f" member_type: VOTER last_known_addr { host: "127.24.64.132" port: 46447 } health_report { overall_health: HEALTHY } } peers { permanent_uuid: "60268911a14046d88bafea630333e875" member_type: VOTER last_known_addr { host: "127.24.64.131" port: 44965 } health_report { overall_health: UNKNOWN } } peers { permanent_uuid: "f367eee3ccc64357bb71ffba75d2b385" member_type: VOTER last_known_addr { host: "127.24.64.130" port: 42225 } health_report { overall_health: UNKNOWN } } }
I20260608 12:47:47.146307 28144 ts_tablet_manager.cc:1434] T 5f2678d30e404750a495348fba6f5d3f P b1d1c525f40e4df6ba3ca9cc6ef8341f: Time spent starting tablet: real 0.008s	user 0.008s	sys 0.000s
I20260608 12:47:47.147398 28064 raft_consensus.cc:493] T e467694e0c3146a89562851d241a634c P f367eee3ccc64357bb71ffba75d2b385 [term 0 FOLLOWER]: Starting pre-election (no leader contacted us within the election timeout)
I20260608 12:47:47.147756 28064 raft_consensus.cc:515] T e467694e0c3146a89562851d241a634c P f367eee3ccc64357bb71ffba75d2b385 [term 0 FOLLOWER]: Starting pre-election with config: opid_index: -1 OBSOLETE_local: false peers { permanent_uuid: "f367eee3ccc64357bb71ffba75d2b385" member_type: VOTER last_known_addr { host: "127.24.64.130" port: 42225 } } peers { permanent_uuid: "b1d1c525f40e4df6ba3ca9cc6ef8341f" member_type: VOTER last_known_addr { host: "127.24.64.132" port: 46447 } } peers { permanent_uuid: "60268911a14046d88bafea630333e875" member_type: VOTER last_known_addr { host: "127.24.64.131" port: 44965 } }
I20260608 12:47:47.149627 28064 leader_election.cc:290] T e467694e0c3146a89562851d241a634c P f367eee3ccc64357bb71ffba75d2b385 [CANDIDATE]: Term 1 pre-election: Requested pre-vote from peers b1d1c525f40e4df6ba3ca9cc6ef8341f (127.24.64.132:46447), 60268911a14046d88bafea630333e875 (127.24.64.131:44965)
I20260608 12:47:47.150385 28107 tablet_service.cc:1917] Received RequestConsensusVote() RPC: tablet_id: "e467694e0c3146a89562851d241a634c" candidate_uuid: "f367eee3ccc64357bb71ffba75d2b385" candidate_term: 1 candidate_status { last_received { term: 0 index: 0 } } ignore_live_leader: false dest_uuid: "b1d1c525f40e4df6ba3ca9cc6ef8341f" is_pre_election: true
I20260608 12:47:47.150801 27935 tablet_service.cc:1917] Received RequestConsensusVote() RPC: tablet_id: "e467694e0c3146a89562851d241a634c" candidate_uuid: "f367eee3ccc64357bb71ffba75d2b385" candidate_term: 1 candidate_status { last_received { term: 0 index: 0 } } ignore_live_leader: false dest_uuid: "60268911a14046d88bafea630333e875" is_pre_election: true
I20260608 12:47:47.151427 27935 raft_consensus.cc:2468] T e467694e0c3146a89562851d241a634c P 60268911a14046d88bafea630333e875 [term 0 FOLLOWER]: Leader pre-election vote request: Granting yes vote for candidate f367eee3ccc64357bb71ffba75d2b385 in term 0.
W20260608 12:47:47.151752 27829 leader_election.cc:343] T e467694e0c3146a89562851d241a634c P f367eee3ccc64357bb71ffba75d2b385 [CANDIDATE]: Term 1 pre-election: Tablet error from VoteRequest() call to peer b1d1c525f40e4df6ba3ca9cc6ef8341f (127.24.64.132:46447): Illegal state: must be running to vote when last-logged opid is not known
I20260608 12:47:47.152784 27828 leader_election.cc:304] T e467694e0c3146a89562851d241a634c P f367eee3ccc64357bb71ffba75d2b385 [CANDIDATE]: Term 1 pre-election: Election decided. Result: candidate won. Election summary: received 3 responses out of 3 voters: 2 yes votes; 1 no votes. yes voters: 60268911a14046d88bafea630333e875, f367eee3ccc64357bb71ffba75d2b385; no voters: b1d1c525f40e4df6ba3ca9cc6ef8341f
I20260608 12:47:47.153748 28144 tablet_bootstrap.cc:492] T 3cbd758b3317471a9291a2d210bae24c P b1d1c525f40e4df6ba3ca9cc6ef8341f: Bootstrap starting.
I20260608 12:47:47.153975 28064 raft_consensus.cc:2804] T e467694e0c3146a89562851d241a634c P f367eee3ccc64357bb71ffba75d2b385 [term 0 FOLLOWER]: Leader pre-election won for term 1
I20260608 12:47:47.154369 28064 raft_consensus.cc:493] T e467694e0c3146a89562851d241a634c P f367eee3ccc64357bb71ffba75d2b385 [term 0 FOLLOWER]: Starting leader election (no leader contacted us within the election timeout)
I20260608 12:47:47.154687 28064 raft_consensus.cc:3060] T e467694e0c3146a89562851d241a634c P f367eee3ccc64357bb71ffba75d2b385 [term 0 FOLLOWER]: Advancing to term 1
I20260608 12:47:47.162328 28064 raft_consensus.cc:515] T e467694e0c3146a89562851d241a634c P f367eee3ccc64357bb71ffba75d2b385 [term 1 FOLLOWER]: Starting leader election with config: opid_index: -1 OBSOLETE_local: false peers { permanent_uuid: "f367eee3ccc64357bb71ffba75d2b385" member_type: VOTER last_known_addr { host: "127.24.64.130" port: 42225 } } peers { permanent_uuid: "b1d1c525f40e4df6ba3ca9cc6ef8341f" member_type: VOTER last_known_addr { host: "127.24.64.132" port: 46447 } } peers { permanent_uuid: "60268911a14046d88bafea630333e875" member_type: VOTER last_known_addr { host: "127.24.64.131" port: 44965 } }
I20260608 12:47:47.164099 28142 ts_tablet_manager.cc:1434] T 348f08d67f1f4b1b9b36944d16e47027 P 60268911a14046d88bafea630333e875: Time spent starting tablet: real 0.034s	user 0.016s	sys 0.004s
I20260608 12:47:47.164003 28144 tablet_bootstrap.cc:654] T 3cbd758b3317471a9291a2d210bae24c P b1d1c525f40e4df6ba3ca9cc6ef8341f: Neither blocks nor log segments found. Creating new log.
I20260608 12:47:47.166599 28107 tablet_service.cc:1917] Received RequestConsensusVote() RPC: tablet_id: "e467694e0c3146a89562851d241a634c" candidate_uuid: "f367eee3ccc64357bb71ffba75d2b385" candidate_term: 1 candidate_status { last_received { term: 0 index: 0 } } ignore_live_leader: false dest_uuid: "b1d1c525f40e4df6ba3ca9cc6ef8341f"
W20260608 12:47:47.168067 27829 leader_election.cc:343] T e467694e0c3146a89562851d241a634c P f367eee3ccc64357bb71ffba75d2b385 [CANDIDATE]: Term 1 election: Tablet error from VoteRequest() call to peer b1d1c525f40e4df6ba3ca9cc6ef8341f (127.24.64.132:46447): Illegal state: must be running to vote when last-logged opid is not known
I20260608 12:47:47.169559 28064 leader_election.cc:290] T e467694e0c3146a89562851d241a634c P f367eee3ccc64357bb71ffba75d2b385 [CANDIDATE]: Term 1 election: Requested vote from peers b1d1c525f40e4df6ba3ca9cc6ef8341f (127.24.64.132:46447), 60268911a14046d88bafea630333e875 (127.24.64.131:44965)
I20260608 12:47:47.171041 27935 tablet_service.cc:1917] Received RequestConsensusVote() RPC: tablet_id: "e467694e0c3146a89562851d241a634c" candidate_uuid: "f367eee3ccc64357bb71ffba75d2b385" candidate_term: 1 candidate_status { last_received { term: 0 index: 0 } } ignore_live_leader: false dest_uuid: "60268911a14046d88bafea630333e875"
I20260608 12:47:47.171730 27935 raft_consensus.cc:3060] T e467694e0c3146a89562851d241a634c P 60268911a14046d88bafea630333e875 [term 0 FOLLOWER]: Advancing to term 1
I20260608 12:47:47.172261 28144 tablet_bootstrap.cc:492] T 3cbd758b3317471a9291a2d210bae24c P b1d1c525f40e4df6ba3ca9cc6ef8341f: No bootstrap required, opened a new log
I20260608 12:47:47.172778 28144 ts_tablet_manager.cc:1403] T 3cbd758b3317471a9291a2d210bae24c P b1d1c525f40e4df6ba3ca9cc6ef8341f: Time spent bootstrapping tablet: real 0.019s	user 0.011s	sys 0.002s
I20260608 12:47:47.177940 28144 raft_consensus.cc:359] T 3cbd758b3317471a9291a2d210bae24c P b1d1c525f40e4df6ba3ca9cc6ef8341f [term 0 FOLLOWER]: Replica starting. Triggering 0 pending ops. Active config: opid_index: -1 OBSOLETE_local: false peers { permanent_uuid: "b1d1c525f40e4df6ba3ca9cc6ef8341f" member_type: VOTER last_known_addr { host: "127.24.64.132" port: 46447 } } peers { permanent_uuid: "60268911a14046d88bafea630333e875" member_type: VOTER last_known_addr { host: "127.24.64.131" port: 44965 } } peers { permanent_uuid: "4a27ecb8c1bd40878a2e4722d93927a3" member_type: VOTER last_known_addr { host: "127.24.64.129" port: 46763 } }
I20260608 12:47:47.178372 27935 raft_consensus.cc:2468] T e467694e0c3146a89562851d241a634c P 60268911a14046d88bafea630333e875 [term 1 FOLLOWER]: Leader election vote request: Granting yes vote for candidate f367eee3ccc64357bb71ffba75d2b385 in term 1.
I20260608 12:47:47.178534 28144 raft_consensus.cc:385] T 3cbd758b3317471a9291a2d210bae24c P b1d1c525f40e4df6ba3ca9cc6ef8341f [term 0 FOLLOWER]: Consensus starting up: Expiring failure detector timer to make a prompt election more likely
I20260608 12:47:47.178942 28144 raft_consensus.cc:740] T 3cbd758b3317471a9291a2d210bae24c P b1d1c525f40e4df6ba3ca9cc6ef8341f [term 0 FOLLOWER]: Becoming Follower/Learner. State: Replica: b1d1c525f40e4df6ba3ca9cc6ef8341f, State: Initialized, Role: FOLLOWER
I20260608 12:47:47.179491 27828 leader_election.cc:304] T e467694e0c3146a89562851d241a634c P f367eee3ccc64357bb71ffba75d2b385 [CANDIDATE]: Term 1 election: Election decided. Result: candidate won. Election summary: received 3 responses out of 3 voters: 2 yes votes; 1 no votes. yes voters: 60268911a14046d88bafea630333e875, f367eee3ccc64357bb71ffba75d2b385; no voters: b1d1c525f40e4df6ba3ca9cc6ef8341f
I20260608 12:47:47.179738 28144 consensus_queue.cc:260] T 3cbd758b3317471a9291a2d210bae24c P b1d1c525f40e4df6ba3ca9cc6ef8341f [NON_LEADER]: Queue going to NON_LEADER mode. State: All replicated index: 0, Majority replicated index: 0, Committed index: 0, Last appended: 0.0, Last appended by leader: 0, Current term: 0, Majority size: -1, State: 0, Mode: NON_LEADER, active raft config: opid_index: -1 OBSOLETE_local: false peers { permanent_uuid: "b1d1c525f40e4df6ba3ca9cc6ef8341f" member_type: VOTER last_known_addr { host: "127.24.64.132" port: 46447 } } peers { permanent_uuid: "60268911a14046d88bafea630333e875" member_type: VOTER last_known_addr { host: "127.24.64.131" port: 44965 } } peers { permanent_uuid: "4a27ecb8c1bd40878a2e4722d93927a3" member_type: VOTER last_known_addr { host: "127.24.64.129" port: 46763 } }
I20260608 12:47:47.180224 28064 raft_consensus.cc:2804] T e467694e0c3146a89562851d241a634c P f367eee3ccc64357bb71ffba75d2b385 [term 1 FOLLOWER]: Leader election won for term 1
I20260608 12:47:47.180963 28064 raft_consensus.cc:697] T e467694e0c3146a89562851d241a634c P f367eee3ccc64357bb71ffba75d2b385 [term 1 LEADER]: Becoming Leader. State: Replica: f367eee3ccc64357bb71ffba75d2b385, State: Running, Role: LEADER
I20260608 12:47:47.181942 28144 ts_tablet_manager.cc:1434] T 3cbd758b3317471a9291a2d210bae24c P b1d1c525f40e4df6ba3ca9cc6ef8341f: Time spent starting tablet: real 0.008s	user 0.004s	sys 0.000s
I20260608 12:47:47.181731 28064 consensus_queue.cc:237] T e467694e0c3146a89562851d241a634c P f367eee3ccc64357bb71ffba75d2b385 [LEADER]: Queue going to LEADER mode. State: All replicated index: 0, Majority replicated index: 0, Committed index: 0, Last appended: 0.0, Last appended by leader: 0, Current term: 1, Majority size: 2, State: 0, Mode: LEADER, active raft config: opid_index: -1 OBSOLETE_local: false peers { permanent_uuid: "f367eee3ccc64357bb71ffba75d2b385" member_type: VOTER last_known_addr { host: "127.24.64.130" port: 42225 } } peers { permanent_uuid: "b1d1c525f40e4df6ba3ca9cc6ef8341f" member_type: VOTER last_known_addr { host: "127.24.64.132" port: 46447 } } peers { permanent_uuid: "60268911a14046d88bafea630333e875" member_type: VOTER last_known_addr { host: "127.24.64.131" port: 44965 } }
I20260608 12:47:47.183226 28144 tablet_bootstrap.cc:492] T 0de8b32f12f84343be10b7a320a347a4 P b1d1c525f40e4df6ba3ca9cc6ef8341f: Bootstrap starting.
I20260608 12:47:47.191236 28144 tablet_bootstrap.cc:654] T 0de8b32f12f84343be10b7a320a347a4 P b1d1c525f40e4df6ba3ca9cc6ef8341f: Neither blocks nor log segments found. Creating new log.
I20260608 12:47:47.195500 27685 catalog_manager.cc:5696] T e467694e0c3146a89562851d241a634c P f367eee3ccc64357bb71ffba75d2b385 reported cstate change: term changed from 0 to 1, leader changed from <none> to f367eee3ccc64357bb71ffba75d2b385 (127.24.64.130). New cstate: current_term: 1 leader_uuid: "f367eee3ccc64357bb71ffba75d2b385" committed_config { opid_index: -1 OBSOLETE_local: false peers { permanent_uuid: "f367eee3ccc64357bb71ffba75d2b385" member_type: VOTER last_known_addr { host: "127.24.64.130" port: 42225 } health_report { overall_health: HEALTHY } } peers { permanent_uuid: "b1d1c525f40e4df6ba3ca9cc6ef8341f" member_type: VOTER last_known_addr { host: "127.24.64.132" port: 46447 } health_report { overall_health: UNKNOWN } } peers { permanent_uuid: "60268911a14046d88bafea630333e875" member_type: VOTER last_known_addr { host: "127.24.64.131" port: 44965 } health_report { overall_health: UNKNOWN } } }
I20260608 12:47:47.197104 28144 tablet_bootstrap.cc:492] T 0de8b32f12f84343be10b7a320a347a4 P b1d1c525f40e4df6ba3ca9cc6ef8341f: No bootstrap required, opened a new log
I20260608 12:47:47.197527 28144 ts_tablet_manager.cc:1403] T 0de8b32f12f84343be10b7a320a347a4 P b1d1c525f40e4df6ba3ca9cc6ef8341f: Time spent bootstrapping tablet: real 0.015s	user 0.000s	sys 0.011s
I20260608 12:47:47.200651 28144 raft_consensus.cc:359] T 0de8b32f12f84343be10b7a320a347a4 P b1d1c525f40e4df6ba3ca9cc6ef8341f [term 0 FOLLOWER]: Replica starting. Triggering 0 pending ops. Active config: opid_index: -1 OBSOLETE_local: false peers { permanent_uuid: "b1d1c525f40e4df6ba3ca9cc6ef8341f" member_type: VOTER last_known_addr { host: "127.24.64.132" port: 46447 } } peers { permanent_uuid: "60268911a14046d88bafea630333e875" member_type: VOTER last_known_addr { host: "127.24.64.131" port: 44965 } } peers { permanent_uuid: "4a27ecb8c1bd40878a2e4722d93927a3" member_type: VOTER last_known_addr { host: "127.24.64.129" port: 46763 } }
I20260608 12:47:47.201218 28144 raft_consensus.cc:385] T 0de8b32f12f84343be10b7a320a347a4 P b1d1c525f40e4df6ba3ca9cc6ef8341f [term 0 FOLLOWER]: Consensus starting up: Expiring failure detector timer to make a prompt election more likely
I20260608 12:47:47.201467 28144 raft_consensus.cc:740] T 0de8b32f12f84343be10b7a320a347a4 P b1d1c525f40e4df6ba3ca9cc6ef8341f [term 0 FOLLOWER]: Becoming Follower/Learner. State: Replica: b1d1c525f40e4df6ba3ca9cc6ef8341f, State: Initialized, Role: FOLLOWER
I20260608 12:47:47.202327 28144 consensus_queue.cc:260] T 0de8b32f12f84343be10b7a320a347a4 P b1d1c525f40e4df6ba3ca9cc6ef8341f [NON_LEADER]: Queue going to NON_LEADER mode. State: All replicated index: 0, Majority replicated index: 0, Committed index: 0, Last appended: 0.0, Last appended by leader: 0, Current term: 0, Majority size: -1, State: 0, Mode: NON_LEADER, active raft config: opid_index: -1 OBSOLETE_local: false peers { permanent_uuid: "b1d1c525f40e4df6ba3ca9cc6ef8341f" member_type: VOTER last_known_addr { host: "127.24.64.132" port: 46447 } } peers { permanent_uuid: "60268911a14046d88bafea630333e875" member_type: VOTER last_known_addr { host: "127.24.64.131" port: 44965 } } peers { permanent_uuid: "4a27ecb8c1bd40878a2e4722d93927a3" member_type: VOTER last_known_addr { host: "127.24.64.129" port: 46763 } }
I20260608 12:47:47.204357 28144 ts_tablet_manager.cc:1434] T 0de8b32f12f84343be10b7a320a347a4 P b1d1c525f40e4df6ba3ca9cc6ef8341f: Time spent starting tablet: real 0.007s	user 0.005s	sys 0.002s
I20260608 12:47:47.205390 28144 tablet_bootstrap.cc:492] T e467694e0c3146a89562851d241a634c P b1d1c525f40e4df6ba3ca9cc6ef8341f: Bootstrap starting.
I20260608 12:47:47.210423 28144 tablet_bootstrap.cc:654] T e467694e0c3146a89562851d241a634c P b1d1c525f40e4df6ba3ca9cc6ef8341f: Neither blocks nor log segments found. Creating new log.
I20260608 12:47:47.215381 28144 tablet_bootstrap.cc:492] T e467694e0c3146a89562851d241a634c P b1d1c525f40e4df6ba3ca9cc6ef8341f: No bootstrap required, opened a new log
I20260608 12:47:47.215777 28144 ts_tablet_manager.cc:1403] T e467694e0c3146a89562851d241a634c P b1d1c525f40e4df6ba3ca9cc6ef8341f: Time spent bootstrapping tablet: real 0.011s	user 0.008s	sys 0.000s
I20260608 12:47:47.218114 28144 raft_consensus.cc:359] T e467694e0c3146a89562851d241a634c P b1d1c525f40e4df6ba3ca9cc6ef8341f [term 0 FOLLOWER]: Replica starting. Triggering 0 pending ops. Active config: opid_index: -1 OBSOLETE_local: false peers { permanent_uuid: "f367eee3ccc64357bb71ffba75d2b385" member_type: VOTER last_known_addr { host: "127.24.64.130" port: 42225 } } peers { permanent_uuid: "b1d1c525f40e4df6ba3ca9cc6ef8341f" member_type: VOTER last_known_addr { host: "127.24.64.132" port: 46447 } } peers { permanent_uuid: "60268911a14046d88bafea630333e875" member_type: VOTER last_known_addr { host: "127.24.64.131" port: 44965 } }
I20260608 12:47:47.218680 28144 raft_consensus.cc:385] T e467694e0c3146a89562851d241a634c P b1d1c525f40e4df6ba3ca9cc6ef8341f [term 0 FOLLOWER]: Consensus starting up: Expiring failure detector timer to make a prompt election more likely
I20260608 12:47:47.218881 28144 raft_consensus.cc:740] T e467694e0c3146a89562851d241a634c P b1d1c525f40e4df6ba3ca9cc6ef8341f [term 0 FOLLOWER]: Becoming Follower/Learner. State: Replica: b1d1c525f40e4df6ba3ca9cc6ef8341f, State: Initialized, Role: FOLLOWER
I20260608 12:47:47.219447 28144 consensus_queue.cc:260] T e467694e0c3146a89562851d241a634c P b1d1c525f40e4df6ba3ca9cc6ef8341f [NON_LEADER]: Queue going to NON_LEADER mode. State: All replicated index: 0, Majority replicated index: 0, Committed index: 0, Last appended: 0.0, Last appended by leader: 0, Current term: 0, Majority size: -1, State: 0, Mode: NON_LEADER, active raft config: opid_index: -1 OBSOLETE_local: false peers { permanent_uuid: "f367eee3ccc64357bb71ffba75d2b385" member_type: VOTER last_known_addr { host: "127.24.64.130" port: 42225 } } peers { permanent_uuid: "b1d1c525f40e4df6ba3ca9cc6ef8341f" member_type: VOTER last_known_addr { host: "127.24.64.132" port: 46447 } } peers { permanent_uuid: "60268911a14046d88bafea630333e875" member_type: VOTER last_known_addr { host: "127.24.64.131" port: 44965 } }
I20260608 12:47:47.221534 28144 ts_tablet_manager.cc:1434] T e467694e0c3146a89562851d241a634c P b1d1c525f40e4df6ba3ca9cc6ef8341f: Time spent starting tablet: real 0.006s	user 0.004s	sys 0.000s
I20260608 12:47:47.222605 28144 tablet_bootstrap.cc:492] T c137d9bfae2b45d3bd822ab4d34b0c7f P b1d1c525f40e4df6ba3ca9cc6ef8341f: Bootstrap starting.
I20260608 12:47:47.229058 28144 tablet_bootstrap.cc:654] T c137d9bfae2b45d3bd822ab4d34b0c7f P b1d1c525f40e4df6ba3ca9cc6ef8341f: Neither blocks nor log segments found. Creating new log.
I20260608 12:47:47.233955 28144 tablet_bootstrap.cc:492] T c137d9bfae2b45d3bd822ab4d34b0c7f P b1d1c525f40e4df6ba3ca9cc6ef8341f: No bootstrap required, opened a new log
I20260608 12:47:47.234431 28144 ts_tablet_manager.cc:1403] T c137d9bfae2b45d3bd822ab4d34b0c7f P b1d1c525f40e4df6ba3ca9cc6ef8341f: Time spent bootstrapping tablet: real 0.012s	user 0.011s	sys 0.000s
I20260608 12:47:47.236369 28144 raft_consensus.cc:359] T c137d9bfae2b45d3bd822ab4d34b0c7f P b1d1c525f40e4df6ba3ca9cc6ef8341f [term 0 FOLLOWER]: Replica starting. Triggering 0 pending ops. Active config: opid_index: -1 OBSOLETE_local: false peers { permanent_uuid: "b1d1c525f40e4df6ba3ca9cc6ef8341f" member_type: VOTER last_known_addr { host: "127.24.64.132" port: 46447 } } peers { permanent_uuid: "f367eee3ccc64357bb71ffba75d2b385" member_type: VOTER last_known_addr { host: "127.24.64.130" port: 42225 } } peers { permanent_uuid: "4a27ecb8c1bd40878a2e4722d93927a3" member_type: VOTER last_known_addr { host: "127.24.64.129" port: 46763 } }
I20260608 12:47:47.236871 28144 raft_consensus.cc:385] T c137d9bfae2b45d3bd822ab4d34b0c7f P b1d1c525f40e4df6ba3ca9cc6ef8341f [term 0 FOLLOWER]: Consensus starting up: Expiring failure detector timer to make a prompt election more likely
I20260608 12:47:47.237159 28144 raft_consensus.cc:740] T c137d9bfae2b45d3bd822ab4d34b0c7f P b1d1c525f40e4df6ba3ca9cc6ef8341f [term 0 FOLLOWER]: Becoming Follower/Learner. State: Replica: b1d1c525f40e4df6ba3ca9cc6ef8341f, State: Initialized, Role: FOLLOWER
I20260608 12:47:47.237862 28144 consensus_queue.cc:260] T c137d9bfae2b45d3bd822ab4d34b0c7f P b1d1c525f40e4df6ba3ca9cc6ef8341f [NON_LEADER]: Queue going to NON_LEADER mode. State: All replicated index: 0, Majority replicated index: 0, Committed index: 0, Last appended: 0.0, Last appended by leader: 0, Current term: 0, Majority size: -1, State: 0, Mode: NON_LEADER, active raft config: opid_index: -1 OBSOLETE_local: false peers { permanent_uuid: "b1d1c525f40e4df6ba3ca9cc6ef8341f" member_type: VOTER last_known_addr { host: "127.24.64.132" port: 46447 } } peers { permanent_uuid: "f367eee3ccc64357bb71ffba75d2b385" member_type: VOTER last_known_addr { host: "127.24.64.130" port: 42225 } } peers { permanent_uuid: "4a27ecb8c1bd40878a2e4722d93927a3" member_type: VOTER last_known_addr { host: "127.24.64.129" port: 46763 } }
I20260608 12:47:47.239619 28144 ts_tablet_manager.cc:1434] T c137d9bfae2b45d3bd822ab4d34b0c7f P b1d1c525f40e4df6ba3ca9cc6ef8341f: Time spent starting tablet: real 0.005s	user 0.004s	sys 0.000s
I20260608 12:47:47.257737 28053 raft_consensus.cc:493] T 3cbd758b3317471a9291a2d210bae24c P 60268911a14046d88bafea630333e875 [term 0 FOLLOWER]: Starting pre-election (no leader contacted us within the election timeout)
I20260608 12:47:47.258279 28053 raft_consensus.cc:515] T 3cbd758b3317471a9291a2d210bae24c P 60268911a14046d88bafea630333e875 [term 0 FOLLOWER]: Starting pre-election with config: opid_index: -1 OBSOLETE_local: false peers { permanent_uuid: "b1d1c525f40e4df6ba3ca9cc6ef8341f" member_type: VOTER last_known_addr { host: "127.24.64.132" port: 46447 } } peers { permanent_uuid: "60268911a14046d88bafea630333e875" member_type: VOTER last_known_addr { host: "127.24.64.131" port: 44965 } } peers { permanent_uuid: "4a27ecb8c1bd40878a2e4722d93927a3" member_type: VOTER last_known_addr { host: "127.24.64.129" port: 46763 } }
I20260608 12:47:47.260377 28053 leader_election.cc:290] T 3cbd758b3317471a9291a2d210bae24c P 60268911a14046d88bafea630333e875 [CANDIDATE]: Term 1 pre-election: Requested pre-vote from peers b1d1c525f40e4df6ba3ca9cc6ef8341f (127.24.64.132:46447), 4a27ecb8c1bd40878a2e4722d93927a3 (127.24.64.129:46763)
I20260608 12:47:47.261842 27787 tablet_service.cc:1917] Received RequestConsensusVote() RPC: tablet_id: "3cbd758b3317471a9291a2d210bae24c" candidate_uuid: "60268911a14046d88bafea630333e875" candidate_term: 1 candidate_status { last_received { term: 0 index: 0 } } ignore_live_leader: false dest_uuid: "4a27ecb8c1bd40878a2e4722d93927a3" is_pre_election: true
I20260608 12:47:47.262598 27787 raft_consensus.cc:2468] T 3cbd758b3317471a9291a2d210bae24c P 4a27ecb8c1bd40878a2e4722d93927a3 [term 0 FOLLOWER]: Leader pre-election vote request: Granting yes vote for candidate 60268911a14046d88bafea630333e875 in term 0.
I20260608 12:47:47.263640 27902 leader_election.cc:304] T 3cbd758b3317471a9291a2d210bae24c P 60268911a14046d88bafea630333e875 [CANDIDATE]: Term 1 pre-election: Election decided. Result: candidate won. Election summary: received 2 responses out of 3 voters: 2 yes votes; 0 no votes. yes voters: 4a27ecb8c1bd40878a2e4722d93927a3, 60268911a14046d88bafea630333e875; no voters: 
I20260608 12:47:47.264348 28053 raft_consensus.cc:2804] T 3cbd758b3317471a9291a2d210bae24c P 60268911a14046d88bafea630333e875 [term 0 FOLLOWER]: Leader pre-election won for term 1
I20260608 12:47:47.264676 28053 raft_consensus.cc:493] T 3cbd758b3317471a9291a2d210bae24c P 60268911a14046d88bafea630333e875 [term 0 FOLLOWER]: Starting leader election (no leader contacted us within the election timeout)
I20260608 12:47:47.264952 28053 raft_consensus.cc:3060] T 3cbd758b3317471a9291a2d210bae24c P 60268911a14046d88bafea630333e875 [term 0 FOLLOWER]: Advancing to term 1
I20260608 12:47:47.270676 28053 raft_consensus.cc:515] T 3cbd758b3317471a9291a2d210bae24c P 60268911a14046d88bafea630333e875 [term 1 FOLLOWER]: Starting leader election with config: opid_index: -1 OBSOLETE_local: false peers { permanent_uuid: "b1d1c525f40e4df6ba3ca9cc6ef8341f" member_type: VOTER last_known_addr { host: "127.24.64.132" port: 46447 } } peers { permanent_uuid: "60268911a14046d88bafea630333e875" member_type: VOTER last_known_addr { host: "127.24.64.131" port: 44965 } } peers { permanent_uuid: "4a27ecb8c1bd40878a2e4722d93927a3" member_type: VOTER last_known_addr { host: "127.24.64.129" port: 46763 } }
I20260608 12:47:47.272708 28107 tablet_service.cc:1917] Received RequestConsensusVote() RPC: tablet_id: "3cbd758b3317471a9291a2d210bae24c" candidate_uuid: "60268911a14046d88bafea630333e875" candidate_term: 1 candidate_status { last_received { term: 0 index: 0 } } ignore_live_leader: false dest_uuid: "b1d1c525f40e4df6ba3ca9cc6ef8341f" is_pre_election: true
I20260608 12:47:47.272874 28053 leader_election.cc:290] T 3cbd758b3317471a9291a2d210bae24c P 60268911a14046d88bafea630333e875 [CANDIDATE]: Term 1 election: Requested vote from peers b1d1c525f40e4df6ba3ca9cc6ef8341f (127.24.64.132:46447), 4a27ecb8c1bd40878a2e4722d93927a3 (127.24.64.129:46763)
I20260608 12:47:47.273427 28107 raft_consensus.cc:2468] T 3cbd758b3317471a9291a2d210bae24c P b1d1c525f40e4df6ba3ca9cc6ef8341f [term 0 FOLLOWER]: Leader pre-election vote request: Granting yes vote for candidate 60268911a14046d88bafea630333e875 in term 0.
I20260608 12:47:47.275179 27787 tablet_service.cc:1917] Received RequestConsensusVote() RPC: tablet_id: "3cbd758b3317471a9291a2d210bae24c" candidate_uuid: "60268911a14046d88bafea630333e875" candidate_term: 1 candidate_status { last_received { term: 0 index: 0 } } ignore_live_leader: false dest_uuid: "4a27ecb8c1bd40878a2e4722d93927a3"
I20260608 12:47:47.275156 28107 tablet_service.cc:1917] Received RequestConsensusVote() RPC: tablet_id: "3cbd758b3317471a9291a2d210bae24c" candidate_uuid: "60268911a14046d88bafea630333e875" candidate_term: 1 candidate_status { last_received { term: 0 index: 0 } } ignore_live_leader: false dest_uuid: "b1d1c525f40e4df6ba3ca9cc6ef8341f"
I20260608 12:47:47.275967 27787 raft_consensus.cc:3060] T 3cbd758b3317471a9291a2d210bae24c P 4a27ecb8c1bd40878a2e4722d93927a3 [term 0 FOLLOWER]: Advancing to term 1
I20260608 12:47:47.276058 28107 raft_consensus.cc:3060] T 3cbd758b3317471a9291a2d210bae24c P b1d1c525f40e4df6ba3ca9cc6ef8341f [term 0 FOLLOWER]: Advancing to term 1
I20260608 12:47:47.283246 28107 raft_consensus.cc:2468] T 3cbd758b3317471a9291a2d210bae24c P b1d1c525f40e4df6ba3ca9cc6ef8341f [term 1 FOLLOWER]: Leader election vote request: Granting yes vote for candidate 60268911a14046d88bafea630333e875 in term 1.
I20260608 12:47:47.283236 27787 raft_consensus.cc:2468] T 3cbd758b3317471a9291a2d210bae24c P 4a27ecb8c1bd40878a2e4722d93927a3 [term 1 FOLLOWER]: Leader election vote request: Granting yes vote for candidate 60268911a14046d88bafea630333e875 in term 1.
I20260608 12:47:47.284667 27903 leader_election.cc:304] T 3cbd758b3317471a9291a2d210bae24c P 60268911a14046d88bafea630333e875 [CANDIDATE]: Term 1 election: Election decided. Result: candidate won. Election summary: received 2 responses out of 3 voters: 2 yes votes; 0 no votes. yes voters: 60268911a14046d88bafea630333e875, b1d1c525f40e4df6ba3ca9cc6ef8341f; no voters: 
I20260608 12:47:47.285463 28053 raft_consensus.cc:2804] T 3cbd758b3317471a9291a2d210bae24c P 60268911a14046d88bafea630333e875 [term 1 FOLLOWER]: Leader election won for term 1
I20260608 12:47:47.286397 28053 raft_consensus.cc:697] T 3cbd758b3317471a9291a2d210bae24c P 60268911a14046d88bafea630333e875 [term 1 LEADER]: Becoming Leader. State: Replica: 60268911a14046d88bafea630333e875, State: Running, Role: LEADER
I20260608 12:47:47.287150 28053 consensus_queue.cc:237] T 3cbd758b3317471a9291a2d210bae24c P 60268911a14046d88bafea630333e875 [LEADER]: Queue going to LEADER mode. State: All replicated index: 0, Majority replicated index: 0, Committed index: 0, Last appended: 0.0, Last appended by leader: 0, Current term: 1, Majority size: 2, State: 0, Mode: LEADER, active raft config: opid_index: -1 OBSOLETE_local: false peers { permanent_uuid: "b1d1c525f40e4df6ba3ca9cc6ef8341f" member_type: VOTER last_known_addr { host: "127.24.64.132" port: 46447 } } peers { permanent_uuid: "60268911a14046d88bafea630333e875" member_type: VOTER last_known_addr { host: "127.24.64.131" port: 44965 } } peers { permanent_uuid: "4a27ecb8c1bd40878a2e4722d93927a3" member_type: VOTER last_known_addr { host: "127.24.64.129" port: 46763 } }
I20260608 12:47:47.295172 27685 catalog_manager.cc:5696] T 3cbd758b3317471a9291a2d210bae24c P 60268911a14046d88bafea630333e875 reported cstate change: term changed from 0 to 1, leader changed from <none> to 60268911a14046d88bafea630333e875 (127.24.64.131). New cstate: current_term: 1 leader_uuid: "60268911a14046d88bafea630333e875" committed_config { opid_index: -1 OBSOLETE_local: false peers { permanent_uuid: "b1d1c525f40e4df6ba3ca9cc6ef8341f" member_type: VOTER last_known_addr { host: "127.24.64.132" port: 46447 } health_report { overall_health: UNKNOWN } } peers { permanent_uuid: "60268911a14046d88bafea630333e875" member_type: VOTER last_known_addr { host: "127.24.64.131" port: 44965 } health_report { overall_health: HEALTHY } } peers { permanent_uuid: "4a27ecb8c1bd40878a2e4722d93927a3" member_type: VOTER last_known_addr { host: "127.24.64.129" port: 46763 } health_report { overall_health: UNKNOWN } } }
I20260608 12:47:47.312880 28053 raft_consensus.cc:493] T 0de8b32f12f84343be10b7a320a347a4 P 60268911a14046d88bafea630333e875 [term 0 FOLLOWER]: Starting pre-election (no leader contacted us within the election timeout)
I20260608 12:47:47.313479 28053 raft_consensus.cc:515] T 0de8b32f12f84343be10b7a320a347a4 P 60268911a14046d88bafea630333e875 [term 0 FOLLOWER]: Starting pre-election with config: opid_index: -1 OBSOLETE_local: false peers { permanent_uuid: "b1d1c525f40e4df6ba3ca9cc6ef8341f" member_type: VOTER last_known_addr { host: "127.24.64.132" port: 46447 } } peers { permanent_uuid: "60268911a14046d88bafea630333e875" member_type: VOTER last_known_addr { host: "127.24.64.131" port: 44965 } } peers { permanent_uuid: "4a27ecb8c1bd40878a2e4722d93927a3" member_type: VOTER last_known_addr { host: "127.24.64.129" port: 46763 } }
I20260608 12:47:47.315680 28053 leader_election.cc:290] T 0de8b32f12f84343be10b7a320a347a4 P 60268911a14046d88bafea630333e875 [CANDIDATE]: Term 1 pre-election: Requested pre-vote from peers b1d1c525f40e4df6ba3ca9cc6ef8341f (127.24.64.132:46447), 4a27ecb8c1bd40878a2e4722d93927a3 (127.24.64.129:46763)
I20260608 12:47:47.316316 28107 tablet_service.cc:1917] Received RequestConsensusVote() RPC: tablet_id: "0de8b32f12f84343be10b7a320a347a4" candidate_uuid: "60268911a14046d88bafea630333e875" candidate_term: 1 candidate_status { last_received { term: 0 index: 0 } } ignore_live_leader: false dest_uuid: "b1d1c525f40e4df6ba3ca9cc6ef8341f" is_pre_election: true
I20260608 12:47:47.316867 27787 tablet_service.cc:1917] Received RequestConsensusVote() RPC: tablet_id: "0de8b32f12f84343be10b7a320a347a4" candidate_uuid: "60268911a14046d88bafea630333e875" candidate_term: 1 candidate_status { last_received { term: 0 index: 0 } } ignore_live_leader: false dest_uuid: "4a27ecb8c1bd40878a2e4722d93927a3" is_pre_election: true
I20260608 12:47:47.317020 28107 raft_consensus.cc:2468] T 0de8b32f12f84343be10b7a320a347a4 P b1d1c525f40e4df6ba3ca9cc6ef8341f [term 0 FOLLOWER]: Leader pre-election vote request: Granting yes vote for candidate 60268911a14046d88bafea630333e875 in term 0.
I20260608 12:47:47.317526 27787 raft_consensus.cc:2468] T 0de8b32f12f84343be10b7a320a347a4 P 4a27ecb8c1bd40878a2e4722d93927a3 [term 0 FOLLOWER]: Leader pre-election vote request: Granting yes vote for candidate 60268911a14046d88bafea630333e875 in term 0.
I20260608 12:47:47.318290 27903 leader_election.cc:304] T 0de8b32f12f84343be10b7a320a347a4 P 60268911a14046d88bafea630333e875 [CANDIDATE]: Term 1 pre-election: Election decided. Result: candidate won. Election summary: received 2 responses out of 3 voters: 2 yes votes; 0 no votes. yes voters: 60268911a14046d88bafea630333e875, b1d1c525f40e4df6ba3ca9cc6ef8341f; no voters: 
I20260608 12:47:47.319047 28053 raft_consensus.cc:2804] T 0de8b32f12f84343be10b7a320a347a4 P 60268911a14046d88bafea630333e875 [term 0 FOLLOWER]: Leader pre-election won for term 1
I20260608 12:47:47.319427 28053 raft_consensus.cc:493] T 0de8b32f12f84343be10b7a320a347a4 P 60268911a14046d88bafea630333e875 [term 0 FOLLOWER]: Starting leader election (no leader contacted us within the election timeout)
I20260608 12:47:47.319727 28053 raft_consensus.cc:3060] T 0de8b32f12f84343be10b7a320a347a4 P 60268911a14046d88bafea630333e875 [term 0 FOLLOWER]: Advancing to term 1
I20260608 12:47:47.324507 28053 raft_consensus.cc:515] T 0de8b32f12f84343be10b7a320a347a4 P 60268911a14046d88bafea630333e875 [term 1 FOLLOWER]: Starting leader election with config: opid_index: -1 OBSOLETE_local: false peers { permanent_uuid: "b1d1c525f40e4df6ba3ca9cc6ef8341f" member_type: VOTER last_known_addr { host: "127.24.64.132" port: 46447 } } peers { permanent_uuid: "60268911a14046d88bafea630333e875" member_type: VOTER last_known_addr { host: "127.24.64.131" port: 44965 } } peers { permanent_uuid: "4a27ecb8c1bd40878a2e4722d93927a3" member_type: VOTER last_known_addr { host: "127.24.64.129" port: 46763 } }
I20260608 12:47:47.325803 28064 raft_consensus.cc:493] T 5f2678d30e404750a495348fba6f5d3f P f367eee3ccc64357bb71ffba75d2b385 [term 0 FOLLOWER]: Starting pre-election (no leader contacted us within the election timeout)
I20260608 12:47:47.326333 28053 leader_election.cc:290] T 0de8b32f12f84343be10b7a320a347a4 P 60268911a14046d88bafea630333e875 [CANDIDATE]: Term 1 election: Requested vote from peers b1d1c525f40e4df6ba3ca9cc6ef8341f (127.24.64.132:46447), 4a27ecb8c1bd40878a2e4722d93927a3 (127.24.64.129:46763)
I20260608 12:47:47.326395 28064 raft_consensus.cc:515] T 5f2678d30e404750a495348fba6f5d3f P f367eee3ccc64357bb71ffba75d2b385 [term 0 FOLLOWER]: Starting pre-election with config: opid_index: -1 OBSOLETE_local: false peers { permanent_uuid: "4a27ecb8c1bd40878a2e4722d93927a3" member_type: VOTER last_known_addr { host: "127.24.64.129" port: 46763 } } peers { permanent_uuid: "b1d1c525f40e4df6ba3ca9cc6ef8341f" member_type: VOTER last_known_addr { host: "127.24.64.132" port: 46447 } } peers { permanent_uuid: "f367eee3ccc64357bb71ffba75d2b385" member_type: VOTER last_known_addr { host: "127.24.64.130" port: 42225 } }
I20260608 12:47:47.327039 28107 tablet_service.cc:1917] Received RequestConsensusVote() RPC: tablet_id: "0de8b32f12f84343be10b7a320a347a4" candidate_uuid: "60268911a14046d88bafea630333e875" candidate_term: 1 candidate_status { last_received { term: 0 index: 0 } } ignore_live_leader: false dest_uuid: "b1d1c525f40e4df6ba3ca9cc6ef8341f"
I20260608 12:47:47.327612 28107 raft_consensus.cc:3060] T 0de8b32f12f84343be10b7a320a347a4 P b1d1c525f40e4df6ba3ca9cc6ef8341f [term 0 FOLLOWER]: Advancing to term 1
I20260608 12:47:47.327540 27787 tablet_service.cc:1917] Received RequestConsensusVote() RPC: tablet_id: "0de8b32f12f84343be10b7a320a347a4" candidate_uuid: "60268911a14046d88bafea630333e875" candidate_term: 1 candidate_status { last_received { term: 0 index: 0 } } ignore_live_leader: false dest_uuid: "4a27ecb8c1bd40878a2e4722d93927a3"
I20260608 12:47:47.328274 27787 raft_consensus.cc:3060] T 0de8b32f12f84343be10b7a320a347a4 P 4a27ecb8c1bd40878a2e4722d93927a3 [term 0 FOLLOWER]: Advancing to term 1
I20260608 12:47:47.328836 28064 leader_election.cc:290] T 5f2678d30e404750a495348fba6f5d3f P f367eee3ccc64357bb71ffba75d2b385 [CANDIDATE]: Term 1 pre-election: Requested pre-vote from peers 4a27ecb8c1bd40878a2e4722d93927a3 (127.24.64.129:46763), b1d1c525f40e4df6ba3ca9cc6ef8341f (127.24.64.132:46447)
I20260608 12:47:47.329556 27786 tablet_service.cc:1917] Received RequestConsensusVote() RPC: tablet_id: "5f2678d30e404750a495348fba6f5d3f" candidate_uuid: "f367eee3ccc64357bb71ffba75d2b385" candidate_term: 1 candidate_status { last_received { term: 0 index: 0 } } ignore_live_leader: false dest_uuid: "4a27ecb8c1bd40878a2e4722d93927a3" is_pre_election: true
I20260608 12:47:47.330109 28106 tablet_service.cc:1917] Received RequestConsensusVote() RPC: tablet_id: "5f2678d30e404750a495348fba6f5d3f" candidate_uuid: "f367eee3ccc64357bb71ffba75d2b385" candidate_term: 1 candidate_status { last_received { term: 0 index: 0 } } ignore_live_leader: false dest_uuid: "b1d1c525f40e4df6ba3ca9cc6ef8341f" is_pre_election: true
I20260608 12:47:47.330276 27786 raft_consensus.cc:2468] T 5f2678d30e404750a495348fba6f5d3f P 4a27ecb8c1bd40878a2e4722d93927a3 [term 0 FOLLOWER]: Leader pre-election vote request: Granting yes vote for candidate f367eee3ccc64357bb71ffba75d2b385 in term 0.
I20260608 12:47:47.330785 28106 raft_consensus.cc:2468] T 5f2678d30e404750a495348fba6f5d3f P b1d1c525f40e4df6ba3ca9cc6ef8341f [term 0 FOLLOWER]: Leader pre-election vote request: Granting yes vote for candidate f367eee3ccc64357bb71ffba75d2b385 in term 0.
I20260608 12:47:47.331748 27828 leader_election.cc:304] T 5f2678d30e404750a495348fba6f5d3f P f367eee3ccc64357bb71ffba75d2b385 [CANDIDATE]: Term 1 pre-election: Election decided. Result: candidate won. Election summary: received 2 responses out of 3 voters: 2 yes votes; 0 no votes. yes voters: 4a27ecb8c1bd40878a2e4722d93927a3, f367eee3ccc64357bb71ffba75d2b385; no voters: 
I20260608 12:47:47.332672 28033 raft_consensus.cc:2804] T 5f2678d30e404750a495348fba6f5d3f P f367eee3ccc64357bb71ffba75d2b385 [term 0 FOLLOWER]: Leader pre-election won for term 1
I20260608 12:47:47.332906 28181 raft_consensus.cc:493] T 348f08d67f1f4b1b9b36944d16e47027 P 4a27ecb8c1bd40878a2e4722d93927a3 [term 0 FOLLOWER]: Starting pre-election (no leader contacted us within the election timeout)
I20260608 12:47:47.333101 28033 raft_consensus.cc:493] T 5f2678d30e404750a495348fba6f5d3f P f367eee3ccc64357bb71ffba75d2b385 [term 0 FOLLOWER]: Starting leader election (no leader contacted us within the election timeout)
I20260608 12:47:47.333559 28033 raft_consensus.cc:3060] T 5f2678d30e404750a495348fba6f5d3f P f367eee3ccc64357bb71ffba75d2b385 [term 0 FOLLOWER]: Advancing to term 1
I20260608 12:47:47.333457 28181 raft_consensus.cc:515] T 348f08d67f1f4b1b9b36944d16e47027 P 4a27ecb8c1bd40878a2e4722d93927a3 [term 0 FOLLOWER]: Starting pre-election with config: opid_index: -1 OBSOLETE_local: false peers { permanent_uuid: "b1d1c525f40e4df6ba3ca9cc6ef8341f" member_type: VOTER last_known_addr { host: "127.24.64.132" port: 46447 } } peers { permanent_uuid: "60268911a14046d88bafea630333e875" member_type: VOTER last_known_addr { host: "127.24.64.131" port: 44965 } } peers { permanent_uuid: "4a27ecb8c1bd40878a2e4722d93927a3" member_type: VOTER last_known_addr { host: "127.24.64.129" port: 46763 } }
I20260608 12:47:47.334749 28107 raft_consensus.cc:2468] T 0de8b32f12f84343be10b7a320a347a4 P b1d1c525f40e4df6ba3ca9cc6ef8341f [term 1 FOLLOWER]: Leader election vote request: Granting yes vote for candidate 60268911a14046d88bafea630333e875 in term 1.
I20260608 12:47:47.336452 27787 raft_consensus.cc:2468] T 0de8b32f12f84343be10b7a320a347a4 P 4a27ecb8c1bd40878a2e4722d93927a3 [term 1 FOLLOWER]: Leader election vote request: Granting yes vote for candidate 60268911a14046d88bafea630333e875 in term 1.
I20260608 12:47:47.335995 27903 leader_election.cc:304] T 0de8b32f12f84343be10b7a320a347a4 P 60268911a14046d88bafea630333e875 [CANDIDATE]: Term 1 election: Election decided. Result: candidate won. Election summary: received 2 responses out of 3 voters: 2 yes votes; 0 no votes. yes voters: 60268911a14046d88bafea630333e875, b1d1c525f40e4df6ba3ca9cc6ef8341f; no voters: 
I20260608 12:47:47.337293 27935 tablet_service.cc:1917] Received RequestConsensusVote() RPC: tablet_id: "348f08d67f1f4b1b9b36944d16e47027" candidate_uuid: "4a27ecb8c1bd40878a2e4722d93927a3" candidate_term: 1 candidate_status { last_received { term: 0 index: 0 } } ignore_live_leader: false dest_uuid: "60268911a14046d88bafea630333e875" is_pre_election: true
I20260608 12:47:47.337958 28053 raft_consensus.cc:2804] T 0de8b32f12f84343be10b7a320a347a4 P 60268911a14046d88bafea630333e875 [term 1 FOLLOWER]: Leader election won for term 1
