I20260608 12:46:25.008293 25991 consensus_queue.cc:260] T c963234db2844e7bbf08400db83371e3 P 6fd39845dfaa4f5b8b5298ba093a5a26 [NON_LEADER]: Queue going to NON_LEADER mode. State: All replicated index: 0, Majority replicated index: 0, Committed index: 0, Last appended: 0.0, Last appended by leader: 0, Current term: 0, Majority size: -1, State: 0, Mode: NON_LEADER, active raft config: opid_index: -1 OBSOLETE_local: false peers { permanent_uuid: "a69b5d01393b4b8095bd2e94f57bbdb9" member_type: VOTER last_known_addr { host: "127.24.137.1" port: 39473 } } peers { permanent_uuid: "d881939d5ab145c6b66f5b7398c64642" member_type: VOTER last_known_addr { host: "127.24.137.2" port: 33223 } } peers { permanent_uuid: "6fd39845dfaa4f5b8b5298ba093a5a26" member_type: VOTER last_known_addr { host: "127.24.137.3" port: 34119 } }
I20260608 12:46:25.009092 25992 consensus_queue.cc:260] T 0bc745ec0d7444c4aaee9ea741841166 P d881939d5ab145c6b66f5b7398c64642 [NON_LEADER]: Queue going to NON_LEADER mode. State: All replicated index: 0, Majority replicated index: 0, Committed index: 0, Last appended: 0.0, Last appended by leader: 0, Current term: 0, Majority size: -1, State: 0, Mode: NON_LEADER, active raft config: opid_index: -1 OBSOLETE_local: false peers { permanent_uuid: "a69b5d01393b4b8095bd2e94f57bbdb9" member_type: VOTER last_known_addr { host: "127.24.137.1" port: 39473 } } peers { permanent_uuid: "d881939d5ab145c6b66f5b7398c64642" member_type: VOTER last_known_addr { host: "127.24.137.2" port: 33223 } } peers { permanent_uuid: "6fd39845dfaa4f5b8b5298ba093a5a26" member_type: VOTER last_known_addr { host: "127.24.137.3" port: 34119 } }
I20260608 12:46:25.010233 25990 raft_consensus.cc:359] T f6ca4a304b364be2b54b05a7b5c6adaa P a69b5d01393b4b8095bd2e94f57bbdb9 [term 0 FOLLOWER]: Replica starting. Triggering 0 pending ops. Active config: opid_index: -1 OBSOLETE_local: false peers { permanent_uuid: "a69b5d01393b4b8095bd2e94f57bbdb9" member_type: VOTER last_known_addr { host: "127.24.137.1" port: 39473 } } peers { permanent_uuid: "6fd39845dfaa4f5b8b5298ba093a5a26" member_type: VOTER last_known_addr { host: "127.24.137.3" port: 34119 } } peers { permanent_uuid: "d881939d5ab145c6b66f5b7398c64642" member_type: VOTER last_known_addr { host: "127.24.137.2" port: 33223 } }
I20260608 12:46:25.011363 25990 raft_consensus.cc:385] T f6ca4a304b364be2b54b05a7b5c6adaa P a69b5d01393b4b8095bd2e94f57bbdb9 [term 0 FOLLOWER]: Consensus starting up: Expiring failure detector timer to make a prompt election more likely
I20260608 12:46:25.011739 25990 raft_consensus.cc:740] T f6ca4a304b364be2b54b05a7b5c6adaa P a69b5d01393b4b8095bd2e94f57bbdb9 [term 0 FOLLOWER]: Becoming Follower/Learner. State: Replica: a69b5d01393b4b8095bd2e94f57bbdb9, State: Initialized, Role: FOLLOWER
I20260608 12:46:25.012877 25991 ts_tablet_manager.cc:1434] T c963234db2844e7bbf08400db83371e3 P 6fd39845dfaa4f5b8b5298ba093a5a26: Time spent starting tablet: real 0.011s	user 0.011s	sys 0.000s
I20260608 12:46:25.013036 25990 consensus_queue.cc:260] T f6ca4a304b364be2b54b05a7b5c6adaa P a69b5d01393b4b8095bd2e94f57bbdb9 [NON_LEADER]: Queue going to NON_LEADER mode. State: All replicated index: 0, Majority replicated index: 0, Committed index: 0, Last appended: 0.0, Last appended by leader: 0, Current term: 0, Majority size: -1, State: 0, Mode: NON_LEADER, active raft config: opid_index: -1 OBSOLETE_local: false peers { permanent_uuid: "a69b5d01393b4b8095bd2e94f57bbdb9" member_type: VOTER last_known_addr { host: "127.24.137.1" port: 39473 } } peers { permanent_uuid: "6fd39845dfaa4f5b8b5298ba093a5a26" member_type: VOTER last_known_addr { host: "127.24.137.3" port: 34119 } } peers { permanent_uuid: "d881939d5ab145c6b66f5b7398c64642" member_type: VOTER last_known_addr { host: "127.24.137.2" port: 33223 } }
I20260608 12:46:25.014285 25991 tablet_bootstrap.cc:492] T b3ea1ee5b7dd4054a323c6b4bdf73266 P 6fd39845dfaa4f5b8b5298ba093a5a26: Bootstrap starting.
I20260608 12:46:25.023418 25990 ts_tablet_manager.cc:1434] T f6ca4a304b364be2b54b05a7b5c6adaa P a69b5d01393b4b8095bd2e94f57bbdb9: Time spent starting tablet: real 0.016s	user 0.016s	sys 0.000s
I20260608 12:46:25.023844 25991 tablet_bootstrap.cc:654] T b3ea1ee5b7dd4054a323c6b4bdf73266 P 6fd39845dfaa4f5b8b5298ba093a5a26: Neither blocks nor log segments found. Creating new log.
I20260608 12:46:25.034627 25992 ts_tablet_manager.cc:1434] T 0bc745ec0d7444c4aaee9ea741841166 P d881939d5ab145c6b66f5b7398c64642: Time spent starting tablet: real 0.032s	user 0.013s	sys 0.018s
I20260608 12:46:25.036039 25992 tablet_bootstrap.cc:492] T b3ea1ee5b7dd4054a323c6b4bdf73266 P d881939d5ab145c6b66f5b7398c64642: Bootstrap starting.
I20260608 12:46:25.043453 25992 tablet_bootstrap.cc:654] T b3ea1ee5b7dd4054a323c6b4bdf73266 P d881939d5ab145c6b66f5b7398c64642: Neither blocks nor log segments found. Creating new log.
I20260608 12:46:25.046195 25990 tablet_bootstrap.cc:492] T 0bc745ec0d7444c4aaee9ea741841166 P a69b5d01393b4b8095bd2e94f57bbdb9: Bootstrap starting.
I20260608 12:46:25.057279 25990 tablet_bootstrap.cc:654] T 0bc745ec0d7444c4aaee9ea741841166 P a69b5d01393b4b8095bd2e94f57bbdb9: Neither blocks nor log segments found. Creating new log.
I20260608 12:46:25.057438 25992 tablet_bootstrap.cc:492] T b3ea1ee5b7dd4054a323c6b4bdf73266 P d881939d5ab145c6b66f5b7398c64642: No bootstrap required, opened a new log
I20260608 12:46:25.058188 25992 ts_tablet_manager.cc:1403] T b3ea1ee5b7dd4054a323c6b4bdf73266 P d881939d5ab145c6b66f5b7398c64642: Time spent bootstrapping tablet: real 0.022s	user 0.011s	sys 0.008s
I20260608 12:46:25.060289 25991 tablet_bootstrap.cc:492] T b3ea1ee5b7dd4054a323c6b4bdf73266 P 6fd39845dfaa4f5b8b5298ba093a5a26: No bootstrap required, opened a new log
I20260608 12:46:25.060699 25992 raft_consensus.cc:359] T b3ea1ee5b7dd4054a323c6b4bdf73266 P d881939d5ab145c6b66f5b7398c64642 [term 0 FOLLOWER]: Replica starting. Triggering 0 pending ops. Active config: opid_index: -1 OBSOLETE_local: false peers { permanent_uuid: "a69b5d01393b4b8095bd2e94f57bbdb9" member_type: VOTER last_known_addr { host: "127.24.137.1" port: 39473 } } peers { permanent_uuid: "d881939d5ab145c6b66f5b7398c64642" member_type: VOTER last_known_addr { host: "127.24.137.2" port: 33223 } } peers { permanent_uuid: "6fd39845dfaa4f5b8b5298ba093a5a26" member_type: VOTER last_known_addr { host: "127.24.137.3" port: 34119 } }
I20260608 12:46:25.061352 25992 raft_consensus.cc:385] T b3ea1ee5b7dd4054a323c6b4bdf73266 P d881939d5ab145c6b66f5b7398c64642 [term 0 FOLLOWER]: Consensus starting up: Expiring failure detector timer to make a prompt election more likely
I20260608 12:46:25.061617 25992 raft_consensus.cc:740] T b3ea1ee5b7dd4054a323c6b4bdf73266 P d881939d5ab145c6b66f5b7398c64642 [term 0 FOLLOWER]: Becoming Follower/Learner. State: Replica: d881939d5ab145c6b66f5b7398c64642, State: Initialized, Role: FOLLOWER
I20260608 12:46:25.061254 25991 ts_tablet_manager.cc:1403] T b3ea1ee5b7dd4054a323c6b4bdf73266 P 6fd39845dfaa4f5b8b5298ba093a5a26: Time spent bootstrapping tablet: real 0.047s	user 0.023s	sys 0.020s
I20260608 12:46:25.062652 25992 consensus_queue.cc:260] T b3ea1ee5b7dd4054a323c6b4bdf73266 P d881939d5ab145c6b66f5b7398c64642 [NON_LEADER]: Queue going to NON_LEADER mode. State: All replicated index: 0, Majority replicated index: 0, Committed index: 0, Last appended: 0.0, Last appended by leader: 0, Current term: 0, Majority size: -1, State: 0, Mode: NON_LEADER, active raft config: opid_index: -1 OBSOLETE_local: false peers { permanent_uuid: "a69b5d01393b4b8095bd2e94f57bbdb9" member_type: VOTER last_known_addr { host: "127.24.137.1" port: 39473 } } peers { permanent_uuid: "d881939d5ab145c6b66f5b7398c64642" member_type: VOTER last_known_addr { host: "127.24.137.2" port: 33223 } } peers { permanent_uuid: "6fd39845dfaa4f5b8b5298ba093a5a26" member_type: VOTER last_known_addr { host: "127.24.137.3" port: 34119 } }
I20260608 12:46:25.065434 25992 ts_tablet_manager.cc:1434] T b3ea1ee5b7dd4054a323c6b4bdf73266 P d881939d5ab145c6b66f5b7398c64642: Time spent starting tablet: real 0.007s	user 0.006s	sys 0.002s
I20260608 12:46:25.065518 25996 raft_consensus.cc:493] T c963234db2844e7bbf08400db83371e3 P 6fd39845dfaa4f5b8b5298ba093a5a26 [term 0 FOLLOWER]: Starting pre-election (no leader contacted us within the election timeout)
I20260608 12:46:25.066164 25990 tablet_bootstrap.cc:492] T 0bc745ec0d7444c4aaee9ea741841166 P a69b5d01393b4b8095bd2e94f57bbdb9: No bootstrap required, opened a new log
I20260608 12:46:25.066221 25996 raft_consensus.cc:515] T c963234db2844e7bbf08400db83371e3 P 6fd39845dfaa4f5b8b5298ba093a5a26 [term 0 FOLLOWER]: Starting pre-election with config: opid_index: -1 OBSOLETE_local: false peers { permanent_uuid: "a69b5d01393b4b8095bd2e94f57bbdb9" member_type: VOTER last_known_addr { host: "127.24.137.1" port: 39473 } } peers { permanent_uuid: "d881939d5ab145c6b66f5b7398c64642" member_type: VOTER last_known_addr { host: "127.24.137.2" port: 33223 } } peers { permanent_uuid: "6fd39845dfaa4f5b8b5298ba093a5a26" member_type: VOTER last_known_addr { host: "127.24.137.3" port: 34119 } }
I20260608 12:46:25.067395 25990 ts_tablet_manager.cc:1403] T 0bc745ec0d7444c4aaee9ea741841166 P a69b5d01393b4b8095bd2e94f57bbdb9: Time spent bootstrapping tablet: real 0.022s	user 0.015s	sys 0.004s
I20260608 12:46:25.068455 25992 tablet_bootstrap.cc:492] T 742dda8088544f5f9e15f92126ddfaea P d881939d5ab145c6b66f5b7398c64642: Bootstrap starting.
I20260608 12:46:25.071033 25990 raft_consensus.cc:359] T 0bc745ec0d7444c4aaee9ea741841166 P a69b5d01393b4b8095bd2e94f57bbdb9 [term 0 FOLLOWER]: Replica starting. Triggering 0 pending ops. Active config: opid_index: -1 OBSOLETE_local: false peers { permanent_uuid: "a69b5d01393b4b8095bd2e94f57bbdb9" member_type: VOTER last_known_addr { host: "127.24.137.1" port: 39473 } } peers { permanent_uuid: "d881939d5ab145c6b66f5b7398c64642" member_type: VOTER last_known_addr { host: "127.24.137.2" port: 33223 } } peers { permanent_uuid: "6fd39845dfaa4f5b8b5298ba093a5a26" member_type: VOTER last_known_addr { host: "127.24.137.3" port: 34119 } }
I20260608 12:46:25.071957 25990 raft_consensus.cc:385] T 0bc745ec0d7444c4aaee9ea741841166 P a69b5d01393b4b8095bd2e94f57bbdb9 [term 0 FOLLOWER]: Consensus starting up: Expiring failure detector timer to make a prompt election more likely
I20260608 12:46:25.072376 25990 raft_consensus.cc:740] T 0bc745ec0d7444c4aaee9ea741841166 P a69b5d01393b4b8095bd2e94f57bbdb9 [term 0 FOLLOWER]: Becoming Follower/Learner. State: Replica: a69b5d01393b4b8095bd2e94f57bbdb9, State: Initialized, Role: FOLLOWER
I20260608 12:46:25.073647 25990 consensus_queue.cc:260] T 0bc745ec0d7444c4aaee9ea741841166 P a69b5d01393b4b8095bd2e94f57bbdb9 [NON_LEADER]: Queue going to NON_LEADER mode. State: All replicated index: 0, Majority replicated index: 0, Committed index: 0, Last appended: 0.0, Last appended by leader: 0, Current term: 0, Majority size: -1, State: 0, Mode: NON_LEADER, active raft config: opid_index: -1 OBSOLETE_local: false peers { permanent_uuid: "a69b5d01393b4b8095bd2e94f57bbdb9" member_type: VOTER last_known_addr { host: "127.24.137.1" port: 39473 } } peers { permanent_uuid: "d881939d5ab145c6b66f5b7398c64642" member_type: VOTER last_known_addr { host: "127.24.137.2" port: 33223 } } peers { permanent_uuid: "6fd39845dfaa4f5b8b5298ba093a5a26" member_type: VOTER last_known_addr { host: "127.24.137.3" port: 34119 } }
I20260608 12:46:25.076349 25990 ts_tablet_manager.cc:1434] T 0bc745ec0d7444c4aaee9ea741841166 P a69b5d01393b4b8095bd2e94f57bbdb9: Time spent starting tablet: real 0.009s	user 0.009s	sys 0.000s
I20260608 12:46:25.077247 25992 tablet_bootstrap.cc:654] T 742dda8088544f5f9e15f92126ddfaea P d881939d5ab145c6b66f5b7398c64642: Neither blocks nor log segments found. Creating new log.
I20260608 12:46:25.080183 25990 tablet_bootstrap.cc:492] T a3e2fa78d1d047f8a93342f95b65b601 P a69b5d01393b4b8095bd2e94f57bbdb9: Bootstrap starting.
I20260608 12:46:25.082309 25996 leader_election.cc:290] T c963234db2844e7bbf08400db83371e3 P 6fd39845dfaa4f5b8b5298ba093a5a26 [CANDIDATE]: Term 1 pre-election: Requested pre-vote from peers a69b5d01393b4b8095bd2e94f57bbdb9 (127.24.137.1:39473), d881939d5ab145c6b66f5b7398c64642 (127.24.137.2:33223)
I20260608 12:46:25.091425 25990 tablet_bootstrap.cc:654] T a3e2fa78d1d047f8a93342f95b65b601 P a69b5d01393b4b8095bd2e94f57bbdb9: Neither blocks nor log segments found. Creating new log.
I20260608 12:46:25.091961 25991 raft_consensus.cc:359] T b3ea1ee5b7dd4054a323c6b4bdf73266 P 6fd39845dfaa4f5b8b5298ba093a5a26 [term 0 FOLLOWER]: Replica starting. Triggering 0 pending ops. Active config: opid_index: -1 OBSOLETE_local: false peers { permanent_uuid: "a69b5d01393b4b8095bd2e94f57bbdb9" member_type: VOTER last_known_addr { host: "127.24.137.1" port: 39473 } } peers { permanent_uuid: "d881939d5ab145c6b66f5b7398c64642" member_type: VOTER last_known_addr { host: "127.24.137.2" port: 33223 } } peers { permanent_uuid: "6fd39845dfaa4f5b8b5298ba093a5a26" member_type: VOTER last_known_addr { host: "127.24.137.3" port: 34119 } }
I20260608 12:46:25.092995 25991 raft_consensus.cc:385] T b3ea1ee5b7dd4054a323c6b4bdf73266 P 6fd39845dfaa4f5b8b5298ba093a5a26 [term 0 FOLLOWER]: Consensus starting up: Expiring failure detector timer to make a prompt election more likely
I20260608 12:46:25.093443 25991 raft_consensus.cc:740] T b3ea1ee5b7dd4054a323c6b4bdf73266 P 6fd39845dfaa4f5b8b5298ba093a5a26 [term 0 FOLLOWER]: Becoming Follower/Learner. State: Replica: 6fd39845dfaa4f5b8b5298ba093a5a26, State: Initialized, Role: FOLLOWER
I20260608 12:46:25.094383 25991 consensus_queue.cc:260] T b3ea1ee5b7dd4054a323c6b4bdf73266 P 6fd39845dfaa4f5b8b5298ba093a5a26 [NON_LEADER]: Queue going to NON_LEADER mode. State: All replicated index: 0, Majority replicated index: 0, Committed index: 0, Last appended: 0.0, Last appended by leader: 0, Current term: 0, Majority size: -1, State: 0, Mode: NON_LEADER, active raft config: opid_index: -1 OBSOLETE_local: false peers { permanent_uuid: "a69b5d01393b4b8095bd2e94f57bbdb9" member_type: VOTER last_known_addr { host: "127.24.137.1" port: 39473 } } peers { permanent_uuid: "d881939d5ab145c6b66f5b7398c64642" member_type: VOTER last_known_addr { host: "127.24.137.2" port: 33223 } } peers { permanent_uuid: "6fd39845dfaa4f5b8b5298ba093a5a26" member_type: VOTER last_known_addr { host: "127.24.137.3" port: 34119 } }
I20260608 12:46:25.103430 25996 raft_consensus.cc:493] T b3ea1ee5b7dd4054a323c6b4bdf73266 P 6fd39845dfaa4f5b8b5298ba093a5a26 [term 0 FOLLOWER]: Starting pre-election (no leader contacted us within the election timeout)
I20260608 12:46:25.104329 25992 tablet_bootstrap.cc:492] T 742dda8088544f5f9e15f92126ddfaea P d881939d5ab145c6b66f5b7398c64642: No bootstrap required, opened a new log
I20260608 12:46:25.104015 25996 raft_consensus.cc:515] T b3ea1ee5b7dd4054a323c6b4bdf73266 P 6fd39845dfaa4f5b8b5298ba093a5a26 [term 0 FOLLOWER]: Starting pre-election with config: opid_index: -1 OBSOLETE_local: false peers { permanent_uuid: "a69b5d01393b4b8095bd2e94f57bbdb9" member_type: VOTER last_known_addr { host: "127.24.137.1" port: 39473 } } peers { permanent_uuid: "d881939d5ab145c6b66f5b7398c64642" member_type: VOTER last_known_addr { host: "127.24.137.2" port: 33223 } } peers { permanent_uuid: "6fd39845dfaa4f5b8b5298ba093a5a26" member_type: VOTER last_known_addr { host: "127.24.137.3" port: 34119 } }
I20260608 12:46:25.104995 25992 ts_tablet_manager.cc:1403] T 742dda8088544f5f9e15f92126ddfaea P d881939d5ab145c6b66f5b7398c64642: Time spent bootstrapping tablet: real 0.037s	user 0.015s	sys 0.013s
I20260608 12:46:25.106770 25996 leader_election.cc:290] T b3ea1ee5b7dd4054a323c6b4bdf73266 P 6fd39845dfaa4f5b8b5298ba093a5a26 [CANDIDATE]: Term 1 pre-election: Requested pre-vote from peers a69b5d01393b4b8095bd2e94f57bbdb9 (127.24.137.1:39473), d881939d5ab145c6b66f5b7398c64642 (127.24.137.2:33223)
I20260608 12:46:25.107384 25990 tablet_bootstrap.cc:492] T a3e2fa78d1d047f8a93342f95b65b601 P a69b5d01393b4b8095bd2e94f57bbdb9: No bootstrap required, opened a new log
I20260608 12:46:25.108011 25990 ts_tablet_manager.cc:1403] T a3e2fa78d1d047f8a93342f95b65b601 P a69b5d01393b4b8095bd2e94f57bbdb9: Time spent bootstrapping tablet: real 0.028s	user 0.019s	sys 0.003s
I20260608 12:46:25.108807 25992 raft_consensus.cc:359] T 742dda8088544f5f9e15f92126ddfaea P d881939d5ab145c6b66f5b7398c64642 [term 0 FOLLOWER]: Replica starting. Triggering 0 pending ops. Active config: opid_index: -1 OBSOLETE_local: false peers { permanent_uuid: "a69b5d01393b4b8095bd2e94f57bbdb9" member_type: VOTER last_known_addr { host: "127.24.137.1" port: 39473 } } peers { permanent_uuid: "d881939d5ab145c6b66f5b7398c64642" member_type: VOTER last_known_addr { host: "127.24.137.2" port: 33223 } } peers { permanent_uuid: "6fd39845dfaa4f5b8b5298ba093a5a26" member_type: VOTER last_known_addr { host: "127.24.137.3" port: 34119 } }
I20260608 12:46:25.109709 25992 raft_consensus.cc:385] T 742dda8088544f5f9e15f92126ddfaea P d881939d5ab145c6b66f5b7398c64642 [term 0 FOLLOWER]: Consensus starting up: Expiring failure detector timer to make a prompt election more likely
I20260608 12:46:25.110064 25992 raft_consensus.cc:740] T 742dda8088544f5f9e15f92126ddfaea P d881939d5ab145c6b66f5b7398c64642 [term 0 FOLLOWER]: Becoming Follower/Learner. State: Replica: d881939d5ab145c6b66f5b7398c64642, State: Initialized, Role: FOLLOWER
I20260608 12:46:25.110180 25991 ts_tablet_manager.cc:1434] T b3ea1ee5b7dd4054a323c6b4bdf73266 P 6fd39845dfaa4f5b8b5298ba093a5a26: Time spent starting tablet: real 0.048s	user 0.007s	sys 0.000s
I20260608 12:46:25.111127 25992 consensus_queue.cc:260] T 742dda8088544f5f9e15f92126ddfaea P d881939d5ab145c6b66f5b7398c64642 [NON_LEADER]: Queue going to NON_LEADER mode. State: All replicated index: 0, Majority replicated index: 0, Committed index: 0, Last appended: 0.0, Last appended by leader: 0, Current term: 0, Majority size: -1, State: 0, Mode: NON_LEADER, active raft config: opid_index: -1 OBSOLETE_local: false peers { permanent_uuid: "a69b5d01393b4b8095bd2e94f57bbdb9" member_type: VOTER last_known_addr { host: "127.24.137.1" port: 39473 } } peers { permanent_uuid: "d881939d5ab145c6b66f5b7398c64642" member_type: VOTER last_known_addr { host: "127.24.137.2" port: 33223 } } peers { permanent_uuid: "6fd39845dfaa4f5b8b5298ba093a5a26" member_type: VOTER last_known_addr { host: "127.24.137.3" port: 34119 } }
I20260608 12:46:25.112718 25991 tablet_bootstrap.cc:492] T a3e2fa78d1d047f8a93342f95b65b601 P 6fd39845dfaa4f5b8b5298ba093a5a26: Bootstrap starting.
I20260608 12:46:25.111658 25990 raft_consensus.cc:359] T a3e2fa78d1d047f8a93342f95b65b601 P a69b5d01393b4b8095bd2e94f57bbdb9 [term 0 FOLLOWER]: Replica starting. Triggering 0 pending ops. Active config: opid_index: -1 OBSOLETE_local: false peers { permanent_uuid: "a69b5d01393b4b8095bd2e94f57bbdb9" member_type: VOTER last_known_addr { host: "127.24.137.1" port: 39473 } } peers { permanent_uuid: "d881939d5ab145c6b66f5b7398c64642" member_type: VOTER last_known_addr { host: "127.24.137.2" port: 33223 } } peers { permanent_uuid: "6fd39845dfaa4f5b8b5298ba093a5a26" member_type: VOTER last_known_addr { host: "127.24.137.3" port: 34119 } }
I20260608 12:46:25.116436 25990 raft_consensus.cc:385] T a3e2fa78d1d047f8a93342f95b65b601 P a69b5d01393b4b8095bd2e94f57bbdb9 [term 0 FOLLOWER]: Consensus starting up: Expiring failure detector timer to make a prompt election more likely
I20260608 12:46:25.116837 25990 raft_consensus.cc:740] T a3e2fa78d1d047f8a93342f95b65b601 P a69b5d01393b4b8095bd2e94f57bbdb9 [term 0 FOLLOWER]: Becoming Follower/Learner. State: Replica: a69b5d01393b4b8095bd2e94f57bbdb9, State: Initialized, Role: FOLLOWER
I20260608 12:46:25.120854 25991 tablet_bootstrap.cc:654] T a3e2fa78d1d047f8a93342f95b65b601 P 6fd39845dfaa4f5b8b5298ba093a5a26: Neither blocks nor log segments found. Creating new log.
I20260608 12:46:25.121206 25990 consensus_queue.cc:260] T a3e2fa78d1d047f8a93342f95b65b601 P a69b5d01393b4b8095bd2e94f57bbdb9 [NON_LEADER]: Queue going to NON_LEADER mode. State: All replicated index: 0, Majority replicated index: 0, Committed index: 0, Last appended: 0.0, Last appended by leader: 0, Current term: 0, Majority size: -1, State: 0, Mode: NON_LEADER, active raft config: opid_index: -1 OBSOLETE_local: false peers { permanent_uuid: "a69b5d01393b4b8095bd2e94f57bbdb9" member_type: VOTER last_known_addr { host: "127.24.137.1" port: 39473 } } peers { permanent_uuid: "d881939d5ab145c6b66f5b7398c64642" member_type: VOTER last_known_addr { host: "127.24.137.2" port: 33223 } } peers { permanent_uuid: "6fd39845dfaa4f5b8b5298ba093a5a26" member_type: VOTER last_known_addr { host: "127.24.137.3" port: 34119 } }
I20260608 12:46:25.122802 25871 tablet_service.cc:1917] Received RequestConsensusVote() RPC: tablet_id: "c963234db2844e7bbf08400db83371e3" candidate_uuid: "6fd39845dfaa4f5b8b5298ba093a5a26" candidate_term: 1 candidate_status { last_received { term: 0 index: 0 } } ignore_live_leader: false dest_uuid: "d881939d5ab145c6b66f5b7398c64642" is_pre_election: true
I20260608 12:46:25.124046 25796 tablet_service.cc:1917] Received RequestConsensusVote() RPC: tablet_id: "c963234db2844e7bbf08400db83371e3" candidate_uuid: "6fd39845dfaa4f5b8b5298ba093a5a26" candidate_term: 1 candidate_status { last_received { term: 0 index: 0 } } ignore_live_leader: false dest_uuid: "a69b5d01393b4b8095bd2e94f57bbdb9" is_pre_election: true
I20260608 12:46:25.126361 25871 tablet_service.cc:1917] Received RequestConsensusVote() RPC: tablet_id: "b3ea1ee5b7dd4054a323c6b4bdf73266" candidate_uuid: "6fd39845dfaa4f5b8b5298ba093a5a26" candidate_term: 1 candidate_status { last_received { term: 0 index: 0 } } ignore_live_leader: false dest_uuid: "d881939d5ab145c6b66f5b7398c64642" is_pre_election: true
I20260608 12:46:25.127180 25796 tablet_service.cc:1917] Received RequestConsensusVote() RPC: tablet_id: "b3ea1ee5b7dd4054a323c6b4bdf73266" candidate_uuid: "6fd39845dfaa4f5b8b5298ba093a5a26" candidate_term: 1 candidate_status { last_received { term: 0 index: 0 } } ignore_live_leader: false dest_uuid: "a69b5d01393b4b8095bd2e94f57bbdb9" is_pre_election: true
I20260608 12:46:25.127733 25990 ts_tablet_manager.cc:1434] T a3e2fa78d1d047f8a93342f95b65b601 P a69b5d01393b4b8095bd2e94f57bbdb9: Time spent starting tablet: real 0.019s	user 0.006s	sys 0.002s
I20260608 12:46:25.127491 25871 raft_consensus.cc:2468] T b3ea1ee5b7dd4054a323c6b4bdf73266 P d881939d5ab145c6b66f5b7398c64642 [term 0 FOLLOWER]: Leader pre-election vote request: Granting yes vote for candidate 6fd39845dfaa4f5b8b5298ba093a5a26 in term 0.
I20260608 12:46:25.129109 25990 tablet_bootstrap.cc:492] T c963234db2844e7bbf08400db83371e3 P a69b5d01393b4b8095bd2e94f57bbdb9: Bootstrap starting.
W20260608 12:46:25.129328 25908 leader_election.cc:343] T c963234db2844e7bbf08400db83371e3 P 6fd39845dfaa4f5b8b5298ba093a5a26 [CANDIDATE]: Term 1 pre-election: Tablet error from VoteRequest() call to peer a69b5d01393b4b8095bd2e94f57bbdb9 (127.24.137.1:39473): Illegal state: must be running to vote when last-logged opid is not known
W20260608 12:46:25.130121 25911 leader_election.cc:343] T c963234db2844e7bbf08400db83371e3 P 6fd39845dfaa4f5b8b5298ba093a5a26 [CANDIDATE]: Term 1 pre-election: Tablet error from VoteRequest() call to peer d881939d5ab145c6b66f5b7398c64642 (127.24.137.2:33223): Illegal state: must be running to vote when last-logged opid is not known
W20260608 12:46:25.130369 25908 leader_election.cc:343] T b3ea1ee5b7dd4054a323c6b4bdf73266 P 6fd39845dfaa4f5b8b5298ba093a5a26 [CANDIDATE]: Term 1 pre-election: Tablet error from VoteRequest() call to peer a69b5d01393b4b8095bd2e94f57bbdb9 (127.24.137.1:39473): Illegal state: must be running to vote when last-logged opid is not known
I20260608 12:46:25.130910 25911 leader_election.cc:304] T c963234db2844e7bbf08400db83371e3 P 6fd39845dfaa4f5b8b5298ba093a5a26 [CANDIDATE]: Term 1 pre-election: Election decided. Result: candidate lost. Election summary: received 3 responses out of 3 voters: 1 yes votes; 2 no votes. yes voters: 6fd39845dfaa4f5b8b5298ba093a5a26; no voters: a69b5d01393b4b8095bd2e94f57bbdb9, d881939d5ab145c6b66f5b7398c64642
I20260608 12:46:25.132984 25996 raft_consensus.cc:2749] T c963234db2844e7bbf08400db83371e3 P 6fd39845dfaa4f5b8b5298ba093a5a26 [term 0 FOLLOWER]: Leader pre-election lost for term 1. Reason: could not achieve majority
I20260608 12:46:25.136505 25992 ts_tablet_manager.cc:1434] T 742dda8088544f5f9e15f92126ddfaea P d881939d5ab145c6b66f5b7398c64642: Time spent starting tablet: real 0.031s	user 0.010s	sys 0.000s
I20260608 12:46:25.138132 25992 tablet_bootstrap.cc:492] T f6ca4a304b364be2b54b05a7b5c6adaa P d881939d5ab145c6b66f5b7398c64642: Bootstrap starting.
I20260608 12:46:25.138132 25990 tablet_bootstrap.cc:654] T c963234db2844e7bbf08400db83371e3 P a69b5d01393b4b8095bd2e94f57bbdb9: Neither blocks nor log segments found. Creating new log.
I20260608 12:46:25.147082 25992 tablet_bootstrap.cc:654] T f6ca4a304b364be2b54b05a7b5c6adaa P d881939d5ab145c6b66f5b7398c64642: Neither blocks nor log segments found. Creating new log.
I20260608 12:46:25.153023 25997 raft_consensus.cc:493] T 0bc745ec0d7444c4aaee9ea741841166 P d881939d5ab145c6b66f5b7398c64642 [term 0 FOLLOWER]: Starting pre-election (no leader contacted us within the election timeout)
I20260608 12:46:25.153710 25997 raft_consensus.cc:515] T 0bc745ec0d7444c4aaee9ea741841166 P d881939d5ab145c6b66f5b7398c64642 [term 0 FOLLOWER]: Starting pre-election with config: opid_index: -1 OBSOLETE_local: false peers { permanent_uuid: "a69b5d01393b4b8095bd2e94f57bbdb9" member_type: VOTER last_known_addr { host: "127.24.137.1" port: 39473 } } peers { permanent_uuid: "d881939d5ab145c6b66f5b7398c64642" member_type: VOTER last_known_addr { host: "127.24.137.2" port: 33223 } } peers { permanent_uuid: "6fd39845dfaa4f5b8b5298ba093a5a26" member_type: VOTER last_known_addr { host: "127.24.137.3" port: 34119 } }
I20260608 12:46:25.158732 25991 tablet_bootstrap.cc:492] T a3e2fa78d1d047f8a93342f95b65b601 P 6fd39845dfaa4f5b8b5298ba093a5a26: No bootstrap required, opened a new log
I20260608 12:46:25.159266 25997 leader_election.cc:290] T 0bc745ec0d7444c4aaee9ea741841166 P d881939d5ab145c6b66f5b7398c64642 [CANDIDATE]: Term 1 pre-election: Requested pre-vote from peers a69b5d01393b4b8095bd2e94f57bbdb9 (127.24.137.1:39473), 6fd39845dfaa4f5b8b5298ba093a5a26 (127.24.137.3:34119)
I20260608 12:46:25.159467 25991 ts_tablet_manager.cc:1403] T a3e2fa78d1d047f8a93342f95b65b601 P 6fd39845dfaa4f5b8b5298ba093a5a26: Time spent bootstrapping tablet: real 0.047s	user 0.022s	sys 0.012s
I20260608 12:46:25.163305 25991 raft_consensus.cc:359] T a3e2fa78d1d047f8a93342f95b65b601 P 6fd39845dfaa4f5b8b5298ba093a5a26 [term 0 FOLLOWER]: Replica starting. Triggering 0 pending ops. Active config: opid_index: -1 OBSOLETE_local: false peers { permanent_uuid: "a69b5d01393b4b8095bd2e94f57bbdb9" member_type: VOTER last_known_addr { host: "127.24.137.1" port: 39473 } } peers { permanent_uuid: "d881939d5ab145c6b66f5b7398c64642" member_type: VOTER last_known_addr { host: "127.24.137.2" port: 33223 } } peers { permanent_uuid: "6fd39845dfaa4f5b8b5298ba093a5a26" member_type: VOTER last_known_addr { host: "127.24.137.3" port: 34119 } }
I20260608 12:46:25.164575 25991 raft_consensus.cc:385] T a3e2fa78d1d047f8a93342f95b65b601 P 6fd39845dfaa4f5b8b5298ba093a5a26 [term 0 FOLLOWER]: Consensus starting up: Expiring failure detector timer to make a prompt election more likely
I20260608 12:46:25.165071 25991 raft_consensus.cc:740] T a3e2fa78d1d047f8a93342f95b65b601 P 6fd39845dfaa4f5b8b5298ba093a5a26 [term 0 FOLLOWER]: Becoming Follower/Learner. State: Replica: 6fd39845dfaa4f5b8b5298ba093a5a26, State: Initialized, Role: FOLLOWER
I20260608 12:46:25.166275 25991 consensus_queue.cc:260] T a3e2fa78d1d047f8a93342f95b65b601 P 6fd39845dfaa4f5b8b5298ba093a5a26 [NON_LEADER]: Queue going to NON_LEADER mode. State: All replicated index: 0, Majority replicated index: 0, Committed index: 0, Last appended: 0.0, Last appended by leader: 0, Current term: 0, Majority size: -1, State: 0, Mode: NON_LEADER, active raft config: opid_index: -1 OBSOLETE_local: false peers { permanent_uuid: "a69b5d01393b4b8095bd2e94f57bbdb9" member_type: VOTER last_known_addr { host: "127.24.137.1" port: 39473 } } peers { permanent_uuid: "d881939d5ab145c6b66f5b7398c64642" member_type: VOTER last_known_addr { host: "127.24.137.2" port: 33223 } } peers { permanent_uuid: "6fd39845dfaa4f5b8b5298ba093a5a26" member_type: VOTER last_known_addr { host: "127.24.137.3" port: 34119 } }
I20260608 12:46:25.169335 25991 ts_tablet_manager.cc:1434] T a3e2fa78d1d047f8a93342f95b65b601 P 6fd39845dfaa4f5b8b5298ba093a5a26: Time spent starting tablet: real 0.009s	user 0.008s	sys 0.000s
W20260608 12:46:25.173362 25892 debug-util.cc:398] Leaking SignalData structure 0x7b080005ce40 after lost signal to thread 25127
W20260608 12:46:25.181036 25911 outbound_call.cc:321] RPC callback for RPC call kudu.consensus.ConsensusService.RequestConsensusVote -> {remote=127.24.137.2:33223, user_credentials={real_user=slave}} blocked reactor thread for 51115.7us
I20260608 12:46:25.182284 25911 leader_election.cc:304] T b3ea1ee5b7dd4054a323c6b4bdf73266 P 6fd39845dfaa4f5b8b5298ba093a5a26 [CANDIDATE]: Term 1 pre-election: Election decided. Result: candidate won. Election summary: received 3 responses out of 3 voters: 2 yes votes; 1 no votes. yes voters: 6fd39845dfaa4f5b8b5298ba093a5a26, d881939d5ab145c6b66f5b7398c64642; no voters: a69b5d01393b4b8095bd2e94f57bbdb9
I20260608 12:46:25.183964 25996 raft_consensus.cc:2804] T b3ea1ee5b7dd4054a323c6b4bdf73266 P 6fd39845dfaa4f5b8b5298ba093a5a26 [term 0 FOLLOWER]: Leader pre-election won for term 1
I20260608 12:46:25.184535 25996 raft_consensus.cc:493] T b3ea1ee5b7dd4054a323c6b4bdf73266 P 6fd39845dfaa4f5b8b5298ba093a5a26 [term 0 FOLLOWER]: Starting leader election (no leader contacted us within the election timeout)
I20260608 12:46:25.185019 25996 raft_consensus.cc:3060] T b3ea1ee5b7dd4054a323c6b4bdf73266 P 6fd39845dfaa4f5b8b5298ba093a5a26 [term 0 FOLLOWER]: Advancing to term 1
I20260608 12:46:25.185938 25998 raft_consensus.cc:493] T f6ca4a304b364be2b54b05a7b5c6adaa P a69b5d01393b4b8095bd2e94f57bbdb9 [term 0 FOLLOWER]: Starting pre-election (no leader contacted us within the election timeout)
I20260608 12:46:25.186574 25998 raft_consensus.cc:515] T f6ca4a304b364be2b54b05a7b5c6adaa P a69b5d01393b4b8095bd2e94f57bbdb9 [term 0 FOLLOWER]: Starting pre-election with config: opid_index: -1 OBSOLETE_local: false peers { permanent_uuid: "a69b5d01393b4b8095bd2e94f57bbdb9" member_type: VOTER last_known_addr { host: "127.24.137.1" port: 39473 } } peers { permanent_uuid: "6fd39845dfaa4f5b8b5298ba093a5a26" member_type: VOTER last_known_addr { host: "127.24.137.3" port: 34119 } } peers { permanent_uuid: "d881939d5ab145c6b66f5b7398c64642" member_type: VOTER last_known_addr { host: "127.24.137.2" port: 33223 } }
I20260608 12:46:25.191506 25991 tablet_bootstrap.cc:492] T f6ca4a304b364be2b54b05a7b5c6adaa P 6fd39845dfaa4f5b8b5298ba093a5a26: Bootstrap starting.
I20260608 12:46:25.198000 25998 leader_election.cc:290] T f6ca4a304b364be2b54b05a7b5c6adaa P a69b5d01393b4b8095bd2e94f57bbdb9 [CANDIDATE]: Term 1 pre-election: Requested pre-vote from peers 6fd39845dfaa4f5b8b5298ba093a5a26 (127.24.137.3:34119), d881939d5ab145c6b66f5b7398c64642 (127.24.137.2:33223)
I20260608 12:46:25.211791 25991 tablet_bootstrap.cc:654] T f6ca4a304b364be2b54b05a7b5c6adaa P 6fd39845dfaa4f5b8b5298ba093a5a26: Neither blocks nor log segments found. Creating new log.
I20260608 12:46:25.239880 25992 tablet_bootstrap.cc:492] T f6ca4a304b364be2b54b05a7b5c6adaa P d881939d5ab145c6b66f5b7398c64642: No bootstrap required, opened a new log
I20260608 12:46:25.241206 25992 ts_tablet_manager.cc:1403] T f6ca4a304b364be2b54b05a7b5c6adaa P d881939d5ab145c6b66f5b7398c64642: Time spent bootstrapping tablet: real 0.103s	user 0.048s	sys 0.042s
W20260608 12:46:25.243149 25911 outbound_call.cc:321] RPC callback for RPC call kudu.consensus.ConsensusService.RequestConsensusVote -> {remote=127.24.137.2:33223, user_credentials={real_user=slave}} blocked reactor thread for 61029.9us
I20260608 12:46:25.245193 25992 raft_consensus.cc:359] T f6ca4a304b364be2b54b05a7b5c6adaa P d881939d5ab145c6b66f5b7398c64642 [term 0 FOLLOWER]: Replica starting. Triggering 0 pending ops. Active config: opid_index: -1 OBSOLETE_local: false peers { permanent_uuid: "a69b5d01393b4b8095bd2e94f57bbdb9" member_type: VOTER last_known_addr { host: "127.24.137.1" port: 39473 } } peers { permanent_uuid: "6fd39845dfaa4f5b8b5298ba093a5a26" member_type: VOTER last_known_addr { host: "127.24.137.3" port: 34119 } } peers { permanent_uuid: "d881939d5ab145c6b66f5b7398c64642" member_type: VOTER last_known_addr { host: "127.24.137.2" port: 33223 } }
I20260608 12:46:25.246290 25992 raft_consensus.cc:385] T f6ca4a304b364be2b54b05a7b5c6adaa P d881939d5ab145c6b66f5b7398c64642 [term 0 FOLLOWER]: Consensus starting up: Expiring failure detector timer to make a prompt election more likely
I20260608 12:46:25.246898 25992 raft_consensus.cc:740] T f6ca4a304b364be2b54b05a7b5c6adaa P d881939d5ab145c6b66f5b7398c64642 [term 0 FOLLOWER]: Becoming Follower/Learner. State: Replica: d881939d5ab145c6b66f5b7398c64642, State: Initialized, Role: FOLLOWER
I20260608 12:46:25.248600 25992 consensus_queue.cc:260] T f6ca4a304b364be2b54b05a7b5c6adaa P d881939d5ab145c6b66f5b7398c64642 [NON_LEADER]: Queue going to NON_LEADER mode. State: All replicated index: 0, Majority replicated index: 0, Committed index: 0, Last appended: 0.0, Last appended by leader: 0, Current term: 0, Majority size: -1, State: 0, Mode: NON_LEADER, active raft config: opid_index: -1 OBSOLETE_local: false peers { permanent_uuid: "a69b5d01393b4b8095bd2e94f57bbdb9" member_type: VOTER last_known_addr { host: "127.24.137.1" port: 39473 } } peers { permanent_uuid: "6fd39845dfaa4f5b8b5298ba093a5a26" member_type: VOTER last_known_addr { host: "127.24.137.3" port: 34119 } } peers { permanent_uuid: "d881939d5ab145c6b66f5b7398c64642" member_type: VOTER last_known_addr { host: "127.24.137.2" port: 33223 } }
I20260608 12:46:25.255002 25992 ts_tablet_manager.cc:1434] T f6ca4a304b364be2b54b05a7b5c6adaa P d881939d5ab145c6b66f5b7398c64642: Time spent starting tablet: real 0.013s	user 0.008s	sys 0.000s
I20260608 12:46:25.256742 25992 tablet_bootstrap.cc:492] T 411bc53325a4492e8b5b8f74764b1961 P d881939d5ab145c6b66f5b7398c64642: Bootstrap starting.
I20260608 12:46:25.266774 25992 tablet_bootstrap.cc:654] T 411bc53325a4492e8b5b8f74764b1961 P d881939d5ab145c6b66f5b7398c64642: Neither blocks nor log segments found. Creating new log.
I20260608 12:46:25.288475 25992 tablet_bootstrap.cc:492] T 411bc53325a4492e8b5b8f74764b1961 P d881939d5ab145c6b66f5b7398c64642: No bootstrap required, opened a new log
I20260608 12:46:25.289336 25992 ts_tablet_manager.cc:1403] T 411bc53325a4492e8b5b8f74764b1961 P d881939d5ab145c6b66f5b7398c64642: Time spent bootstrapping tablet: real 0.033s	user 0.023s	sys 0.007s
I20260608 12:46:25.294811 25992 raft_consensus.cc:359] T 411bc53325a4492e8b5b8f74764b1961 P d881939d5ab145c6b66f5b7398c64642 [term 0 FOLLOWER]: Replica starting. Triggering 0 pending ops. Active config: opid_index: -1 OBSOLETE_local: false peers { permanent_uuid: "a69b5d01393b4b8095bd2e94f57bbdb9" member_type: VOTER last_known_addr { host: "127.24.137.1" port: 39473 } } peers { permanent_uuid: "d881939d5ab145c6b66f5b7398c64642" member_type: VOTER last_known_addr { host: "127.24.137.2" port: 33223 } } peers { permanent_uuid: "6fd39845dfaa4f5b8b5298ba093a5a26" member_type: VOTER last_known_addr { host: "127.24.137.3" port: 34119 } }
I20260608 12:46:25.295776 25992 raft_consensus.cc:385] T 411bc53325a4492e8b5b8f74764b1961 P d881939d5ab145c6b66f5b7398c64642 [term 0 FOLLOWER]: Consensus starting up: Expiring failure detector timer to make a prompt election more likely
I20260608 12:46:25.296298 25992 raft_consensus.cc:740] T 411bc53325a4492e8b5b8f74764b1961 P d881939d5ab145c6b66f5b7398c64642 [term 0 FOLLOWER]: Becoming Follower/Learner. State: Replica: d881939d5ab145c6b66f5b7398c64642, State: Initialized, Role: FOLLOWER
I20260608 12:46:25.297821 25992 consensus_queue.cc:260] T 411bc53325a4492e8b5b8f74764b1961 P d881939d5ab145c6b66f5b7398c64642 [NON_LEADER]: Queue going to NON_LEADER mode. State: All replicated index: 0, Majority replicated index: 0, Committed index: 0, Last appended: 0.0, Last appended by leader: 0, Current term: 0, Majority size: -1, State: 0, Mode: NON_LEADER, active raft config: opid_index: -1 OBSOLETE_local: false peers { permanent_uuid: "a69b5d01393b4b8095bd2e94f57bbdb9" member_type: VOTER last_known_addr { host: "127.24.137.1" port: 39473 } } peers { permanent_uuid: "d881939d5ab145c6b66f5b7398c64642" member_type: VOTER last_known_addr { host: "127.24.137.2" port: 33223 } } peers { permanent_uuid: "6fd39845dfaa4f5b8b5298ba093a5a26" member_type: VOTER last_known_addr { host: "127.24.137.3" port: 34119 } }
I20260608 12:46:25.302688 25992 ts_tablet_manager.cc:1434] T 411bc53325a4492e8b5b8f74764b1961 P d881939d5ab145c6b66f5b7398c64642: Time spent starting tablet: real 0.013s	user 0.008s	sys 0.001s
I20260608 12:46:25.305239 25997 raft_consensus.cc:493] T 411bc53325a4492e8b5b8f74764b1961 P d881939d5ab145c6b66f5b7398c64642 [term 0 FOLLOWER]: Starting pre-election (no leader contacted us within the election timeout)
I20260608 12:46:25.306016 25997 raft_consensus.cc:515] T 411bc53325a4492e8b5b8f74764b1961 P d881939d5ab145c6b66f5b7398c64642 [term 0 FOLLOWER]: Starting pre-election with config: opid_index: -1 OBSOLETE_local: false peers { permanent_uuid: "a69b5d01393b4b8095bd2e94f57bbdb9" member_type: VOTER last_known_addr { host: "127.24.137.1" port: 39473 } } peers { permanent_uuid: "d881939d5ab145c6b66f5b7398c64642" member_type: VOTER last_known_addr { host: "127.24.137.2" port: 33223 } } peers { permanent_uuid: "6fd39845dfaa4f5b8b5298ba093a5a26" member_type: VOTER last_known_addr { host: "127.24.137.3" port: 34119 } }
I20260608 12:46:25.309180 25997 leader_election.cc:290] T 411bc53325a4492e8b5b8f74764b1961 P d881939d5ab145c6b66f5b7398c64642 [CANDIDATE]: Term 1 pre-election: Requested pre-vote from peers a69b5d01393b4b8095bd2e94f57bbdb9 (127.24.137.1:39473), 6fd39845dfaa4f5b8b5298ba093a5a26 (127.24.137.3:34119)
I20260608 12:46:25.311022 25992 tablet_bootstrap.cc:492] T a3e2fa78d1d047f8a93342f95b65b601 P d881939d5ab145c6b66f5b7398c64642: Bootstrap starting.
I20260608 12:46:25.321310 25992 tablet_bootstrap.cc:654] T a3e2fa78d1d047f8a93342f95b65b601 P d881939d5ab145c6b66f5b7398c64642: Neither blocks nor log segments found. Creating new log.
I20260608 12:46:25.323678 25991 tablet_bootstrap.cc:492] T f6ca4a304b364be2b54b05a7b5c6adaa P 6fd39845dfaa4f5b8b5298ba093a5a26: No bootstrap required, opened a new log
I20260608 12:46:25.324379 25991 ts_tablet_manager.cc:1403] T f6ca4a304b364be2b54b05a7b5c6adaa P 6fd39845dfaa4f5b8b5298ba093a5a26: Time spent bootstrapping tablet: real 0.151s	user 0.031s	sys 0.027s
I20260608 12:46:25.324892 25990 tablet_bootstrap.cc:492] T c963234db2844e7bbf08400db83371e3 P a69b5d01393b4b8095bd2e94f57bbdb9: No bootstrap required, opened a new log
I20260608 12:46:25.325505 25990 ts_tablet_manager.cc:1403] T c963234db2844e7bbf08400db83371e3 P a69b5d01393b4b8095bd2e94f57bbdb9: Time spent bootstrapping tablet: real 0.197s	user 0.077s	sys 0.102s
I20260608 12:46:25.327026 25998 raft_consensus.cc:493] T 0bc745ec0d7444c4aaee9ea741841166 P a69b5d01393b4b8095bd2e94f57bbdb9 [term 0 FOLLOWER]: Starting pre-election (no leader contacted us within the election timeout)
I20260608 12:46:25.327656 25998 raft_consensus.cc:515] T 0bc745ec0d7444c4aaee9ea741841166 P a69b5d01393b4b8095bd2e94f57bbdb9 [term 0 FOLLOWER]: Starting pre-election with config: opid_index: -1 OBSOLETE_local: false peers { permanent_uuid: "a69b5d01393b4b8095bd2e94f57bbdb9" member_type: VOTER last_known_addr { host: "127.24.137.1" port: 39473 } } peers { permanent_uuid: "d881939d5ab145c6b66f5b7398c64642" member_type: VOTER last_known_addr { host: "127.24.137.2" port: 33223 } } peers { permanent_uuid: "6fd39845dfaa4f5b8b5298ba093a5a26" member_type: VOTER last_known_addr { host: "127.24.137.3" port: 34119 } }
I20260608 12:46:25.328615 25991 raft_consensus.cc:359] T f6ca4a304b364be2b54b05a7b5c6adaa P 6fd39845dfaa4f5b8b5298ba093a5a26 [term 0 FOLLOWER]: Replica starting. Triggering 0 pending ops. Active config: opid_index: -1 OBSOLETE_local: false peers { permanent_uuid: "a69b5d01393b4b8095bd2e94f57bbdb9" member_type: VOTER last_known_addr { host: "127.24.137.1" port: 39473 } } peers { permanent_uuid: "6fd39845dfaa4f5b8b5298ba093a5a26" member_type: VOTER last_known_addr { host: "127.24.137.3" port: 34119 } } peers { permanent_uuid: "d881939d5ab145c6b66f5b7398c64642" member_type: VOTER last_known_addr { host: "127.24.137.2" port: 33223 } }
I20260608 12:46:25.329367 25990 raft_consensus.cc:359] T c963234db2844e7bbf08400db83371e3 P a69b5d01393b4b8095bd2e94f57bbdb9 [term 0 FOLLOWER]: Replica starting. Triggering 0 pending ops. Active config: opid_index: -1 OBSOLETE_local: false peers { permanent_uuid: "a69b5d01393b4b8095bd2e94f57bbdb9" member_type: VOTER last_known_addr { host: "127.24.137.1" port: 39473 } } peers { permanent_uuid: "d881939d5ab145c6b66f5b7398c64642" member_type: VOTER last_known_addr { host: "127.24.137.2" port: 33223 } } peers { permanent_uuid: "6fd39845dfaa4f5b8b5298ba093a5a26" member_type: VOTER last_known_addr { host: "127.24.137.3" port: 34119 } }
I20260608 12:46:25.330370 25998 leader_election.cc:290] T 0bc745ec0d7444c4aaee9ea741841166 P a69b5d01393b4b8095bd2e94f57bbdb9 [CANDIDATE]: Term 1 pre-election: Requested pre-vote from peers d881939d5ab145c6b66f5b7398c64642 (127.24.137.2:33223), 6fd39845dfaa4f5b8b5298ba093a5a26 (127.24.137.3:34119)
I20260608 12:46:25.330405 25991 raft_consensus.cc:385] T f6ca4a304b364be2b54b05a7b5c6adaa P 6fd39845dfaa4f5b8b5298ba093a5a26 [term 0 FOLLOWER]: Consensus starting up: Expiring failure detector timer to make a prompt election more likely
I20260608 12:46:25.331254 25991 raft_consensus.cc:740] T f6ca4a304b364be2b54b05a7b5c6adaa P 6fd39845dfaa4f5b8b5298ba093a5a26 [term 0 FOLLOWER]: Becoming Follower/Learner. State: Replica: 6fd39845dfaa4f5b8b5298ba093a5a26, State: Initialized, Role: FOLLOWER
I20260608 12:46:25.332182 25991 consensus_queue.cc:260] T f6ca4a304b364be2b54b05a7b5c6adaa P 6fd39845dfaa4f5b8b5298ba093a5a26 [NON_LEADER]: Queue going to NON_LEADER mode. State: All replicated index: 0, Majority replicated index: 0, Committed index: 0, Last appended: 0.0, Last appended by leader: 0, Current term: 0, Majority size: -1, State: 0, Mode: NON_LEADER, active raft config: opid_index: -1 OBSOLETE_local: false peers { permanent_uuid: "a69b5d01393b4b8095bd2e94f57bbdb9" member_type: VOTER last_known_addr { host: "127.24.137.1" port: 39473 } } peers { permanent_uuid: "6fd39845dfaa4f5b8b5298ba093a5a26" member_type: VOTER last_known_addr { host: "127.24.137.3" port: 34119 } } peers { permanent_uuid: "d881939d5ab145c6b66f5b7398c64642" member_type: VOTER last_known_addr { host: "127.24.137.2" port: 33223 } }
I20260608 12:46:25.330370 25990 raft_consensus.cc:385] T c963234db2844e7bbf08400db83371e3 P a69b5d01393b4b8095bd2e94f57bbdb9 [term 0 FOLLOWER]: Consensus starting up: Expiring failure detector timer to make a prompt election more likely
I20260608 12:46:25.344563 25990 raft_consensus.cc:740] T c963234db2844e7bbf08400db83371e3 P a69b5d01393b4b8095bd2e94f57bbdb9 [term 0 FOLLOWER]: Becoming Follower/Learner. State: Replica: a69b5d01393b4b8095bd2e94f57bbdb9, State: Initialized, Role: FOLLOWER
I20260608 12:46:25.347574 25996 raft_consensus.cc:515] T b3ea1ee5b7dd4054a323c6b4bdf73266 P 6fd39845dfaa4f5b8b5298ba093a5a26 [term 1 FOLLOWER]: Starting leader election with config: opid_index: -1 OBSOLETE_local: false peers { permanent_uuid: "a69b5d01393b4b8095bd2e94f57bbdb9" member_type: VOTER last_known_addr { host: "127.24.137.1" port: 39473 } } peers { permanent_uuid: "d881939d5ab145c6b66f5b7398c64642" member_type: VOTER last_known_addr { host: "127.24.137.2" port: 33223 } } peers { permanent_uuid: "6fd39845dfaa4f5b8b5298ba093a5a26" member_type: VOTER last_known_addr { host: "127.24.137.3" port: 34119 } }
I20260608 12:46:25.350338 25992 tablet_bootstrap.cc:492] T a3e2fa78d1d047f8a93342f95b65b601 P d881939d5ab145c6b66f5b7398c64642: No bootstrap required, opened a new log
I20260608 12:46:25.352674 25992 ts_tablet_manager.cc:1403] T a3e2fa78d1d047f8a93342f95b65b601 P d881939d5ab145c6b66f5b7398c64642: Time spent bootstrapping tablet: real 0.048s	user 0.015s	sys 0.012s
I20260608 12:46:25.351790 25796 tablet_service.cc:1917] Received RequestConsensusVote() RPC: tablet_id: "b3ea1ee5b7dd4054a323c6b4bdf73266" candidate_uuid: "6fd39845dfaa4f5b8b5298ba093a5a26" candidate_term: 1 candidate_status { last_received { term: 0 index: 0 } } ignore_live_leader: false dest_uuid: "a69b5d01393b4b8095bd2e94f57bbdb9"
I20260608 12:46:25.363085 25942 tablet_service.cc:1917] Received RequestConsensusVote() RPC: tablet_id: "0bc745ec0d7444c4aaee9ea741841166" candidate_uuid: "a69b5d01393b4b8095bd2e94f57bbdb9" candidate_term: 1 candidate_status { last_received { term: 0 index: 0 } } ignore_live_leader: false dest_uuid: "6fd39845dfaa4f5b8b5298ba093a5a26" is_pre_election: true
I20260608 12:46:25.363366 25794 tablet_service.cc:1917] Received RequestConsensusVote() RPC: tablet_id: "411bc53325a4492e8b5b8f74764b1961" candidate_uuid: "d881939d5ab145c6b66f5b7398c64642" candidate_term: 1 candidate_status { last_received { term: 0 index: 0 } } ignore_live_leader: false dest_uuid: "a69b5d01393b4b8095bd2e94f57bbdb9" is_pre_election: true
W20260608 12:46:25.364511 25908 leader_election.cc:343] T b3ea1ee5b7dd4054a323c6b4bdf73266 P 6fd39845dfaa4f5b8b5298ba093a5a26 [CANDIDATE]: Term 1 election: Tablet error from VoteRequest() call to peer a69b5d01393b4b8095bd2e94f57bbdb9 (127.24.137.1:39473): Illegal state: must be running to vote when last-logged opid is not known
I20260608 12:46:25.350389 25990 consensus_queue.cc:260] T c963234db2844e7bbf08400db83371e3 P a69b5d01393b4b8095bd2e94f57bbdb9 [NON_LEADER]: Queue going to NON_LEADER mode. State: All replicated index: 0, Majority replicated index: 0, Committed index: 0, Last appended: 0.0, Last appended by leader: 0, Current term: 0, Majority size: -1, State: 0, Mode: NON_LEADER, active raft config: opid_index: -1 OBSOLETE_local: false peers { permanent_uuid: "a69b5d01393b4b8095bd2e94f57bbdb9" member_type: VOTER last_known_addr { host: "127.24.137.1" port: 39473 } } peers { permanent_uuid: "d881939d5ab145c6b66f5b7398c64642" member_type: VOTER last_known_addr { host: "127.24.137.2" port: 33223 } } peers { permanent_uuid: "6fd39845dfaa4f5b8b5298ba093a5a26" member_type: VOTER last_known_addr { host: "127.24.137.3" port: 34119 } }
I20260608 12:46:25.353776 25996 leader_election.cc:290] T b3ea1ee5b7dd4054a323c6b4bdf73266 P 6fd39845dfaa4f5b8b5298ba093a5a26 [CANDIDATE]: Term 1 election: Requested vote from peers a69b5d01393b4b8095bd2e94f57bbdb9 (127.24.137.1:39473), d881939d5ab145c6b66f5b7398c64642 (127.24.137.2:33223)
I20260608 12:46:25.352020 25991 ts_tablet_manager.cc:1434] T f6ca4a304b364be2b54b05a7b5c6adaa P 6fd39845dfaa4f5b8b5298ba093a5a26: Time spent starting tablet: real 0.027s	user 0.008s	sys 0.012s
W20260608 12:46:25.365198 25761 leader_election.cc:343] T 0bc745ec0d7444c4aaee9ea741841166 P a69b5d01393b4b8095bd2e94f57bbdb9 [CANDIDATE]: Term 1 pre-election: Tablet error from VoteRequest() call to peer 6fd39845dfaa4f5b8b5298ba093a5a26 (127.24.137.3:34119): Illegal state: must be running to vote when last-logged opid is not known
I20260608 12:46:25.354377 25945 tablet_service.cc:1917] Received RequestConsensusVote() RPC: tablet_id: "0bc745ec0d7444c4aaee9ea741841166" candidate_uuid: "d881939d5ab145c6b66f5b7398c64642" candidate_term: 1 candidate_status { last_received { term: 0 index: 0 } } ignore_live_leader: false dest_uuid: "6fd39845dfaa4f5b8b5298ba093a5a26" is_pre_election: true
I20260608 12:46:25.366386 25992 raft_consensus.cc:359] T a3e2fa78d1d047f8a93342f95b65b601 P d881939d5ab145c6b66f5b7398c64642 [term 0 FOLLOWER]: Replica starting. Triggering 0 pending ops. Active config: opid_index: -1 OBSOLETE_local: false peers { permanent_uuid: "a69b5d01393b4b8095bd2e94f57bbdb9" member_type: VOTER last_known_addr { host: "127.24.137.1" port: 39473 } } peers { permanent_uuid: "d881939d5ab145c6b66f5b7398c64642" member_type: VOTER last_known_addr { host: "127.24.137.2" port: 33223 } } peers { permanent_uuid: "6fd39845dfaa4f5b8b5298ba093a5a26" member_type: VOTER last_known_addr { host: "127.24.137.3" port: 34119 } }
I20260608 12:46:25.355382 25944 tablet_service.cc:1917] Received RequestConsensusVote() RPC: tablet_id: "411bc53325a4492e8b5b8f74764b1961" candidate_uuid: "d881939d5ab145c6b66f5b7398c64642" candidate_term: 1 candidate_status { last_received { term: 0 index: 0 } } ignore_live_leader: false dest_uuid: "6fd39845dfaa4f5b8b5298ba093a5a26" is_pre_election: true
I20260608 12:46:25.367223 25992 raft_consensus.cc:385] T a3e2fa78d1d047f8a93342f95b65b601 P d881939d5ab145c6b66f5b7398c64642 [term 0 FOLLOWER]: Consensus starting up: Expiring failure detector timer to make a prompt election more likely
I20260608 12:46:25.367605 25992 raft_consensus.cc:740] T a3e2fa78d1d047f8a93342f95b65b601 P d881939d5ab145c6b66f5b7398c64642 [term 0 FOLLOWER]: Becoming Follower/Learner. State: Replica: d881939d5ab145c6b66f5b7398c64642, State: Initialized, Role: FOLLOWER
I20260608 12:46:25.368471 25991 tablet_bootstrap.cc:492] T 742dda8088544f5f9e15f92126ddfaea P 6fd39845dfaa4f5b8b5298ba093a5a26: Bootstrap starting.
I20260608 12:46:25.360256 25870 tablet_service.cc:1917] Received RequestConsensusVote() RPC: tablet_id: "f6ca4a304b364be2b54b05a7b5c6adaa" candidate_uuid: "a69b5d01393b4b8095bd2e94f57bbdb9" candidate_term: 1 candidate_status { last_received { term: 0 index: 0 } } ignore_live_leader: false dest_uuid: "d881939d5ab145c6b66f5b7398c64642" is_pre_election: true
