I20260608 12:47:41.852113 28530 raft_consensus.cc:2804] T 00000000000000000000000000000000 P 8f94918053944f5bb77bef605ccc0488 [term 1 FOLLOWER]: Leader election won for term 1
I20260608 12:47:41.853569 28530 raft_consensus.cc:697] T 00000000000000000000000000000000 P 8f94918053944f5bb77bef605ccc0488 [term 1 LEADER]: Becoming Leader. State: Replica: 8f94918053944f5bb77bef605ccc0488, State: Running, Role: LEADER
I20260608 12:47:41.854236 28530 consensus_queue.cc:237] T 00000000000000000000000000000000 P 8f94918053944f5bb77bef605ccc0488 [LEADER]: Queue going to LEADER mode. State: All replicated index: 0, Majority replicated index: 0, Committed index: 0, Last appended: 0.0, Last appended by leader: 0, Current term: 1, Majority size: 1, State: 0, Mode: LEADER, active raft config: opid_index: -1 OBSOLETE_local: true peers { permanent_uuid: "8f94918053944f5bb77bef605ccc0488" member_type: VOTER }
I20260608 12:47:41.855065 28527 sys_catalog.cc:565] T 00000000000000000000000000000000 P 8f94918053944f5bb77bef605ccc0488 [sys.catalog]: configured and running, proceeding with master startup.
I20260608 12:47:41.859357 28532 sys_catalog.cc:455] T 00000000000000000000000000000000 P 8f94918053944f5bb77bef605ccc0488 [sys.catalog]: SysCatalogTable state changed. Reason: New leader 8f94918053944f5bb77bef605ccc0488. Latest consensus state: current_term: 1 leader_uuid: "8f94918053944f5bb77bef605ccc0488" committed_config { opid_index: -1 OBSOLETE_local: true peers { permanent_uuid: "8f94918053944f5bb77bef605ccc0488" member_type: VOTER } }
I20260608 12:47:41.859416 28531 sys_catalog.cc:455] T 00000000000000000000000000000000 P 8f94918053944f5bb77bef605ccc0488 [sys.catalog]: SysCatalogTable state changed. Reason: RaftConsensus started. Latest consensus state: current_term: 1 leader_uuid: "8f94918053944f5bb77bef605ccc0488" committed_config { opid_index: -1 OBSOLETE_local: true peers { permanent_uuid: "8f94918053944f5bb77bef605ccc0488" member_type: VOTER } }
I20260608 12:47:41.860415 28531 sys_catalog.cc:458] T 00000000000000000000000000000000 P 8f94918053944f5bb77bef605ccc0488 [sys.catalog]: This master's current role is: LEADER
I20260608 12:47:41.860438 28532 sys_catalog.cc:458] T 00000000000000000000000000000000 P 8f94918053944f5bb77bef605ccc0488 [sys.catalog]: This master's current role is: LEADER
I20260608 12:47:41.862612 28536 catalog_manager.cc:1510] Loading table and tablet metadata into memory...
I20260608 12:47:41.871021 28536 catalog_manager.cc:1519] Initializing Kudu cluster ID...
I20260608 12:47:41.871990 24916 internal_mini_cluster.cc:184] Waiting to initialize catalog manager on master 0
I20260608 12:47:41.879771 28536 catalog_manager.cc:1382] Generated new cluster ID: 4150f0e481b14fd0bd1abf6fd24557e6
I20260608 12:47:41.879992 28536 catalog_manager.cc:1530] Initializing Kudu internal certificate authority...
I20260608 12:47:41.896989 28536 catalog_manager.cc:1405] Generated new certificate authority record
I20260608 12:47:41.898164 28536 catalog_manager.cc:1539] Loading token signing keys...
I20260608 12:47:41.910702 28536 catalog_manager.cc:6069] T 00000000000000000000000000000000 P 8f94918053944f5bb77bef605ccc0488: Generated new TSK 0
I20260608 12:47:41.911227 28536 catalog_manager.cc:1549] Initializing in-progress tserver states...
I20260608 12:47:41.938663 24916 file_cache.cc:492] Constructed file cache file cache with capacity 419430
W20260608 12:47:41.945005 28548 instance_detector.cc:116] could not retrieve AWS instance metadata: Network error: curl error: HTTP response code said error: The requested URL returned error: 404
W20260608 12:47:41.945375 28549 instance_detector.cc:116] could not retrieve Azure instance metadata: Network error: curl error: HTTP response code said error: The requested URL returned error: 404
I20260608 12:47:41.947850 24916 server_base.cc:1061] running on GCE node
W20260608 12:47:41.948115 28551 instance_detector.cc:116] could not retrieve OpenStack instance metadata: Network error: curl error: HTTP response code said error: The requested URL returned error: 404
I20260608 12:47:41.949131 24916 hybrid_clock.cc:584] initializing the hybrid clock with 'system_unsync' time source
W20260608 12:47:41.949357 24916 system_unsync_time.cc:38] NTP support is disabled. Clock error bounds will not be accurate. This configuration is not suitable for distributed clusters.
I20260608 12:47:41.949563 24916 hybrid_clock.cc:648] HybridClock initialized: now 1780922861949538 us; error 0 us; skew 500 ppm
I20260608 12:47:41.950127 24916 server_base.cc:861] Flag tcmalloc_max_total_thread_cache_bytes is not working since tcmalloc is not enabled.
I20260608 12:47:41.952418 24916 webserver.cc:533] Webserver started at http://127.24.85.1:38277/ using document root <none> and password file <none>
I20260608 12:47:41.952965 24916 fs_manager.cc:362] Metadata directory not provided
I20260608 12:47:41.953173 24916 fs_manager.cc:368] Using write-ahead log directory (fs_wal_dir) as metadata directory
I20260608 12:47:41.953454 24916 server_base.cc:909] This appears to be a new deployment of Kudu; creating new FS layout
I20260608 12:47:41.954530 24916 fs_manager.cc:1068] Generated new instance metadata in path /tmp/dist-test-taskpRjPfk/test-tmp/auto_rebalancer-test.0.AutoRebalancerTest.NoReplicaMovesIfLocationLoadSkewedByOne.1780922772446320-24916-0/minicluster-data/ts-0-root/instance:
uuid: "8844db26a8c242e4a2d2ab7ef88ee1f5"
format_stamp: "Formatted at 2026-06-08 12:47:41 on dist-test-slave-7czp"
I20260608 12:47:41.959193 24916 fs_manager.cc:696] Time spent creating directory manager: real 0.004s	user 0.006s	sys 0.000s
I20260608 12:47:41.962572 28556 log_block_manager.cc:4031] Time spent loading block containers with low live blocks: real 0.000s	user 0.000s	sys 0.000s
I20260608 12:47:41.963346 24916 fs_manager.cc:730] Time spent opening block manager: real 0.002s	user 0.001s	sys 0.000s
I20260608 12:47:41.963680 24916 fs_manager.cc:647] Opened local filesystem: /tmp/dist-test-taskpRjPfk/test-tmp/auto_rebalancer-test.0.AutoRebalancerTest.NoReplicaMovesIfLocationLoadSkewedByOne.1780922772446320-24916-0/minicluster-data/ts-0-root
uuid: "8844db26a8c242e4a2d2ab7ef88ee1f5"
format_stamp: "Formatted at 2026-06-08 12:47:41 on dist-test-slave-7czp"
I20260608 12:47:41.963958 24916 fs_report.cc:389] FS layout report
--------------------
wal directory: /tmp/dist-test-taskpRjPfk/test-tmp/auto_rebalancer-test.0.AutoRebalancerTest.NoReplicaMovesIfLocationLoadSkewedByOne.1780922772446320-24916-0/minicluster-data/ts-0-root
metadata directory: /tmp/dist-test-taskpRjPfk/test-tmp/auto_rebalancer-test.0.AutoRebalancerTest.NoReplicaMovesIfLocationLoadSkewedByOne.1780922772446320-24916-0/minicluster-data/ts-0-root
1 data directories: /tmp/dist-test-taskpRjPfk/test-tmp/auto_rebalancer-test.0.AutoRebalancerTest.NoReplicaMovesIfLocationLoadSkewedByOne.1780922772446320-24916-0/minicluster-data/ts-0-root/data
Total live blocks: 0
Total live bytes: 0
Total live bytes (after alignment): 0
Total number of LBM containers: 0 (0 full)
Did not check for missing blocks
Did not check for orphaned blocks
Total full LBM containers with extra space: 0 (0 repaired)
Total full LBM container extra space in bytes: 0 (0 repaired)
Total incomplete LBM containers: 0 (0 repaired)
Total LBM partial records: 0 (0 repaired)
Total corrupted LBM metadata records in RocksDB: 0 (0 repaired)
I20260608 12:47:41.979251 24916 rpc_server.cc:225] running with OpenSSL 1.1.1  11 Sep 2018
I20260608 12:47:41.980372 24916 kserver.cc:163] Server-wide thread pool size limit: 3276
I20260608 12:47:41.981824 24916 txn_system_client.cc:432] TxnSystemClient initialization is disabled...
I20260608 12:47:41.984218 24916 ts_tablet_manager.cc:585] Loaded tablet metadata (0 total tablets, 0 live tablets)
I20260608 12:47:41.984476 24916 ts_tablet_manager.cc:531] Time spent load tablet metadata: real 0.000s	user 0.000s	sys 0.000s
I20260608 12:47:41.984733 24916 ts_tablet_manager.cc:616] Registered 0 tablets
I20260608 12:47:41.984964 24916 ts_tablet_manager.cc:595] Time spent register tablets: real 0.000s	user 0.001s	sys 0.000s
I20260608 12:47:42.024462 24916 rpc_server.cc:307] RPC server started. Bound to: 127.24.85.1:43689
I20260608 12:47:42.024590 28618 acceptor_pool.cc:272] collecting diagnostics on the listening RPC socket 127.24.85.1:43689 every 8 connection(s)
I20260608 12:47:42.029744 24916 file_cache.cc:492] Constructed file cache file cache with capacity 419430
W20260608 12:47:42.036921 28623 instance_detector.cc:116] could not retrieve AWS instance metadata: Network error: curl error: HTTP response code said error: The requested URL returned error: 404
W20260608 12:47:42.038743 28624 instance_detector.cc:116] could not retrieve Azure instance metadata: Network error: curl error: HTTP response code said error: The requested URL returned error: 404
W20260608 12:47:42.040652 28626 instance_detector.cc:116] could not retrieve OpenStack instance metadata: Network error: curl error: HTTP response code said error: The requested URL returned error: 404
I20260608 12:47:42.040769 24916 server_base.cc:1061] running on GCE node
I20260608 12:47:42.041695 24916 hybrid_clock.cc:584] initializing the hybrid clock with 'system_unsync' time source
W20260608 12:47:42.041929 24916 system_unsync_time.cc:38] NTP support is disabled. Clock error bounds will not be accurate. This configuration is not suitable for distributed clusters.
I20260608 12:47:42.042115 24916 hybrid_clock.cc:648] HybridClock initialized: now 1780922862042098 us; error 0 us; skew 500 ppm
I20260608 12:47:42.042693 24916 server_base.cc:861] Flag tcmalloc_max_total_thread_cache_bytes is not working since tcmalloc is not enabled.
I20260608 12:47:42.045595 24916 webserver.cc:533] Webserver started at http://127.24.85.2:34675/ using document root <none> and password file <none>
I20260608 12:47:42.046223 28619 heartbeater.cc:344] Connected to a master server at 127.24.85.62:36077
I20260608 12:47:42.046327 24916 fs_manager.cc:362] Metadata directory not provided
I20260608 12:47:42.046690 24916 fs_manager.cc:368] Using write-ahead log directory (fs_wal_dir) as metadata directory
I20260608 12:47:42.046725 28619 heartbeater.cc:461] Registering TS with master...
I20260608 12:47:42.047130 24916 server_base.cc:909] This appears to be a new deployment of Kudu; creating new FS layout
I20260608 12:47:42.047755 28619 heartbeater.cc:507] Master 127.24.85.62:36077 requested a full tablet report, sending...
I20260608 12:47:42.048858 24916 fs_manager.cc:1068] Generated new instance metadata in path /tmp/dist-test-taskpRjPfk/test-tmp/auto_rebalancer-test.0.AutoRebalancerTest.NoReplicaMovesIfLocationLoadSkewedByOne.1780922772446320-24916-0/minicluster-data/ts-1-root/instance:
uuid: "b0ab750324a44f97bbafaa0ee72d0905"
format_stamp: "Formatted at 2026-06-08 12:47:42 on dist-test-slave-7czp"
I20260608 12:47:42.050486 28492 ts_manager.cc:194] Registered new tserver with Master: 8844db26a8c242e4a2d2ab7ef88ee1f5 (127.24.85.1:43689)
I20260608 12:47:42.053021 28492 master_service.cc:502] Signed X509 certificate for tserver {username='slave'} at 127.0.0.1:50878
I20260608 12:47:42.055116 24916 fs_manager.cc:696] Time spent creating directory manager: real 0.006s	user 0.005s	sys 0.000s
I20260608 12:47:42.058724 28631 log_block_manager.cc:4031] Time spent loading block containers with low live blocks: real 0.000s	user 0.000s	sys 0.000s
I20260608 12:47:42.059491 24916 fs_manager.cc:730] Time spent opening block manager: real 0.002s	user 0.001s	sys 0.000s
I20260608 12:47:42.059731 24916 fs_manager.cc:647] Opened local filesystem: /tmp/dist-test-taskpRjPfk/test-tmp/auto_rebalancer-test.0.AutoRebalancerTest.NoReplicaMovesIfLocationLoadSkewedByOne.1780922772446320-24916-0/minicluster-data/ts-1-root
uuid: "b0ab750324a44f97bbafaa0ee72d0905"
format_stamp: "Formatted at 2026-06-08 12:47:42 on dist-test-slave-7czp"
I20260608 12:47:42.059960 24916 fs_report.cc:389] FS layout report
--------------------
wal directory: /tmp/dist-test-taskpRjPfk/test-tmp/auto_rebalancer-test.0.AutoRebalancerTest.NoReplicaMovesIfLocationLoadSkewedByOne.1780922772446320-24916-0/minicluster-data/ts-1-root
metadata directory: /tmp/dist-test-taskpRjPfk/test-tmp/auto_rebalancer-test.0.AutoRebalancerTest.NoReplicaMovesIfLocationLoadSkewedByOne.1780922772446320-24916-0/minicluster-data/ts-1-root
1 data directories: /tmp/dist-test-taskpRjPfk/test-tmp/auto_rebalancer-test.0.AutoRebalancerTest.NoReplicaMovesIfLocationLoadSkewedByOne.1780922772446320-24916-0/minicluster-data/ts-1-root/data
Total live blocks: 0
Total live bytes: 0
Total live bytes (after alignment): 0
Total number of LBM containers: 0 (0 full)
Did not check for missing blocks
Did not check for orphaned blocks
Total full LBM containers with extra space: 0 (0 repaired)
Total full LBM container extra space in bytes: 0 (0 repaired)
Total incomplete LBM containers: 0 (0 repaired)
Total LBM partial records: 0 (0 repaired)
Total corrupted LBM metadata records in RocksDB: 0 (0 repaired)
I20260608 12:47:42.080067 24916 rpc_server.cc:225] running with OpenSSL 1.1.1  11 Sep 2018
I20260608 12:47:42.081055 24916 kserver.cc:163] Server-wide thread pool size limit: 3276
I20260608 12:47:42.082329 24916 txn_system_client.cc:432] TxnSystemClient initialization is disabled...
I20260608 12:47:42.084524 24916 ts_tablet_manager.cc:585] Loaded tablet metadata (0 total tablets, 0 live tablets)
I20260608 12:47:42.084745 24916 ts_tablet_manager.cc:531] Time spent load tablet metadata: real 0.000s	user 0.000s	sys 0.000s
I20260608 12:47:42.085000 24916 ts_tablet_manager.cc:616] Registered 0 tablets
I20260608 12:47:42.085175 24916 ts_tablet_manager.cc:595] Time spent register tablets: real 0.000s	user 0.000s	sys 0.000s
I20260608 12:47:42.122495 24916 rpc_server.cc:307] RPC server started. Bound to: 127.24.85.2:41959
I20260608 12:47:42.122637 28693 acceptor_pool.cc:272] collecting diagnostics on the listening RPC socket 127.24.85.2:41959 every 8 connection(s)
I20260608 12:47:42.127396 24916 file_cache.cc:492] Constructed file cache file cache with capacity 419430
W20260608 12:47:42.134399 28697 instance_detector.cc:116] could not retrieve AWS instance metadata: Network error: curl error: HTTP response code said error: The requested URL returned error: 404
W20260608 12:47:42.135562 28698 instance_detector.cc:116] could not retrieve Azure instance metadata: Network error: curl error: HTTP response code said error: The requested URL returned error: 404
I20260608 12:47:42.140095 24916 server_base.cc:1061] running on GCE node
W20260608 12:47:42.140169 28700 instance_detector.cc:116] could not retrieve OpenStack instance metadata: Network error: curl error: HTTP response code said error: The requested URL returned error: 404
I20260608 12:47:42.141232 28694 heartbeater.cc:344] Connected to a master server at 127.24.85.62:36077
I20260608 12:47:42.141348 24916 hybrid_clock.cc:584] initializing the hybrid clock with 'system_unsync' time source
I20260608 12:47:42.141638 28694 heartbeater.cc:461] Registering TS with master...
W20260608 12:47:42.141709 24916 system_unsync_time.cc:38] NTP support is disabled. Clock error bounds will not be accurate. This configuration is not suitable for distributed clusters.
I20260608 12:47:42.142068 24916 hybrid_clock.cc:648] HybridClock initialized: now 1780922862142050 us; error 0 us; skew 500 ppm
I20260608 12:47:42.142561 28694 heartbeater.cc:507] Master 127.24.85.62:36077 requested a full tablet report, sending...
I20260608 12:47:42.142714 24916 server_base.cc:861] Flag tcmalloc_max_total_thread_cache_bytes is not working since tcmalloc is not enabled.
I20260608 12:47:42.144764 28492 ts_manager.cc:194] Registered new tserver with Master: b0ab750324a44f97bbafaa0ee72d0905 (127.24.85.2:41959)
I20260608 12:47:42.145377 24916 webserver.cc:533] Webserver started at http://127.24.85.3:41895/ using document root <none> and password file <none>
I20260608 12:47:42.145928 24916 fs_manager.cc:362] Metadata directory not provided
I20260608 12:47:42.146147 24916 fs_manager.cc:368] Using write-ahead log directory (fs_wal_dir) as metadata directory
I20260608 12:47:42.146426 24916 server_base.cc:909] This appears to be a new deployment of Kudu; creating new FS layout
I20260608 12:47:42.146377 28492 master_service.cc:502] Signed X509 certificate for tserver {username='slave'} at 127.0.0.1:50890
I20260608 12:47:42.147667 24916 fs_manager.cc:1068] Generated new instance metadata in path /tmp/dist-test-taskpRjPfk/test-tmp/auto_rebalancer-test.0.AutoRebalancerTest.NoReplicaMovesIfLocationLoadSkewedByOne.1780922772446320-24916-0/minicluster-data/ts-2-root/instance:
uuid: "002d9f81c16a4a34b8abf5b9e171ed5a"
format_stamp: "Formatted at 2026-06-08 12:47:42 on dist-test-slave-7czp"
I20260608 12:47:42.152362 24916 fs_manager.cc:696] Time spent creating directory manager: real 0.004s	user 0.002s	sys 0.005s
I20260608 12:47:42.155568 28705 log_block_manager.cc:4031] Time spent loading block containers with low live blocks: real 0.000s	user 0.000s	sys 0.000s
I20260608 12:47:42.156404 24916 fs_manager.cc:730] Time spent opening block manager: real 0.002s	user 0.002s	sys 0.000s
I20260608 12:47:42.156708 24916 fs_manager.cc:647] Opened local filesystem: /tmp/dist-test-taskpRjPfk/test-tmp/auto_rebalancer-test.0.AutoRebalancerTest.NoReplicaMovesIfLocationLoadSkewedByOne.1780922772446320-24916-0/minicluster-data/ts-2-root
uuid: "002d9f81c16a4a34b8abf5b9e171ed5a"
format_stamp: "Formatted at 2026-06-08 12:47:42 on dist-test-slave-7czp"
I20260608 12:47:42.157039 24916 fs_report.cc:389] FS layout report
--------------------
wal directory: /tmp/dist-test-taskpRjPfk/test-tmp/auto_rebalancer-test.0.AutoRebalancerTest.NoReplicaMovesIfLocationLoadSkewedByOne.1780922772446320-24916-0/minicluster-data/ts-2-root
metadata directory: /tmp/dist-test-taskpRjPfk/test-tmp/auto_rebalancer-test.0.AutoRebalancerTest.NoReplicaMovesIfLocationLoadSkewedByOne.1780922772446320-24916-0/minicluster-data/ts-2-root
1 data directories: /tmp/dist-test-taskpRjPfk/test-tmp/auto_rebalancer-test.0.AutoRebalancerTest.NoReplicaMovesIfLocationLoadSkewedByOne.1780922772446320-24916-0/minicluster-data/ts-2-root/data
Total live blocks: 0
Total live bytes: 0
Total live bytes (after alignment): 0
Total number of LBM containers: 0 (0 full)
Did not check for missing blocks
Did not check for orphaned blocks
Total full LBM containers with extra space: 0 (0 repaired)
Total full LBM container extra space in bytes: 0 (0 repaired)
Total incomplete LBM containers: 0 (0 repaired)
Total LBM partial records: 0 (0 repaired)
Total corrupted LBM metadata records in RocksDB: 0 (0 repaired)
I20260608 12:47:42.172016 24916 rpc_server.cc:225] running with OpenSSL 1.1.1  11 Sep 2018
I20260608 12:47:42.173056 24916 kserver.cc:163] Server-wide thread pool size limit: 3276
I20260608 12:47:42.174454 24916 txn_system_client.cc:432] TxnSystemClient initialization is disabled...
I20260608 12:47:42.176620 24916 ts_tablet_manager.cc:585] Loaded tablet metadata (0 total tablets, 0 live tablets)
I20260608 12:47:42.176792 24916 ts_tablet_manager.cc:531] Time spent load tablet metadata: real 0.000s	user 0.000s	sys 0.000s
I20260608 12:47:42.177103 24916 ts_tablet_manager.cc:616] Registered 0 tablets
I20260608 12:47:42.177270 24916 ts_tablet_manager.cc:595] Time spent register tablets: real 0.000s	user 0.000s	sys 0.000s
I20260608 12:47:42.214164 24916 rpc_server.cc:307] RPC server started. Bound to: 127.24.85.3:41877
I20260608 12:47:42.214282 28767 acceptor_pool.cc:272] collecting diagnostics on the listening RPC socket 127.24.85.3:41877 every 8 connection(s)
I20260608 12:47:42.219228 24916 file_cache.cc:492] Constructed file cache file cache with capacity 419430
W20260608 12:47:42.226572 28771 instance_detector.cc:116] could not retrieve AWS instance metadata: Network error: curl error: HTTP response code said error: The requested URL returned error: 404
W20260608 12:47:42.228291 28772 instance_detector.cc:116] could not retrieve Azure instance metadata: Network error: curl error: HTTP response code said error: The requested URL returned error: 404
W20260608 12:47:42.231112 28774 instance_detector.cc:116] could not retrieve OpenStack instance metadata: Network error: curl error: HTTP response code said error: The requested URL returned error: 404
I20260608 12:47:42.231524 24916 server_base.cc:1061] running on GCE node
I20260608 12:47:42.232529 24916 hybrid_clock.cc:584] initializing the hybrid clock with 'system_unsync' time source
W20260608 12:47:42.232820 24916 system_unsync_time.cc:38] NTP support is disabled. Clock error bounds will not be accurate. This configuration is not suitable for distributed clusters.
I20260608 12:47:42.232975 28768 heartbeater.cc:344] Connected to a master server at 127.24.85.62:36077
I20260608 12:47:42.233091 24916 hybrid_clock.cc:648] HybridClock initialized: now 1780922862233071 us; error 0 us; skew 500 ppm
I20260608 12:47:42.233457 28768 heartbeater.cc:461] Registering TS with master...
I20260608 12:47:42.233985 24916 server_base.cc:861] Flag tcmalloc_max_total_thread_cache_bytes is not working since tcmalloc is not enabled.
I20260608 12:47:42.234336 28768 heartbeater.cc:507] Master 127.24.85.62:36077 requested a full tablet report, sending...
I20260608 12:47:42.236944 28492 ts_manager.cc:194] Registered new tserver with Master: 002d9f81c16a4a34b8abf5b9e171ed5a (127.24.85.3:41877)
I20260608 12:47:42.237514 24916 webserver.cc:533] Webserver started at http://127.24.85.4:33767/ using document root <none> and password file <none>
I20260608 12:47:42.238423 24916 fs_manager.cc:362] Metadata directory not provided
I20260608 12:47:42.238696 24916 fs_manager.cc:368] Using write-ahead log directory (fs_wal_dir) as metadata directory
I20260608 12:47:42.239060 24916 server_base.cc:909] This appears to be a new deployment of Kudu; creating new FS layout
I20260608 12:47:42.239006 28492 master_service.cc:502] Signed X509 certificate for tserver {username='slave'} at 127.0.0.1:50894
I20260608 12:47:42.240882 24916 fs_manager.cc:1068] Generated new instance metadata in path /tmp/dist-test-taskpRjPfk/test-tmp/auto_rebalancer-test.0.AutoRebalancerTest.NoReplicaMovesIfLocationLoadSkewedByOne.1780922772446320-24916-0/minicluster-data/ts-3-root/instance:
uuid: "10b999f534404cd2911eb299342e66a0"
format_stamp: "Formatted at 2026-06-08 12:47:42 on dist-test-slave-7czp"
I20260608 12:47:42.246186 24916 fs_manager.cc:696] Time spent creating directory manager: real 0.005s	user 0.004s	sys 0.000s
I20260608 12:47:42.249418 28779 log_block_manager.cc:4031] Time spent loading block containers with low live blocks: real 0.000s	user 0.000s	sys 0.000s
I20260608 12:47:42.250162 24916 fs_manager.cc:730] Time spent opening block manager: real 0.002s	user 0.001s	sys 0.002s
I20260608 12:47:42.250414 24916 fs_manager.cc:647] Opened local filesystem: /tmp/dist-test-taskpRjPfk/test-tmp/auto_rebalancer-test.0.AutoRebalancerTest.NoReplicaMovesIfLocationLoadSkewedByOne.1780922772446320-24916-0/minicluster-data/ts-3-root
uuid: "10b999f534404cd2911eb299342e66a0"
format_stamp: "Formatted at 2026-06-08 12:47:42 on dist-test-slave-7czp"
I20260608 12:47:42.250631 24916 fs_report.cc:389] FS layout report
--------------------
wal directory: /tmp/dist-test-taskpRjPfk/test-tmp/auto_rebalancer-test.0.AutoRebalancerTest.NoReplicaMovesIfLocationLoadSkewedByOne.1780922772446320-24916-0/minicluster-data/ts-3-root
metadata directory: /tmp/dist-test-taskpRjPfk/test-tmp/auto_rebalancer-test.0.AutoRebalancerTest.NoReplicaMovesIfLocationLoadSkewedByOne.1780922772446320-24916-0/minicluster-data/ts-3-root
1 data directories: /tmp/dist-test-taskpRjPfk/test-tmp/auto_rebalancer-test.0.AutoRebalancerTest.NoReplicaMovesIfLocationLoadSkewedByOne.1780922772446320-24916-0/minicluster-data/ts-3-root/data
Total live blocks: 0
Total live bytes: 0
Total live bytes (after alignment): 0
Total number of LBM containers: 0 (0 full)
Did not check for missing blocks
Did not check for orphaned blocks
Total full LBM containers with extra space: 0 (0 repaired)
Total full LBM container extra space in bytes: 0 (0 repaired)
Total incomplete LBM containers: 0 (0 repaired)
Total LBM partial records: 0 (0 repaired)
Total corrupted LBM metadata records in RocksDB: 0 (0 repaired)
I20260608 12:47:42.263629 24916 rpc_server.cc:225] running with OpenSSL 1.1.1  11 Sep 2018
I20260608 12:47:42.264642 24916 kserver.cc:163] Server-wide thread pool size limit: 3276
I20260608 12:47:42.265799 24916 txn_system_client.cc:432] TxnSystemClient initialization is disabled...
I20260608 12:47:42.268117 24916 ts_tablet_manager.cc:585] Loaded tablet metadata (0 total tablets, 0 live tablets)
I20260608 12:47:42.268340 24916 ts_tablet_manager.cc:531] Time spent load tablet metadata: real 0.000s	user 0.000s	sys 0.000s
I20260608 12:47:42.268589 24916 ts_tablet_manager.cc:616] Registered 0 tablets
I20260608 12:47:42.268769 24916 ts_tablet_manager.cc:595] Time spent register tablets: real 0.000s	user 0.000s	sys 0.000s
I20260608 12:47:42.306599 24916 rpc_server.cc:307] RPC server started. Bound to: 127.24.85.4:40631
I20260608 12:47:42.306708 28841 acceptor_pool.cc:272] collecting diagnostics on the listening RPC socket 127.24.85.4:40631 every 8 connection(s)
I20260608 12:47:42.320221 28842 heartbeater.cc:344] Connected to a master server at 127.24.85.62:36077
I20260608 12:47:42.320659 28842 heartbeater.cc:461] Registering TS with master...
I20260608 12:47:42.321421 28842 heartbeater.cc:507] Master 127.24.85.62:36077 requested a full tablet report, sending...
I20260608 12:47:42.323329 28492 ts_manager.cc:194] Registered new tserver with Master: 10b999f534404cd2911eb299342e66a0 (127.24.85.4:40631)
I20260608 12:47:42.323554 24916 internal_mini_cluster.cc:371] 4 TS(s) registered with all masters after 0.013624678s
I20260608 12:47:42.324702 28492 master_service.cc:502] Signed X509 certificate for tserver {username='slave'} at 127.0.0.1:50896
I20260608 12:47:43.056339 28619 heartbeater.cc:499] Master 127.24.85.62:36077 was elected leader, sending a full tablet report...
I20260608 12:47:43.149477 28694 heartbeater.cc:499] Master 127.24.85.62:36077 was elected leader, sending a full tablet report...
I20260608 12:47:43.242667 28768 heartbeater.cc:499] Master 127.24.85.62:36077 was elected leader, sending a full tablet report...
I20260608 12:47:43.327673 28842 heartbeater.cc:499] Master 127.24.85.62:36077 was elected leader, sending a full tablet report...
I20260608 12:47:43.394775 28492 catalog_manager.cc:2282] Servicing CreateTable request from {username='slave'} at 127.0.0.1:47262:
name: "test-workload"
schema {
  columns {
    name: "key"
    type: INT32
    is_key: true
    is_nullable: false
    encoding: AUTO_ENCODING
    compression: DEFAULT_COMPRESSION
    cfile_block_size: 0
    immutable: false
  }
  columns {
    name: "int_val"
    type: INT32
    is_key: false
    is_nullable: false
    encoding: AUTO_ENCODING
    compression: DEFAULT_COMPRESSION
    cfile_block_size: 0
    immutable: false
  }
  columns {
    name: "string_val"
    type: STRING
    is_key: false
    is_nullable: true
    encoding: AUTO_ENCODING
    compression: DEFAULT_COMPRESSION
    cfile_block_size: 0
    immutable: false
  }
}
num_replicas: 3
split_rows_range_bounds {
}
partition_schema {
  range_schema {
    columns {
      name: "key"
    }
  }
}
I20260608 12:47:43.451713 28807 tablet_service.cc:1511] Processing CreateTablet for tablet 3298bea87d1a44c28ef98f2e7d1c066f (DEFAULT_TABLE table=test-workload [id=8fdb7412211048648dcd41a3010005ea]), partition=RANGE (key) PARTITION UNBOUNDED
I20260608 12:47:43.453778 28807 data_dirs.cc:400] Could only allocate 1 dirs of requested 3 for tablet 3298bea87d1a44c28ef98f2e7d1c066f. 1 dirs total, 0 dirs full, 0 dirs failed
I20260608 12:47:43.462417 28659 tablet_service.cc:1511] Processing CreateTablet for tablet 3298bea87d1a44c28ef98f2e7d1c066f (DEFAULT_TABLE table=test-workload [id=8fdb7412211048648dcd41a3010005ea]), partition=RANGE (key) PARTITION UNBOUNDED
I20260608 12:47:43.463866 28659 data_dirs.cc:400] Could only allocate 1 dirs of requested 3 for tablet 3298bea87d1a44c28ef98f2e7d1c066f. 1 dirs total, 0 dirs full, 0 dirs failed
I20260608 12:47:43.463549 28584 tablet_service.cc:1511] Processing CreateTablet for tablet 3298bea87d1a44c28ef98f2e7d1c066f (DEFAULT_TABLE table=test-workload [id=8fdb7412211048648dcd41a3010005ea]), partition=RANGE (key) PARTITION UNBOUNDED
I20260608 12:47:43.465287 28584 data_dirs.cc:400] Could only allocate 1 dirs of requested 3 for tablet 3298bea87d1a44c28ef98f2e7d1c066f. 1 dirs total, 0 dirs full, 0 dirs failed
I20260608 12:47:43.477345 28865 tablet_bootstrap.cc:492] T 3298bea87d1a44c28ef98f2e7d1c066f P b0ab750324a44f97bbafaa0ee72d0905: Bootstrap starting.
I20260608 12:47:43.479071 28864 tablet_bootstrap.cc:492] T 3298bea87d1a44c28ef98f2e7d1c066f P 10b999f534404cd2911eb299342e66a0: Bootstrap starting.
I20260608 12:47:43.485308 28865 tablet_bootstrap.cc:654] T 3298bea87d1a44c28ef98f2e7d1c066f P b0ab750324a44f97bbafaa0ee72d0905: Neither blocks nor log segments found. Creating new log.
I20260608 12:47:43.486248 28864 tablet_bootstrap.cc:654] T 3298bea87d1a44c28ef98f2e7d1c066f P 10b999f534404cd2911eb299342e66a0: Neither blocks nor log segments found. Creating new log.
I20260608 12:47:43.488070 28866 tablet_bootstrap.cc:492] T 3298bea87d1a44c28ef98f2e7d1c066f P 8844db26a8c242e4a2d2ab7ef88ee1f5: Bootstrap starting.
I20260608 12:47:43.492229 28865 tablet_bootstrap.cc:492] T 3298bea87d1a44c28ef98f2e7d1c066f P b0ab750324a44f97bbafaa0ee72d0905: No bootstrap required, opened a new log
I20260608 12:47:43.492720 28865 ts_tablet_manager.cc:1403] T 3298bea87d1a44c28ef98f2e7d1c066f P b0ab750324a44f97bbafaa0ee72d0905: Time spent bootstrapping tablet: real 0.016s	user 0.010s	sys 0.004s
I20260608 12:47:43.492940 28864 tablet_bootstrap.cc:492] T 3298bea87d1a44c28ef98f2e7d1c066f P 10b999f534404cd2911eb299342e66a0: No bootstrap required, opened a new log
I20260608 12:47:43.493422 28864 ts_tablet_manager.cc:1403] T 3298bea87d1a44c28ef98f2e7d1c066f P 10b999f534404cd2911eb299342e66a0: Time spent bootstrapping tablet: real 0.015s	user 0.013s	sys 0.000s
I20260608 12:47:43.496230 28866 tablet_bootstrap.cc:654] T 3298bea87d1a44c28ef98f2e7d1c066f P 8844db26a8c242e4a2d2ab7ef88ee1f5: Neither blocks nor log segments found. Creating new log.
I20260608 12:47:43.496491 28864 raft_consensus.cc:359] T 3298bea87d1a44c28ef98f2e7d1c066f P 10b999f534404cd2911eb299342e66a0 [term 0 FOLLOWER]: Replica starting. Triggering 0 pending ops. Active config: opid_index: -1 OBSOLETE_local: false peers { permanent_uuid: "10b999f534404cd2911eb299342e66a0" member_type: VOTER last_known_addr { host: "127.24.85.4" port: 40631 } } peers { permanent_uuid: "8844db26a8c242e4a2d2ab7ef88ee1f5" member_type: VOTER last_known_addr { host: "127.24.85.1" port: 43689 } } peers { permanent_uuid: "b0ab750324a44f97bbafaa0ee72d0905" member_type: VOTER last_known_addr { host: "127.24.85.2" port: 41959 } }
I20260608 12:47:43.496141 28865 raft_consensus.cc:359] T 3298bea87d1a44c28ef98f2e7d1c066f P b0ab750324a44f97bbafaa0ee72d0905 [term 0 FOLLOWER]: Replica starting. Triggering 0 pending ops. Active config: opid_index: -1 OBSOLETE_local: false peers { permanent_uuid: "10b999f534404cd2911eb299342e66a0" member_type: VOTER last_known_addr { host: "127.24.85.4" port: 40631 } } peers { permanent_uuid: "8844db26a8c242e4a2d2ab7ef88ee1f5" member_type: VOTER last_known_addr { host: "127.24.85.1" port: 43689 } } peers { permanent_uuid: "b0ab750324a44f97bbafaa0ee72d0905" member_type: VOTER last_known_addr { host: "127.24.85.2" port: 41959 } }
I20260608 12:47:43.497330 28864 raft_consensus.cc:385] T 3298bea87d1a44c28ef98f2e7d1c066f P 10b999f534404cd2911eb299342e66a0 [term 0 FOLLOWER]: Consensus starting up: Expiring failure detector timer to make a prompt election more likely
I20260608 12:47:43.497408 28865 raft_consensus.cc:385] T 3298bea87d1a44c28ef98f2e7d1c066f P b0ab750324a44f97bbafaa0ee72d0905 [term 0 FOLLOWER]: Consensus starting up: Expiring failure detector timer to make a prompt election more likely
I20260608 12:47:43.497802 28864 raft_consensus.cc:740] T 3298bea87d1a44c28ef98f2e7d1c066f P 10b999f534404cd2911eb299342e66a0 [term 0 FOLLOWER]: Becoming Follower/Learner. State: Replica: 10b999f534404cd2911eb299342e66a0, State: Initialized, Role: FOLLOWER
I20260608 12:47:43.497888 28865 raft_consensus.cc:740] T 3298bea87d1a44c28ef98f2e7d1c066f P b0ab750324a44f97bbafaa0ee72d0905 [term 0 FOLLOWER]: Becoming Follower/Learner. State: Replica: b0ab750324a44f97bbafaa0ee72d0905, State: Initialized, Role: FOLLOWER
I20260608 12:47:43.498785 28864 consensus_queue.cc:260] T 3298bea87d1a44c28ef98f2e7d1c066f P 10b999f534404cd2911eb299342e66a0 [NON_LEADER]: Queue going to NON_LEADER mode. State: All replicated index: 0, Majority replicated index: 0, Committed index: 0, Last appended: 0.0, Last appended by leader: 0, Current term: 0, Majority size: -1, State: 0, Mode: NON_LEADER, active raft config: opid_index: -1 OBSOLETE_local: false peers { permanent_uuid: "10b999f534404cd2911eb299342e66a0" member_type: VOTER last_known_addr { host: "127.24.85.4" port: 40631 } } peers { permanent_uuid: "8844db26a8c242e4a2d2ab7ef88ee1f5" member_type: VOTER last_known_addr { host: "127.24.85.1" port: 43689 } } peers { permanent_uuid: "b0ab750324a44f97bbafaa0ee72d0905" member_type: VOTER last_known_addr { host: "127.24.85.2" port: 41959 } }
I20260608 12:47:43.498916 28865 consensus_queue.cc:260] T 3298bea87d1a44c28ef98f2e7d1c066f P b0ab750324a44f97bbafaa0ee72d0905 [NON_LEADER]: Queue going to NON_LEADER mode. State: All replicated index: 0, Majority replicated index: 0, Committed index: 0, Last appended: 0.0, Last appended by leader: 0, Current term: 0, Majority size: -1, State: 0, Mode: NON_LEADER, active raft config: opid_index: -1 OBSOLETE_local: false peers { permanent_uuid: "10b999f534404cd2911eb299342e66a0" member_type: VOTER last_known_addr { host: "127.24.85.4" port: 40631 } } peers { permanent_uuid: "8844db26a8c242e4a2d2ab7ef88ee1f5" member_type: VOTER last_known_addr { host: "127.24.85.1" port: 43689 } } peers { permanent_uuid: "b0ab750324a44f97bbafaa0ee72d0905" member_type: VOTER last_known_addr { host: "127.24.85.2" port: 41959 } }
I20260608 12:47:43.501886 28866 tablet_bootstrap.cc:492] T 3298bea87d1a44c28ef98f2e7d1c066f P 8844db26a8c242e4a2d2ab7ef88ee1f5: No bootstrap required, opened a new log
I20260608 12:47:43.502345 28866 ts_tablet_manager.cc:1403] T 3298bea87d1a44c28ef98f2e7d1c066f P 8844db26a8c242e4a2d2ab7ef88ee1f5: Time spent bootstrapping tablet: real 0.015s	user 0.008s	sys 0.005s
I20260608 12:47:43.504746 28866 raft_consensus.cc:359] T 3298bea87d1a44c28ef98f2e7d1c066f P 8844db26a8c242e4a2d2ab7ef88ee1f5 [term 0 FOLLOWER]: Replica starting. Triggering 0 pending ops. Active config: opid_index: -1 OBSOLETE_local: false peers { permanent_uuid: "10b999f534404cd2911eb299342e66a0" member_type: VOTER last_known_addr { host: "127.24.85.4" port: 40631 } } peers { permanent_uuid: "8844db26a8c242e4a2d2ab7ef88ee1f5" member_type: VOTER last_known_addr { host: "127.24.85.1" port: 43689 } } peers { permanent_uuid: "b0ab750324a44f97bbafaa0ee72d0905" member_type: VOTER last_known_addr { host: "127.24.85.2" port: 41959 } }
I20260608 12:47:43.505648 28866 raft_consensus.cc:385] T 3298bea87d1a44c28ef98f2e7d1c066f P 8844db26a8c242e4a2d2ab7ef88ee1f5 [term 0 FOLLOWER]: Consensus starting up: Expiring failure detector timer to make a prompt election more likely
I20260608 12:47:43.506657 28866 raft_consensus.cc:740] T 3298bea87d1a44c28ef98f2e7d1c066f P 8844db26a8c242e4a2d2ab7ef88ee1f5 [term 0 FOLLOWER]: Becoming Follower/Learner. State: Replica: 8844db26a8c242e4a2d2ab7ef88ee1f5, State: Initialized, Role: FOLLOWER
I20260608 12:47:43.507979 28864 ts_tablet_manager.cc:1434] T 3298bea87d1a44c28ef98f2e7d1c066f P 10b999f534404cd2911eb299342e66a0: Time spent starting tablet: real 0.014s	user 0.007s	sys 0.007s
I20260608 12:47:43.509943 28866 consensus_queue.cc:260] T 3298bea87d1a44c28ef98f2e7d1c066f P 8844db26a8c242e4a2d2ab7ef88ee1f5 [NON_LEADER]: Queue going to NON_LEADER mode. State: All replicated index: 0, Majority replicated index: 0, Committed index: 0, Last appended: 0.0, Last appended by leader: 0, Current term: 0, Majority size: -1, State: 0, Mode: NON_LEADER, active raft config: opid_index: -1 OBSOLETE_local: false peers { permanent_uuid: "10b999f534404cd2911eb299342e66a0" member_type: VOTER last_known_addr { host: "127.24.85.4" port: 40631 } } peers { permanent_uuid: "8844db26a8c242e4a2d2ab7ef88ee1f5" member_type: VOTER last_known_addr { host: "127.24.85.1" port: 43689 } } peers { permanent_uuid: "b0ab750324a44f97bbafaa0ee72d0905" member_type: VOTER last_known_addr { host: "127.24.85.2" port: 41959 } }
I20260608 12:47:43.510675 28865 ts_tablet_manager.cc:1434] T 3298bea87d1a44c28ef98f2e7d1c066f P b0ab750324a44f97bbafaa0ee72d0905: Time spent starting tablet: real 0.018s	user 0.003s	sys 0.011s
I20260608 12:47:43.513610 28866 ts_tablet_manager.cc:1434] T 3298bea87d1a44c28ef98f2e7d1c066f P 8844db26a8c242e4a2d2ab7ef88ee1f5: Time spent starting tablet: real 0.011s	user 0.005s	sys 0.004s
I20260608 12:47:43.573730 28870 raft_consensus.cc:493] T 3298bea87d1a44c28ef98f2e7d1c066f P b0ab750324a44f97bbafaa0ee72d0905 [term 0 FOLLOWER]: Starting pre-election (no leader contacted us within the election timeout)
I20260608 12:47:43.574162 28870 raft_consensus.cc:515] T 3298bea87d1a44c28ef98f2e7d1c066f P b0ab750324a44f97bbafaa0ee72d0905 [term 0 FOLLOWER]: Starting pre-election with config: opid_index: -1 OBSOLETE_local: false peers { permanent_uuid: "10b999f534404cd2911eb299342e66a0" member_type: VOTER last_known_addr { host: "127.24.85.4" port: 40631 } } peers { permanent_uuid: "8844db26a8c242e4a2d2ab7ef88ee1f5" member_type: VOTER last_known_addr { host: "127.24.85.1" port: 43689 } } peers { permanent_uuid: "b0ab750324a44f97bbafaa0ee72d0905" member_type: VOTER last_known_addr { host: "127.24.85.2" port: 41959 } }
I20260608 12:47:43.576359 28870 leader_election.cc:290] T 3298bea87d1a44c28ef98f2e7d1c066f P b0ab750324a44f97bbafaa0ee72d0905 [CANDIDATE]: Term 1 pre-election: Requested pre-vote from peers 10b999f534404cd2911eb299342e66a0 (127.24.85.4:40631), 8844db26a8c242e4a2d2ab7ef88ee1f5 (127.24.85.1:43689)
I20260608 12:47:43.588368 28817 tablet_service.cc:1917] Received RequestConsensusVote() RPC: tablet_id: "3298bea87d1a44c28ef98f2e7d1c066f" candidate_uuid: "b0ab750324a44f97bbafaa0ee72d0905" candidate_term: 1 candidate_status { last_received { term: 0 index: 0 } } ignore_live_leader: false dest_uuid: "10b999f534404cd2911eb299342e66a0" is_pre_election: true
I20260608 12:47:43.588758 28594 tablet_service.cc:1917] Received RequestConsensusVote() RPC: tablet_id: "3298bea87d1a44c28ef98f2e7d1c066f" candidate_uuid: "b0ab750324a44f97bbafaa0ee72d0905" candidate_term: 1 candidate_status { last_received { term: 0 index: 0 } } ignore_live_leader: false dest_uuid: "8844db26a8c242e4a2d2ab7ef88ee1f5" is_pre_election: true
I20260608 12:47:43.589100 28817 raft_consensus.cc:2468] T 3298bea87d1a44c28ef98f2e7d1c066f P 10b999f534404cd2911eb299342e66a0 [term 0 FOLLOWER]: Leader pre-election vote request: Granting yes vote for candidate b0ab750324a44f97bbafaa0ee72d0905 in term 0.
I20260608 12:47:43.589579 28594 raft_consensus.cc:2468] T 3298bea87d1a44c28ef98f2e7d1c066f P 8844db26a8c242e4a2d2ab7ef88ee1f5 [term 0 FOLLOWER]: Leader pre-election vote request: Granting yes vote for candidate b0ab750324a44f97bbafaa0ee72d0905 in term 0.
I20260608 12:47:43.590517 28633 leader_election.cc:304] T 3298bea87d1a44c28ef98f2e7d1c066f P b0ab750324a44f97bbafaa0ee72d0905 [CANDIDATE]: Term 1 pre-election: Election decided. Result: candidate won. Election summary: received 2 responses out of 3 voters: 2 yes votes; 0 no votes. yes voters: 10b999f534404cd2911eb299342e66a0, b0ab750324a44f97bbafaa0ee72d0905; no voters: 
I20260608 12:47:43.591526 28870 raft_consensus.cc:2804] T 3298bea87d1a44c28ef98f2e7d1c066f P b0ab750324a44f97bbafaa0ee72d0905 [term 0 FOLLOWER]: Leader pre-election won for term 1
I20260608 12:47:43.591807 28870 raft_consensus.cc:493] T 3298bea87d1a44c28ef98f2e7d1c066f P b0ab750324a44f97bbafaa0ee72d0905 [term 0 FOLLOWER]: Starting leader election (no leader contacted us within the election timeout)
I20260608 12:47:43.592031 28870 raft_consensus.cc:3060] T 3298bea87d1a44c28ef98f2e7d1c066f P b0ab750324a44f97bbafaa0ee72d0905 [term 0 FOLLOWER]: Advancing to term 1
I20260608 12:47:43.597323 28870 raft_consensus.cc:515] T 3298bea87d1a44c28ef98f2e7d1c066f P b0ab750324a44f97bbafaa0ee72d0905 [term 1 FOLLOWER]: Starting leader election with config: opid_index: -1 OBSOLETE_local: false peers { permanent_uuid: "10b999f534404cd2911eb299342e66a0" member_type: VOTER last_known_addr { host: "127.24.85.4" port: 40631 } } peers { permanent_uuid: "8844db26a8c242e4a2d2ab7ef88ee1f5" member_type: VOTER last_known_addr { host: "127.24.85.1" port: 43689 } } peers { permanent_uuid: "b0ab750324a44f97bbafaa0ee72d0905" member_type: VOTER last_known_addr { host: "127.24.85.2" port: 41959 } }
I20260608 12:47:43.598883 28870 leader_election.cc:290] T 3298bea87d1a44c28ef98f2e7d1c066f P b0ab750324a44f97bbafaa0ee72d0905 [CANDIDATE]: Term 1 election: Requested vote from peers 10b999f534404cd2911eb299342e66a0 (127.24.85.4:40631), 8844db26a8c242e4a2d2ab7ef88ee1f5 (127.24.85.1:43689)
I20260608 12:47:43.599598 28817 tablet_service.cc:1917] Received RequestConsensusVote() RPC: tablet_id: "3298bea87d1a44c28ef98f2e7d1c066f" candidate_uuid: "b0ab750324a44f97bbafaa0ee72d0905" candidate_term: 1 candidate_status { last_received { term: 0 index: 0 } } ignore_live_leader: false dest_uuid: "10b999f534404cd2911eb299342e66a0"
I20260608 12:47:43.599841 28594 tablet_service.cc:1917] Received RequestConsensusVote() RPC: tablet_id: "3298bea87d1a44c28ef98f2e7d1c066f" candidate_uuid: "b0ab750324a44f97bbafaa0ee72d0905" candidate_term: 1 candidate_status { last_received { term: 0 index: 0 } } ignore_live_leader: false dest_uuid: "8844db26a8c242e4a2d2ab7ef88ee1f5"
I20260608 12:47:43.600062 28817 raft_consensus.cc:3060] T 3298bea87d1a44c28ef98f2e7d1c066f P 10b999f534404cd2911eb299342e66a0 [term 0 FOLLOWER]: Advancing to term 1
I20260608 12:47:43.600474 28594 raft_consensus.cc:3060] T 3298bea87d1a44c28ef98f2e7d1c066f P 8844db26a8c242e4a2d2ab7ef88ee1f5 [term 0 FOLLOWER]: Advancing to term 1
I20260608 12:47:43.606076 28817 raft_consensus.cc:2468] T 3298bea87d1a44c28ef98f2e7d1c066f P 10b999f534404cd2911eb299342e66a0 [term 1 FOLLOWER]: Leader election vote request: Granting yes vote for candidate b0ab750324a44f97bbafaa0ee72d0905 in term 1.
I20260608 12:47:43.606858 28594 raft_consensus.cc:2468] T 3298bea87d1a44c28ef98f2e7d1c066f P 8844db26a8c242e4a2d2ab7ef88ee1f5 [term 1 FOLLOWER]: Leader election vote request: Granting yes vote for candidate b0ab750324a44f97bbafaa0ee72d0905 in term 1.
I20260608 12:47:43.607041 28633 leader_election.cc:304] T 3298bea87d1a44c28ef98f2e7d1c066f P b0ab750324a44f97bbafaa0ee72d0905 [CANDIDATE]: Term 1 election: Election decided. Result: candidate won. Election summary: received 2 responses out of 3 voters: 2 yes votes; 0 no votes. yes voters: 10b999f534404cd2911eb299342e66a0, b0ab750324a44f97bbafaa0ee72d0905; no voters: 
I20260608 12:47:43.607898 28870 raft_consensus.cc:2804] T 3298bea87d1a44c28ef98f2e7d1c066f P b0ab750324a44f97bbafaa0ee72d0905 [term 1 FOLLOWER]: Leader election won for term 1
I20260608 12:47:43.608990 28870 raft_consensus.cc:697] T 3298bea87d1a44c28ef98f2e7d1c066f P b0ab750324a44f97bbafaa0ee72d0905 [term 1 LEADER]: Becoming Leader. State: Replica: b0ab750324a44f97bbafaa0ee72d0905, State: Running, Role: LEADER
I20260608 12:47:43.609696 28870 consensus_queue.cc:237] T 3298bea87d1a44c28ef98f2e7d1c066f P b0ab750324a44f97bbafaa0ee72d0905 [LEADER]: Queue going to LEADER mode. State: All replicated index: 0, Majority replicated index: 0, Committed index: 0, Last appended: 0.0, Last appended by leader: 0, Current term: 1, Majority size: 2, State: 0, Mode: LEADER, active raft config: opid_index: -1 OBSOLETE_local: false peers { permanent_uuid: "10b999f534404cd2911eb299342e66a0" member_type: VOTER last_known_addr { host: "127.24.85.4" port: 40631 } } peers { permanent_uuid: "8844db26a8c242e4a2d2ab7ef88ee1f5" member_type: VOTER last_known_addr { host: "127.24.85.1" port: 43689 } } peers { permanent_uuid: "b0ab750324a44f97bbafaa0ee72d0905" member_type: VOTER last_known_addr { host: "127.24.85.2" port: 41959 } }
I20260608 12:47:43.617986 28492 catalog_manager.cc:5696] T 3298bea87d1a44c28ef98f2e7d1c066f P b0ab750324a44f97bbafaa0ee72d0905 reported cstate change: term changed from 0 to 1, leader changed from <none> to b0ab750324a44f97bbafaa0ee72d0905 (127.24.85.2). New cstate: current_term: 1 leader_uuid: "b0ab750324a44f97bbafaa0ee72d0905" committed_config { opid_index: -1 OBSOLETE_local: false peers { permanent_uuid: "10b999f534404cd2911eb299342e66a0" member_type: VOTER last_known_addr { host: "127.24.85.4" port: 40631 } health_report { overall_health: UNKNOWN } } peers { permanent_uuid: "8844db26a8c242e4a2d2ab7ef88ee1f5" member_type: VOTER last_known_addr { host: "127.24.85.1" port: 43689 } health_report { overall_health: UNKNOWN } } peers { permanent_uuid: "b0ab750324a44f97bbafaa0ee72d0905" member_type: VOTER last_known_addr { host: "127.24.85.2" port: 41959 } health_report { overall_health: HEALTHY } } }
I20260608 12:47:43.871665 28545 auto_leader_rebalancer.cc:140] leader rebalance for table test-workload
I20260608 12:47:43.873334 28545 auto_leader_rebalancer.cc:388] table: test-workload, leader rebalance finish, leader transfer count: 0
I20260608 12:47:43.873714 28545 auto_leader_rebalancer.cc:451] All tables' leader rebalancing finished this round
I20260608 12:47:44.086397 28870 consensus_queue.cc:1048] T 3298bea87d1a44c28ef98f2e7d1c066f P b0ab750324a44f97bbafaa0ee72d0905 [LEADER]: Connected to new peer: Peer: permanent_uuid: "10b999f534404cd2911eb299342e66a0" member_type: VOTER last_known_addr { host: "127.24.85.4" port: 40631 }, Status: LMP_MISMATCH, Last received: 0.0, Next index: 1, Last known committed idx: 0, Time since last communication: 0.001s
I20260608 12:47:44.099759 28870 consensus_queue.cc:1048] T 3298bea87d1a44c28ef98f2e7d1c066f P b0ab750324a44f97bbafaa0ee72d0905 [LEADER]: Connected to new peer: Peer: permanent_uuid: "8844db26a8c242e4a2d2ab7ef88ee1f5" member_type: VOTER last_known_addr { host: "127.24.85.1" port: 43689 }, Status: LMP_MISMATCH, Last received: 0.0, Next index: 1, Last known committed idx: 0, Time since last communication: 0.000s
I20260608 12:47:45.874634 28545 auto_leader_rebalancer.cc:140] leader rebalance for table test-workload
I20260608 12:47:45.876019 28545 auto_leader_rebalancer.cc:388] table: test-workload, leader rebalance finish, leader transfer count: 0
I20260608 12:47:45.876349 28545 auto_leader_rebalancer.cc:451] All tables' leader rebalancing finished this round
I20260608 12:47:47.877252 28545 auto_leader_rebalancer.cc:140] leader rebalance for table test-workload
I20260608 12:47:47.878707 28545 auto_leader_rebalancer.cc:388] table: test-workload, leader rebalance finish, leader transfer count: 0
I20260608 12:47:47.879031 28545 auto_leader_rebalancer.cc:451] All tables' leader rebalancing finished this round
W20260608 12:47:48.084779 28615 debug-util.cc:398] Leaking SignalData structure 0x7b080022b080 after lost signal to thread 24919
W20260608 12:47:48.085762 28615 debug-util.cc:398] Leaking SignalData structure 0x7b08000ed880 after lost signal to thread 28526
W20260608 12:47:48.086719 28615 debug-util.cc:398] Leaking SignalData structure 0x7b0800170c80 after lost signal to thread 28618
W20260608 12:47:48.087550 28615 debug-util.cc:398] Leaking SignalData structure 0x7b0800041460 after lost signal to thread 28693
W20260608 12:47:48.088536 28615 debug-util.cc:398] Leaking SignalData structure 0x7b08001a47a0 after lost signal to thread 28767
W20260608 12:47:48.089592 28615 debug-util.cc:398] Leaking SignalData structure 0x7b0800197100 after lost signal to thread 28841
I20260608 12:47:49.879899 28545 auto_leader_rebalancer.cc:140] leader rebalance for table test-workload
I20260608 12:47:49.881492 28545 auto_leader_rebalancer.cc:388] table: test-workload, leader rebalance finish, leader transfer count: 0
I20260608 12:47:49.881832 28545 auto_leader_rebalancer.cc:451] All tables' leader rebalancing finished this round
I20260608 12:47:51.882735 28545 auto_leader_rebalancer.cc:140] leader rebalance for table test-workload
I20260608 12:47:51.884104 28545 auto_leader_rebalancer.cc:388] table: test-workload, leader rebalance finish, leader transfer count: 0
I20260608 12:47:51.884460 28545 auto_leader_rebalancer.cc:451] All tables' leader rebalancing finished this round
I20260608 12:47:53.885810 28545 auto_leader_rebalancer.cc:140] leader rebalance for table test-workload
I20260608 12:47:53.887589 28545 auto_leader_rebalancer.cc:388] table: test-workload, leader rebalance finish, leader transfer count: 0
I20260608 12:47:53.887948 28545 auto_leader_rebalancer.cc:451] All tables' leader rebalancing finished this round
I20260608 12:47:54.742947 24916 tablet_server.cc:179] TabletServer@127.24.85.1:0 shutting down...
I20260608 12:47:54.775149 24916 ts_tablet_manager.cc:1507] Shutting down tablet manager...
I20260608 12:47:54.776064 24916 tablet_replica.cc:333] T 3298bea87d1a44c28ef98f2e7d1c066f P 8844db26a8c242e4a2d2ab7ef88ee1f5: stopping tablet replica
I20260608 12:47:54.776732 24916 raft_consensus.cc:2243] T 3298bea87d1a44c28ef98f2e7d1c066f P 8844db26a8c242e4a2d2ab7ef88ee1f5 [term 1 FOLLOWER]: Raft consensus shutting down.
I20260608 12:47:54.777442 24916 raft_consensus.cc:2272] T 3298bea87d1a44c28ef98f2e7d1c066f P 8844db26a8c242e4a2d2ab7ef88ee1f5 [term 1 FOLLOWER]: Raft consensus is shut down!
I20260608 12:47:54.816052 24916 tablet_server.cc:196] TabletServer@127.24.85.1:0 shutdown complete.
I20260608 12:47:54.828496 24916 tablet_server.cc:179] TabletServer@127.24.85.2:0 shutting down...
I20260608 12:47:54.850400 24916 ts_tablet_manager.cc:1507] Shutting down tablet manager...
