I20260608 12:47:31.864555 28079 raft_consensus.cc:385] T c98010e5c56242eb8c683544b4329728 P c1a26e9450624941a0268366f8015d7b [term 0 FOLLOWER]: Consensus starting up: Expiring failure detector timer to make a prompt election more likely
I20260608 12:47:31.865175 28079 raft_consensus.cc:740] T c98010e5c56242eb8c683544b4329728 P c1a26e9450624941a0268366f8015d7b [term 0 FOLLOWER]: Becoming Follower/Learner. State: Replica: c1a26e9450624941a0268366f8015d7b, State: Initialized, Role: FOLLOWER
I20260608 12:47:31.866097 28079 consensus_queue.cc:260] T c98010e5c56242eb8c683544b4329728 P c1a26e9450624941a0268366f8015d7b [NON_LEADER]: Queue going to NON_LEADER mode. State: All replicated index: 0, Majority replicated index: 0, Committed index: 0, Last appended: 0.0, Last appended by leader: 0, Current term: 0, Majority size: -1, State: 0, Mode: NON_LEADER, active raft config: opid_index: -1 OBSOLETE_local: false peers { permanent_uuid: "c1a26e9450624941a0268366f8015d7b" member_type: VOTER last_known_addr { host: "127.24.85.2" port: 37481 } } peers { permanent_uuid: "ce033693ec304e40a45ab77a01b76c42" member_type: VOTER last_known_addr { host: "127.24.85.1" port: 44147 } } peers { permanent_uuid: "88793dc7d3cf4de59ddc18f4feab39bf" member_type: VOTER last_known_addr { host: "127.24.85.3" port: 41163 } }
I20260608 12:47:31.868355 28078 tablet_bootstrap.cc:654] T c98010e5c56242eb8c683544b4329728 P ce033693ec304e40a45ab77a01b76c42: Neither blocks nor log segments found. Creating new log.
I20260608 12:47:31.873417 28080 ts_tablet_manager.cc:1434] T 6467b3d9a2514c969868f07a6944f1b9 P 88793dc7d3cf4de59ddc18f4feab39bf: Time spent starting tablet: real 0.020s	user 0.015s	sys 0.004s
I20260608 12:47:31.874552 28080 tablet_bootstrap.cc:492] T 07223a4d5a45415aa87b5827e234d8c3 P 88793dc7d3cf4de59ddc18f4feab39bf: Bootstrap starting.
I20260608 12:47:31.875876 28079 ts_tablet_manager.cc:1434] T c98010e5c56242eb8c683544b4329728 P c1a26e9450624941a0268366f8015d7b: Time spent starting tablet: real 0.015s	user 0.009s	sys 0.005s
I20260608 12:47:31.876906 28079 tablet_bootstrap.cc:492] T 07223a4d5a45415aa87b5827e234d8c3 P c1a26e9450624941a0268366f8015d7b: Bootstrap starting.
I20260608 12:47:31.881212 28080 tablet_bootstrap.cc:654] T 07223a4d5a45415aa87b5827e234d8c3 P 88793dc7d3cf4de59ddc18f4feab39bf: Neither blocks nor log segments found. Creating new log.
I20260608 12:47:31.882704 28078 tablet_bootstrap.cc:492] T c98010e5c56242eb8c683544b4329728 P ce033693ec304e40a45ab77a01b76c42: No bootstrap required, opened a new log
I20260608 12:47:31.883172 28079 tablet_bootstrap.cc:654] T 07223a4d5a45415aa87b5827e234d8c3 P c1a26e9450624941a0268366f8015d7b: Neither blocks nor log segments found. Creating new log.
I20260608 12:47:31.883273 28078 ts_tablet_manager.cc:1403] T c98010e5c56242eb8c683544b4329728 P ce033693ec304e40a45ab77a01b76c42: Time spent bootstrapping tablet: real 0.024s	user 0.010s	sys 0.005s
I20260608 12:47:31.887274 28078 raft_consensus.cc:359] T c98010e5c56242eb8c683544b4329728 P ce033693ec304e40a45ab77a01b76c42 [term 0 FOLLOWER]: Replica starting. Triggering 0 pending ops. Active config: opid_index: -1 OBSOLETE_local: false peers { permanent_uuid: "c1a26e9450624941a0268366f8015d7b" member_type: VOTER last_known_addr { host: "127.24.85.2" port: 37481 } } peers { permanent_uuid: "ce033693ec304e40a45ab77a01b76c42" member_type: VOTER last_known_addr { host: "127.24.85.1" port: 44147 } } peers { permanent_uuid: "88793dc7d3cf4de59ddc18f4feab39bf" member_type: VOTER last_known_addr { host: "127.24.85.3" port: 41163 } }
I20260608 12:47:31.888373 28078 raft_consensus.cc:385] T c98010e5c56242eb8c683544b4329728 P ce033693ec304e40a45ab77a01b76c42 [term 0 FOLLOWER]: Consensus starting up: Expiring failure detector timer to make a prompt election more likely
I20260608 12:47:31.888854 28078 raft_consensus.cc:740] T c98010e5c56242eb8c683544b4329728 P ce033693ec304e40a45ab77a01b76c42 [term 0 FOLLOWER]: Becoming Follower/Learner. State: Replica: ce033693ec304e40a45ab77a01b76c42, State: Initialized, Role: FOLLOWER
I20260608 12:47:31.889994 28078 consensus_queue.cc:260] T c98010e5c56242eb8c683544b4329728 P ce033693ec304e40a45ab77a01b76c42 [NON_LEADER]: Queue going to NON_LEADER mode. State: All replicated index: 0, Majority replicated index: 0, Committed index: 0, Last appended: 0.0, Last appended by leader: 0, Current term: 0, Majority size: -1, State: 0, Mode: NON_LEADER, active raft config: opid_index: -1 OBSOLETE_local: false peers { permanent_uuid: "c1a26e9450624941a0268366f8015d7b" member_type: VOTER last_known_addr { host: "127.24.85.2" port: 37481 } } peers { permanent_uuid: "ce033693ec304e40a45ab77a01b76c42" member_type: VOTER last_known_addr { host: "127.24.85.1" port: 44147 } } peers { permanent_uuid: "88793dc7d3cf4de59ddc18f4feab39bf" member_type: VOTER last_known_addr { host: "127.24.85.3" port: 41163 } }
I20260608 12:47:31.892621 28080 tablet_bootstrap.cc:492] T 07223a4d5a45415aa87b5827e234d8c3 P 88793dc7d3cf4de59ddc18f4feab39bf: No bootstrap required, opened a new log
I20260608 12:47:31.893189 28080 ts_tablet_manager.cc:1403] T 07223a4d5a45415aa87b5827e234d8c3 P 88793dc7d3cf4de59ddc18f4feab39bf: Time spent bootstrapping tablet: real 0.019s	user 0.014s	sys 0.004s
I20260608 12:47:31.895982 28078 ts_tablet_manager.cc:1434] T c98010e5c56242eb8c683544b4329728 P ce033693ec304e40a45ab77a01b76c42: Time spent starting tablet: real 0.012s	user 0.007s	sys 0.000s
I20260608 12:47:31.896379 28080 raft_consensus.cc:359] T 07223a4d5a45415aa87b5827e234d8c3 P 88793dc7d3cf4de59ddc18f4feab39bf [term 0 FOLLOWER]: Replica starting. Triggering 0 pending ops. Active config: opid_index: -1 OBSOLETE_local: false peers { permanent_uuid: "ce033693ec304e40a45ab77a01b76c42" member_type: VOTER last_known_addr { host: "127.24.85.1" port: 44147 } } peers { permanent_uuid: "c1a26e9450624941a0268366f8015d7b" member_type: VOTER last_known_addr { host: "127.24.85.2" port: 37481 } } peers { permanent_uuid: "88793dc7d3cf4de59ddc18f4feab39bf" member_type: VOTER last_known_addr { host: "127.24.85.3" port: 41163 } }
I20260608 12:47:31.897063 28078 tablet_bootstrap.cc:492] T de08c6566bad4c9eba9462842b61881c P ce033693ec304e40a45ab77a01b76c42: Bootstrap starting.
I20260608 12:47:31.897128 28080 raft_consensus.cc:385] T 07223a4d5a45415aa87b5827e234d8c3 P 88793dc7d3cf4de59ddc18f4feab39bf [term 0 FOLLOWER]: Consensus starting up: Expiring failure detector timer to make a prompt election more likely
I20260608 12:47:31.897621 28080 raft_consensus.cc:740] T 07223a4d5a45415aa87b5827e234d8c3 P 88793dc7d3cf4de59ddc18f4feab39bf [term 0 FOLLOWER]: Becoming Follower/Learner. State: Replica: 88793dc7d3cf4de59ddc18f4feab39bf, State: Initialized, Role: FOLLOWER
I20260608 12:47:31.898628 28080 consensus_queue.cc:260] T 07223a4d5a45415aa87b5827e234d8c3 P 88793dc7d3cf4de59ddc18f4feab39bf [NON_LEADER]: Queue going to NON_LEADER mode. State: All replicated index: 0, Majority replicated index: 0, Committed index: 0, Last appended: 0.0, Last appended by leader: 0, Current term: 0, Majority size: -1, State: 0, Mode: NON_LEADER, active raft config: opid_index: -1 OBSOLETE_local: false peers { permanent_uuid: "ce033693ec304e40a45ab77a01b76c42" member_type: VOTER last_known_addr { host: "127.24.85.1" port: 44147 } } peers { permanent_uuid: "c1a26e9450624941a0268366f8015d7b" member_type: VOTER last_known_addr { host: "127.24.85.2" port: 37481 } } peers { permanent_uuid: "88793dc7d3cf4de59ddc18f4feab39bf" member_type: VOTER last_known_addr { host: "127.24.85.3" port: 41163 } }
I20260608 12:47:31.901229 28080 ts_tablet_manager.cc:1434] T 07223a4d5a45415aa87b5827e234d8c3 P 88793dc7d3cf4de59ddc18f4feab39bf: Time spent starting tablet: real 0.008s	user 0.006s	sys 0.000s
I20260608 12:47:31.902225 28080 tablet_bootstrap.cc:492] T 4fd95bb610aa4b58ab7e36a67bd46b1d P 88793dc7d3cf4de59ddc18f4feab39bf: Bootstrap starting.
I20260608 12:47:31.905928 28078 tablet_bootstrap.cc:654] T de08c6566bad4c9eba9462842b61881c P ce033693ec304e40a45ab77a01b76c42: Neither blocks nor log segments found. Creating new log.
I20260608 12:47:31.908484 28080 tablet_bootstrap.cc:654] T 4fd95bb610aa4b58ab7e36a67bd46b1d P 88793dc7d3cf4de59ddc18f4feab39bf: Neither blocks nor log segments found. Creating new log.
I20260608 12:47:31.918151 28083 raft_consensus.cc:493] T c98010e5c56242eb8c683544b4329728 P ce033693ec304e40a45ab77a01b76c42 [term 0 FOLLOWER]: Starting pre-election (no leader contacted us within the election timeout)
I20260608 12:47:31.918864 28083 raft_consensus.cc:515] T c98010e5c56242eb8c683544b4329728 P ce033693ec304e40a45ab77a01b76c42 [term 0 FOLLOWER]: Starting pre-election with config: opid_index: -1 OBSOLETE_local: false peers { permanent_uuid: "c1a26e9450624941a0268366f8015d7b" member_type: VOTER last_known_addr { host: "127.24.85.2" port: 37481 } } peers { permanent_uuid: "ce033693ec304e40a45ab77a01b76c42" member_type: VOTER last_known_addr { host: "127.24.85.1" port: 44147 } } peers { permanent_uuid: "88793dc7d3cf4de59ddc18f4feab39bf" member_type: VOTER last_known_addr { host: "127.24.85.3" port: 41163 } }
I20260608 12:47:31.920085 28078 tablet_bootstrap.cc:492] T de08c6566bad4c9eba9462842b61881c P ce033693ec304e40a45ab77a01b76c42: No bootstrap required, opened a new log
I20260608 12:47:31.920689 28078 ts_tablet_manager.cc:1403] T de08c6566bad4c9eba9462842b61881c P ce033693ec304e40a45ab77a01b76c42: Time spent bootstrapping tablet: real 0.024s	user 0.010s	sys 0.008s
I20260608 12:47:31.922030 28079 tablet_bootstrap.cc:492] T 07223a4d5a45415aa87b5827e234d8c3 P c1a26e9450624941a0268366f8015d7b: No bootstrap required, opened a new log
I20260608 12:47:31.922521 28079 ts_tablet_manager.cc:1403] T 07223a4d5a45415aa87b5827e234d8c3 P c1a26e9450624941a0268366f8015d7b: Time spent bootstrapping tablet: real 0.046s	user 0.015s	sys 0.029s
I20260608 12:47:31.923725 28078 raft_consensus.cc:359] T de08c6566bad4c9eba9462842b61881c P ce033693ec304e40a45ab77a01b76c42 [term 0 FOLLOWER]: Replica starting. Triggering 0 pending ops. Active config: opid_index: -1 OBSOLETE_local: false peers { permanent_uuid: "ce033693ec304e40a45ab77a01b76c42" member_type: VOTER last_known_addr { host: "127.24.85.1" port: 44147 } } peers { permanent_uuid: "c1a26e9450624941a0268366f8015d7b" member_type: VOTER last_known_addr { host: "127.24.85.2" port: 37481 } } peers { permanent_uuid: "88793dc7d3cf4de59ddc18f4feab39bf" member_type: VOTER last_known_addr { host: "127.24.85.3" port: 41163 } }
I20260608 12:47:31.925756 28078 raft_consensus.cc:385] T de08c6566bad4c9eba9462842b61881c P ce033693ec304e40a45ab77a01b76c42 [term 0 FOLLOWER]: Consensus starting up: Expiring failure detector timer to make a prompt election more likely
I20260608 12:47:31.925482 28079 raft_consensus.cc:359] T 07223a4d5a45415aa87b5827e234d8c3 P c1a26e9450624941a0268366f8015d7b [term 0 FOLLOWER]: Replica starting. Triggering 0 pending ops. Active config: opid_index: -1 OBSOLETE_local: false peers { permanent_uuid: "ce033693ec304e40a45ab77a01b76c42" member_type: VOTER last_known_addr { host: "127.24.85.1" port: 44147 } } peers { permanent_uuid: "c1a26e9450624941a0268366f8015d7b" member_type: VOTER last_known_addr { host: "127.24.85.2" port: 37481 } } peers { permanent_uuid: "88793dc7d3cf4de59ddc18f4feab39bf" member_type: VOTER last_known_addr { host: "127.24.85.3" port: 41163 } }
I20260608 12:47:31.926134 28078 raft_consensus.cc:740] T de08c6566bad4c9eba9462842b61881c P ce033693ec304e40a45ab77a01b76c42 [term 0 FOLLOWER]: Becoming Follower/Learner. State: Replica: ce033693ec304e40a45ab77a01b76c42, State: Initialized, Role: FOLLOWER
I20260608 12:47:31.927111 28080 tablet_bootstrap.cc:492] T 4fd95bb610aa4b58ab7e36a67bd46b1d P 88793dc7d3cf4de59ddc18f4feab39bf: No bootstrap required, opened a new log
I20260608 12:47:31.927397 28083 leader_election.cc:290] T c98010e5c56242eb8c683544b4329728 P ce033693ec304e40a45ab77a01b76c42 [CANDIDATE]: Term 1 pre-election: Requested pre-vote from peers c1a26e9450624941a0268366f8015d7b (127.24.85.2:37481), 88793dc7d3cf4de59ddc18f4feab39bf (127.24.85.3:41163)
I20260608 12:47:31.927843 28080 ts_tablet_manager.cc:1403] T 4fd95bb610aa4b58ab7e36a67bd46b1d P 88793dc7d3cf4de59ddc18f4feab39bf: Time spent bootstrapping tablet: real 0.026s	user 0.015s	sys 0.010s
I20260608 12:47:31.930961 28080 raft_consensus.cc:359] T 4fd95bb610aa4b58ab7e36a67bd46b1d P 88793dc7d3cf4de59ddc18f4feab39bf [term 0 FOLLOWER]: Replica starting. Triggering 0 pending ops. Active config: opid_index: -1 OBSOLETE_local: false peers { permanent_uuid: "ce033693ec304e40a45ab77a01b76c42" member_type: VOTER last_known_addr { host: "127.24.85.1" port: 44147 } } peers { permanent_uuid: "c1a26e9450624941a0268366f8015d7b" member_type: VOTER last_known_addr { host: "127.24.85.2" port: 37481 } } peers { permanent_uuid: "88793dc7d3cf4de59ddc18f4feab39bf" member_type: VOTER last_known_addr { host: "127.24.85.3" port: 41163 } }
I20260608 12:47:31.931710 28080 raft_consensus.cc:385] T 4fd95bb610aa4b58ab7e36a67bd46b1d P 88793dc7d3cf4de59ddc18f4feab39bf [term 0 FOLLOWER]: Consensus starting up: Expiring failure detector timer to make a prompt election more likely
I20260608 12:47:31.932049 28080 raft_consensus.cc:740] T 4fd95bb610aa4b58ab7e36a67bd46b1d P 88793dc7d3cf4de59ddc18f4feab39bf [term 0 FOLLOWER]: Becoming Follower/Learner. State: Replica: 88793dc7d3cf4de59ddc18f4feab39bf, State: Initialized, Role: FOLLOWER
I20260608 12:47:31.926270 28079 raft_consensus.cc:385] T 07223a4d5a45415aa87b5827e234d8c3 P c1a26e9450624941a0268366f8015d7b [term 0 FOLLOWER]: Consensus starting up: Expiring failure detector timer to make a prompt election more likely
I20260608 12:47:31.933506 28079 raft_consensus.cc:740] T 07223a4d5a45415aa87b5827e234d8c3 P c1a26e9450624941a0268366f8015d7b [term 0 FOLLOWER]: Becoming Follower/Learner. State: Replica: c1a26e9450624941a0268366f8015d7b, State: Initialized, Role: FOLLOWER
I20260608 12:47:31.933733 28080 consensus_queue.cc:260] T 4fd95bb610aa4b58ab7e36a67bd46b1d P 88793dc7d3cf4de59ddc18f4feab39bf [NON_LEADER]: Queue going to NON_LEADER mode. State: All replicated index: 0, Majority replicated index: 0, Committed index: 0, Last appended: 0.0, Last appended by leader: 0, Current term: 0, Majority size: -1, State: 0, Mode: NON_LEADER, active raft config: opid_index: -1 OBSOLETE_local: false peers { permanent_uuid: "ce033693ec304e40a45ab77a01b76c42" member_type: VOTER last_known_addr { host: "127.24.85.1" port: 44147 } } peers { permanent_uuid: "c1a26e9450624941a0268366f8015d7b" member_type: VOTER last_known_addr { host: "127.24.85.2" port: 37481 } } peers { permanent_uuid: "88793dc7d3cf4de59ddc18f4feab39bf" member_type: VOTER last_known_addr { host: "127.24.85.3" port: 41163 } }
I20260608 12:47:31.927083 28078 consensus_queue.cc:260] T de08c6566bad4c9eba9462842b61881c P ce033693ec304e40a45ab77a01b76c42 [NON_LEADER]: Queue going to NON_LEADER mode. State: All replicated index: 0, Majority replicated index: 0, Committed index: 0, Last appended: 0.0, Last appended by leader: 0, Current term: 0, Majority size: -1, State: 0, Mode: NON_LEADER, active raft config: opid_index: -1 OBSOLETE_local: false peers { permanent_uuid: "ce033693ec304e40a45ab77a01b76c42" member_type: VOTER last_known_addr { host: "127.24.85.1" port: 44147 } } peers { permanent_uuid: "c1a26e9450624941a0268366f8015d7b" member_type: VOTER last_known_addr { host: "127.24.85.2" port: 37481 } } peers { permanent_uuid: "88793dc7d3cf4de59ddc18f4feab39bf" member_type: VOTER last_known_addr { host: "127.24.85.3" port: 41163 } }
I20260608 12:47:31.936422 28079 consensus_queue.cc:260] T 07223a4d5a45415aa87b5827e234d8c3 P c1a26e9450624941a0268366f8015d7b [NON_LEADER]: Queue going to NON_LEADER mode. State: All replicated index: 0, Majority replicated index: 0, Committed index: 0, Last appended: 0.0, Last appended by leader: 0, Current term: 0, Majority size: -1, State: 0, Mode: NON_LEADER, active raft config: opid_index: -1 OBSOLETE_local: false peers { permanent_uuid: "ce033693ec304e40a45ab77a01b76c42" member_type: VOTER last_known_addr { host: "127.24.85.1" port: 44147 } } peers { permanent_uuid: "c1a26e9450624941a0268366f8015d7b" member_type: VOTER last_known_addr { host: "127.24.85.2" port: 37481 } } peers { permanent_uuid: "88793dc7d3cf4de59ddc18f4feab39bf" member_type: VOTER last_known_addr { host: "127.24.85.3" port: 41163 } }
I20260608 12:47:31.938275 28080 ts_tablet_manager.cc:1434] T 4fd95bb610aa4b58ab7e36a67bd46b1d P 88793dc7d3cf4de59ddc18f4feab39bf: Time spent starting tablet: real 0.010s	user 0.005s	sys 0.001s
I20260608 12:47:31.939000 28079 ts_tablet_manager.cc:1434] T 07223a4d5a45415aa87b5827e234d8c3 P c1a26e9450624941a0268366f8015d7b: Time spent starting tablet: real 0.016s	user 0.006s	sys 0.000s
I20260608 12:47:31.940016 28079 tablet_bootstrap.cc:492] T de08c6566bad4c9eba9462842b61881c P c1a26e9450624941a0268366f8015d7b: Bootstrap starting.
I20260608 12:47:31.940529 28080 tablet_bootstrap.cc:492] T 291d6c26d52448b5906ed24259652302 P 88793dc7d3cf4de59ddc18f4feab39bf: Bootstrap starting.
I20260608 12:47:31.942015 28078 ts_tablet_manager.cc:1434] T de08c6566bad4c9eba9462842b61881c P ce033693ec304e40a45ab77a01b76c42: Time spent starting tablet: real 0.021s	user 0.006s	sys 0.000s
I20260608 12:47:31.943077 28078 tablet_bootstrap.cc:492] T 6467b3d9a2514c969868f07a6944f1b9 P ce033693ec304e40a45ab77a01b76c42: Bootstrap starting.
I20260608 12:47:31.946347 28079 tablet_bootstrap.cc:654] T de08c6566bad4c9eba9462842b61881c P c1a26e9450624941a0268366f8015d7b: Neither blocks nor log segments found. Creating new log.
I20260608 12:47:31.947587 28080 tablet_bootstrap.cc:654] T 291d6c26d52448b5906ed24259652302 P 88793dc7d3cf4de59ddc18f4feab39bf: Neither blocks nor log segments found. Creating new log.
I20260608 12:47:31.949259 28078 tablet_bootstrap.cc:654] T 6467b3d9a2514c969868f07a6944f1b9 P ce033693ec304e40a45ab77a01b76c42: Neither blocks nor log segments found. Creating new log.
I20260608 12:47:31.956369 28085 raft_consensus.cc:493] T 07223a4d5a45415aa87b5827e234d8c3 P 88793dc7d3cf4de59ddc18f4feab39bf [term 0 FOLLOWER]: Starting pre-election (no leader contacted us within the election timeout)
I20260608 12:47:31.956936 28085 raft_consensus.cc:515] T 07223a4d5a45415aa87b5827e234d8c3 P 88793dc7d3cf4de59ddc18f4feab39bf [term 0 FOLLOWER]: Starting pre-election with config: opid_index: -1 OBSOLETE_local: false peers { permanent_uuid: "ce033693ec304e40a45ab77a01b76c42" member_type: VOTER last_known_addr { host: "127.24.85.1" port: 44147 } } peers { permanent_uuid: "c1a26e9450624941a0268366f8015d7b" member_type: VOTER last_known_addr { host: "127.24.85.2" port: 37481 } } peers { permanent_uuid: "88793dc7d3cf4de59ddc18f4feab39bf" member_type: VOTER last_known_addr { host: "127.24.85.3" port: 41163 } }
I20260608 12:47:31.961815 28083 raft_consensus.cc:493] T de08c6566bad4c9eba9462842b61881c P ce033693ec304e40a45ab77a01b76c42 [term 0 FOLLOWER]: Starting pre-election (no leader contacted us within the election timeout)
I20260608 12:47:31.962462 28083 raft_consensus.cc:515] T de08c6566bad4c9eba9462842b61881c P ce033693ec304e40a45ab77a01b76c42 [term 0 FOLLOWER]: Starting pre-election with config: opid_index: -1 OBSOLETE_local: false peers { permanent_uuid: "ce033693ec304e40a45ab77a01b76c42" member_type: VOTER last_known_addr { host: "127.24.85.1" port: 44147 } } peers { permanent_uuid: "c1a26e9450624941a0268366f8015d7b" member_type: VOTER last_known_addr { host: "127.24.85.2" port: 37481 } } peers { permanent_uuid: "88793dc7d3cf4de59ddc18f4feab39bf" member_type: VOTER last_known_addr { host: "127.24.85.3" port: 41163 } }
I20260608 12:47:31.980259 28079 tablet_bootstrap.cc:492] T de08c6566bad4c9eba9462842b61881c P c1a26e9450624941a0268366f8015d7b: No bootstrap required, opened a new log
I20260608 12:47:31.980986 28079 ts_tablet_manager.cc:1403] T de08c6566bad4c9eba9462842b61881c P c1a26e9450624941a0268366f8015d7b: Time spent bootstrapping tablet: real 0.041s	user 0.014s	sys 0.001s
I20260608 12:47:31.984793 28079 raft_consensus.cc:359] T de08c6566bad4c9eba9462842b61881c P c1a26e9450624941a0268366f8015d7b [term 0 FOLLOWER]: Replica starting. Triggering 0 pending ops. Active config: opid_index: -1 OBSOLETE_local: false peers { permanent_uuid: "ce033693ec304e40a45ab77a01b76c42" member_type: VOTER last_known_addr { host: "127.24.85.1" port: 44147 } } peers { permanent_uuid: "c1a26e9450624941a0268366f8015d7b" member_type: VOTER last_known_addr { host: "127.24.85.2" port: 37481 } } peers { permanent_uuid: "88793dc7d3cf4de59ddc18f4feab39bf" member_type: VOTER last_known_addr { host: "127.24.85.3" port: 41163 } }
I20260608 12:47:31.985756 28079 raft_consensus.cc:385] T de08c6566bad4c9eba9462842b61881c P c1a26e9450624941a0268366f8015d7b [term 0 FOLLOWER]: Consensus starting up: Expiring failure detector timer to make a prompt election more likely
I20260608 12:47:31.986140 28079 raft_consensus.cc:740] T de08c6566bad4c9eba9462842b61881c P c1a26e9450624941a0268366f8015d7b [term 0 FOLLOWER]: Becoming Follower/Learner. State: Replica: c1a26e9450624941a0268366f8015d7b, State: Initialized, Role: FOLLOWER
I20260608 12:47:31.987169 28079 consensus_queue.cc:260] T de08c6566bad4c9eba9462842b61881c P c1a26e9450624941a0268366f8015d7b [NON_LEADER]: Queue going to NON_LEADER mode. State: All replicated index: 0, Majority replicated index: 0, Committed index: 0, Last appended: 0.0, Last appended by leader: 0, Current term: 0, Majority size: -1, State: 0, Mode: NON_LEADER, active raft config: opid_index: -1 OBSOLETE_local: false peers { permanent_uuid: "ce033693ec304e40a45ab77a01b76c42" member_type: VOTER last_known_addr { host: "127.24.85.1" port: 44147 } } peers { permanent_uuid: "c1a26e9450624941a0268366f8015d7b" member_type: VOTER last_known_addr { host: "127.24.85.2" port: 37481 } } peers { permanent_uuid: "88793dc7d3cf4de59ddc18f4feab39bf" member_type: VOTER last_known_addr { host: "127.24.85.3" port: 41163 } }
I20260608 12:47:31.988831 28033 tablet_service.cc:1917] Received RequestConsensusVote() RPC: tablet_id: "c98010e5c56242eb8c683544b4329728" candidate_uuid: "ce033693ec304e40a45ab77a01b76c42" candidate_term: 1 candidate_status { last_received { term: 0 index: 0 } } ignore_live_leader: false dest_uuid: "88793dc7d3cf4de59ddc18f4feab39bf" is_pre_election: true
I20260608 12:47:31.990249 28083 leader_election.cc:290] T de08c6566bad4c9eba9462842b61881c P ce033693ec304e40a45ab77a01b76c42 [CANDIDATE]: Term 1 pre-election: Requested pre-vote from peers c1a26e9450624941a0268366f8015d7b (127.24.85.2:37481), 88793dc7d3cf4de59ddc18f4feab39bf (127.24.85.3:41163)
W20260608 12:47:31.990813 27849 leader_election.cc:343] T c98010e5c56242eb8c683544b4329728 P ce033693ec304e40a45ab77a01b76c42 [CANDIDATE]: Term 1 pre-election: Tablet error from VoteRequest() call to peer 88793dc7d3cf4de59ddc18f4feab39bf (127.24.85.3:41163): Illegal state: must be running to vote when last-logged opid is not known
I20260608 12:47:31.991747 27959 tablet_service.cc:1917] Received RequestConsensusVote() RPC: tablet_id: "c98010e5c56242eb8c683544b4329728" candidate_uuid: "ce033693ec304e40a45ab77a01b76c42" candidate_term: 1 candidate_status { last_received { term: 0 index: 0 } } ignore_live_leader: false dest_uuid: "c1a26e9450624941a0268366f8015d7b" is_pre_election: true
I20260608 12:47:31.992424 27835 auto_leader_rebalancer.cc:140] leader rebalance for table range_aware_rebalance_new_range
W20260608 12:47:31.993362 27835 auto_leader_rebalancer.cc:460] the master instance isn't leader: Service unavailable: Tablet not running
I20260608 12:47:31.993443 28079 ts_tablet_manager.cc:1434] T de08c6566bad4c9eba9462842b61881c P c1a26e9450624941a0268366f8015d7b: Time spent starting tablet: real 0.012s	user 0.003s	sys 0.005s
I20260608 12:47:31.994427 27958 tablet_service.cc:1917] Received RequestConsensusVote() RPC: tablet_id: "de08c6566bad4c9eba9462842b61881c" candidate_uuid: "ce033693ec304e40a45ab77a01b76c42" candidate_term: 1 candidate_status { last_received { term: 0 index: 0 } } ignore_live_leader: false dest_uuid: "c1a26e9450624941a0268366f8015d7b" is_pre_election: true
I20260608 12:47:31.994844 28079 tablet_bootstrap.cc:492] T e5626177120b4ca28510f4a42f8f31fa P c1a26e9450624941a0268366f8015d7b: Bootstrap starting.
I20260608 12:47:31.992389 27959 raft_consensus.cc:2468] T c98010e5c56242eb8c683544b4329728 P c1a26e9450624941a0268366f8015d7b [term 0 FOLLOWER]: Leader pre-election vote request: Granting yes vote for candidate ce033693ec304e40a45ab77a01b76c42 in term 0.
I20260608 12:47:31.997396 27847 leader_election.cc:304] T c98010e5c56242eb8c683544b4329728 P ce033693ec304e40a45ab77a01b76c42 [CANDIDATE]: Term 1 pre-election: Election decided. Result: candidate won. Election summary: received 3 responses out of 3 voters: 2 yes votes; 1 no votes. yes voters: c1a26e9450624941a0268366f8015d7b, ce033693ec304e40a45ab77a01b76c42; no voters: 88793dc7d3cf4de59ddc18f4feab39bf
I20260608 12:47:31.998286 28083 raft_consensus.cc:2804] T c98010e5c56242eb8c683544b4329728 P ce033693ec304e40a45ab77a01b76c42 [term 0 FOLLOWER]: Leader pre-election won for term 1
I20260608 12:47:31.998796 28083 raft_consensus.cc:493] T c98010e5c56242eb8c683544b4329728 P ce033693ec304e40a45ab77a01b76c42 [term 0 FOLLOWER]: Starting leader election (no leader contacted us within the election timeout)
I20260608 12:47:31.998826 28033 tablet_service.cc:1917] Received RequestConsensusVote() RPC: tablet_id: "de08c6566bad4c9eba9462842b61881c" candidate_uuid: "ce033693ec304e40a45ab77a01b76c42" candidate_term: 1 candidate_status { last_received { term: 0 index: 0 } } ignore_live_leader: false dest_uuid: "88793dc7d3cf4de59ddc18f4feab39bf" is_pre_election: true
I20260608 12:47:32.000047 28083 raft_consensus.cc:3060] T c98010e5c56242eb8c683544b4329728 P ce033693ec304e40a45ab77a01b76c42 [term 0 FOLLOWER]: Advancing to term 1
W20260608 12:47:32.000847 27849 leader_election.cc:343] T de08c6566bad4c9eba9462842b61881c P ce033693ec304e40a45ab77a01b76c42 [CANDIDATE]: Term 1 pre-election: Tablet error from VoteRequest() call to peer 88793dc7d3cf4de59ddc18f4feab39bf (127.24.85.3:41163): Illegal state: must be running to vote when last-logged opid is not known
I20260608 12:47:31.995031 27958 raft_consensus.cc:2468] T de08c6566bad4c9eba9462842b61881c P c1a26e9450624941a0268366f8015d7b [term 0 FOLLOWER]: Leader pre-election vote request: Granting yes vote for candidate ce033693ec304e40a45ab77a01b76c42 in term 0.
I20260608 12:47:32.004267 27847 leader_election.cc:304] T de08c6566bad4c9eba9462842b61881c P ce033693ec304e40a45ab77a01b76c42 [CANDIDATE]: Term 1 pre-election: Election decided. Result: candidate won. Election summary: received 3 responses out of 3 voters: 2 yes votes; 1 no votes. yes voters: c1a26e9450624941a0268366f8015d7b, ce033693ec304e40a45ab77a01b76c42; no voters: 88793dc7d3cf4de59ddc18f4feab39bf
I20260608 12:47:32.011822 28079 tablet_bootstrap.cc:654] T e5626177120b4ca28510f4a42f8f31fa P c1a26e9450624941a0268366f8015d7b: Neither blocks nor log segments found. Creating new log.
I20260608 12:47:32.013252 28098 raft_consensus.cc:2804] T de08c6566bad4c9eba9462842b61881c P ce033693ec304e40a45ab77a01b76c42 [term 0 FOLLOWER]: Leader pre-election won for term 1
I20260608 12:47:32.015029 28085 leader_election.cc:290] T 07223a4d5a45415aa87b5827e234d8c3 P 88793dc7d3cf4de59ddc18f4feab39bf [CANDIDATE]: Term 1 pre-election: Requested pre-vote from peers ce033693ec304e40a45ab77a01b76c42 (127.24.85.1:44147), c1a26e9450624941a0268366f8015d7b (127.24.85.2:37481)
I20260608 12:47:32.015726 28078 tablet_bootstrap.cc:492] T 6467b3d9a2514c969868f07a6944f1b9 P ce033693ec304e40a45ab77a01b76c42: No bootstrap required, opened a new log
I20260608 12:47:32.018606 28098 raft_consensus.cc:493] T de08c6566bad4c9eba9462842b61881c P ce033693ec304e40a45ab77a01b76c42 [term 0 FOLLOWER]: Starting leader election (no leader contacted us within the election timeout)
I20260608 12:47:32.018724 28078 ts_tablet_manager.cc:1403] T 6467b3d9a2514c969868f07a6944f1b9 P ce033693ec304e40a45ab77a01b76c42: Time spent bootstrapping tablet: real 0.076s	user 0.018s	sys 0.010s
I20260608 12:47:32.015795 28083 raft_consensus.cc:515] T c98010e5c56242eb8c683544b4329728 P ce033693ec304e40a45ab77a01b76c42 [term 1 FOLLOWER]: Starting leader election with config: opid_index: -1 OBSOLETE_local: false peers { permanent_uuid: "c1a26e9450624941a0268366f8015d7b" member_type: VOTER last_known_addr { host: "127.24.85.2" port: 37481 } } peers { permanent_uuid: "ce033693ec304e40a45ab77a01b76c42" member_type: VOTER last_known_addr { host: "127.24.85.1" port: 44147 } } peers { permanent_uuid: "88793dc7d3cf4de59ddc18f4feab39bf" member_type: VOTER last_known_addr { host: "127.24.85.3" port: 41163 } }
I20260608 12:47:32.022189 27958 tablet_service.cc:1917] Received RequestConsensusVote() RPC: tablet_id: "c98010e5c56242eb8c683544b4329728" candidate_uuid: "ce033693ec304e40a45ab77a01b76c42" candidate_term: 1 candidate_status { last_received { term: 0 index: 0 } } ignore_live_leader: false dest_uuid: "c1a26e9450624941a0268366f8015d7b"
I20260608 12:47:32.022810 27958 raft_consensus.cc:3060] T c98010e5c56242eb8c683544b4329728 P c1a26e9450624941a0268366f8015d7b [term 0 FOLLOWER]: Advancing to term 1
I20260608 12:47:32.022892 28078 raft_consensus.cc:359] T 6467b3d9a2514c969868f07a6944f1b9 P ce033693ec304e40a45ab77a01b76c42 [term 0 FOLLOWER]: Replica starting. Triggering 0 pending ops. Active config: opid_index: -1 OBSOLETE_local: false peers { permanent_uuid: "ce033693ec304e40a45ab77a01b76c42" member_type: VOTER last_known_addr { host: "127.24.85.1" port: 44147 } } peers { permanent_uuid: "c1a26e9450624941a0268366f8015d7b" member_type: VOTER last_known_addr { host: "127.24.85.2" port: 37481 } } peers { permanent_uuid: "88793dc7d3cf4de59ddc18f4feab39bf" member_type: VOTER last_known_addr { host: "127.24.85.3" port: 41163 } }
I20260608 12:47:32.023649 28078 raft_consensus.cc:385] T 6467b3d9a2514c969868f07a6944f1b9 P ce033693ec304e40a45ab77a01b76c42 [term 0 FOLLOWER]: Consensus starting up: Expiring failure detector timer to make a prompt election more likely
I20260608 12:47:32.023952 28078 raft_consensus.cc:740] T 6467b3d9a2514c969868f07a6944f1b9 P ce033693ec304e40a45ab77a01b76c42 [term 0 FOLLOWER]: Becoming Follower/Learner. State: Replica: ce033693ec304e40a45ab77a01b76c42, State: Initialized, Role: FOLLOWER
I20260608 12:47:32.025079 28098 raft_consensus.cc:3060] T de08c6566bad4c9eba9462842b61881c P ce033693ec304e40a45ab77a01b76c42 [term 0 FOLLOWER]: Advancing to term 1
I20260608 12:47:32.024765 28078 consensus_queue.cc:260] T 6467b3d9a2514c969868f07a6944f1b9 P ce033693ec304e40a45ab77a01b76c42 [NON_LEADER]: Queue going to NON_LEADER mode. State: All replicated index: 0, Majority replicated index: 0, Committed index: 0, Last appended: 0.0, Last appended by leader: 0, Current term: 0, Majority size: -1, State: 0, Mode: NON_LEADER, active raft config: opid_index: -1 OBSOLETE_local: false peers { permanent_uuid: "ce033693ec304e40a45ab77a01b76c42" member_type: VOTER last_known_addr { host: "127.24.85.1" port: 44147 } } peers { permanent_uuid: "c1a26e9450624941a0268366f8015d7b" member_type: VOTER last_known_addr { host: "127.24.85.2" port: 37481 } } peers { permanent_uuid: "88793dc7d3cf4de59ddc18f4feab39bf" member_type: VOTER last_known_addr { host: "127.24.85.3" port: 41163 } }
I20260608 12:47:32.026742 27959 tablet_service.cc:1917] Received RequestConsensusVote() RPC: tablet_id: "07223a4d5a45415aa87b5827e234d8c3" candidate_uuid: "88793dc7d3cf4de59ddc18f4feab39bf" candidate_term: 1 candidate_status { last_received { term: 0 index: 0 } } ignore_live_leader: false dest_uuid: "c1a26e9450624941a0268366f8015d7b" is_pre_election: true
I20260608 12:47:32.027364 27959 raft_consensus.cc:2468] T 07223a4d5a45415aa87b5827e234d8c3 P c1a26e9450624941a0268366f8015d7b [term 0 FOLLOWER]: Leader pre-election vote request: Granting yes vote for candidate 88793dc7d3cf4de59ddc18f4feab39bf in term 0.
I20260608 12:47:32.028780 27996 leader_election.cc:304] T 07223a4d5a45415aa87b5827e234d8c3 P 88793dc7d3cf4de59ddc18f4feab39bf [CANDIDATE]: Term 1 pre-election: Election decided. Result: candidate won. Election summary: received 2 responses out of 3 voters: 2 yes votes; 0 no votes. yes voters: 88793dc7d3cf4de59ddc18f4feab39bf, c1a26e9450624941a0268366f8015d7b; no voters: 
I20260608 12:47:32.029778 28085 raft_consensus.cc:2804] T 07223a4d5a45415aa87b5827e234d8c3 P 88793dc7d3cf4de59ddc18f4feab39bf [term 0 FOLLOWER]: Leader pre-election won for term 1
I20260608 12:47:32.030198 28085 raft_consensus.cc:493] T 07223a4d5a45415aa87b5827e234d8c3 P 88793dc7d3cf4de59ddc18f4feab39bf [term 0 FOLLOWER]: Starting leader election (no leader contacted us within the election timeout)
I20260608 12:47:32.030568 28085 raft_consensus.cc:3060] T 07223a4d5a45415aa87b5827e234d8c3 P 88793dc7d3cf4de59ddc18f4feab39bf [term 0 FOLLOWER]: Advancing to term 1
I20260608 12:47:32.031739 27958 raft_consensus.cc:2468] T c98010e5c56242eb8c683544b4329728 P c1a26e9450624941a0268366f8015d7b [term 1 FOLLOWER]: Leader election vote request: Granting yes vote for candidate ce033693ec304e40a45ab77a01b76c42 in term 1.
I20260608 12:47:32.033354 27847 leader_election.cc:304] T c98010e5c56242eb8c683544b4329728 P ce033693ec304e40a45ab77a01b76c42 [CANDIDATE]: Term 1 election: Election decided. Result: candidate won. Election summary: received 2 responses out of 3 voters: 2 yes votes; 0 no votes. yes voters: c1a26e9450624941a0268366f8015d7b, ce033693ec304e40a45ab77a01b76c42; no voters: 
I20260608 12:47:32.036444 27884 tablet_service.cc:1917] Received RequestConsensusVote() RPC: tablet_id: "07223a4d5a45415aa87b5827e234d8c3" candidate_uuid: "88793dc7d3cf4de59ddc18f4feab39bf" candidate_term: 1 candidate_status { last_received { term: 0 index: 0 } } ignore_live_leader: false dest_uuid: "ce033693ec304e40a45ab77a01b76c42" is_pre_election: true
I20260608 12:47:32.037225 27884 raft_consensus.cc:2468] T 07223a4d5a45415aa87b5827e234d8c3 P ce033693ec304e40a45ab77a01b76c42 [term 0 FOLLOWER]: Leader pre-election vote request: Granting yes vote for candidate 88793dc7d3cf4de59ddc18f4feab39bf in term 0.
I20260608 12:47:32.038705 28098 raft_consensus.cc:515] T de08c6566bad4c9eba9462842b61881c P ce033693ec304e40a45ab77a01b76c42 [term 1 FOLLOWER]: Starting leader election with config: opid_index: -1 OBSOLETE_local: false peers { permanent_uuid: "ce033693ec304e40a45ab77a01b76c42" member_type: VOTER last_known_addr { host: "127.24.85.1" port: 44147 } } peers { permanent_uuid: "c1a26e9450624941a0268366f8015d7b" member_type: VOTER last_known_addr { host: "127.24.85.2" port: 37481 } } peers { permanent_uuid: "88793dc7d3cf4de59ddc18f4feab39bf" member_type: VOTER last_known_addr { host: "127.24.85.3" port: 41163 } }
I20260608 12:47:32.041035 28080 tablet_bootstrap.cc:492] T 291d6c26d52448b5906ed24259652302 P 88793dc7d3cf4de59ddc18f4feab39bf: No bootstrap required, opened a new log
I20260608 12:47:32.041038 28098 leader_election.cc:290] T de08c6566bad4c9eba9462842b61881c P ce033693ec304e40a45ab77a01b76c42 [CANDIDATE]: Term 1 election: Requested vote from peers c1a26e9450624941a0268366f8015d7b (127.24.85.2:37481), 88793dc7d3cf4de59ddc18f4feab39bf (127.24.85.3:41163)
I20260608 12:47:32.041579 28080 ts_tablet_manager.cc:1403] T 291d6c26d52448b5906ed24259652302 P 88793dc7d3cf4de59ddc18f4feab39bf: Time spent bootstrapping tablet: real 0.102s	user 0.034s	sys 0.033s
I20260608 12:47:32.042909 28033 tablet_service.cc:1917] Received RequestConsensusVote() RPC: tablet_id: "c98010e5c56242eb8c683544b4329728" candidate_uuid: "ce033693ec304e40a45ab77a01b76c42" candidate_term: 1 candidate_status { last_received { term: 0 index: 0 } } ignore_live_leader: false dest_uuid: "88793dc7d3cf4de59ddc18f4feab39bf"
I20260608 12:47:32.044629 28032 tablet_service.cc:1917] Received RequestConsensusVote() RPC: tablet_id: "de08c6566bad4c9eba9462842b61881c" candidate_uuid: "ce033693ec304e40a45ab77a01b76c42" candidate_term: 1 candidate_status { last_received { term: 0 index: 0 } } ignore_live_leader: false dest_uuid: "88793dc7d3cf4de59ddc18f4feab39bf"
I20260608 12:47:32.044554 28080 raft_consensus.cc:359] T 291d6c26d52448b5906ed24259652302 P 88793dc7d3cf4de59ddc18f4feab39bf [term 0 FOLLOWER]: Replica starting. Triggering 0 pending ops. Active config: opid_index: -1 OBSOLETE_local: false peers { permanent_uuid: "c1a26e9450624941a0268366f8015d7b" member_type: VOTER last_known_addr { host: "127.24.85.2" port: 37481 } } peers { permanent_uuid: "ce033693ec304e40a45ab77a01b76c42" member_type: VOTER last_known_addr { host: "127.24.85.1" port: 44147 } } peers { permanent_uuid: "88793dc7d3cf4de59ddc18f4feab39bf" member_type: VOTER last_known_addr { host: "127.24.85.3" port: 41163 } }
I20260608 12:47:32.046708 28080 raft_consensus.cc:385] T 291d6c26d52448b5906ed24259652302 P 88793dc7d3cf4de59ddc18f4feab39bf [term 0 FOLLOWER]: Consensus starting up: Expiring failure detector timer to make a prompt election more likely
W20260608 12:47:32.046676 27849 leader_election.cc:343] T c98010e5c56242eb8c683544b4329728 P ce033693ec304e40a45ab77a01b76c42 [CANDIDATE]: Term 1 election: Tablet error from VoteRequest() call to peer 88793dc7d3cf4de59ddc18f4feab39bf (127.24.85.3:41163): Illegal state: must be running to vote when last-logged opid is not known
W20260608 12:47:32.047773 27849 leader_election.cc:343] T de08c6566bad4c9eba9462842b61881c P ce033693ec304e40a45ab77a01b76c42 [CANDIDATE]: Term 1 election: Tablet error from VoteRequest() call to peer 88793dc7d3cf4de59ddc18f4feab39bf (127.24.85.3:41163): Illegal state: must be running to vote when last-logged opid is not known
I20260608 12:47:32.048118 28083 leader_election.cc:290] T c98010e5c56242eb8c683544b4329728 P ce033693ec304e40a45ab77a01b76c42 [CANDIDATE]: Term 1 election: Requested vote from peers c1a26e9450624941a0268366f8015d7b (127.24.85.2:37481), 88793dc7d3cf4de59ddc18f4feab39bf (127.24.85.3:41163)
I20260608 12:47:32.048346 28080 raft_consensus.cc:740] T 291d6c26d52448b5906ed24259652302 P 88793dc7d3cf4de59ddc18f4feab39bf [term 0 FOLLOWER]: Becoming Follower/Learner. State: Replica: 88793dc7d3cf4de59ddc18f4feab39bf, State: Initialized, Role: FOLLOWER
I20260608 12:47:32.048672 28098 raft_consensus.cc:2804] T c98010e5c56242eb8c683544b4329728 P ce033693ec304e40a45ab77a01b76c42 [term 1 FOLLOWER]: Leader election won for term 1
I20260608 12:47:32.049211 28098 raft_consensus.cc:697] T c98010e5c56242eb8c683544b4329728 P ce033693ec304e40a45ab77a01b76c42 [term 1 LEADER]: Becoming Leader. State: Replica: ce033693ec304e40a45ab77a01b76c42, State: Running, Role: LEADER
I20260608 12:47:32.049868 28079 tablet_bootstrap.cc:492] T e5626177120b4ca28510f4a42f8f31fa P c1a26e9450624941a0268366f8015d7b: No bootstrap required, opened a new log
I20260608 12:47:32.049448 28080 consensus_queue.cc:260] T 291d6c26d52448b5906ed24259652302 P 88793dc7d3cf4de59ddc18f4feab39bf [NON_LEADER]: Queue going to NON_LEADER mode. State: All replicated index: 0, Majority replicated index: 0, Committed index: 0, Last appended: 0.0, Last appended by leader: 0, Current term: 0, Majority size: -1, State: 0, Mode: NON_LEADER, active raft config: opid_index: -1 OBSOLETE_local: false peers { permanent_uuid: "c1a26e9450624941a0268366f8015d7b" member_type: VOTER last_known_addr { host: "127.24.85.2" port: 37481 } } peers { permanent_uuid: "ce033693ec304e40a45ab77a01b76c42" member_type: VOTER last_known_addr { host: "127.24.85.1" port: 44147 } } peers { permanent_uuid: "88793dc7d3cf4de59ddc18f4feab39bf" member_type: VOTER last_known_addr { host: "127.24.85.3" port: 41163 } }
I20260608 12:47:32.050529 28079 ts_tablet_manager.cc:1403] T e5626177120b4ca28510f4a42f8f31fa P c1a26e9450624941a0268366f8015d7b: Time spent bootstrapping tablet: real 0.056s	user 0.014s	sys 0.000s
I20260608 12:47:32.050567 28085 raft_consensus.cc:515] T 07223a4d5a45415aa87b5827e234d8c3 P 88793dc7d3cf4de59ddc18f4feab39bf [term 1 FOLLOWER]: Starting leader election with config: opid_index: -1 OBSOLETE_local: false peers { permanent_uuid: "ce033693ec304e40a45ab77a01b76c42" member_type: VOTER last_known_addr { host: "127.24.85.1" port: 44147 } } peers { permanent_uuid: "c1a26e9450624941a0268366f8015d7b" member_type: VOTER last_known_addr { host: "127.24.85.2" port: 37481 } } peers { permanent_uuid: "88793dc7d3cf4de59ddc18f4feab39bf" member_type: VOTER last_known_addr { host: "127.24.85.3" port: 41163 } }
I20260608 12:47:32.054585 27884 tablet_service.cc:1917] Received RequestConsensusVote() RPC: tablet_id: "07223a4d5a45415aa87b5827e234d8c3" candidate_uuid: "88793dc7d3cf4de59ddc18f4feab39bf" candidate_term: 1 candidate_status { last_received { term: 0 index: 0 } } ignore_live_leader: false dest_uuid: "ce033693ec304e40a45ab77a01b76c42"
I20260608 12:47:32.055297 27884 raft_consensus.cc:3060] T 07223a4d5a45415aa87b5827e234d8c3 P ce033693ec304e40a45ab77a01b76c42 [term 0 FOLLOWER]: Advancing to term 1
I20260608 12:47:32.059367 27958 tablet_service.cc:1917] Received RequestConsensusVote() RPC: tablet_id: "de08c6566bad4c9eba9462842b61881c" candidate_uuid: "ce033693ec304e40a45ab77a01b76c42" candidate_term: 1 candidate_status { last_received { term: 0 index: 0 } } ignore_live_leader: false dest_uuid: "c1a26e9450624941a0268366f8015d7b"
I20260608 12:47:32.060130 27958 raft_consensus.cc:3060] T de08c6566bad4c9eba9462842b61881c P c1a26e9450624941a0268366f8015d7b [term 0 FOLLOWER]: Advancing to term 1
I20260608 12:47:32.066942 28079 raft_consensus.cc:359] T e5626177120b4ca28510f4a42f8f31fa P c1a26e9450624941a0268366f8015d7b [term 0 FOLLOWER]: Replica starting. Triggering 0 pending ops. Active config: opid_index: -1 OBSOLETE_local: false peers { permanent_uuid: "c1a26e9450624941a0268366f8015d7b" member_type: VOTER last_known_addr { host: "127.24.85.2" port: 37481 } } peers { permanent_uuid: "ce033693ec304e40a45ab77a01b76c42" member_type: VOTER last_known_addr { host: "127.24.85.1" port: 44147 } } peers { permanent_uuid: "88793dc7d3cf4de59ddc18f4feab39bf" member_type: VOTER last_known_addr { host: "127.24.85.3" port: 41163 } }
I20260608 12:47:32.070179 27884 raft_consensus.cc:2468] T 07223a4d5a45415aa87b5827e234d8c3 P ce033693ec304e40a45ab77a01b76c42 [term 1 FOLLOWER]: Leader election vote request: Granting yes vote for candidate 88793dc7d3cf4de59ddc18f4feab39bf in term 1.
I20260608 12:47:32.071990 27998 leader_election.cc:304] T 07223a4d5a45415aa87b5827e234d8c3 P 88793dc7d3cf4de59ddc18f4feab39bf [CANDIDATE]: Term 1 election: Election decided. Result: candidate won. Election summary: received 2 responses out of 3 voters: 2 yes votes; 0 no votes. yes voters: 88793dc7d3cf4de59ddc18f4feab39bf, ce033693ec304e40a45ab77a01b76c42; no voters: 
I20260608 12:47:32.073571 27958 raft_consensus.cc:2468] T de08c6566bad4c9eba9462842b61881c P c1a26e9450624941a0268366f8015d7b [term 1 FOLLOWER]: Leader election vote request: Granting yes vote for candidate ce033693ec304e40a45ab77a01b76c42 in term 1.
I20260608 12:47:32.075165 27847 leader_election.cc:304] T de08c6566bad4c9eba9462842b61881c P ce033693ec304e40a45ab77a01b76c42 [CANDIDATE]: Term 1 election: Election decided. Result: candidate won. Election summary: received 3 responses out of 3 voters: 2 yes votes; 1 no votes. yes voters: c1a26e9450624941a0268366f8015d7b, ce033693ec304e40a45ab77a01b76c42; no voters: 88793dc7d3cf4de59ddc18f4feab39bf
I20260608 12:47:32.076938 28102 raft_consensus.cc:2804] T de08c6566bad4c9eba9462842b61881c P ce033693ec304e40a45ab77a01b76c42 [term 1 FOLLOWER]: Leader election won for term 1
I20260608 12:47:32.077138 28098 consensus_queue.cc:237] T c98010e5c56242eb8c683544b4329728 P ce033693ec304e40a45ab77a01b76c42 [LEADER]: Queue going to LEADER mode. State: All replicated index: 0, Majority replicated index: 0, Committed index: 0, Last appended: 0.0, Last appended by leader: 0, Current term: 1, Majority size: 2, State: 0, Mode: LEADER, active raft config: opid_index: -1 OBSOLETE_local: false peers { permanent_uuid: "c1a26e9450624941a0268366f8015d7b" member_type: VOTER last_known_addr { host: "127.24.85.2" port: 37481 } } peers { permanent_uuid: "ce033693ec304e40a45ab77a01b76c42" member_type: VOTER last_known_addr { host: "127.24.85.1" port: 44147 } } peers { permanent_uuid: "88793dc7d3cf4de59ddc18f4feab39bf" member_type: VOTER last_known_addr { host: "127.24.85.3" port: 41163 } }
I20260608 12:47:32.077698 28102 raft_consensus.cc:697] T de08c6566bad4c9eba9462842b61881c P ce033693ec304e40a45ab77a01b76c42 [term 1 LEADER]: Becoming Leader. State: Replica: ce033693ec304e40a45ab77a01b76c42, State: Running, Role: LEADER
I20260608 12:47:32.079159 28102 consensus_queue.cc:237] T de08c6566bad4c9eba9462842b61881c P ce033693ec304e40a45ab77a01b76c42 [LEADER]: Queue going to LEADER mode. State: All replicated index: 0, Majority replicated index: 0, Committed index: 0, Last appended: 0.0, Last appended by leader: 0, Current term: 1, Majority size: 2, State: 0, Mode: LEADER, active raft config: opid_index: -1 OBSOLETE_local: false peers { permanent_uuid: "ce033693ec304e40a45ab77a01b76c42" member_type: VOTER last_known_addr { host: "127.24.85.1" port: 44147 } } peers { permanent_uuid: "c1a26e9450624941a0268366f8015d7b" member_type: VOTER last_known_addr { host: "127.24.85.2" port: 37481 } } peers { permanent_uuid: "88793dc7d3cf4de59ddc18f4feab39bf" member_type: VOTER last_known_addr { host: "127.24.85.3" port: 41163 } }
I20260608 12:47:32.082286 28085 leader_election.cc:290] T 07223a4d5a45415aa87b5827e234d8c3 P 88793dc7d3cf4de59ddc18f4feab39bf [CANDIDATE]: Term 1 election: Requested vote from peers ce033693ec304e40a45ab77a01b76c42 (127.24.85.1:44147), c1a26e9450624941a0268366f8015d7b (127.24.85.2:37481)
I20260608 12:47:32.067885 28079 raft_consensus.cc:385] T e5626177120b4ca28510f4a42f8f31fa P c1a26e9450624941a0268366f8015d7b [term 0 FOLLOWER]: Consensus starting up: Expiring failure detector timer to make a prompt election more likely
I20260608 12:47:32.082985 28079 raft_consensus.cc:740] T e5626177120b4ca28510f4a42f8f31fa P c1a26e9450624941a0268366f8015d7b [term 0 FOLLOWER]: Becoming Follower/Learner. State: Replica: c1a26e9450624941a0268366f8015d7b, State: Initialized, Role: FOLLOWER
I20260608 12:47:32.083598 27959 tablet_service.cc:1917] Received RequestConsensusVote() RPC: tablet_id: "07223a4d5a45415aa87b5827e234d8c3" candidate_uuid: "88793dc7d3cf4de59ddc18f4feab39bf" candidate_term: 1 candidate_status { last_received { term: 0 index: 0 } } ignore_live_leader: false dest_uuid: "c1a26e9450624941a0268366f8015d7b"
I20260608 12:47:32.084189 27959 raft_consensus.cc:3060] T 07223a4d5a45415aa87b5827e234d8c3 P c1a26e9450624941a0268366f8015d7b [term 0 FOLLOWER]: Advancing to term 1
I20260608 12:47:32.085457 28079 consensus_queue.cc:260] T e5626177120b4ca28510f4a42f8f31fa P c1a26e9450624941a0268366f8015d7b [NON_LEADER]: Queue going to NON_LEADER mode. State: All replicated index: 0, Majority replicated index: 0, Committed index: 0, Last appended: 0.0, Last appended by leader: 0, Current term: 0, Majority size: -1, State: 0, Mode: NON_LEADER, active raft config: opid_index: -1 OBSOLETE_local: false peers { permanent_uuid: "c1a26e9450624941a0268366f8015d7b" member_type: VOTER last_known_addr { host: "127.24.85.2" port: 37481 } } peers { permanent_uuid: "ce033693ec304e40a45ab77a01b76c42" member_type: VOTER last_known_addr { host: "127.24.85.1" port: 44147 } } peers { permanent_uuid: "88793dc7d3cf4de59ddc18f4feab39bf" member_type: VOTER last_known_addr { host: "127.24.85.3" port: 41163 } }
I20260608 12:47:32.091651 27959 raft_consensus.cc:2468] T 07223a4d5a45415aa87b5827e234d8c3 P c1a26e9450624941a0268366f8015d7b [term 1 FOLLOWER]: Leader election vote request: Granting yes vote for candidate 88793dc7d3cf4de59ddc18f4feab39bf in term 1.
I20260608 12:47:32.097242 28085 raft_consensus.cc:2804] T 07223a4d5a45415aa87b5827e234d8c3 P 88793dc7d3cf4de59ddc18f4feab39bf [term 1 FOLLOWER]: Leader election won for term 1
I20260608 12:47:32.098913 28079 ts_tablet_manager.cc:1434] T e5626177120b4ca28510f4a42f8f31fa P c1a26e9450624941a0268366f8015d7b: Time spent starting tablet: real 0.048s	user 0.006s	sys 0.001s
I20260608 12:47:32.097779 28085 raft_consensus.cc:697] T 07223a4d5a45415aa87b5827e234d8c3 P 88793dc7d3cf4de59ddc18f4feab39bf [term 1 LEADER]: Becoming Leader. State: Replica: 88793dc7d3cf4de59ddc18f4feab39bf, State: Running, Role: LEADER
I20260608 12:47:32.100721 28085 consensus_queue.cc:237] T 07223a4d5a45415aa87b5827e234d8c3 P 88793dc7d3cf4de59ddc18f4feab39bf [LEADER]: Queue going to LEADER mode. State: All replicated index: 0, Majority replicated index: 0, Committed index: 0, Last appended: 0.0, Last appended by leader: 0, Current term: 1, Majority size: 2, State: 0, Mode: LEADER, active raft config: opid_index: -1 OBSOLETE_local: false peers { permanent_uuid: "ce033693ec304e40a45ab77a01b76c42" member_type: VOTER last_known_addr { host: "127.24.85.1" port: 44147 } } peers { permanent_uuid: "c1a26e9450624941a0268366f8015d7b" member_type: VOTER last_known_addr { host: "127.24.85.2" port: 37481 } } peers { permanent_uuid: "88793dc7d3cf4de59ddc18f4feab39bf" member_type: VOTER last_known_addr { host: "127.24.85.3" port: 41163 } }
I20260608 12:47:32.103021 28078 ts_tablet_manager.cc:1434] T 6467b3d9a2514c969868f07a6944f1b9 P ce033693ec304e40a45ab77a01b76c42: Time spent starting tablet: real 0.083s	user 0.027s	sys 0.051s
I20260608 12:47:32.104063 28078 tablet_bootstrap.cc:492] T e5626177120b4ca28510f4a42f8f31fa P ce033693ec304e40a45ab77a01b76c42: Bootstrap starting.
I20260608 12:47:32.107935 28080 ts_tablet_manager.cc:1434] T 291d6c26d52448b5906ed24259652302 P 88793dc7d3cf4de59ddc18f4feab39bf: Time spent starting tablet: real 0.066s	user 0.021s	sys 0.022s
I20260608 12:47:32.109314 28080 tablet_bootstrap.cc:492] T de08c6566bad4c9eba9462842b61881c P 88793dc7d3cf4de59ddc18f4feab39bf: Bootstrap starting.
I20260608 12:47:32.111295 28104 raft_consensus.cc:493] T 291d6c26d52448b5906ed24259652302 P 88793dc7d3cf4de59ddc18f4feab39bf [term 0 FOLLOWER]: Starting pre-election (no leader contacted us within the election timeout)
