I20260608 12:47:36.849944 28089 leader_election.cc:290] T 3a20fef1e0cd4795bb97742595033383 P 991edad8307c43509493342648ee5b2b [CANDIDATE]: Term 2 election: Requested vote from peers 774d6a3f7f77462ca4a9fdeeec4421c2 (127.24.128.194:35951), 4b8e955d905a4faf9d5362adc9a47eae (127.24.128.195:41927)
I20260608 12:47:36.850380 28052 leader_election.cc:304] T 3a20fef1e0cd4795bb97742595033383 P 991edad8307c43509493342648ee5b2b [CANDIDATE]: Term 2 election: Election decided. Result: candidate won. Election summary: received 2 responses out of 3 voters: 2 yes votes; 0 no votes. yes voters: 774d6a3f7f77462ca4a9fdeeec4421c2, 991edad8307c43509493342648ee5b2b; no voters: 
I20260608 12:47:36.851228 28486 raft_consensus.cc:2804] T 3a20fef1e0cd4795bb97742595033383 P 991edad8307c43509493342648ee5b2b [term 2 FOLLOWER]: Leader election won for term 2
I20260608 12:47:36.851732 28486 raft_consensus.cc:697] T 3a20fef1e0cd4795bb97742595033383 P 991edad8307c43509493342648ee5b2b [term 2 LEADER]: Becoming Leader. State: Replica: 991edad8307c43509493342648ee5b2b, State: Running, Role: LEADER
I20260608 12:47:36.852559 28486 consensus_queue.cc:237] T 3a20fef1e0cd4795bb97742595033383 P 991edad8307c43509493342648ee5b2b [LEADER]: Queue going to LEADER mode. State: All replicated index: 0, Majority replicated index: 1, Committed index: 1, Last appended: 1.1, Last appended by leader: 1, Current term: 2, Majority size: 2, State: 0, Mode: LEADER, active raft config: opid_index: -1 OBSOLETE_local: false peers { permanent_uuid: "991edad8307c43509493342648ee5b2b" member_type: VOTER last_known_addr { host: "127.24.128.193" port: 41833 } } peers { permanent_uuid: "774d6a3f7f77462ca4a9fdeeec4421c2" member_type: VOTER last_known_addr { host: "127.24.128.194" port: 35951 } } peers { permanent_uuid: "4b8e955d905a4faf9d5362adc9a47eae" member_type: VOTER last_known_addr { host: "127.24.128.195" port: 41927 } }
I20260608 12:47:36.858120 28238 raft_consensus.cc:2468] T 3a20fef1e0cd4795bb97742595033383 P 4b8e955d905a4faf9d5362adc9a47eae [term 2 FOLLOWER]: Leader election vote request: Granting yes vote for candidate 991edad8307c43509493342648ee5b2b in term 2.
I20260608 12:47:36.866098 27986 catalog_manager.cc:5696] T 3a20fef1e0cd4795bb97742595033383 P 991edad8307c43509493342648ee5b2b reported cstate change: term changed from 1 to 2, leader changed from 4b8e955d905a4faf9d5362adc9a47eae (127.24.128.195) to 991edad8307c43509493342648ee5b2b (127.24.128.193). New cstate: current_term: 2 leader_uuid: "991edad8307c43509493342648ee5b2b" committed_config { opid_index: -1 OBSOLETE_local: false peers { permanent_uuid: "991edad8307c43509493342648ee5b2b" member_type: VOTER last_known_addr { host: "127.24.128.193" port: 41833 } health_report { overall_health: HEALTHY } } peers { permanent_uuid: "774d6a3f7f77462ca4a9fdeeec4421c2" member_type: VOTER last_known_addr { host: "127.24.128.194" port: 35951 } health_report { overall_health: UNKNOWN } } peers { permanent_uuid: "4b8e955d905a4faf9d5362adc9a47eae" member_type: VOTER last_known_addr { host: "127.24.128.195" port: 41927 } health_report { overall_health: UNKNOWN } } }
I20260608 12:47:36.917901 28355 raft_consensus.cc:993] T 867d7137b92e4461b0ee1189530e4fe5 P 991edad8307c43509493342648ee5b2b: : Instructing follower 774d6a3f7f77462ca4a9fdeeec4421c2 to start an election
I20260608 12:47:36.918306 28486 raft_consensus.cc:1081] T 867d7137b92e4461b0ee1189530e4fe5 P 991edad8307c43509493342648ee5b2b [term 2 LEADER]: Signalling peer 774d6a3f7f77462ca4a9fdeeec4421c2 to start an election
I20260608 12:47:36.920356 28165 tablet_service.cc:2044] Received Run Leader Election RPC: tablet_id: "867d7137b92e4461b0ee1189530e4fe5"
dest_uuid: "774d6a3f7f77462ca4a9fdeeec4421c2"
 from {username='slave'} at 127.0.0.1:44008
I20260608 12:47:36.920821 28165 raft_consensus.cc:493] T 867d7137b92e4461b0ee1189530e4fe5 P 774d6a3f7f77462ca4a9fdeeec4421c2 [term 2 FOLLOWER]: Starting forced leader election (received explicit request)
I20260608 12:47:36.921126 28165 raft_consensus.cc:3060] T 867d7137b92e4461b0ee1189530e4fe5 P 774d6a3f7f77462ca4a9fdeeec4421c2 [term 2 FOLLOWER]: Advancing to term 3
I20260608 12:47:36.927925 28165 raft_consensus.cc:515] T 867d7137b92e4461b0ee1189530e4fe5 P 774d6a3f7f77462ca4a9fdeeec4421c2 [term 3 FOLLOWER]: Starting forced leader election with config: opid_index: -1 OBSOLETE_local: false peers { permanent_uuid: "991edad8307c43509493342648ee5b2b" member_type: VOTER last_known_addr { host: "127.24.128.193" port: 41833 } } peers { permanent_uuid: "774d6a3f7f77462ca4a9fdeeec4421c2" member_type: VOTER last_known_addr { host: "127.24.128.194" port: 35951 } } peers { permanent_uuid: "4b8e955d905a4faf9d5362adc9a47eae" member_type: VOTER last_known_addr { host: "127.24.128.195" port: 41927 } }
I20260608 12:47:36.929510 28165 leader_election.cc:290] T 867d7137b92e4461b0ee1189530e4fe5 P 774d6a3f7f77462ca4a9fdeeec4421c2 [CANDIDATE]: Term 3 election: Requested vote from peers 991edad8307c43509493342648ee5b2b (127.24.128.193:41833), 4b8e955d905a4faf9d5362adc9a47eae (127.24.128.195:41927)
I20260608 12:47:36.930337 28089 tablet_service.cc:1917] Received RequestConsensusVote() RPC: tablet_id: "867d7137b92e4461b0ee1189530e4fe5" candidate_uuid: "774d6a3f7f77462ca4a9fdeeec4421c2" candidate_term: 3 candidate_status { last_received { term: 2 index: 1 } } ignore_live_leader: true dest_uuid: "991edad8307c43509493342648ee5b2b"
I20260608 12:47:36.930745 28238 tablet_service.cc:1917] Received RequestConsensusVote() RPC: tablet_id: "867d7137b92e4461b0ee1189530e4fe5" candidate_uuid: "774d6a3f7f77462ca4a9fdeeec4421c2" candidate_term: 3 candidate_status { last_received { term: 2 index: 1 } } ignore_live_leader: true dest_uuid: "4b8e955d905a4faf9d5362adc9a47eae"
I20260608 12:47:36.931015 28089 raft_consensus.cc:3055] T 867d7137b92e4461b0ee1189530e4fe5 P 991edad8307c43509493342648ee5b2b [term 2 LEADER]: Stepping down as leader of term 2
I20260608 12:47:36.931288 28238 raft_consensus.cc:3060] T 867d7137b92e4461b0ee1189530e4fe5 P 4b8e955d905a4faf9d5362adc9a47eae [term 2 FOLLOWER]: Advancing to term 3
I20260608 12:47:36.931375 28089 raft_consensus.cc:740] T 867d7137b92e4461b0ee1189530e4fe5 P 991edad8307c43509493342648ee5b2b [term 2 LEADER]: Becoming Follower/Learner. State: Replica: 991edad8307c43509493342648ee5b2b, State: Running, Role: LEADER
I20260608 12:47:36.932243 28089 consensus_queue.cc:260] T 867d7137b92e4461b0ee1189530e4fe5 P 991edad8307c43509493342648ee5b2b [NON_LEADER]: Queue going to NON_LEADER mode. State: All replicated index: 0, Majority replicated index: 1, Committed index: 1, Last appended: 2.1, Last appended by leader: 1, Current term: 2, Majority size: -1, State: 0, Mode: NON_LEADER, active raft config: opid_index: -1 OBSOLETE_local: false peers { permanent_uuid: "991edad8307c43509493342648ee5b2b" member_type: VOTER last_known_addr { host: "127.24.128.193" port: 41833 } } peers { permanent_uuid: "774d6a3f7f77462ca4a9fdeeec4421c2" member_type: VOTER last_known_addr { host: "127.24.128.194" port: 35951 } } peers { permanent_uuid: "4b8e955d905a4faf9d5362adc9a47eae" member_type: VOTER last_known_addr { host: "127.24.128.195" port: 41927 } }
I20260608 12:47:36.933499 28089 raft_consensus.cc:3060] T 867d7137b92e4461b0ee1189530e4fe5 P 991edad8307c43509493342648ee5b2b [term 2 FOLLOWER]: Advancing to term 3
I20260608 12:47:36.937425 28238 raft_consensus.cc:2468] T 867d7137b92e4461b0ee1189530e4fe5 P 4b8e955d905a4faf9d5362adc9a47eae [term 3 FOLLOWER]: Leader election vote request: Granting yes vote for candidate 774d6a3f7f77462ca4a9fdeeec4421c2 in term 3.
I20260608 12:47:36.938715 28129 leader_election.cc:304] T 867d7137b92e4461b0ee1189530e4fe5 P 774d6a3f7f77462ca4a9fdeeec4421c2 [CANDIDATE]: Term 3 election: Election decided. Result: candidate won. Election summary: received 2 responses out of 3 voters: 2 yes votes; 0 no votes. yes voters: 4b8e955d905a4faf9d5362adc9a47eae, 774d6a3f7f77462ca4a9fdeeec4421c2; no voters: 
I20260608 12:47:36.939296 28089 raft_consensus.cc:2468] T 867d7137b92e4461b0ee1189530e4fe5 P 991edad8307c43509493342648ee5b2b [term 3 FOLLOWER]: Leader election vote request: Granting yes vote for candidate 774d6a3f7f77462ca4a9fdeeec4421c2 in term 3.
I20260608 12:47:36.939831 28517 raft_consensus.cc:2804] T 867d7137b92e4461b0ee1189530e4fe5 P 774d6a3f7f77462ca4a9fdeeec4421c2 [term 3 FOLLOWER]: Leader election won for term 3
I20260608 12:47:36.940378 28517 raft_consensus.cc:697] T 867d7137b92e4461b0ee1189530e4fe5 P 774d6a3f7f77462ca4a9fdeeec4421c2 [term 3 LEADER]: Becoming Leader. State: Replica: 774d6a3f7f77462ca4a9fdeeec4421c2, State: Running, Role: LEADER
I20260608 12:47:36.941243 28517 consensus_queue.cc:237] T 867d7137b92e4461b0ee1189530e4fe5 P 774d6a3f7f77462ca4a9fdeeec4421c2 [LEADER]: Queue going to LEADER mode. State: All replicated index: 0, Majority replicated index: 1, Committed index: 1, Last appended: 2.1, Last appended by leader: 1, Current term: 3, Majority size: 2, State: 0, Mode: LEADER, active raft config: opid_index: -1 OBSOLETE_local: false peers { permanent_uuid: "991edad8307c43509493342648ee5b2b" member_type: VOTER last_known_addr { host: "127.24.128.193" port: 41833 } } peers { permanent_uuid: "774d6a3f7f77462ca4a9fdeeec4421c2" member_type: VOTER last_known_addr { host: "127.24.128.194" port: 35951 } } peers { permanent_uuid: "4b8e955d905a4faf9d5362adc9a47eae" member_type: VOTER last_known_addr { host: "127.24.128.195" port: 41927 } }
I20260608 12:47:36.949096 27986 catalog_manager.cc:5696] T 867d7137b92e4461b0ee1189530e4fe5 P 774d6a3f7f77462ca4a9fdeeec4421c2 reported cstate change: term changed from 2 to 3, leader changed from 991edad8307c43509493342648ee5b2b (127.24.128.193) to 774d6a3f7f77462ca4a9fdeeec4421c2 (127.24.128.194). New cstate: current_term: 3 leader_uuid: "774d6a3f7f77462ca4a9fdeeec4421c2" committed_config { opid_index: -1 OBSOLETE_local: false peers { permanent_uuid: "991edad8307c43509493342648ee5b2b" member_type: VOTER last_known_addr { host: "127.24.128.193" port: 41833 } health_report { overall_health: UNKNOWN } } peers { permanent_uuid: "774d6a3f7f77462ca4a9fdeeec4421c2" member_type: VOTER last_known_addr { host: "127.24.128.194" port: 35951 } health_report { overall_health: HEALTHY } } peers { permanent_uuid: "4b8e955d905a4faf9d5362adc9a47eae" member_type: VOTER last_known_addr { host: "127.24.128.195" port: 41927 } health_report { overall_health: UNKNOWN } } }
I20260608 12:47:37.078768 28554 ts_tablet_manager.cc:933] T a22f4afd8b1a461ea9cf9433c73dfd7f P e83eabb27f954a7fa560417eb9ba6946: Initiating tablet copy from peer 774d6a3f7f77462ca4a9fdeeec4421c2 (127.24.128.194:35951)
I20260608 12:47:37.080500 28554 tablet_copy_client.cc:323] T a22f4afd8b1a461ea9cf9433c73dfd7f P e83eabb27f954a7fa560417eb9ba6946: tablet copy: Beginning tablet copy session from remote peer at address 127.24.128.194:35951
I20260608 12:47:37.082166 28175 tablet_copy_service.cc:140] P 774d6a3f7f77462ca4a9fdeeec4421c2: Received BeginTabletCopySession request for tablet a22f4afd8b1a461ea9cf9433c73dfd7f from peer e83eabb27f954a7fa560417eb9ba6946 ({username='slave'} at 127.0.0.1:44032)
I20260608 12:47:37.082636 28175 tablet_copy_service.cc:161] P 774d6a3f7f77462ca4a9fdeeec4421c2: Beginning new tablet copy session on tablet a22f4afd8b1a461ea9cf9433c73dfd7f from peer e83eabb27f954a7fa560417eb9ba6946 at {username='slave'} at 127.0.0.1:44032: session id = e83eabb27f954a7fa560417eb9ba6946-a22f4afd8b1a461ea9cf9433c73dfd7f
I20260608 12:47:37.087563 28175 tablet_copy_source_session.cc:215] T a22f4afd8b1a461ea9cf9433c73dfd7f P 774d6a3f7f77462ca4a9fdeeec4421c2: Tablet Copy: opened 0 blocks and 1 log segments
I20260608 12:47:37.090294 28554 data_dirs.cc:400] Could only allocate 1 dirs of requested 3 for tablet a22f4afd8b1a461ea9cf9433c73dfd7f. 1 dirs total, 0 dirs full, 0 dirs failed
I20260608 12:47:37.101110 28554 tablet_copy_client.cc:806] T a22f4afd8b1a461ea9cf9433c73dfd7f P e83eabb27f954a7fa560417eb9ba6946: tablet copy: Starting download of 0 data blocks...
I20260608 12:47:37.101622 28554 tablet_copy_client.cc:670] T a22f4afd8b1a461ea9cf9433c73dfd7f P e83eabb27f954a7fa560417eb9ba6946: tablet copy: Starting download of 1 WAL segments...
I20260608 12:47:37.105001 28554 tablet_copy_client.cc:538] T a22f4afd8b1a461ea9cf9433c73dfd7f P e83eabb27f954a7fa560417eb9ba6946: tablet copy: Tablet Copy complete. Replacing tablet superblock.
I20260608 12:47:37.112401 28554 tablet_bootstrap.cc:492] T a22f4afd8b1a461ea9cf9433c73dfd7f P e83eabb27f954a7fa560417eb9ba6946: Bootstrap starting.
I20260608 12:47:37.117463 28556 ts_tablet_manager.cc:933] T 893dd5af1f844c8c966ab15c4e964267 P e83eabb27f954a7fa560417eb9ba6946: Initiating tablet copy from peer 991edad8307c43509493342648ee5b2b (127.24.128.193:41833)
I20260608 12:47:37.119391 28556 tablet_copy_client.cc:323] T 893dd5af1f844c8c966ab15c4e964267 P e83eabb27f954a7fa560417eb9ba6946: tablet copy: Beginning tablet copy session from remote peer at address 127.24.128.193:41833
I20260608 12:47:37.121409 28099 tablet_copy_service.cc:140] P 991edad8307c43509493342648ee5b2b: Received BeginTabletCopySession request for tablet 893dd5af1f844c8c966ab15c4e964267 from peer e83eabb27f954a7fa560417eb9ba6946 ({username='slave'} at 127.0.0.1:58706)
I20260608 12:47:37.122087 28099 tablet_copy_service.cc:161] P 991edad8307c43509493342648ee5b2b: Beginning new tablet copy session on tablet 893dd5af1f844c8c966ab15c4e964267 from peer e83eabb27f954a7fa560417eb9ba6946 at {username='slave'} at 127.0.0.1:58706: session id = e83eabb27f954a7fa560417eb9ba6946-893dd5af1f844c8c966ab15c4e964267
I20260608 12:47:37.129945 28099 tablet_copy_source_session.cc:215] T 893dd5af1f844c8c966ab15c4e964267 P 991edad8307c43509493342648ee5b2b: Tablet Copy: opened 0 blocks and 1 log segments
I20260608 12:47:37.133320 28556 data_dirs.cc:400] Could only allocate 1 dirs of requested 3 for tablet 893dd5af1f844c8c966ab15c4e964267. 1 dirs total, 0 dirs full, 0 dirs failed
I20260608 12:47:37.135102 28554 tablet_bootstrap.cc:492] T a22f4afd8b1a461ea9cf9433c73dfd7f P e83eabb27f954a7fa560417eb9ba6946: Bootstrap replayed 1/1 log segments. Stats: ops{read=2 overwritten=0 applied=2 ignored=0} inserts{seen=0 ignored=0} mutations{seen=0 ignored=0} orphaned_commits=0. Pending: 0 replicates
I20260608 12:47:37.136052 28554 tablet_bootstrap.cc:492] T a22f4afd8b1a461ea9cf9433c73dfd7f P e83eabb27f954a7fa560417eb9ba6946: Bootstrap complete.
I20260608 12:47:37.136731 28554 ts_tablet_manager.cc:1403] T a22f4afd8b1a461ea9cf9433c73dfd7f P e83eabb27f954a7fa560417eb9ba6946: Time spent bootstrapping tablet: real 0.024s	user 0.015s	sys 0.008s
I20260608 12:47:37.139659 28554 raft_consensus.cc:359] T a22f4afd8b1a461ea9cf9433c73dfd7f P e83eabb27f954a7fa560417eb9ba6946 [term 1 LEARNER]: Replica starting. Triggering 0 pending ops. Active config: opid_index: 2 OBSOLETE_local: false peers { permanent_uuid: "4b8e955d905a4faf9d5362adc9a47eae" member_type: VOTER last_known_addr { host: "127.24.128.195" port: 41927 } attrs { replace: true } } peers { permanent_uuid: "774d6a3f7f77462ca4a9fdeeec4421c2" member_type: VOTER last_known_addr { host: "127.24.128.194" port: 35951 } } peers { permanent_uuid: "991edad8307c43509493342648ee5b2b" member_type: VOTER last_known_addr { host: "127.24.128.193" port: 41833 } } peers { permanent_uuid: "e83eabb27f954a7fa560417eb9ba6946" member_type: NON_VOTER last_known_addr { host: "127.24.128.196" port: 35447 } attrs { promote: true } }
I20260608 12:47:37.140472 28554 raft_consensus.cc:740] T a22f4afd8b1a461ea9cf9433c73dfd7f P e83eabb27f954a7fa560417eb9ba6946 [term 1 LEARNER]: Becoming Follower/Learner. State: Replica: e83eabb27f954a7fa560417eb9ba6946, State: Initialized, Role: LEARNER
I20260608 12:47:37.141109 28554 consensus_queue.cc:260] T a22f4afd8b1a461ea9cf9433c73dfd7f P e83eabb27f954a7fa560417eb9ba6946 [NON_LEADER]: Queue going to NON_LEADER mode. State: All replicated index: 0, Majority replicated index: 0, Committed index: 2, Last appended: 1.2, Last appended by leader: 2, Current term: 0, Majority size: -1, State: 0, Mode: NON_LEADER, active raft config: opid_index: 2 OBSOLETE_local: false peers { permanent_uuid: "4b8e955d905a4faf9d5362adc9a47eae" member_type: VOTER last_known_addr { host: "127.24.128.195" port: 41927 } attrs { replace: true } } peers { permanent_uuid: "774d6a3f7f77462ca4a9fdeeec4421c2" member_type: VOTER last_known_addr { host: "127.24.128.194" port: 35951 } } peers { permanent_uuid: "991edad8307c43509493342648ee5b2b" member_type: VOTER last_known_addr { host: "127.24.128.193" port: 41833 } } peers { permanent_uuid: "e83eabb27f954a7fa560417eb9ba6946" member_type: NON_VOTER last_known_addr { host: "127.24.128.196" port: 35447 } attrs { promote: true } }
I20260608 12:47:37.143644 28554 ts_tablet_manager.cc:1434] T a22f4afd8b1a461ea9cf9433c73dfd7f P e83eabb27f954a7fa560417eb9ba6946: Time spent starting tablet: real 0.007s	user 0.004s	sys 0.000s
I20260608 12:47:37.145522 28175 tablet_copy_service.cc:342] P 774d6a3f7f77462ca4a9fdeeec4421c2: Request end of tablet copy session e83eabb27f954a7fa560417eb9ba6946-a22f4afd8b1a461ea9cf9433c73dfd7f received from {username='slave'} at 127.0.0.1:44032
I20260608 12:47:37.145927 28175 tablet_copy_service.cc:434] P 774d6a3f7f77462ca4a9fdeeec4421c2: ending tablet copy session e83eabb27f954a7fa560417eb9ba6946-a22f4afd8b1a461ea9cf9433c73dfd7f on tablet a22f4afd8b1a461ea9cf9433c73dfd7f with peer e83eabb27f954a7fa560417eb9ba6946
I20260608 12:47:37.150131 28556 tablet_copy_client.cc:806] T 893dd5af1f844c8c966ab15c4e964267 P e83eabb27f954a7fa560417eb9ba6946: tablet copy: Starting download of 0 data blocks...
I20260608 12:47:37.150669 28556 tablet_copy_client.cc:670] T 893dd5af1f844c8c966ab15c4e964267 P e83eabb27f954a7fa560417eb9ba6946: tablet copy: Starting download of 1 WAL segments...
I20260608 12:47:37.154282 28556 tablet_copy_client.cc:538] T 893dd5af1f844c8c966ab15c4e964267 P e83eabb27f954a7fa560417eb9ba6946: tablet copy: Tablet Copy complete. Replacing tablet superblock.
I20260608 12:47:37.160229 28556 tablet_bootstrap.cc:492] T 893dd5af1f844c8c966ab15c4e964267 P e83eabb27f954a7fa560417eb9ba6946: Bootstrap starting.
I20260608 12:47:37.170904 28554 ts_tablet_manager.cc:933] T fe49da7b044d4c4cb96cdb3340860d37 P e83eabb27f954a7fa560417eb9ba6946: Initiating tablet copy from peer 774d6a3f7f77462ca4a9fdeeec4421c2 (127.24.128.194:35951)
I20260608 12:47:37.176705 28554 tablet_copy_client.cc:323] T fe49da7b044d4c4cb96cdb3340860d37 P e83eabb27f954a7fa560417eb9ba6946: tablet copy: Beginning tablet copy session from remote peer at address 127.24.128.194:35951
I20260608 12:47:37.180392 28175 tablet_copy_service.cc:140] P 774d6a3f7f77462ca4a9fdeeec4421c2: Received BeginTabletCopySession request for tablet fe49da7b044d4c4cb96cdb3340860d37 from peer e83eabb27f954a7fa560417eb9ba6946 ({username='slave'} at 127.0.0.1:44032)
I20260608 12:47:37.181002 28175 tablet_copy_service.cc:161] P 774d6a3f7f77462ca4a9fdeeec4421c2: Beginning new tablet copy session on tablet fe49da7b044d4c4cb96cdb3340860d37 from peer e83eabb27f954a7fa560417eb9ba6946 at {username='slave'} at 127.0.0.1:44032: session id = e83eabb27f954a7fa560417eb9ba6946-fe49da7b044d4c4cb96cdb3340860d37
I20260608 12:47:37.185218 28556 tablet_bootstrap.cc:492] T 893dd5af1f844c8c966ab15c4e964267 P e83eabb27f954a7fa560417eb9ba6946: Bootstrap replayed 1/1 log segments. Stats: ops{read=3 overwritten=0 applied=3 ignored=0} inserts{seen=0 ignored=0} mutations{seen=0 ignored=0} orphaned_commits=0. Pending: 0 replicates
I20260608 12:47:37.185914 28556 tablet_bootstrap.cc:492] T 893dd5af1f844c8c966ab15c4e964267 P e83eabb27f954a7fa560417eb9ba6946: Bootstrap complete.
I20260608 12:47:37.186537 28556 ts_tablet_manager.cc:1403] T 893dd5af1f844c8c966ab15c4e964267 P e83eabb27f954a7fa560417eb9ba6946: Time spent bootstrapping tablet: real 0.026s	user 0.015s	sys 0.008s
I20260608 12:47:37.189304 28556 raft_consensus.cc:359] T 893dd5af1f844c8c966ab15c4e964267 P e83eabb27f954a7fa560417eb9ba6946 [term 2 LEARNER]: Replica starting. Triggering 0 pending ops. Active config: opid_index: 3 OBSOLETE_local: false peers { permanent_uuid: "991edad8307c43509493342648ee5b2b" member_type: VOTER last_known_addr { host: "127.24.128.193" port: 41833 } } peers { permanent_uuid: "774d6a3f7f77462ca4a9fdeeec4421c2" member_type: VOTER last_known_addr { host: "127.24.128.194" port: 35951 } attrs { replace: true } } peers { permanent_uuid: "4b8e955d905a4faf9d5362adc9a47eae" member_type: VOTER last_known_addr { host: "127.24.128.195" port: 41927 } } peers { permanent_uuid: "e83eabb27f954a7fa560417eb9ba6946" member_type: NON_VOTER last_known_addr { host: "127.24.128.196" port: 35447 } attrs { promote: true } }
I20260608 12:47:37.190090 28556 raft_consensus.cc:740] T 893dd5af1f844c8c966ab15c4e964267 P e83eabb27f954a7fa560417eb9ba6946 [term 2 LEARNER]: Becoming Follower/Learner. State: Replica: e83eabb27f954a7fa560417eb9ba6946, State: Initialized, Role: LEARNER
I20260608 12:47:37.190883 28175 tablet_copy_source_session.cc:215] T fe49da7b044d4c4cb96cdb3340860d37 P 774d6a3f7f77462ca4a9fdeeec4421c2: Tablet Copy: opened 0 blocks and 1 log segments
I20260608 12:47:37.190802 28556 consensus_queue.cc:260] T 893dd5af1f844c8c966ab15c4e964267 P e83eabb27f954a7fa560417eb9ba6946 [NON_LEADER]: Queue going to NON_LEADER mode. State: All replicated index: 0, Majority replicated index: 0, Committed index: 3, Last appended: 2.3, Last appended by leader: 3, Current term: 0, Majority size: -1, State: 0, Mode: NON_LEADER, active raft config: opid_index: 3 OBSOLETE_local: false peers { permanent_uuid: "991edad8307c43509493342648ee5b2b" member_type: VOTER last_known_addr { host: "127.24.128.193" port: 41833 } } peers { permanent_uuid: "774d6a3f7f77462ca4a9fdeeec4421c2" member_type: VOTER last_known_addr { host: "127.24.128.194" port: 35951 } attrs { replace: true } } peers { permanent_uuid: "4b8e955d905a4faf9d5362adc9a47eae" member_type: VOTER last_known_addr { host: "127.24.128.195" port: 41927 } } peers { permanent_uuid: "e83eabb27f954a7fa560417eb9ba6946" member_type: NON_VOTER last_known_addr { host: "127.24.128.196" port: 35447 } attrs { promote: true } }
I20260608 12:47:37.193274 28556 ts_tablet_manager.cc:1434] T 893dd5af1f844c8c966ab15c4e964267 P e83eabb27f954a7fa560417eb9ba6946: Time spent starting tablet: real 0.006s	user 0.008s	sys 0.000s
I20260608 12:47:37.194311 28554 data_dirs.cc:400] Could only allocate 1 dirs of requested 3 for tablet fe49da7b044d4c4cb96cdb3340860d37. 1 dirs total, 0 dirs full, 0 dirs failed
I20260608 12:47:37.195852 28099 tablet_copy_service.cc:342] P 991edad8307c43509493342648ee5b2b: Request end of tablet copy session e83eabb27f954a7fa560417eb9ba6946-893dd5af1f844c8c966ab15c4e964267 received from {username='slave'} at 127.0.0.1:58706
I20260608 12:47:37.196311 28099 tablet_copy_service.cc:434] P 991edad8307c43509493342648ee5b2b: ending tablet copy session e83eabb27f954a7fa560417eb9ba6946-893dd5af1f844c8c966ab15c4e964267 on tablet 893dd5af1f844c8c966ab15c4e964267 with peer e83eabb27f954a7fa560417eb9ba6946
I20260608 12:47:37.208940 28554 tablet_copy_client.cc:806] T fe49da7b044d4c4cb96cdb3340860d37 P e83eabb27f954a7fa560417eb9ba6946: tablet copy: Starting download of 0 data blocks...
I20260608 12:47:37.209426 28554 tablet_copy_client.cc:670] T fe49da7b044d4c4cb96cdb3340860d37 P e83eabb27f954a7fa560417eb9ba6946: tablet copy: Starting download of 1 WAL segments...
I20260608 12:47:37.212613 28554 tablet_copy_client.cc:538] T fe49da7b044d4c4cb96cdb3340860d37 P e83eabb27f954a7fa560417eb9ba6946: tablet copy: Tablet Copy complete. Replacing tablet superblock.
I20260608 12:47:37.217947 28554 tablet_bootstrap.cc:492] T fe49da7b044d4c4cb96cdb3340860d37 P e83eabb27f954a7fa560417eb9ba6946: Bootstrap starting.
I20260608 12:47:37.225282 28556 ts_tablet_manager.cc:933] T d522497bb282456b944f5fd32f396f5a P e83eabb27f954a7fa560417eb9ba6946: Initiating tablet copy from peer 4b8e955d905a4faf9d5362adc9a47eae (127.24.128.195:41927)
I20260608 12:47:37.231999 28556 tablet_copy_client.cc:323] T d522497bb282456b944f5fd32f396f5a P e83eabb27f954a7fa560417eb9ba6946: tablet copy: Beginning tablet copy session from remote peer at address 127.24.128.195:41927
I20260608 12:47:37.233659 28249 tablet_copy_service.cc:140] P 4b8e955d905a4faf9d5362adc9a47eae: Received BeginTabletCopySession request for tablet d522497bb282456b944f5fd32f396f5a from peer e83eabb27f954a7fa560417eb9ba6946 ({username='slave'} at 127.0.0.1:58678)
I20260608 12:47:37.234244 28249 tablet_copy_service.cc:161] P 4b8e955d905a4faf9d5362adc9a47eae: Beginning new tablet copy session on tablet d522497bb282456b944f5fd32f396f5a from peer e83eabb27f954a7fa560417eb9ba6946 at {username='slave'} at 127.0.0.1:58678: session id = e83eabb27f954a7fa560417eb9ba6946-d522497bb282456b944f5fd32f396f5a
I20260608 12:47:37.239017 28554 tablet_bootstrap.cc:492] T fe49da7b044d4c4cb96cdb3340860d37 P e83eabb27f954a7fa560417eb9ba6946: Bootstrap replayed 1/1 log segments. Stats: ops{read=2 overwritten=0 applied=2 ignored=0} inserts{seen=0 ignored=0} mutations{seen=0 ignored=0} orphaned_commits=0. Pending: 0 replicates
I20260608 12:47:37.239930 28554 tablet_bootstrap.cc:492] T fe49da7b044d4c4cb96cdb3340860d37 P e83eabb27f954a7fa560417eb9ba6946: Bootstrap complete.
I20260608 12:47:37.240576 28554 ts_tablet_manager.cc:1403] T fe49da7b044d4c4cb96cdb3340860d37 P e83eabb27f954a7fa560417eb9ba6946: Time spent bootstrapping tablet: real 0.023s	user 0.019s	sys 0.004s
I20260608 12:47:37.241611 28249 tablet_copy_source_session.cc:215] T d522497bb282456b944f5fd32f396f5a P 4b8e955d905a4faf9d5362adc9a47eae: Tablet Copy: opened 0 blocks and 1 log segments
I20260608 12:47:37.243693 28554 raft_consensus.cc:359] T fe49da7b044d4c4cb96cdb3340860d37 P e83eabb27f954a7fa560417eb9ba6946 [term 1 LEARNER]: Replica starting. Triggering 0 pending ops. Active config: opid_index: 2 OBSOLETE_local: false peers { permanent_uuid: "991edad8307c43509493342648ee5b2b" member_type: VOTER last_known_addr { host: "127.24.128.193" port: 41833 } attrs { replace: true } } peers { permanent_uuid: "774d6a3f7f77462ca4a9fdeeec4421c2" member_type: VOTER last_known_addr { host: "127.24.128.194" port: 35951 } } peers { permanent_uuid: "4b8e955d905a4faf9d5362adc9a47eae" member_type: VOTER last_known_addr { host: "127.24.128.195" port: 41927 } } peers { permanent_uuid: "e83eabb27f954a7fa560417eb9ba6946" member_type: NON_VOTER last_known_addr { host: "127.24.128.196" port: 35447 } attrs { promote: true } }
I20260608 12:47:37.244371 28554 raft_consensus.cc:740] T fe49da7b044d4c4cb96cdb3340860d37 P e83eabb27f954a7fa560417eb9ba6946 [term 1 LEARNER]: Becoming Follower/Learner. State: Replica: e83eabb27f954a7fa560417eb9ba6946, State: Initialized, Role: LEARNER
I20260608 12:47:37.244908 28556 data_dirs.cc:400] Could only allocate 1 dirs of requested 3 for tablet d522497bb282456b944f5fd32f396f5a. 1 dirs total, 0 dirs full, 0 dirs failed
I20260608 12:47:37.244874 28554 consensus_queue.cc:260] T fe49da7b044d4c4cb96cdb3340860d37 P e83eabb27f954a7fa560417eb9ba6946 [NON_LEADER]: Queue going to NON_LEADER mode. State: All replicated index: 0, Majority replicated index: 0, Committed index: 2, Last appended: 1.2, Last appended by leader: 2, Current term: 0, Majority size: -1, State: 0, Mode: NON_LEADER, active raft config: opid_index: 2 OBSOLETE_local: false peers { permanent_uuid: "991edad8307c43509493342648ee5b2b" member_type: VOTER last_known_addr { host: "127.24.128.193" port: 41833 } attrs { replace: true } } peers { permanent_uuid: "774d6a3f7f77462ca4a9fdeeec4421c2" member_type: VOTER last_known_addr { host: "127.24.128.194" port: 35951 } } peers { permanent_uuid: "4b8e955d905a4faf9d5362adc9a47eae" member_type: VOTER last_known_addr { host: "127.24.128.195" port: 41927 } } peers { permanent_uuid: "e83eabb27f954a7fa560417eb9ba6946" member_type: NON_VOTER last_known_addr { host: "127.24.128.196" port: 35447 } attrs { promote: true } }
I20260608 12:47:37.246989 28554 ts_tablet_manager.cc:1434] T fe49da7b044d4c4cb96cdb3340860d37 P e83eabb27f954a7fa560417eb9ba6946: Time spent starting tablet: real 0.006s	user 0.004s	sys 0.000s
I20260608 12:47:37.248783 28175 tablet_copy_service.cc:342] P 774d6a3f7f77462ca4a9fdeeec4421c2: Request end of tablet copy session e83eabb27f954a7fa560417eb9ba6946-fe49da7b044d4c4cb96cdb3340860d37 received from {username='slave'} at 127.0.0.1:44032
I20260608 12:47:37.249182 28175 tablet_copy_service.cc:434] P 774d6a3f7f77462ca4a9fdeeec4421c2: ending tablet copy session e83eabb27f954a7fa560417eb9ba6946-fe49da7b044d4c4cb96cdb3340860d37 on tablet fe49da7b044d4c4cb96cdb3340860d37 with peer e83eabb27f954a7fa560417eb9ba6946
I20260608 12:47:37.249867 28165 raft_consensus.cc:1275] T 3a20fef1e0cd4795bb97742595033383 P 774d6a3f7f77462ca4a9fdeeec4421c2 [term 2 FOLLOWER]: Refusing update from remote peer 991edad8307c43509493342648ee5b2b: Log matching property violated. Preceding OpId in replica: term: 1 index: 1. Preceding OpId from leader: term: 2 index: 2. (index mismatch)
I20260608 12:47:37.251543 28486 consensus_queue.cc:1048] T 3a20fef1e0cd4795bb97742595033383 P 991edad8307c43509493342648ee5b2b [LEADER]: Connected to new peer: Peer: permanent_uuid: "774d6a3f7f77462ca4a9fdeeec4421c2" member_type: VOTER last_known_addr { host: "127.24.128.194" port: 35951 }, Status: LMP_MISMATCH, Last received: 0.0, Next index: 2, Last known committed idx: 1, Time since last communication: 0.000s
I20260608 12:47:37.263931 28556 tablet_copy_client.cc:806] T d522497bb282456b944f5fd32f396f5a P e83eabb27f954a7fa560417eb9ba6946: tablet copy: Starting download of 0 data blocks...
I20260608 12:47:37.264503 28556 tablet_copy_client.cc:670] T d522497bb282456b944f5fd32f396f5a P e83eabb27f954a7fa560417eb9ba6946: tablet copy: Starting download of 1 WAL segments...
I20260608 12:47:37.270869 28238 raft_consensus.cc:1275] T 3a20fef1e0cd4795bb97742595033383 P 4b8e955d905a4faf9d5362adc9a47eae [term 2 FOLLOWER]: Refusing update from remote peer 991edad8307c43509493342648ee5b2b: Log matching property violated. Preceding OpId in replica: term: 1 index: 1. Preceding OpId from leader: term: 2 index: 2. (index mismatch)
I20260608 12:47:37.272480 28355 consensus_queue.cc:1048] T 3a20fef1e0cd4795bb97742595033383 P 991edad8307c43509493342648ee5b2b [LEADER]: Connected to new peer: Peer: permanent_uuid: "4b8e955d905a4faf9d5362adc9a47eae" member_type: VOTER last_known_addr { host: "127.24.128.195" port: 41927 }, Status: LMP_MISMATCH, Last received: 0.0, Next index: 2, Last known committed idx: 1, Time since last communication: 0.000s
I20260608 12:47:37.272743 28556 tablet_copy_client.cc:538] T d522497bb282456b944f5fd32f396f5a P e83eabb27f954a7fa560417eb9ba6946: tablet copy: Tablet Copy complete. Replacing tablet superblock.
I20260608 12:47:37.281870 28556 tablet_bootstrap.cc:492] T d522497bb282456b944f5fd32f396f5a P e83eabb27f954a7fa560417eb9ba6946: Bootstrap starting.
I20260608 12:47:37.301796 28556 tablet_bootstrap.cc:492] T d522497bb282456b944f5fd32f396f5a P e83eabb27f954a7fa560417eb9ba6946: Bootstrap replayed 1/1 log segments. Stats: ops{read=2 overwritten=0 applied=2 ignored=0} inserts{seen=0 ignored=0} mutations{seen=0 ignored=0} orphaned_commits=0. Pending: 0 replicates
I20260608 12:47:37.302690 28556 tablet_bootstrap.cc:492] T d522497bb282456b944f5fd32f396f5a P e83eabb27f954a7fa560417eb9ba6946: Bootstrap complete.
I20260608 12:47:37.303186 28556 ts_tablet_manager.cc:1403] T d522497bb282456b944f5fd32f396f5a P e83eabb27f954a7fa560417eb9ba6946: Time spent bootstrapping tablet: real 0.022s	user 0.012s	sys 0.007s
I20260608 12:47:37.303380 28165 raft_consensus.cc:1275] T 92b81b71c23a44d99c25ddaf0b9a0788 P 774d6a3f7f77462ca4a9fdeeec4421c2 [term 2 FOLLOWER]: Refusing update from remote peer 4b8e955d905a4faf9d5362adc9a47eae: Log matching property violated. Preceding OpId in replica: term: 1 index: 1. Preceding OpId from leader: term: 2 index: 2. (index mismatch)
I20260608 12:47:37.304857 28339 consensus_queue.cc:1048] T 92b81b71c23a44d99c25ddaf0b9a0788 P 4b8e955d905a4faf9d5362adc9a47eae [LEADER]: Connected to new peer: Peer: permanent_uuid: "774d6a3f7f77462ca4a9fdeeec4421c2" member_type: VOTER last_known_addr { host: "127.24.128.194" port: 35951 }, Status: LMP_MISMATCH, Last received: 0.0, Next index: 2, Last known committed idx: 1, Time since last communication: 0.000s
I20260608 12:47:37.305537 28556 raft_consensus.cc:359] T d522497bb282456b944f5fd32f396f5a P e83eabb27f954a7fa560417eb9ba6946 [term 1 LEARNER]: Replica starting. Triggering 0 pending ops. Active config: opid_index: 2 OBSOLETE_local: false peers { permanent_uuid: "774d6a3f7f77462ca4a9fdeeec4421c2" member_type: VOTER last_known_addr { host: "127.24.128.194" port: 35951 } } peers { permanent_uuid: "991edad8307c43509493342648ee5b2b" member_type: VOTER last_known_addr { host: "127.24.128.193" port: 41833 } attrs { replace: true } } peers { permanent_uuid: "4b8e955d905a4faf9d5362adc9a47eae" member_type: VOTER last_known_addr { host: "127.24.128.195" port: 41927 } } peers { permanent_uuid: "e83eabb27f954a7fa560417eb9ba6946" member_type: NON_VOTER last_known_addr { host: "127.24.128.196" port: 35447 } attrs { promote: true } }
I20260608 12:47:37.306111 28556 raft_consensus.cc:740] T d522497bb282456b944f5fd32f396f5a P e83eabb27f954a7fa560417eb9ba6946 [term 1 LEARNER]: Becoming Follower/Learner. State: Replica: e83eabb27f954a7fa560417eb9ba6946, State: Initialized, Role: LEARNER
I20260608 12:47:37.306689 28556 consensus_queue.cc:260] T d522497bb282456b944f5fd32f396f5a P e83eabb27f954a7fa560417eb9ba6946 [NON_LEADER]: Queue going to NON_LEADER mode. State: All replicated index: 0, Majority replicated index: 0, Committed index: 2, Last appended: 1.2, Last appended by leader: 2, Current term: 0, Majority size: -1, State: 0, Mode: NON_LEADER, active raft config: opid_index: 2 OBSOLETE_local: false peers { permanent_uuid: "774d6a3f7f77462ca4a9fdeeec4421c2" member_type: VOTER last_known_addr { host: "127.24.128.194" port: 35951 } } peers { permanent_uuid: "991edad8307c43509493342648ee5b2b" member_type: VOTER last_known_addr { host: "127.24.128.193" port: 41833 } attrs { replace: true } } peers { permanent_uuid: "4b8e955d905a4faf9d5362adc9a47eae" member_type: VOTER last_known_addr { host: "127.24.128.195" port: 41927 } } peers { permanent_uuid: "e83eabb27f954a7fa560417eb9ba6946" member_type: NON_VOTER last_known_addr { host: "127.24.128.196" port: 35447 } attrs { promote: true } }
I20260608 12:47:37.308495 28556 ts_tablet_manager.cc:1434] T d522497bb282456b944f5fd32f396f5a P e83eabb27f954a7fa560417eb9ba6946: Time spent starting tablet: real 0.005s	user 0.003s	sys 0.004s
I20260608 12:47:37.316543 28089 raft_consensus.cc:1275] T 92b81b71c23a44d99c25ddaf0b9a0788 P 991edad8307c43509493342648ee5b2b [term 2 FOLLOWER]: Refusing update from remote peer 4b8e955d905a4faf9d5362adc9a47eae: Log matching property violated. Preceding OpId in replica: term: 1 index: 1. Preceding OpId from leader: term: 2 index: 2. (index mismatch)
I20260608 12:47:37.317993 28494 consensus_queue.cc:1048] T 92b81b71c23a44d99c25ddaf0b9a0788 P 4b8e955d905a4faf9d5362adc9a47eae [LEADER]: Connected to new peer: Peer: permanent_uuid: "991edad8307c43509493342648ee5b2b" member_type: VOTER last_known_addr { host: "127.24.128.193" port: 41833 }, Status: LMP_MISMATCH, Last received: 0.0, Next index: 2, Last known committed idx: 1, Time since last communication: 0.000s
I20260608 12:47:37.323997 28249 tablet_copy_service.cc:342] P 4b8e955d905a4faf9d5362adc9a47eae: Request end of tablet copy session e83eabb27f954a7fa560417eb9ba6946-d522497bb282456b944f5fd32f396f5a received from {username='slave'} at 127.0.0.1:58678
I20260608 12:47:37.324451 28249 tablet_copy_service.cc:434] P 4b8e955d905a4faf9d5362adc9a47eae: ending tablet copy session e83eabb27f954a7fa560417eb9ba6946-d522497bb282456b944f5fd32f396f5a on tablet d522497bb282456b944f5fd32f396f5a with peer e83eabb27f954a7fa560417eb9ba6946
I20260608 12:47:37.370688 28238 raft_consensus.cc:1275] T 867d7137b92e4461b0ee1189530e4fe5 P 4b8e955d905a4faf9d5362adc9a47eae [term 3 FOLLOWER]: Refusing update from remote peer 774d6a3f7f77462ca4a9fdeeec4421c2: Log matching property violated. Preceding OpId in replica: term: 2 index: 1. Preceding OpId from leader: term: 3 index: 2. (index mismatch)
I20260608 12:47:37.371943 28474 consensus_queue.cc:1048] T 867d7137b92e4461b0ee1189530e4fe5 P 774d6a3f7f77462ca4a9fdeeec4421c2 [LEADER]: Connected to new peer: Peer: permanent_uuid: "4b8e955d905a4faf9d5362adc9a47eae" member_type: VOTER last_known_addr { host: "127.24.128.195" port: 41927 }, Status: LMP_MISMATCH, Last received: 0.0, Next index: 2, Last known committed idx: 1, Time since last communication: 0.000s
I20260608 12:47:37.385314 28089 raft_consensus.cc:1275] T 867d7137b92e4461b0ee1189530e4fe5 P 991edad8307c43509493342648ee5b2b [term 3 FOLLOWER]: Refusing update from remote peer 774d6a3f7f77462ca4a9fdeeec4421c2: Log matching property violated. Preceding OpId in replica: term: 2 index: 1. Preceding OpId from leader: term: 3 index: 2. (index mismatch)
I20260608 12:47:37.386826 28474 consensus_queue.cc:1048] T 867d7137b92e4461b0ee1189530e4fe5 P 774d6a3f7f77462ca4a9fdeeec4421c2 [LEADER]: Connected to new peer: Peer: permanent_uuid: "991edad8307c43509493342648ee5b2b" member_type: VOTER last_known_addr { host: "127.24.128.193" port: 41833 }, Status: LMP_MISMATCH, Last received: 0.0, Next index: 2, Last known committed idx: 1, Time since last communication: 0.000s
I20260608 12:47:37.575841 28406 raft_consensus.cc:1217] T 893dd5af1f844c8c966ab15c4e964267 P e83eabb27f954a7fa560417eb9ba6946 [term 2 LEARNER]: Deduplicated request from leader. Original: 2.2->[2.3-2.3]   Dedup: 2.3->[]
I20260608 12:47:37.611922 28406 raft_consensus.cc:1217] T a22f4afd8b1a461ea9cf9433c73dfd7f P e83eabb27f954a7fa560417eb9ba6946 [term 1 LEARNER]: Deduplicated request from leader. Original: 1.1->[1.2-1.2]   Dedup: 1.2->[]
I20260608 12:47:37.722991 28406 raft_consensus.cc:1217] T fe49da7b044d4c4cb96cdb3340860d37 P e83eabb27f954a7fa560417eb9ba6946 [term 1 LEARNER]: Deduplicated request from leader. Original: 1.1->[1.2-1.2]   Dedup: 1.2->[]
I20260608 12:47:37.770370 28406 raft_consensus.cc:1217] T d522497bb282456b944f5fd32f396f5a P e83eabb27f954a7fa560417eb9ba6946 [term 1 LEARNER]: Deduplicated request from leader. Original: 1.1->[1.2-1.2]   Dedup: 1.2->[]
I20260608 12:47:38.006470 28474 raft_consensus.cc:1064] T a22f4afd8b1a461ea9cf9433c73dfd7f P 774d6a3f7f77462ca4a9fdeeec4421c2: attempting to promote NON_VOTER e83eabb27f954a7fa560417eb9ba6946 to VOTER
I20260608 12:47:38.008375 28474 consensus_queue.cc:237] T a22f4afd8b1a461ea9cf9433c73dfd7f P 774d6a3f7f77462ca4a9fdeeec4421c2 [LEADER]: Queue going to LEADER mode. State: All replicated index: 0, Majority replicated index: 2, Committed index: 2, Last appended: 1.2, Last appended by leader: 0, Current term: 1, Majority size: 3, State: 0, Mode: LEADER, active raft config: opid_index: 3 OBSOLETE_local: false peers { permanent_uuid: "4b8e955d905a4faf9d5362adc9a47eae" member_type: VOTER last_known_addr { host: "127.24.128.195" port: 41927 } attrs { replace: true } } peers { permanent_uuid: "774d6a3f7f77462ca4a9fdeeec4421c2" member_type: VOTER last_known_addr { host: "127.24.128.194" port: 35951 } } peers { permanent_uuid: "991edad8307c43509493342648ee5b2b" member_type: VOTER last_known_addr { host: "127.24.128.193" port: 41833 } } peers { permanent_uuid: "e83eabb27f954a7fa560417eb9ba6946" member_type: VOTER last_known_addr { host: "127.24.128.196" port: 35447 } attrs { promote: false } }
I20260608 12:47:38.014671 28406 raft_consensus.cc:1275] T a22f4afd8b1a461ea9cf9433c73dfd7f P e83eabb27f954a7fa560417eb9ba6946 [term 1 LEARNER]: Refusing update from remote peer 774d6a3f7f77462ca4a9fdeeec4421c2: Log matching property violated. Preceding OpId in replica: term: 1 index: 2. Preceding OpId from leader: term: 1 index: 3. (index mismatch)
I20260608 12:47:38.015676 28238 raft_consensus.cc:1275] T a22f4afd8b1a461ea9cf9433c73dfd7f P 4b8e955d905a4faf9d5362adc9a47eae [term 1 FOLLOWER]: Refusing update from remote peer 774d6a3f7f77462ca4a9fdeeec4421c2: Log matching property violated. Preceding OpId in replica: term: 1 index: 2. Preceding OpId from leader: term: 1 index: 3. (index mismatch)
I20260608 12:47:38.016758 28572 consensus_queue.cc:1048] T a22f4afd8b1a461ea9cf9433c73dfd7f P 774d6a3f7f77462ca4a9fdeeec4421c2 [LEADER]: Connected to new peer: Peer: permanent_uuid: "e83eabb27f954a7fa560417eb9ba6946" member_type: VOTER last_known_addr { host: "127.24.128.196" port: 35447 } attrs { promote: false }, Status: LMP_MISMATCH, Last received: 0.0, Next index: 3, Last known committed idx: 2, Time since last communication: 0.000s
I20260608 12:47:38.017068 28089 raft_consensus.cc:1275] T a22f4afd8b1a461ea9cf9433c73dfd7f P 991edad8307c43509493342648ee5b2b [term 1 FOLLOWER]: Refusing update from remote peer 774d6a3f7f77462ca4a9fdeeec4421c2: Log matching property violated. Preceding OpId in replica: term: 1 index: 2. Preceding OpId from leader: term: 1 index: 3. (index mismatch)
I20260608 12:47:38.019038 28572 consensus_queue.cc:1048] T a22f4afd8b1a461ea9cf9433c73dfd7f P 774d6a3f7f77462ca4a9fdeeec4421c2 [LEADER]: Connected to new peer: Peer: permanent_uuid: "4b8e955d905a4faf9d5362adc9a47eae" member_type: VOTER last_known_addr { host: "127.24.128.195" port: 41927 } attrs { replace: true }, Status: LMP_MISMATCH, Last received: 0.0, Next index: 3, Last known committed idx: 2, Time since last communication: 0.000s
I20260608 12:47:38.022730 28572 consensus_queue.cc:1048] T a22f4afd8b1a461ea9cf9433c73dfd7f P 774d6a3f7f77462ca4a9fdeeec4421c2 [LEADER]: Connected to new peer: Peer: permanent_uuid: "991edad8307c43509493342648ee5b2b" member_type: VOTER last_known_addr { host: "127.24.128.193" port: 41833 }, Status: LMP_MISMATCH, Last received: 0.0, Next index: 3, Last known committed idx: 2, Time since last communication: 0.000s
I20260608 12:47:38.037469 28572 raft_consensus.cc:2955] T a22f4afd8b1a461ea9cf9433c73dfd7f P 774d6a3f7f77462ca4a9fdeeec4421c2 [term 1 LEADER]: Committing config change with OpId 1.3: config changed from index 2 to 3, e83eabb27f954a7fa560417eb9ba6946 (127.24.128.196) changed from NON_VOTER to VOTER. New config: { opid_index: 3 OBSOLETE_local: false peers { permanent_uuid: "4b8e955d905a4faf9d5362adc9a47eae" member_type: VOTER last_known_addr { host: "127.24.128.195" port: 41927 } attrs { replace: true } } peers { permanent_uuid: "774d6a3f7f77462ca4a9fdeeec4421c2" member_type: VOTER last_known_addr { host: "127.24.128.194" port: 35951 } } peers { permanent_uuid: "991edad8307c43509493342648ee5b2b" member_type: VOTER last_known_addr { host: "127.24.128.193" port: 41833 } } peers { permanent_uuid: "e83eabb27f954a7fa560417eb9ba6946" member_type: VOTER last_known_addr { host: "127.24.128.196" port: 35447 } attrs { promote: false } } }
I20260608 12:47:38.042398 28238 raft_consensus.cc:2955] T a22f4afd8b1a461ea9cf9433c73dfd7f P 4b8e955d905a4faf9d5362adc9a47eae [term 1 FOLLOWER]: Committing config change with OpId 1.3: config changed from index 2 to 3, e83eabb27f954a7fa560417eb9ba6946 (127.24.128.196) changed from NON_VOTER to VOTER. New config: { opid_index: 3 OBSOLETE_local: false peers { permanent_uuid: "4b8e955d905a4faf9d5362adc9a47eae" member_type: VOTER last_known_addr { host: "127.24.128.195" port: 41927 } attrs { replace: true } } peers { permanent_uuid: "774d6a3f7f77462ca4a9fdeeec4421c2" member_type: VOTER last_known_addr { host: "127.24.128.194" port: 35951 } } peers { permanent_uuid: "991edad8307c43509493342648ee5b2b" member_type: VOTER last_known_addr { host: "127.24.128.193" port: 41833 } } peers { permanent_uuid: "e83eabb27f954a7fa560417eb9ba6946" member_type: VOTER last_known_addr { host: "127.24.128.196" port: 35447 } attrs { promote: false } } }
I20260608 12:47:38.045238 28087 raft_consensus.cc:2955] T a22f4afd8b1a461ea9cf9433c73dfd7f P 991edad8307c43509493342648ee5b2b [term 1 FOLLOWER]: Committing config change with OpId 1.3: config changed from index 2 to 3, e83eabb27f954a7fa560417eb9ba6946 (127.24.128.196) changed from NON_VOTER to VOTER. New config: { opid_index: 3 OBSOLETE_local: false peers { permanent_uuid: "4b8e955d905a4faf9d5362adc9a47eae" member_type: VOTER last_known_addr { host: "127.24.128.195" port: 41927 } attrs { replace: true } } peers { permanent_uuid: "774d6a3f7f77462ca4a9fdeeec4421c2" member_type: VOTER last_known_addr { host: "127.24.128.194" port: 35951 } } peers { permanent_uuid: "991edad8307c43509493342648ee5b2b" member_type: VOTER last_known_addr { host: "127.24.128.193" port: 41833 } } peers { permanent_uuid: "e83eabb27f954a7fa560417eb9ba6946" member_type: VOTER last_known_addr { host: "127.24.128.196" port: 35447 } attrs { promote: false } } }
I20260608 12:47:38.054003 28406 raft_consensus.cc:2955] T a22f4afd8b1a461ea9cf9433c73dfd7f P e83eabb27f954a7fa560417eb9ba6946 [term 1 FOLLOWER]: Committing config change with OpId 1.3: config changed from index 2 to 3, e83eabb27f954a7fa560417eb9ba6946 (127.24.128.196) changed from NON_VOTER to VOTER. New config: { opid_index: 3 OBSOLETE_local: false peers { permanent_uuid: "4b8e955d905a4faf9d5362adc9a47eae" member_type: VOTER last_known_addr { host: "127.24.128.195" port: 41927 } attrs { replace: true } } peers { permanent_uuid: "774d6a3f7f77462ca4a9fdeeec4421c2" member_type: VOTER last_known_addr { host: "127.24.128.194" port: 35951 } } peers { permanent_uuid: "991edad8307c43509493342648ee5b2b" member_type: VOTER last_known_addr { host: "127.24.128.193" port: 41833 } } peers { permanent_uuid: "e83eabb27f954a7fa560417eb9ba6946" member_type: VOTER last_known_addr { host: "127.24.128.196" port: 35447 } attrs { promote: false } } }
I20260608 12:47:38.056694 27986 catalog_manager.cc:5696] T a22f4afd8b1a461ea9cf9433c73dfd7f P 4b8e955d905a4faf9d5362adc9a47eae reported cstate change: config changed from index 2 to 3, e83eabb27f954a7fa560417eb9ba6946 (127.24.128.196) changed from NON_VOTER to VOTER. New cstate: current_term: 1 leader_uuid: "774d6a3f7f77462ca4a9fdeeec4421c2" committed_config { opid_index: 3 OBSOLETE_local: false peers { permanent_uuid: "4b8e955d905a4faf9d5362adc9a47eae" member_type: VOTER last_known_addr { host: "127.24.128.195" port: 41927 } attrs { replace: true } } peers { permanent_uuid: "774d6a3f7f77462ca4a9fdeeec4421c2" member_type: VOTER last_known_addr { host: "127.24.128.194" port: 35951 } } peers { permanent_uuid: "991edad8307c43509493342648ee5b2b" member_type: VOTER last_known_addr { host: "127.24.128.193" port: 41833 } } peers { permanent_uuid: "e83eabb27f954a7fa560417eb9ba6946" member_type: VOTER last_known_addr { host: "127.24.128.196" port: 35447 } attrs { promote: false } } }
I20260608 12:47:38.080777 28488 raft_consensus.cc:1064] T 893dd5af1f844c8c966ab15c4e964267 P 991edad8307c43509493342648ee5b2b: attempting to promote NON_VOTER e83eabb27f954a7fa560417eb9ba6946 to VOTER
I20260608 12:47:38.083559 28488 consensus_queue.cc:237] T 893dd5af1f844c8c966ab15c4e964267 P 991edad8307c43509493342648ee5b2b [LEADER]: Queue going to LEADER mode. State: All replicated index: 0, Majority replicated index: 3, Committed index: 3, Last appended: 2.3, Last appended by leader: 1, Current term: 2, Majority size: 3, State: 0, Mode: LEADER, active raft config: opid_index: 4 OBSOLETE_local: false peers { permanent_uuid: "991edad8307c43509493342648ee5b2b" member_type: VOTER last_known_addr { host: "127.24.128.193" port: 41833 } } peers { permanent_uuid: "774d6a3f7f77462ca4a9fdeeec4421c2" member_type: VOTER last_known_addr { host: "127.24.128.194" port: 35951 } attrs { replace: true } } peers { permanent_uuid: "4b8e955d905a4faf9d5362adc9a47eae" member_type: VOTER last_known_addr { host: "127.24.128.195" port: 41927 } } peers { permanent_uuid: "e83eabb27f954a7fa560417eb9ba6946" member_type: VOTER last_known_addr { host: "127.24.128.196" port: 35447 } attrs { promote: false } }
I20260608 12:47:38.095881 28238 raft_consensus.cc:1275] T 893dd5af1f844c8c966ab15c4e964267 P 4b8e955d905a4faf9d5362adc9a47eae [term 2 FOLLOWER]: Refusing update from remote peer 991edad8307c43509493342648ee5b2b: Log matching property violated. Preceding OpId in replica: term: 2 index: 3. Preceding OpId from leader: term: 2 index: 4. (index mismatch)
I20260608 12:47:38.096130 28406 raft_consensus.cc:1275] T 893dd5af1f844c8c966ab15c4e964267 P e83eabb27f954a7fa560417eb9ba6946 [term 2 LEARNER]: Refusing update from remote peer 991edad8307c43509493342648ee5b2b: Log matching property violated. Preceding OpId in replica: term: 2 index: 3. Preceding OpId from leader: term: 2 index: 4. (index mismatch)
I20260608 12:47:38.097812 28488 consensus_queue.cc:1048] T 893dd5af1f844c8c966ab15c4e964267 P 991edad8307c43509493342648ee5b2b [LEADER]: Connected to new peer: Peer: permanent_uuid: "4b8e955d905a4faf9d5362adc9a47eae" member_type: VOTER last_known_addr { host: "127.24.128.195" port: 41927 }, Status: LMP_MISMATCH, Last received: 0.0, Next index: 4, Last known committed idx: 3, Time since last communication: 0.000s
I20260608 12:47:38.098984 28486 consensus_queue.cc:1048] T 893dd5af1f844c8c966ab15c4e964267 P 991edad8307c43509493342648ee5b2b [LEADER]: Connected to new peer: Peer: permanent_uuid: "e83eabb27f954a7fa560417eb9ba6946" member_type: VOTER last_known_addr { host: "127.24.128.196" port: 35447 } attrs { promote: false }, Status: LMP_MISMATCH, Last received: 0.0, Next index: 4, Last known committed idx: 3, Time since last communication: 0.000s
I20260608 12:47:38.104540 28165 raft_consensus.cc:1275] T 893dd5af1f844c8c966ab15c4e964267 P 774d6a3f7f77462ca4a9fdeeec4421c2 [term 2 FOLLOWER]: Refusing update from remote peer 991edad8307c43509493342648ee5b2b: Log matching property violated. Preceding OpId in replica: term: 2 index: 3. Preceding OpId from leader: term: 2 index: 4. (index mismatch)
