I20260608 12:47:31.665516 24997 fs_report.cc:389] FS layout report
--------------------
wal directory: /tmp/dist-test-taskYaIoFP/test-tmp/auto_rebalancer-test.0.AutoRebalancerTest.NoReplicaMovesIfLocationLoadSkewedByOne.1780922765667868-24997-0/minicluster-data/ts-2-root
metadata directory: /tmp/dist-test-taskYaIoFP/test-tmp/auto_rebalancer-test.0.AutoRebalancerTest.NoReplicaMovesIfLocationLoadSkewedByOne.1780922765667868-24997-0/minicluster-data/ts-2-root
1 data directories: /tmp/dist-test-taskYaIoFP/test-tmp/auto_rebalancer-test.0.AutoRebalancerTest.NoReplicaMovesIfLocationLoadSkewedByOne.1780922765667868-24997-0/minicluster-data/ts-2-root/data
Total live blocks: 0
Total live bytes: 0
Total live bytes (after alignment): 0
Total number of LBM containers: 0 (0 full)
Did not check for missing blocks
Did not check for orphaned blocks
Total full LBM containers with extra space: 0 (0 repaired)
Total full LBM container extra space in bytes: 0 (0 repaired)
Total incomplete LBM containers: 0 (0 repaired)
Total LBM partial records: 0 (0 repaired)
Total corrupted LBM metadata records in RocksDB: 0 (0 repaired)
I20260608 12:47:31.679263 24997 rpc_server.cc:225] running with OpenSSL 1.1.1  11 Sep 2018
I20260608 12:47:31.680444 24997 kserver.cc:163] Server-wide thread pool size limit: 3276
I20260608 12:47:31.681860 24997 txn_system_client.cc:432] TxnSystemClient initialization is disabled...
I20260608 12:47:31.684199 24997 ts_tablet_manager.cc:585] Loaded tablet metadata (0 total tablets, 0 live tablets)
I20260608 12:47:31.684432 24997 ts_tablet_manager.cc:531] Time spent load tablet metadata: real 0.000s	user 0.000s	sys 0.000s
I20260608 12:47:31.684674 24997 ts_tablet_manager.cc:616] Registered 0 tablets
I20260608 12:47:31.684851 24997 ts_tablet_manager.cc:595] Time spent register tablets: real 0.000s	user 0.000s	sys 0.000s
I20260608 12:47:31.724573 24997 rpc_server.cc:307] RPC server started. Bound to: 127.24.105.67:40655
I20260608 12:47:31.724694 28821 acceptor_pool.cc:272] collecting diagnostics on the listening RPC socket 127.24.105.67:40655 every 8 connection(s)
I20260608 12:47:31.729694 24997 file_cache.cc:492] Constructed file cache file cache with capacity 419430
W20260608 12:47:31.737480 28825 instance_detector.cc:116] could not retrieve AWS instance metadata: Network error: curl error: HTTP response code said error: The requested URL returned error: 404
W20260608 12:47:31.738459 28826 instance_detector.cc:116] could not retrieve Azure instance metadata: Network error: curl error: HTTP response code said error: The requested URL returned error: 404
I20260608 12:47:31.741425 24997 server_base.cc:1061] running on GCE node
W20260608 12:47:31.741796 28829 instance_detector.cc:116] could not retrieve OpenStack instance metadata: Network error: curl error: HTTP response code said error: The requested URL returned error: 404
I20260608 12:47:31.742393 28822 heartbeater.cc:344] Connected to a master server at 127.24.105.126:40303
I20260608 12:47:31.742800 28822 heartbeater.cc:461] Registering TS with master...
I20260608 12:47:31.742892 24997 hybrid_clock.cc:584] initializing the hybrid clock with 'system_unsync' time source
W20260608 12:47:31.743192 24997 system_unsync_time.cc:38] NTP support is disabled. Clock error bounds will not be accurate. This configuration is not suitable for distributed clusters.
I20260608 12:47:31.743369 24997 hybrid_clock.cc:648] HybridClock initialized: now 1780922851743355 us; error 0 us; skew 500 ppm
I20260608 12:47:31.743645 28822 heartbeater.cc:507] Master 127.24.105.126:40303 requested a full tablet report, sending...
I20260608 12:47:31.744096 24997 server_base.cc:861] Flag tcmalloc_max_total_thread_cache_bytes is not working since tcmalloc is not enabled.
I20260608 12:47:31.746063 28546 ts_manager.cc:194] Registered new tserver with Master: 3eaa3b6f53114e9e846f0705e071b58c (127.24.105.67:40655)
I20260608 12:47:31.747017 24997 webserver.cc:533] Webserver started at http://127.24.105.68:44525/ using document root <none> and password file <none>
I20260608 12:47:31.747720 24997 fs_manager.cc:362] Metadata directory not provided
I20260608 12:47:31.747949 24997 fs_manager.cc:368] Using write-ahead log directory (fs_wal_dir) as metadata directory
I20260608 12:47:31.747960 28546 master_service.cc:502] Signed X509 certificate for tserver {username='slave'} at 127.0.0.1:42910
I20260608 12:47:31.748436 24997 server_base.cc:909] This appears to be a new deployment of Kudu; creating new FS layout
I20260608 12:47:31.749745 24997 fs_manager.cc:1068] Generated new instance metadata in path /tmp/dist-test-taskYaIoFP/test-tmp/auto_rebalancer-test.0.AutoRebalancerTest.NoReplicaMovesIfLocationLoadSkewedByOne.1780922765667868-24997-0/minicluster-data/ts-3-root/instance:
uuid: "42fff90f6a3643c1a69070f21ff7ef09"
format_stamp: "Formatted at 2026-06-08 12:47:31 on dist-test-slave-zch2"
I20260608 12:47:31.754220 24997 fs_manager.cc:696] Time spent creating directory manager: real 0.004s	user 0.006s	sys 0.000s
I20260608 12:47:31.757537 28833 log_block_manager.cc:4031] Time spent loading block containers with low live blocks: real 0.000s	user 0.000s	sys 0.000s
I20260608 12:47:31.758242 24997 fs_manager.cc:730] Time spent opening block manager: real 0.002s	user 0.001s	sys 0.000s
I20260608 12:47:31.758534 24997 fs_manager.cc:647] Opened local filesystem: /tmp/dist-test-taskYaIoFP/test-tmp/auto_rebalancer-test.0.AutoRebalancerTest.NoReplicaMovesIfLocationLoadSkewedByOne.1780922765667868-24997-0/minicluster-data/ts-3-root
uuid: "42fff90f6a3643c1a69070f21ff7ef09"
format_stamp: "Formatted at 2026-06-08 12:47:31 on dist-test-slave-zch2"
I20260608 12:47:31.758811 24997 fs_report.cc:389] FS layout report
--------------------
wal directory: /tmp/dist-test-taskYaIoFP/test-tmp/auto_rebalancer-test.0.AutoRebalancerTest.NoReplicaMovesIfLocationLoadSkewedByOne.1780922765667868-24997-0/minicluster-data/ts-3-root
metadata directory: /tmp/dist-test-taskYaIoFP/test-tmp/auto_rebalancer-test.0.AutoRebalancerTest.NoReplicaMovesIfLocationLoadSkewedByOne.1780922765667868-24997-0/minicluster-data/ts-3-root
1 data directories: /tmp/dist-test-taskYaIoFP/test-tmp/auto_rebalancer-test.0.AutoRebalancerTest.NoReplicaMovesIfLocationLoadSkewedByOne.1780922765667868-24997-0/minicluster-data/ts-3-root/data
Total live blocks: 0
Total live bytes: 0
Total live bytes (after alignment): 0
Total number of LBM containers: 0 (0 full)
Did not check for missing blocks
Did not check for orphaned blocks
Total full LBM containers with extra space: 0 (0 repaired)
Total full LBM container extra space in bytes: 0 (0 repaired)
Total incomplete LBM containers: 0 (0 repaired)
Total LBM partial records: 0 (0 repaired)
Total corrupted LBM metadata records in RocksDB: 0 (0 repaired)
I20260608 12:47:31.773123 24997 rpc_server.cc:225] running with OpenSSL 1.1.1  11 Sep 2018
I20260608 12:47:31.774399 24997 kserver.cc:163] Server-wide thread pool size limit: 3276
I20260608 12:47:31.775926 24997 txn_system_client.cc:432] TxnSystemClient initialization is disabled...
I20260608 12:47:31.778156 24997 ts_tablet_manager.cc:585] Loaded tablet metadata (0 total tablets, 0 live tablets)
I20260608 12:47:31.778342 24997 ts_tablet_manager.cc:531] Time spent load tablet metadata: real 0.000s	user 0.000s	sys 0.000s
I20260608 12:47:31.778522 24997 ts_tablet_manager.cc:616] Registered 0 tablets
I20260608 12:47:31.778648 24997 ts_tablet_manager.cc:595] Time spent register tablets: real 0.000s	user 0.000s	sys 0.000s
I20260608 12:47:31.832657 24997 rpc_server.cc:307] RPC server started. Bound to: 127.24.105.68:36123
I20260608 12:47:31.832782 28895 acceptor_pool.cc:272] collecting diagnostics on the listening RPC socket 127.24.105.68:36123 every 8 connection(s)
I20260608 12:47:31.846700 28896 heartbeater.cc:344] Connected to a master server at 127.24.105.126:40303
I20260608 12:47:31.847128 28896 heartbeater.cc:461] Registering TS with master...
I20260608 12:47:31.847967 28896 heartbeater.cc:507] Master 127.24.105.126:40303 requested a full tablet report, sending...
I20260608 12:47:31.850026 28546 ts_manager.cc:194] Registered new tserver with Master: 42fff90f6a3643c1a69070f21ff7ef09 (127.24.105.68:36123)
I20260608 12:47:31.850899 24997 internal_mini_cluster.cc:371] 4 TS(s) registered with all masters after 0.014847328s
I20260608 12:47:31.851390 28546 master_service.cc:502] Signed X509 certificate for tserver {username='slave'} at 127.0.0.1:42926
I20260608 12:47:32.406522 28546 catalog_manager.cc:2282] Servicing CreateTable request from {username='slave'} at 127.0.0.1:42930:
name: "test-workload"
schema {
  columns {
    name: "key"
    type: INT32
    is_key: true
    is_nullable: false
    encoding: AUTO_ENCODING
    compression: DEFAULT_COMPRESSION
    cfile_block_size: 0
    immutable: false
  }
  columns {
    name: "int_val"
    type: INT32
    is_key: false
    is_nullable: false
    encoding: AUTO_ENCODING
    compression: DEFAULT_COMPRESSION
    cfile_block_size: 0
    immutable: false
  }
  columns {
    name: "string_val"
    type: STRING
    is_key: false
    is_nullable: true
    encoding: AUTO_ENCODING
    compression: DEFAULT_COMPRESSION
    cfile_block_size: 0
    immutable: false
  }
}
num_replicas: 3
split_rows_range_bounds {
}
partition_schema {
  range_schema {
    columns {
      name: "key"
    }
  }
}
I20260608 12:47:32.454912 28638 tablet_service.cc:1511] Processing CreateTablet for tablet 95b8815ffdbf4aaab64d15533fe32ae6 (DEFAULT_TABLE table=test-workload [id=493124b22015435ebad01df7939a6589]), partition=RANGE (key) PARTITION UNBOUNDED
I20260608 12:47:32.456414 28638 data_dirs.cc:400] Could only allocate 1 dirs of requested 3 for tablet 95b8815ffdbf4aaab64d15533fe32ae6. 1 dirs total, 0 dirs full, 0 dirs failed
I20260608 12:47:32.462857 28713 tablet_service.cc:1511] Processing CreateTablet for tablet 95b8815ffdbf4aaab64d15533fe32ae6 (DEFAULT_TABLE table=test-workload [id=493124b22015435ebad01df7939a6589]), partition=RANGE (key) PARTITION UNBOUNDED
I20260608 12:47:32.464318 28713 data_dirs.cc:400] Could only allocate 1 dirs of requested 3 for tablet 95b8815ffdbf4aaab64d15533fe32ae6. 1 dirs total, 0 dirs full, 0 dirs failed
I20260608 12:47:32.466337 28787 tablet_service.cc:1511] Processing CreateTablet for tablet 95b8815ffdbf4aaab64d15533fe32ae6 (DEFAULT_TABLE table=test-workload [id=493124b22015435ebad01df7939a6589]), partition=RANGE (key) PARTITION UNBOUNDED
I20260608 12:47:32.467736 28787 data_dirs.cc:400] Could only allocate 1 dirs of requested 3 for tablet 95b8815ffdbf4aaab64d15533fe32ae6. 1 dirs total, 0 dirs full, 0 dirs failed
I20260608 12:47:32.481798 28917 tablet_bootstrap.cc:492] T 95b8815ffdbf4aaab64d15533fe32ae6 P 013a2728788b418d81e95bec2388faf9: Bootstrap starting.
I20260608 12:47:32.490774 28917 tablet_bootstrap.cc:654] T 95b8815ffdbf4aaab64d15533fe32ae6 P 013a2728788b418d81e95bec2388faf9: Neither blocks nor log segments found. Creating new log.
I20260608 12:47:32.492491 28919 tablet_bootstrap.cc:492] T 95b8815ffdbf4aaab64d15533fe32ae6 P 3eaa3b6f53114e9e846f0705e071b58c: Bootstrap starting.
I20260608 12:47:32.493458 28918 tablet_bootstrap.cc:492] T 95b8815ffdbf4aaab64d15533fe32ae6 P 7bc74912399f49ba8d77c95a79e43925: Bootstrap starting.
I20260608 12:47:32.500311 28919 tablet_bootstrap.cc:654] T 95b8815ffdbf4aaab64d15533fe32ae6 P 3eaa3b6f53114e9e846f0705e071b58c: Neither blocks nor log segments found. Creating new log.
I20260608 12:47:32.502213 28918 tablet_bootstrap.cc:654] T 95b8815ffdbf4aaab64d15533fe32ae6 P 7bc74912399f49ba8d77c95a79e43925: Neither blocks nor log segments found. Creating new log.
I20260608 12:47:32.502832 28917 tablet_bootstrap.cc:492] T 95b8815ffdbf4aaab64d15533fe32ae6 P 013a2728788b418d81e95bec2388faf9: No bootstrap required, opened a new log
I20260608 12:47:32.503454 28917 ts_tablet_manager.cc:1403] T 95b8815ffdbf4aaab64d15533fe32ae6 P 013a2728788b418d81e95bec2388faf9: Time spent bootstrapping tablet: real 0.022s	user 0.012s	sys 0.008s
I20260608 12:47:32.505672 28919 tablet_bootstrap.cc:492] T 95b8815ffdbf4aaab64d15533fe32ae6 P 3eaa3b6f53114e9e846f0705e071b58c: No bootstrap required, opened a new log
I20260608 12:47:32.507033 28919 ts_tablet_manager.cc:1403] T 95b8815ffdbf4aaab64d15533fe32ae6 P 3eaa3b6f53114e9e846f0705e071b58c: Time spent bootstrapping tablet: real 0.015s	user 0.006s	sys 0.006s
I20260608 12:47:32.507321 28917 raft_consensus.cc:359] T 95b8815ffdbf4aaab64d15533fe32ae6 P 013a2728788b418d81e95bec2388faf9 [term 0 FOLLOWER]: Replica starting. Triggering 0 pending ops. Active config: opid_index: -1 OBSOLETE_local: false peers { permanent_uuid: "013a2728788b418d81e95bec2388faf9" member_type: VOTER last_known_addr { host: "127.24.105.65" port: 40065 } } peers { permanent_uuid: "7bc74912399f49ba8d77c95a79e43925" member_type: VOTER last_known_addr { host: "127.24.105.66" port: 34139 } } peers { permanent_uuid: "3eaa3b6f53114e9e846f0705e071b58c" member_type: VOTER last_known_addr { host: "127.24.105.67" port: 40655 } }
I20260608 12:47:32.508352 28917 raft_consensus.cc:385] T 95b8815ffdbf4aaab64d15533fe32ae6 P 013a2728788b418d81e95bec2388faf9 [term 0 FOLLOWER]: Consensus starting up: Expiring failure detector timer to make a prompt election more likely
I20260608 12:47:32.508620 28917 raft_consensus.cc:740] T 95b8815ffdbf4aaab64d15533fe32ae6 P 013a2728788b418d81e95bec2388faf9 [term 0 FOLLOWER]: Becoming Follower/Learner. State: Replica: 013a2728788b418d81e95bec2388faf9, State: Initialized, Role: FOLLOWER
I20260608 12:47:32.509416 28917 consensus_queue.cc:260] T 95b8815ffdbf4aaab64d15533fe32ae6 P 013a2728788b418d81e95bec2388faf9 [NON_LEADER]: Queue going to NON_LEADER mode. State: All replicated index: 0, Majority replicated index: 0, Committed index: 0, Last appended: 0.0, Last appended by leader: 0, Current term: 0, Majority size: -1, State: 0, Mode: NON_LEADER, active raft config: opid_index: -1 OBSOLETE_local: false peers { permanent_uuid: "013a2728788b418d81e95bec2388faf9" member_type: VOTER last_known_addr { host: "127.24.105.65" port: 40065 } } peers { permanent_uuid: "7bc74912399f49ba8d77c95a79e43925" member_type: VOTER last_known_addr { host: "127.24.105.66" port: 34139 } } peers { permanent_uuid: "3eaa3b6f53114e9e846f0705e071b58c" member_type: VOTER last_known_addr { host: "127.24.105.67" port: 40655 } }
I20260608 12:47:32.509940 28919 raft_consensus.cc:359] T 95b8815ffdbf4aaab64d15533fe32ae6 P 3eaa3b6f53114e9e846f0705e071b58c [term 0 FOLLOWER]: Replica starting. Triggering 0 pending ops. Active config: opid_index: -1 OBSOLETE_local: false peers { permanent_uuid: "013a2728788b418d81e95bec2388faf9" member_type: VOTER last_known_addr { host: "127.24.105.65" port: 40065 } } peers { permanent_uuid: "7bc74912399f49ba8d77c95a79e43925" member_type: VOTER last_known_addr { host: "127.24.105.66" port: 34139 } } peers { permanent_uuid: "3eaa3b6f53114e9e846f0705e071b58c" member_type: VOTER last_known_addr { host: "127.24.105.67" port: 40655 } }
I20260608 12:47:32.510424 28918 tablet_bootstrap.cc:492] T 95b8815ffdbf4aaab64d15533fe32ae6 P 7bc74912399f49ba8d77c95a79e43925: No bootstrap required, opened a new log
I20260608 12:47:32.510581 28919 raft_consensus.cc:385] T 95b8815ffdbf4aaab64d15533fe32ae6 P 3eaa3b6f53114e9e846f0705e071b58c [term 0 FOLLOWER]: Consensus starting up: Expiring failure detector timer to make a prompt election more likely
I20260608 12:47:32.511014 28919 raft_consensus.cc:740] T 95b8815ffdbf4aaab64d15533fe32ae6 P 3eaa3b6f53114e9e846f0705e071b58c [term 0 FOLLOWER]: Becoming Follower/Learner. State: Replica: 3eaa3b6f53114e9e846f0705e071b58c, State: Initialized, Role: FOLLOWER
I20260608 12:47:32.511137 28918 ts_tablet_manager.cc:1403] T 95b8815ffdbf4aaab64d15533fe32ae6 P 7bc74912399f49ba8d77c95a79e43925: Time spent bootstrapping tablet: real 0.019s	user 0.012s	sys 0.003s
I20260608 12:47:32.511924 28919 consensus_queue.cc:260] T 95b8815ffdbf4aaab64d15533fe32ae6 P 3eaa3b6f53114e9e846f0705e071b58c [NON_LEADER]: Queue going to NON_LEADER mode. State: All replicated index: 0, Majority replicated index: 0, Committed index: 0, Last appended: 0.0, Last appended by leader: 0, Current term: 0, Majority size: -1, State: 0, Mode: NON_LEADER, active raft config: opid_index: -1 OBSOLETE_local: false peers { permanent_uuid: "013a2728788b418d81e95bec2388faf9" member_type: VOTER last_known_addr { host: "127.24.105.65" port: 40065 } } peers { permanent_uuid: "7bc74912399f49ba8d77c95a79e43925" member_type: VOTER last_known_addr { host: "127.24.105.66" port: 34139 } } peers { permanent_uuid: "3eaa3b6f53114e9e846f0705e071b58c" member_type: VOTER last_known_addr { host: "127.24.105.67" port: 40655 } }
I20260608 12:47:32.512846 28673 heartbeater.cc:499] Master 127.24.105.126:40303 was elected leader, sending a full tablet report...
I20260608 12:47:32.513311 28917 ts_tablet_manager.cc:1434] T 95b8815ffdbf4aaab64d15533fe32ae6 P 013a2728788b418d81e95bec2388faf9: Time spent starting tablet: real 0.009s	user 0.008s	sys 0.000s
I20260608 12:47:32.514528 28822 heartbeater.cc:499] Master 127.24.105.126:40303 was elected leader, sending a full tablet report...
I20260608 12:47:32.515007 28919 ts_tablet_manager.cc:1434] T 95b8815ffdbf4aaab64d15533fe32ae6 P 3eaa3b6f53114e9e846f0705e071b58c: Time spent starting tablet: real 0.008s	user 0.006s	sys 0.000s
I20260608 12:47:32.517120 28918 raft_consensus.cc:359] T 95b8815ffdbf4aaab64d15533fe32ae6 P 7bc74912399f49ba8d77c95a79e43925 [term 0 FOLLOWER]: Replica starting. Triggering 0 pending ops. Active config: opid_index: -1 OBSOLETE_local: false peers { permanent_uuid: "013a2728788b418d81e95bec2388faf9" member_type: VOTER last_known_addr { host: "127.24.105.65" port: 40065 } } peers { permanent_uuid: "7bc74912399f49ba8d77c95a79e43925" member_type: VOTER last_known_addr { host: "127.24.105.66" port: 34139 } } peers { permanent_uuid: "3eaa3b6f53114e9e846f0705e071b58c" member_type: VOTER last_known_addr { host: "127.24.105.67" port: 40655 } }
I20260608 12:47:32.517715 28918 raft_consensus.cc:385] T 95b8815ffdbf4aaab64d15533fe32ae6 P 7bc74912399f49ba8d77c95a79e43925 [term 0 FOLLOWER]: Consensus starting up: Expiring failure detector timer to make a prompt election more likely
I20260608 12:47:32.517961 28918 raft_consensus.cc:740] T 95b8815ffdbf4aaab64d15533fe32ae6 P 7bc74912399f49ba8d77c95a79e43925 [term 0 FOLLOWER]: Becoming Follower/Learner. State: Replica: 7bc74912399f49ba8d77c95a79e43925, State: Initialized, Role: FOLLOWER
I20260608 12:47:32.518595 28918 consensus_queue.cc:260] T 95b8815ffdbf4aaab64d15533fe32ae6 P 7bc74912399f49ba8d77c95a79e43925 [NON_LEADER]: Queue going to NON_LEADER mode. State: All replicated index: 0, Majority replicated index: 0, Committed index: 0, Last appended: 0.0, Last appended by leader: 0, Current term: 0, Majority size: -1, State: 0, Mode: NON_LEADER, active raft config: opid_index: -1 OBSOLETE_local: false peers { permanent_uuid: "013a2728788b418d81e95bec2388faf9" member_type: VOTER last_known_addr { host: "127.24.105.65" port: 40065 } } peers { permanent_uuid: "7bc74912399f49ba8d77c95a79e43925" member_type: VOTER last_known_addr { host: "127.24.105.66" port: 34139 } } peers { permanent_uuid: "3eaa3b6f53114e9e846f0705e071b58c" member_type: VOTER last_known_addr { host: "127.24.105.67" port: 40655 } }
I20260608 12:47:32.522064 28748 heartbeater.cc:499] Master 127.24.105.126:40303 was elected leader, sending a full tablet report...
I20260608 12:47:32.522706 28918 ts_tablet_manager.cc:1434] T 95b8815ffdbf4aaab64d15533fe32ae6 P 7bc74912399f49ba8d77c95a79e43925: Time spent starting tablet: real 0.011s	user 0.009s	sys 0.000s
I20260608 12:47:32.548081 28925 raft_consensus.cc:493] T 95b8815ffdbf4aaab64d15533fe32ae6 P 7bc74912399f49ba8d77c95a79e43925 [term 0 FOLLOWER]: Starting pre-election (no leader contacted us within the election timeout)
I20260608 12:47:32.548540 28925 raft_consensus.cc:515] T 95b8815ffdbf4aaab64d15533fe32ae6 P 7bc74912399f49ba8d77c95a79e43925 [term 0 FOLLOWER]: Starting pre-election with config: opid_index: -1 OBSOLETE_local: false peers { permanent_uuid: "013a2728788b418d81e95bec2388faf9" member_type: VOTER last_known_addr { host: "127.24.105.65" port: 40065 } } peers { permanent_uuid: "7bc74912399f49ba8d77c95a79e43925" member_type: VOTER last_known_addr { host: "127.24.105.66" port: 34139 } } peers { permanent_uuid: "3eaa3b6f53114e9e846f0705e071b58c" member_type: VOTER last_known_addr { host: "127.24.105.67" port: 40655 } }
I20260608 12:47:32.550958 28925 leader_election.cc:290] T 95b8815ffdbf4aaab64d15533fe32ae6 P 7bc74912399f49ba8d77c95a79e43925 [CANDIDATE]: Term 1 pre-election: Requested pre-vote from peers 013a2728788b418d81e95bec2388faf9 (127.24.105.65:40065), 3eaa3b6f53114e9e846f0705e071b58c (127.24.105.67:40655)
I20260608 12:47:32.563786 28648 tablet_service.cc:1917] Received RequestConsensusVote() RPC: tablet_id: "95b8815ffdbf4aaab64d15533fe32ae6" candidate_uuid: "7bc74912399f49ba8d77c95a79e43925" candidate_term: 1 candidate_status { last_received { term: 0 index: 0 } } ignore_live_leader: false dest_uuid: "013a2728788b418d81e95bec2388faf9" is_pre_election: true
I20260608 12:47:32.564051 28797 tablet_service.cc:1917] Received RequestConsensusVote() RPC: tablet_id: "95b8815ffdbf4aaab64d15533fe32ae6" candidate_uuid: "7bc74912399f49ba8d77c95a79e43925" candidate_term: 1 candidate_status { last_received { term: 0 index: 0 } } ignore_live_leader: false dest_uuid: "3eaa3b6f53114e9e846f0705e071b58c" is_pre_election: true
I20260608 12:47:32.564442 28648 raft_consensus.cc:2468] T 95b8815ffdbf4aaab64d15533fe32ae6 P 013a2728788b418d81e95bec2388faf9 [term 0 FOLLOWER]: Leader pre-election vote request: Granting yes vote for candidate 7bc74912399f49ba8d77c95a79e43925 in term 0.
I20260608 12:47:32.564734 28797 raft_consensus.cc:2468] T 95b8815ffdbf4aaab64d15533fe32ae6 P 3eaa3b6f53114e9e846f0705e071b58c [term 0 FOLLOWER]: Leader pre-election vote request: Granting yes vote for candidate 7bc74912399f49ba8d77c95a79e43925 in term 0.
I20260608 12:47:32.565805 28689 leader_election.cc:304] T 95b8815ffdbf4aaab64d15533fe32ae6 P 7bc74912399f49ba8d77c95a79e43925 [CANDIDATE]: Term 1 pre-election: Election decided. Result: candidate won. Election summary: received 2 responses out of 3 voters: 2 yes votes; 0 no votes. yes voters: 013a2728788b418d81e95bec2388faf9, 7bc74912399f49ba8d77c95a79e43925; no voters: 
I20260608 12:47:32.566565 28925 raft_consensus.cc:2804] T 95b8815ffdbf4aaab64d15533fe32ae6 P 7bc74912399f49ba8d77c95a79e43925 [term 0 FOLLOWER]: Leader pre-election won for term 1
I20260608 12:47:32.566877 28925 raft_consensus.cc:493] T 95b8815ffdbf4aaab64d15533fe32ae6 P 7bc74912399f49ba8d77c95a79e43925 [term 0 FOLLOWER]: Starting leader election (no leader contacted us within the election timeout)
I20260608 12:47:32.567242 28925 raft_consensus.cc:3060] T 95b8815ffdbf4aaab64d15533fe32ae6 P 7bc74912399f49ba8d77c95a79e43925 [term 0 FOLLOWER]: Advancing to term 1
I20260608 12:47:32.572293 28925 raft_consensus.cc:515] T 95b8815ffdbf4aaab64d15533fe32ae6 P 7bc74912399f49ba8d77c95a79e43925 [term 1 FOLLOWER]: Starting leader election with config: opid_index: -1 OBSOLETE_local: false peers { permanent_uuid: "013a2728788b418d81e95bec2388faf9" member_type: VOTER last_known_addr { host: "127.24.105.65" port: 40065 } } peers { permanent_uuid: "7bc74912399f49ba8d77c95a79e43925" member_type: VOTER last_known_addr { host: "127.24.105.66" port: 34139 } } peers { permanent_uuid: "3eaa3b6f53114e9e846f0705e071b58c" member_type: VOTER last_known_addr { host: "127.24.105.67" port: 40655 } }
I20260608 12:47:32.573890 28925 leader_election.cc:290] T 95b8815ffdbf4aaab64d15533fe32ae6 P 7bc74912399f49ba8d77c95a79e43925 [CANDIDATE]: Term 1 election: Requested vote from peers 013a2728788b418d81e95bec2388faf9 (127.24.105.65:40065), 3eaa3b6f53114e9e846f0705e071b58c (127.24.105.67:40655)
I20260608 12:47:32.574843 28648 tablet_service.cc:1917] Received RequestConsensusVote() RPC: tablet_id: "95b8815ffdbf4aaab64d15533fe32ae6" candidate_uuid: "7bc74912399f49ba8d77c95a79e43925" candidate_term: 1 candidate_status { last_received { term: 0 index: 0 } } ignore_live_leader: false dest_uuid: "013a2728788b418d81e95bec2388faf9"
I20260608 12:47:32.574892 28797 tablet_service.cc:1917] Received RequestConsensusVote() RPC: tablet_id: "95b8815ffdbf4aaab64d15533fe32ae6" candidate_uuid: "7bc74912399f49ba8d77c95a79e43925" candidate_term: 1 candidate_status { last_received { term: 0 index: 0 } } ignore_live_leader: false dest_uuid: "3eaa3b6f53114e9e846f0705e071b58c"
I20260608 12:47:32.575640 28648 raft_consensus.cc:3060] T 95b8815ffdbf4aaab64d15533fe32ae6 P 013a2728788b418d81e95bec2388faf9 [term 0 FOLLOWER]: Advancing to term 1
I20260608 12:47:32.575695 28797 raft_consensus.cc:3060] T 95b8815ffdbf4aaab64d15533fe32ae6 P 3eaa3b6f53114e9e846f0705e071b58c [term 0 FOLLOWER]: Advancing to term 1
I20260608 12:47:32.582844 28648 raft_consensus.cc:2468] T 95b8815ffdbf4aaab64d15533fe32ae6 P 013a2728788b418d81e95bec2388faf9 [term 1 FOLLOWER]: Leader election vote request: Granting yes vote for candidate 7bc74912399f49ba8d77c95a79e43925 in term 1.
I20260608 12:47:32.582845 28797 raft_consensus.cc:2468] T 95b8815ffdbf4aaab64d15533fe32ae6 P 3eaa3b6f53114e9e846f0705e071b58c [term 1 FOLLOWER]: Leader election vote request: Granting yes vote for candidate 7bc74912399f49ba8d77c95a79e43925 in term 1.
I20260608 12:47:32.584260 28689 leader_election.cc:304] T 95b8815ffdbf4aaab64d15533fe32ae6 P 7bc74912399f49ba8d77c95a79e43925 [CANDIDATE]: Term 1 election: Election decided. Result: candidate won. Election summary: received 2 responses out of 3 voters: 2 yes votes; 0 no votes. yes voters: 013a2728788b418d81e95bec2388faf9, 7bc74912399f49ba8d77c95a79e43925; no voters: 
I20260608 12:47:32.585031 28925 raft_consensus.cc:2804] T 95b8815ffdbf4aaab64d15533fe32ae6 P 7bc74912399f49ba8d77c95a79e43925 [term 1 FOLLOWER]: Leader election won for term 1
I20260608 12:47:32.586202 28925 raft_consensus.cc:697] T 95b8815ffdbf4aaab64d15533fe32ae6 P 7bc74912399f49ba8d77c95a79e43925 [term 1 LEADER]: Becoming Leader. State: Replica: 7bc74912399f49ba8d77c95a79e43925, State: Running, Role: LEADER
I20260608 12:47:32.586930 28925 consensus_queue.cc:237] T 95b8815ffdbf4aaab64d15533fe32ae6 P 7bc74912399f49ba8d77c95a79e43925 [LEADER]: Queue going to LEADER mode. State: All replicated index: 0, Majority replicated index: 0, Committed index: 0, Last appended: 0.0, Last appended by leader: 0, Current term: 1, Majority size: 2, State: 0, Mode: LEADER, active raft config: opid_index: -1 OBSOLETE_local: false peers { permanent_uuid: "013a2728788b418d81e95bec2388faf9" member_type: VOTER last_known_addr { host: "127.24.105.65" port: 40065 } } peers { permanent_uuid: "7bc74912399f49ba8d77c95a79e43925" member_type: VOTER last_known_addr { host: "127.24.105.66" port: 34139 } } peers { permanent_uuid: "3eaa3b6f53114e9e846f0705e071b58c" member_type: VOTER last_known_addr { host: "127.24.105.67" port: 40655 } }
I20260608 12:47:32.594587 28546 catalog_manager.cc:5696] T 95b8815ffdbf4aaab64d15533fe32ae6 P 7bc74912399f49ba8d77c95a79e43925 reported cstate change: term changed from 0 to 1, leader changed from <none> to 7bc74912399f49ba8d77c95a79e43925 (127.24.105.66). New cstate: current_term: 1 leader_uuid: "7bc74912399f49ba8d77c95a79e43925" committed_config { opid_index: -1 OBSOLETE_local: false peers { permanent_uuid: "013a2728788b418d81e95bec2388faf9" member_type: VOTER last_known_addr { host: "127.24.105.65" port: 40065 } health_report { overall_health: UNKNOWN } } peers { permanent_uuid: "7bc74912399f49ba8d77c95a79e43925" member_type: VOTER last_known_addr { host: "127.24.105.66" port: 34139 } health_report { overall_health: HEALTHY } } peers { permanent_uuid: "3eaa3b6f53114e9e846f0705e071b58c" member_type: VOTER last_known_addr { host: "127.24.105.67" port: 40655 } health_report { overall_health: UNKNOWN } } }
I20260608 12:47:32.854374 28896 heartbeater.cc:499] Master 127.24.105.126:40303 was elected leader, sending a full tablet report...
I20260608 12:47:33.018429 28925 consensus_queue.cc:1048] T 95b8815ffdbf4aaab64d15533fe32ae6 P 7bc74912399f49ba8d77c95a79e43925 [LEADER]: Connected to new peer: Peer: permanent_uuid: "3eaa3b6f53114e9e846f0705e071b58c" member_type: VOTER last_known_addr { host: "127.24.105.67" port: 40655 }, Status: LMP_MISMATCH, Last received: 0.0, Next index: 1, Last known committed idx: 0, Time since last communication: 0.000s
I20260608 12:47:33.031410 28933 consensus_queue.cc:1048] T 95b8815ffdbf4aaab64d15533fe32ae6 P 7bc74912399f49ba8d77c95a79e43925 [LEADER]: Connected to new peer: Peer: permanent_uuid: "013a2728788b418d81e95bec2388faf9" member_type: VOTER last_known_addr { host: "127.24.105.65" port: 40065 }, Status: LMP_MISMATCH, Last received: 0.0, Next index: 1, Last known committed idx: 0, Time since last communication: 0.001s
I20260608 12:47:33.309844 28599 auto_leader_rebalancer.cc:140] leader rebalance for table test-workload
I20260608 12:47:33.311903 28599 auto_leader_rebalancer.cc:388] table: test-workload, leader rebalance finish, leader transfer count: 0
I20260608 12:47:33.312333 28599 auto_leader_rebalancer.cc:451] All tables' leader rebalancing finished this round
I20260608 12:47:35.313341 28599 auto_leader_rebalancer.cc:140] leader rebalance for table test-workload
I20260608 12:47:35.314715 28599 auto_leader_rebalancer.cc:388] table: test-workload, leader rebalance finish, leader transfer count: 0
I20260608 12:47:35.314978 28599 auto_leader_rebalancer.cc:451] All tables' leader rebalancing finished this round
I20260608 12:47:37.316051 28599 auto_leader_rebalancer.cc:140] leader rebalance for table test-workload
I20260608 12:47:37.317725 28599 auto_leader_rebalancer.cc:388] table: test-workload, leader rebalance finish, leader transfer count: 0
I20260608 12:47:37.318094 28599 auto_leader_rebalancer.cc:451] All tables' leader rebalancing finished this round
I20260608 12:47:39.319062 28599 auto_leader_rebalancer.cc:140] leader rebalance for table test-workload
I20260608 12:47:39.320590 28599 auto_leader_rebalancer.cc:388] table: test-workload, leader rebalance finish, leader transfer count: 0
I20260608 12:47:39.320926 28599 auto_leader_rebalancer.cc:451] All tables' leader rebalancing finished this round
I20260608 12:47:41.321907 28599 auto_leader_rebalancer.cc:140] leader rebalance for table test-workload
I20260608 12:47:41.323315 28599 auto_leader_rebalancer.cc:388] table: test-workload, leader rebalance finish, leader transfer count: 0
I20260608 12:47:41.323691 28599 auto_leader_rebalancer.cc:451] All tables' leader rebalancing finished this round
I20260608 12:47:43.324688 28599 auto_leader_rebalancer.cc:140] leader rebalance for table test-workload
I20260608 12:47:43.326221 28599 auto_leader_rebalancer.cc:388] table: test-workload, leader rebalance finish, leader transfer count: 0
I20260608 12:47:43.326617 28599 auto_leader_rebalancer.cc:451] All tables' leader rebalancing finished this round
I20260608 12:47:43.665655 24997 tablet_server.cc:179] TabletServer@127.24.105.65:0 shutting down...
I20260608 12:47:43.697747 24997 ts_tablet_manager.cc:1507] Shutting down tablet manager...
I20260608 12:47:43.698616 24997 tablet_replica.cc:333] T 95b8815ffdbf4aaab64d15533fe32ae6 P 013a2728788b418d81e95bec2388faf9: stopping tablet replica
I20260608 12:47:43.699272 24997 raft_consensus.cc:2243] T 95b8815ffdbf4aaab64d15533fe32ae6 P 013a2728788b418d81e95bec2388faf9 [term 1 FOLLOWER]: Raft consensus shutting down.
I20260608 12:47:43.699956 24997 raft_consensus.cc:2272] T 95b8815ffdbf4aaab64d15533fe32ae6 P 013a2728788b418d81e95bec2388faf9 [term 1 FOLLOWER]: Raft consensus is shut down!
I20260608 12:47:43.721814 24997 tablet_server.cc:196] TabletServer@127.24.105.65:0 shutdown complete.
I20260608 12:47:43.736152 24997 tablet_server.cc:179] TabletServer@127.24.105.66:0 shutting down...
I20260608 12:47:43.755810 24997 ts_tablet_manager.cc:1507] Shutting down tablet manager...
I20260608 12:47:43.756496 24997 tablet_replica.cc:333] T 95b8815ffdbf4aaab64d15533fe32ae6 P 7bc74912399f49ba8d77c95a79e43925: stopping tablet replica
I20260608 12:47:43.756970 24997 raft_consensus.cc:2243] T 95b8815ffdbf4aaab64d15533fe32ae6 P 7bc74912399f49ba8d77c95a79e43925 [term 1 LEADER]: Raft consensus shutting down.
I20260608 12:47:43.757784 24997 raft_consensus.cc:2272] T 95b8815ffdbf4aaab64d15533fe32ae6 P 7bc74912399f49ba8d77c95a79e43925 [term 1 FOLLOWER]: Raft consensus is shut down!
I20260608 12:47:43.778038 24997 tablet_server.cc:196] TabletServer@127.24.105.66:0 shutdown complete.
I20260608 12:47:43.788800 24997 tablet_server.cc:179] TabletServer@127.24.105.67:0 shutting down...
I20260608 12:47:43.816056 24997 ts_tablet_manager.cc:1507] Shutting down tablet manager...
I20260608 12:47:43.816759 24997 tablet_replica.cc:333] T 95b8815ffdbf4aaab64d15533fe32ae6 P 3eaa3b6f53114e9e846f0705e071b58c: stopping tablet replica
I20260608 12:47:43.817303 24997 raft_consensus.cc:2243] T 95b8815ffdbf4aaab64d15533fe32ae6 P 3eaa3b6f53114e9e846f0705e071b58c [term 1 FOLLOWER]: Raft consensus shutting down.
I20260608 12:47:43.817844 24997 raft_consensus.cc:2272] T 95b8815ffdbf4aaab64d15533fe32ae6 P 3eaa3b6f53114e9e846f0705e071b58c [term 1 FOLLOWER]: Raft consensus is shut down!
I20260608 12:47:43.837877 24997 tablet_server.cc:196] TabletServer@127.24.105.67:0 shutdown complete.
I20260608 12:47:43.848786 24997 tablet_server.cc:179] TabletServer@127.24.105.68:0 shutting down...
I20260608 12:47:43.871501 24997 ts_tablet_manager.cc:1507] Shutting down tablet manager...
I20260608 12:47:43.887590 24997 tablet_server.cc:196] TabletServer@127.24.105.68:0 shutdown complete.
I20260608 12:47:43.896793 24997 master.cc:562] Master@127.24.105.126:40303 shutting down...
I20260608 12:47:43.915457 24997 raft_consensus.cc:2243] T 00000000000000000000000000000000 P 8306567e96904879a92187a23a98175f [term 1 LEADER]: Raft consensus shutting down.
I20260608 12:47:43.916203 24997 raft_consensus.cc:2272] T 00000000000000000000000000000000 P 8306567e96904879a92187a23a98175f [term 1 FOLLOWER]: Raft consensus is shut down!
I20260608 12:47:43.916566 24997 tablet_replica.cc:333] T 00000000000000000000000000000000 P 8306567e96904879a92187a23a98175f: stopping tablet replica
I20260608 12:47:43.935650 24997 master.cc:584] Master@127.24.105.126:40303 shutdown complete.
[       OK ] AutoRebalancerTest.NoReplicaMovesIfLocationLoadSkewedByOne (12801 ms)
[ RUN      ] AutoRebalancerTest.NoReplicaMovesIfCannotFixPlacementPolicy
I20260608 12:47:43.974054 24997 internal_mini_cluster.cc:156] Creating distributed mini masters. Addrs: 127.24.105.126:43999
I20260608 12:47:43.975266 24997 file_cache.cc:492] Constructed file cache file cache with capacity 419430
W20260608 12:47:43.981150 28941 instance_detector.cc:116] could not retrieve AWS instance metadata: Network error: curl error: HTTP response code said error: The requested URL returned error: 404
W20260608 12:47:43.981860 28942 instance_detector.cc:116] could not retrieve Azure instance metadata: Network error: curl error: HTTP response code said error: The requested URL returned error: 404
W20260608 12:47:43.982612 28944 instance_detector.cc:116] could not retrieve OpenStack instance metadata: Network error: curl error: HTTP response code said error: The requested URL returned error: 404
I20260608 12:47:43.983275 24997 server_base.cc:1061] running on GCE node
I20260608 12:47:43.984122 24997 hybrid_clock.cc:584] initializing the hybrid clock with 'system_unsync' time source
W20260608 12:47:43.984336 24997 system_unsync_time.cc:38] NTP support is disabled. Clock error bounds will not be accurate. This configuration is not suitable for distributed clusters.
I20260608 12:47:43.984508 24997 hybrid_clock.cc:648] HybridClock initialized: now 1780922863984472 us; error 0 us; skew 500 ppm
I20260608 12:47:43.985185 24997 server_base.cc:861] Flag tcmalloc_max_total_thread_cache_bytes is not working since tcmalloc is not enabled.
I20260608 12:47:43.988039 24997 webserver.cc:533] Webserver started at http://127.24.105.126:34155/ using document root <none> and password file <none>
I20260608 12:47:43.988605 24997 fs_manager.cc:362] Metadata directory not provided
I20260608 12:47:43.988811 24997 fs_manager.cc:368] Using write-ahead log directory (fs_wal_dir) as metadata directory
I20260608 12:47:43.989105 24997 server_base.cc:909] This appears to be a new deployment of Kudu; creating new FS layout
I20260608 12:47:43.990307 24997 fs_manager.cc:1068] Generated new instance metadata in path /tmp/dist-test-taskYaIoFP/test-tmp/auto_rebalancer-test.0.AutoRebalancerTest.NoReplicaMovesIfCannotFixPlacementPolicy.1780922765667868-24997-0/minicluster-data/master-0-root/instance:
uuid: "2ae6bc2d6ccb4032a1f21e197cf4df4b"
format_stamp: "Formatted at 2026-06-08 12:47:43 on dist-test-slave-zch2"
I20260608 12:47:43.995401 24997 fs_manager.cc:696] Time spent creating directory manager: real 0.004s	user 0.004s	sys 0.003s
I20260608 12:47:43.999078 28949 log_block_manager.cc:4031] Time spent loading block containers with low live blocks: real 0.000s	user 0.000s	sys 0.000s
I20260608 12:47:44.000025 24997 fs_manager.cc:730] Time spent opening block manager: real 0.003s	user 0.003s	sys 0.000s
I20260608 12:47:44.000276 24997 fs_manager.cc:647] Opened local filesystem: /tmp/dist-test-taskYaIoFP/test-tmp/auto_rebalancer-test.0.AutoRebalancerTest.NoReplicaMovesIfCannotFixPlacementPolicy.1780922765667868-24997-0/minicluster-data/master-0-root
uuid: "2ae6bc2d6ccb4032a1f21e197cf4df4b"
format_stamp: "Formatted at 2026-06-08 12:47:43 on dist-test-slave-zch2"
I20260608 12:47:44.000519 24997 fs_report.cc:389] FS layout report
--------------------
wal directory: /tmp/dist-test-taskYaIoFP/test-tmp/auto_rebalancer-test.0.AutoRebalancerTest.NoReplicaMovesIfCannotFixPlacementPolicy.1780922765667868-24997-0/minicluster-data/master-0-root
metadata directory: /tmp/dist-test-taskYaIoFP/test-tmp/auto_rebalancer-test.0.AutoRebalancerTest.NoReplicaMovesIfCannotFixPlacementPolicy.1780922765667868-24997-0/minicluster-data/master-0-root
1 data directories: /tmp/dist-test-taskYaIoFP/test-tmp/auto_rebalancer-test.0.AutoRebalancerTest.NoReplicaMovesIfCannotFixPlacementPolicy.1780922765667868-24997-0/minicluster-data/master-0-root/data
Total live blocks: 0
Total live bytes: 0
Total live bytes (after alignment): 0
Total number of LBM containers: 0 (0 full)
Did not check for missing blocks
Did not check for orphaned blocks
Total full LBM containers with extra space: 0 (0 repaired)
Total full LBM container extra space in bytes: 0 (0 repaired)
Total incomplete LBM containers: 0 (0 repaired)
Total LBM partial records: 0 (0 repaired)
Total corrupted LBM metadata records in RocksDB: 0 (0 repaired)
I20260608 12:47:44.013339 24997 rpc_server.cc:225] running with OpenSSL 1.1.1  11 Sep 2018
I20260608 12:47:44.014595 24997 kserver.cc:163] Server-wide thread pool size limit: 3276
I20260608 12:47:44.054036 24997 rpc_server.cc:307] RPC server started. Bound to: 127.24.105.126:43999
I20260608 12:47:44.054157 29000 acceptor_pool.cc:272] collecting diagnostics on the listening RPC socket 127.24.105.126:43999 every 8 connection(s)
I20260608 12:47:44.058835 29001 data_dirs.cc:400] Could only allocate 1 dirs of requested 3 for tablet 00000000000000000000000000000000. 1 dirs total, 0 dirs full, 0 dirs failed
I20260608 12:47:44.070292 29001 tablet_bootstrap.cc:492] T 00000000000000000000000000000000 P 2ae6bc2d6ccb4032a1f21e197cf4df4b: Bootstrap starting.
I20260608 12:47:44.075191 29001 tablet_bootstrap.cc:654] T 00000000000000000000000000000000 P 2ae6bc2d6ccb4032a1f21e197cf4df4b: Neither blocks nor log segments found. Creating new log.
I20260608 12:47:44.079537 29001 tablet_bootstrap.cc:492] T 00000000000000000000000000000000 P 2ae6bc2d6ccb4032a1f21e197cf4df4b: No bootstrap required, opened a new log
I20260608 12:47:44.081903 29001 raft_consensus.cc:359] T 00000000000000000000000000000000 P 2ae6bc2d6ccb4032a1f21e197cf4df4b [term 0 FOLLOWER]: Replica starting. Triggering 0 pending ops. Active config: opid_index: -1 OBSOLETE_local: true peers { permanent_uuid: "2ae6bc2d6ccb4032a1f21e197cf4df4b" member_type: VOTER }
I20260608 12:47:44.082340 29001 raft_consensus.cc:385] T 00000000000000000000000000000000 P 2ae6bc2d6ccb4032a1f21e197cf4df4b [term 0 FOLLOWER]: Consensus starting up: Expiring failure detector timer to make a prompt election more likely
I20260608 12:47:44.082595 29001 raft_consensus.cc:740] T 00000000000000000000000000000000 P 2ae6bc2d6ccb4032a1f21e197cf4df4b [term 0 FOLLOWER]: Becoming Follower/Learner. State: Replica: 2ae6bc2d6ccb4032a1f21e197cf4df4b, State: Initialized, Role: FOLLOWER
I20260608 12:47:44.083220 29001 consensus_queue.cc:260] T 00000000000000000000000000000000 P 2ae6bc2d6ccb4032a1f21e197cf4df4b [NON_LEADER]: Queue going to NON_LEADER mode. State: All replicated index: 0, Majority replicated index: 0, Committed index: 0, Last appended: 0.0, Last appended by leader: 0, Current term: 0, Majority size: -1, State: 0, Mode: NON_LEADER, active raft config: opid_index: -1 OBSOLETE_local: true peers { permanent_uuid: "2ae6bc2d6ccb4032a1f21e197cf4df4b" member_type: VOTER }
I20260608 12:47:44.083720 29001 raft_consensus.cc:399] T 00000000000000000000000000000000 P 2ae6bc2d6ccb4032a1f21e197cf4df4b [term 0 FOLLOWER]: Only one voter in the Raft config. Triggering election immediately
I20260608 12:47:44.083951 29001 raft_consensus.cc:493] T 00000000000000000000000000000000 P 2ae6bc2d6ccb4032a1f21e197cf4df4b [term 0 FOLLOWER]: Starting leader election (initial election of a single-replica configuration)
I20260608 12:47:44.084244 29001 raft_consensus.cc:3060] T 00000000000000000000000000000000 P 2ae6bc2d6ccb4032a1f21e197cf4df4b [term 0 FOLLOWER]: Advancing to term 1
I20260608 12:47:44.089057 29001 raft_consensus.cc:515] T 00000000000000000000000000000000 P 2ae6bc2d6ccb4032a1f21e197cf4df4b [term 1 FOLLOWER]: Starting leader election with config: opid_index: -1 OBSOLETE_local: true peers { permanent_uuid: "2ae6bc2d6ccb4032a1f21e197cf4df4b" member_type: VOTER }
I20260608 12:47:44.089689 29001 leader_election.cc:304] T 00000000000000000000000000000000 P 2ae6bc2d6ccb4032a1f21e197cf4df4b [CANDIDATE]: Term 1 election: Election decided. Result: candidate won. Election summary: received 1 responses out of 1 voters: 1 yes votes; 0 no votes. yes voters: 2ae6bc2d6ccb4032a1f21e197cf4df4b; no voters: 
I20260608 12:47:44.090905 29001 leader_election.cc:290] T 00000000000000000000000000000000 P 2ae6bc2d6ccb4032a1f21e197cf4df4b [CANDIDATE]: Term 1 election: Requested vote from peers 
I20260608 12:47:44.091382 29004 raft_consensus.cc:2804] T 00000000000000000000000000000000 P 2ae6bc2d6ccb4032a1f21e197cf4df4b [term 1 FOLLOWER]: Leader election won for term 1
I20260608 12:47:44.092792 29004 raft_consensus.cc:697] T 00000000000000000000000000000000 P 2ae6bc2d6ccb4032a1f21e197cf4df4b [term 1 LEADER]: Becoming Leader. State: Replica: 2ae6bc2d6ccb4032a1f21e197cf4df4b, State: Running, Role: LEADER
I20260608 12:47:44.093531 29004 consensus_queue.cc:237] T 00000000000000000000000000000000 P 2ae6bc2d6ccb4032a1f21e197cf4df4b [LEADER]: Queue going to LEADER mode. State: All replicated index: 0, Majority replicated index: 0, Committed index: 0, Last appended: 0.0, Last appended by leader: 0, Current term: 1, Majority size: 1, State: 0, Mode: LEADER, active raft config: opid_index: -1 OBSOLETE_local: true peers { permanent_uuid: "2ae6bc2d6ccb4032a1f21e197cf4df4b" member_type: VOTER }
I20260608 12:47:44.094144 29001 sys_catalog.cc:565] T 00000000000000000000000000000000 P 2ae6bc2d6ccb4032a1f21e197cf4df4b [sys.catalog]: configured and running, proceeding with master startup.
I20260608 12:47:44.096728 29006 sys_catalog.cc:455] T 00000000000000000000000000000000 P 2ae6bc2d6ccb4032a1f21e197cf4df4b [sys.catalog]: SysCatalogTable state changed. Reason: New leader 2ae6bc2d6ccb4032a1f21e197cf4df4b. Latest consensus state: current_term: 1 leader_uuid: "2ae6bc2d6ccb4032a1f21e197cf4df4b" committed_config { opid_index: -1 OBSOLETE_local: true peers { permanent_uuid: "2ae6bc2d6ccb4032a1f21e197cf4df4b" member_type: VOTER } }
I20260608 12:47:44.096711 29005 sys_catalog.cc:455] T 00000000000000000000000000000000 P 2ae6bc2d6ccb4032a1f21e197cf4df4b [sys.catalog]: SysCatalogTable state changed. Reason: RaftConsensus started. Latest consensus state: current_term: 1 leader_uuid: "2ae6bc2d6ccb4032a1f21e197cf4df4b" committed_config { opid_index: -1 OBSOLETE_local: true peers { permanent_uuid: "2ae6bc2d6ccb4032a1f21e197cf4df4b" member_type: VOTER } }
I20260608 12:47:44.097451 29006 sys_catalog.cc:458] T 00000000000000000000000000000000 P 2ae6bc2d6ccb4032a1f21e197cf4df4b [sys.catalog]: This master's current role is: LEADER
I20260608 12:47:44.097579 29005 sys_catalog.cc:458] T 00000000000000000000000000000000 P 2ae6bc2d6ccb4032a1f21e197cf4df4b [sys.catalog]: This master's current role is: LEADER
I20260608 12:47:44.104084 29009 catalog_manager.cc:1510] Loading table and tablet metadata into memory...
I20260608 12:47:44.110613 29009 catalog_manager.cc:1519] Initializing Kudu cluster ID...
I20260608 12:47:44.111688 24997 internal_mini_cluster.cc:184] Waiting to initialize catalog manager on master 0
I20260608 12:47:44.120169 29009 catalog_manager.cc:1382] Generated new cluster ID: f40854d2014b47138a7622b19aacdcff
I20260608 12:47:44.120486 29009 catalog_manager.cc:1530] Initializing Kudu internal certificate authority...
I20260608 12:47:44.137776 29009 catalog_manager.cc:1405] Generated new certificate authority record
I20260608 12:47:44.139237 29009 catalog_manager.cc:1539] Loading token signing keys...
I20260608 12:47:44.150741 29009 catalog_manager.cc:6069] T 00000000000000000000000000000000 P 2ae6bc2d6ccb4032a1f21e197cf4df4b: Generated new TSK 0
I20260608 12:47:44.151407 29009 catalog_manager.cc:1549] Initializing in-progress tserver states...
I20260608 12:47:44.178241 24997 file_cache.cc:492] Constructed file cache file cache with capacity 419430
W20260608 12:47:44.184875 29022 instance_detector.cc:116] could not retrieve AWS instance metadata: Network error: curl error: HTTP response code said error: The requested URL returned error: 404
W20260608 12:47:44.185913 29023 instance_detector.cc:116] could not retrieve Azure instance metadata: Network error: curl error: HTTP response code said error: The requested URL returned error: 404
W20260608 12:47:44.187429 29025 instance_detector.cc:116] could not retrieve OpenStack instance metadata: Network error: curl error: HTTP response code said error: The requested URL returned error: 404
I20260608 12:47:44.188095 24997 server_base.cc:1061] running on GCE node
I20260608 12:47:44.188871 24997 hybrid_clock.cc:584] initializing the hybrid clock with 'system_unsync' time source
W20260608 12:47:44.189055 24997 system_unsync_time.cc:38] NTP support is disabled. Clock error bounds will not be accurate. This configuration is not suitable for distributed clusters.
I20260608 12:47:44.189180 24997 hybrid_clock.cc:648] HybridClock initialized: now 1780922864189169 us; error 0 us; skew 500 ppm
I20260608 12:47:44.189707 24997 server_base.cc:861] Flag tcmalloc_max_total_thread_cache_bytes is not working since tcmalloc is not enabled.
I20260608 12:47:44.192206 24997 webserver.cc:533] Webserver started at http://127.24.105.65:33355/ using document root <none> and password file <none>
I20260608 12:47:44.192673 24997 fs_manager.cc:362] Metadata directory not provided
I20260608 12:47:44.192837 24997 fs_manager.cc:368] Using write-ahead log directory (fs_wal_dir) as metadata directory
I20260608 12:47:44.193059 24997 server_base.cc:909] This appears to be a new deployment of Kudu; creating new FS layout
I20260608 12:47:44.194106 24997 fs_manager.cc:1068] Generated new instance metadata in path /tmp/dist-test-taskYaIoFP/test-tmp/auto_rebalancer-test.0.AutoRebalancerTest.NoReplicaMovesIfCannotFixPlacementPolicy.1780922765667868-24997-0/minicluster-data/ts-0-root/instance:
uuid: "205e98ec13f94d9db586f7f661db05df"
format_stamp: "Formatted at 2026-06-08 12:47:44 on dist-test-slave-zch2"
I20260608 12:47:44.198824 24997 fs_manager.cc:696] Time spent creating directory manager: real 0.004s	user 0.003s	sys 0.003s
I20260608 12:47:44.202387 29030 log_block_manager.cc:4031] Time spent loading block containers with low live blocks: real 0.000s	user 0.000s	sys 0.000s
I20260608 12:47:44.203214 24997 fs_manager.cc:730] Time spent opening block manager: real 0.002s	user 0.002s	sys 0.000s
I20260608 12:47:44.203522 24997 fs_manager.cc:647] Opened local filesystem: /tmp/dist-test-taskYaIoFP/test-tmp/auto_rebalancer-test.0.AutoRebalancerTest.NoReplicaMovesIfCannotFixPlacementPolicy.1780922765667868-24997-0/minicluster-data/ts-0-root
uuid: "205e98ec13f94d9db586f7f661db05df"
format_stamp: "Formatted at 2026-06-08 12:47:44 on dist-test-slave-zch2"
I20260608 12:47:44.203909 24997 fs_report.cc:389] FS layout report
--------------------
wal directory: /tmp/dist-test-taskYaIoFP/test-tmp/auto_rebalancer-test.0.AutoRebalancerTest.NoReplicaMovesIfCannotFixPlacementPolicy.1780922765667868-24997-0/minicluster-data/ts-0-root
metadata directory: /tmp/dist-test-taskYaIoFP/test-tmp/auto_rebalancer-test.0.AutoRebalancerTest.NoReplicaMovesIfCannotFixPlacementPolicy.1780922765667868-24997-0/minicluster-data/ts-0-root
1 data directories: /tmp/dist-test-taskYaIoFP/test-tmp/auto_rebalancer-test.0.AutoRebalancerTest.NoReplicaMovesIfCannotFixPlacementPolicy.1780922765667868-24997-0/minicluster-data/ts-0-root/data
Total live blocks: 0
Total live bytes: 0
Total live bytes (after alignment): 0
Total number of LBM containers: 0 (0 full)
Did not check for missing blocks
Did not check for orphaned blocks
Total full LBM containers with extra space: 0 (0 repaired)
Total full LBM container extra space in bytes: 0 (0 repaired)
Total incomplete LBM containers: 0 (0 repaired)
Total LBM partial records: 0 (0 repaired)
Total corrupted LBM metadata records in RocksDB: 0 (0 repaired)
I20260608 12:47:44.226478 24997 rpc_server.cc:225] running with OpenSSL 1.1.1  11 Sep 2018
I20260608 12:47:44.227746 24997 kserver.cc:163] Server-wide thread pool size limit: 3276
