I20260608 12:47:17.767371 28062 raft_consensus.cc:359] T 47aab0ab8bec45ce8bd421142582aebe P a5e28d7e3477420099fcb04471cba3ef [term 0 FOLLOWER]: Replica starting. Triggering 0 pending ops. Active config: opid_index: -1 OBSOLETE_local: false peers { permanent_uuid: "5be673aecfaa44ffb95acfd83edccf62" member_type: VOTER last_known_addr { host: "127.24.79.1" port: 38441 } } peers { permanent_uuid: "a5e28d7e3477420099fcb04471cba3ef" member_type: VOTER last_known_addr { host: "127.24.79.2" port: 36829 } } peers { permanent_uuid: "410940b2a75041c497df2d62c5f2a8ca" member_type: VOTER last_known_addr { host: "127.24.79.3" port: 43527 } }
I20260608 12:47:17.767247 28060 raft_consensus.cc:359] T 47aab0ab8bec45ce8bd421142582aebe P 410940b2a75041c497df2d62c5f2a8ca [term 0 FOLLOWER]: Replica starting. Triggering 0 pending ops. Active config: opid_index: -1 OBSOLETE_local: false peers { permanent_uuid: "5be673aecfaa44ffb95acfd83edccf62" member_type: VOTER last_known_addr { host: "127.24.79.1" port: 38441 } } peers { permanent_uuid: "a5e28d7e3477420099fcb04471cba3ef" member_type: VOTER last_known_addr { host: "127.24.79.2" port: 36829 } } peers { permanent_uuid: "410940b2a75041c497df2d62c5f2a8ca" member_type: VOTER last_known_addr { host: "127.24.79.3" port: 43527 } }
I20260608 12:47:17.768023 28062 raft_consensus.cc:385] T 47aab0ab8bec45ce8bd421142582aebe P a5e28d7e3477420099fcb04471cba3ef [term 0 FOLLOWER]: Consensus starting up: Expiring failure detector timer to make a prompt election more likely
I20260608 12:47:17.768147 28060 raft_consensus.cc:385] T 47aab0ab8bec45ce8bd421142582aebe P 410940b2a75041c497df2d62c5f2a8ca [term 0 FOLLOWER]: Consensus starting up: Expiring failure detector timer to make a prompt election more likely
I20260608 12:47:17.768416 28062 raft_consensus.cc:740] T 47aab0ab8bec45ce8bd421142582aebe P a5e28d7e3477420099fcb04471cba3ef [term 0 FOLLOWER]: Becoming Follower/Learner. State: Replica: a5e28d7e3477420099fcb04471cba3ef, State: Initialized, Role: FOLLOWER
I20260608 12:47:17.768644 28060 raft_consensus.cc:740] T 47aab0ab8bec45ce8bd421142582aebe P 410940b2a75041c497df2d62c5f2a8ca [term 0 FOLLOWER]: Becoming Follower/Learner. State: Replica: 410940b2a75041c497df2d62c5f2a8ca, State: Initialized, Role: FOLLOWER
I20260608 12:47:17.769362 28062 consensus_queue.cc:260] T 47aab0ab8bec45ce8bd421142582aebe P a5e28d7e3477420099fcb04471cba3ef [NON_LEADER]: Queue going to NON_LEADER mode. State: All replicated index: 0, Majority replicated index: 0, Committed index: 0, Last appended: 0.0, Last appended by leader: 0, Current term: 0, Majority size: -1, State: 0, Mode: NON_LEADER, active raft config: opid_index: -1 OBSOLETE_local: false peers { permanent_uuid: "5be673aecfaa44ffb95acfd83edccf62" member_type: VOTER last_known_addr { host: "127.24.79.1" port: 38441 } } peers { permanent_uuid: "a5e28d7e3477420099fcb04471cba3ef" member_type: VOTER last_known_addr { host: "127.24.79.2" port: 36829 } } peers { permanent_uuid: "410940b2a75041c497df2d62c5f2a8ca" member_type: VOTER last_known_addr { host: "127.24.79.3" port: 43527 } }
I20260608 12:47:17.769637 28060 consensus_queue.cc:260] T 47aab0ab8bec45ce8bd421142582aebe P 410940b2a75041c497df2d62c5f2a8ca [NON_LEADER]: Queue going to NON_LEADER mode. State: All replicated index: 0, Majority replicated index: 0, Committed index: 0, Last appended: 0.0, Last appended by leader: 0, Current term: 0, Majority size: -1, State: 0, Mode: NON_LEADER, active raft config: opid_index: -1 OBSOLETE_local: false peers { permanent_uuid: "5be673aecfaa44ffb95acfd83edccf62" member_type: VOTER last_known_addr { host: "127.24.79.1" port: 38441 } } peers { permanent_uuid: "a5e28d7e3477420099fcb04471cba3ef" member_type: VOTER last_known_addr { host: "127.24.79.2" port: 36829 } } peers { permanent_uuid: "410940b2a75041c497df2d62c5f2a8ca" member_type: VOTER last_known_addr { host: "127.24.79.3" port: 43527 } }
I20260608 12:47:17.771763 28062 ts_tablet_manager.cc:1434] T 47aab0ab8bec45ce8bd421142582aebe P a5e28d7e3477420099fcb04471cba3ef: Time spent starting tablet: real 0.007s	user 0.006s	sys 0.000s
I20260608 12:47:17.772323 28060 ts_tablet_manager.cc:1434] T 47aab0ab8bec45ce8bd421142582aebe P 410940b2a75041c497df2d62c5f2a8ca: Time spent starting tablet: real 0.008s	user 0.006s	sys 0.001s
I20260608 12:47:17.773386 28060 tablet_bootstrap.cc:492] T 0b75d03feb3b460ca922bf0f8496b4ad P 410940b2a75041c497df2d62c5f2a8ca: Bootstrap starting.
I20260608 12:47:17.777571 27864 raft_consensus.cc:2468] T 1c48a324179b41c69c2c90495b669fb1 P 5be673aecfaa44ffb95acfd83edccf62 [term 1 FOLLOWER]: Leader election vote request: Granting yes vote for candidate a5e28d7e3477420099fcb04471cba3ef in term 1.
I20260608 12:47:17.778858 27904 leader_election.cc:304] T 1c48a324179b41c69c2c90495b669fb1 P a5e28d7e3477420099fcb04471cba3ef [CANDIDATE]: Term 1 election: Election decided. Result: candidate won. Election summary: received 2 responses out of 3 voters: 2 yes votes; 0 no votes. yes voters: 5be673aecfaa44ffb95acfd83edccf62, a5e28d7e3477420099fcb04471cba3ef; no voters: 
I20260608 12:47:17.779886 28060 tablet_bootstrap.cc:654] T 0b75d03feb3b460ca922bf0f8496b4ad P 410940b2a75041c497df2d62c5f2a8ca: Neither blocks nor log segments found. Creating new log.
I20260608 12:47:17.779915 28091 raft_consensus.cc:2804] T 1c48a324179b41c69c2c90495b669fb1 P a5e28d7e3477420099fcb04471cba3ef [term 1 FOLLOWER]: Leader election won for term 1
I20260608 12:47:17.780665 28091 raft_consensus.cc:697] T 1c48a324179b41c69c2c90495b669fb1 P a5e28d7e3477420099fcb04471cba3ef [term 1 LEADER]: Becoming Leader. State: Replica: a5e28d7e3477420099fcb04471cba3ef, State: Running, Role: LEADER
I20260608 12:47:17.781652 28091 consensus_queue.cc:237] T 1c48a324179b41c69c2c90495b669fb1 P a5e28d7e3477420099fcb04471cba3ef [LEADER]: Queue going to LEADER mode. State: All replicated index: 0, Majority replicated index: 0, Committed index: 0, Last appended: 0.0, Last appended by leader: 0, Current term: 1, Majority size: 2, State: 0, Mode: LEADER, active raft config: opid_index: -1 OBSOLETE_local: false peers { permanent_uuid: "5be673aecfaa44ffb95acfd83edccf62" member_type: VOTER last_known_addr { host: "127.24.79.1" port: 38441 } } peers { permanent_uuid: "a5e28d7e3477420099fcb04471cba3ef" member_type: VOTER last_known_addr { host: "127.24.79.2" port: 36829 } } peers { permanent_uuid: "410940b2a75041c497df2d62c5f2a8ca" member_type: VOTER last_known_addr { host: "127.24.79.3" port: 43527 } }
I20260608 12:47:17.787724 28061 tablet_bootstrap.cc:654] T 47aab0ab8bec45ce8bd421142582aebe P 5be673aecfaa44ffb95acfd83edccf62: Neither blocks nor log segments found. Creating new log.
I20260608 12:47:17.788666 28083 leader_election.cc:290] T 1c48a324179b41c69c2c90495b669fb1 P a5e28d7e3477420099fcb04471cba3ef [CANDIDATE]: Term 1 election: Requested vote from peers 5be673aecfaa44ffb95acfd83edccf62 (127.24.79.1:38441), 410940b2a75041c497df2d62c5f2a8ca (127.24.79.3:43527)
I20260608 12:47:17.788560 28014 tablet_service.cc:1917] Received RequestConsensusVote() RPC: tablet_id: "1c48a324179b41c69c2c90495b669fb1" candidate_uuid: "a5e28d7e3477420099fcb04471cba3ef" candidate_term: 1 candidate_status { last_received { term: 0 index: 0 } } ignore_live_leader: false dest_uuid: "410940b2a75041c497df2d62c5f2a8ca"
I20260608 12:47:17.789335 28014 raft_consensus.cc:3060] T 1c48a324179b41c69c2c90495b669fb1 P 410940b2a75041c497df2d62c5f2a8ca [term 0 FOLLOWER]: Advancing to term 1
I20260608 12:47:17.799137 28014 raft_consensus.cc:2468] T 1c48a324179b41c69c2c90495b669fb1 P 410940b2a75041c497df2d62c5f2a8ca [term 1 FOLLOWER]: Leader election vote request: Granting yes vote for candidate a5e28d7e3477420099fcb04471cba3ef in term 1.
I20260608 12:47:17.804544 28061 tablet_bootstrap.cc:492] T 47aab0ab8bec45ce8bd421142582aebe P 5be673aecfaa44ffb95acfd83edccf62: No bootstrap required, opened a new log
I20260608 12:47:17.805094 28061 ts_tablet_manager.cc:1403] T 47aab0ab8bec45ce8bd421142582aebe P 5be673aecfaa44ffb95acfd83edccf62: Time spent bootstrapping tablet: real 0.039s	user 0.012s	sys 0.011s
I20260608 12:47:17.806701 27761 catalog_manager.cc:5696] T 1c48a324179b41c69c2c90495b669fb1 P a5e28d7e3477420099fcb04471cba3ef reported cstate change: term changed from 0 to 1, leader changed from <none> to a5e28d7e3477420099fcb04471cba3ef (127.24.79.2). New cstate: current_term: 1 leader_uuid: "a5e28d7e3477420099fcb04471cba3ef" committed_config { opid_index: -1 OBSOLETE_local: false peers { permanent_uuid: "5be673aecfaa44ffb95acfd83edccf62" member_type: VOTER last_known_addr { host: "127.24.79.1" port: 38441 } health_report { overall_health: UNKNOWN } } peers { permanent_uuid: "a5e28d7e3477420099fcb04471cba3ef" member_type: VOTER last_known_addr { host: "127.24.79.2" port: 36829 } health_report { overall_health: HEALTHY } } peers { permanent_uuid: "410940b2a75041c497df2d62c5f2a8ca" member_type: VOTER last_known_addr { host: "127.24.79.3" port: 43527 } health_report { overall_health: UNKNOWN } } }
I20260608 12:47:17.805120 28060 tablet_bootstrap.cc:492] T 0b75d03feb3b460ca922bf0f8496b4ad P 410940b2a75041c497df2d62c5f2a8ca: No bootstrap required, opened a new log
I20260608 12:47:17.808473 28060 ts_tablet_manager.cc:1403] T 0b75d03feb3b460ca922bf0f8496b4ad P 410940b2a75041c497df2d62c5f2a8ca: Time spent bootstrapping tablet: real 0.035s	user 0.016s	sys 0.014s
I20260608 12:47:17.808173 28061 raft_consensus.cc:359] T 47aab0ab8bec45ce8bd421142582aebe P 5be673aecfaa44ffb95acfd83edccf62 [term 0 FOLLOWER]: Replica starting. Triggering 0 pending ops. Active config: opid_index: -1 OBSOLETE_local: false peers { permanent_uuid: "5be673aecfaa44ffb95acfd83edccf62" member_type: VOTER last_known_addr { host: "127.24.79.1" port: 38441 } } peers { permanent_uuid: "a5e28d7e3477420099fcb04471cba3ef" member_type: VOTER last_known_addr { host: "127.24.79.2" port: 36829 } } peers { permanent_uuid: "410940b2a75041c497df2d62c5f2a8ca" member_type: VOTER last_known_addr { host: "127.24.79.3" port: 43527 } }
I20260608 12:47:17.808882 28061 raft_consensus.cc:385] T 47aab0ab8bec45ce8bd421142582aebe P 5be673aecfaa44ffb95acfd83edccf62 [term 0 FOLLOWER]: Consensus starting up: Expiring failure detector timer to make a prompt election more likely
I20260608 12:47:17.809177 28061 raft_consensus.cc:740] T 47aab0ab8bec45ce8bd421142582aebe P 5be673aecfaa44ffb95acfd83edccf62 [term 0 FOLLOWER]: Becoming Follower/Learner. State: Replica: 5be673aecfaa44ffb95acfd83edccf62, State: Initialized, Role: FOLLOWER
I20260608 12:47:17.809876 28061 consensus_queue.cc:260] T 47aab0ab8bec45ce8bd421142582aebe P 5be673aecfaa44ffb95acfd83edccf62 [NON_LEADER]: Queue going to NON_LEADER mode. State: All replicated index: 0, Majority replicated index: 0, Committed index: 0, Last appended: 0.0, Last appended by leader: 0, Current term: 0, Majority size: -1, State: 0, Mode: NON_LEADER, active raft config: opid_index: -1 OBSOLETE_local: false peers { permanent_uuid: "5be673aecfaa44ffb95acfd83edccf62" member_type: VOTER last_known_addr { host: "127.24.79.1" port: 38441 } } peers { permanent_uuid: "a5e28d7e3477420099fcb04471cba3ef" member_type: VOTER last_known_addr { host: "127.24.79.2" port: 36829 } } peers { permanent_uuid: "410940b2a75041c497df2d62c5f2a8ca" member_type: VOTER last_known_addr { host: "127.24.79.3" port: 43527 } }
I20260608 12:47:17.811450 28061 ts_tablet_manager.cc:1434] T 47aab0ab8bec45ce8bd421142582aebe P 5be673aecfaa44ffb95acfd83edccf62: Time spent starting tablet: real 0.006s	user 0.005s	sys 0.000s
I20260608 12:47:17.811291 28060 raft_consensus.cc:359] T 0b75d03feb3b460ca922bf0f8496b4ad P 410940b2a75041c497df2d62c5f2a8ca [term 0 FOLLOWER]: Replica starting. Triggering 0 pending ops. Active config: opid_index: -1 OBSOLETE_local: false peers { permanent_uuid: "5be673aecfaa44ffb95acfd83edccf62" member_type: VOTER last_known_addr { host: "127.24.79.1" port: 38441 } } peers { permanent_uuid: "a5e28d7e3477420099fcb04471cba3ef" member_type: VOTER last_known_addr { host: "127.24.79.2" port: 36829 } } peers { permanent_uuid: "410940b2a75041c497df2d62c5f2a8ca" member_type: VOTER last_known_addr { host: "127.24.79.3" port: 43527 } }
I20260608 12:47:17.811968 28060 raft_consensus.cc:385] T 0b75d03feb3b460ca922bf0f8496b4ad P 410940b2a75041c497df2d62c5f2a8ca [term 0 FOLLOWER]: Consensus starting up: Expiring failure detector timer to make a prompt election more likely
I20260608 12:47:17.812279 28060 raft_consensus.cc:740] T 0b75d03feb3b460ca922bf0f8496b4ad P 410940b2a75041c497df2d62c5f2a8ca [term 0 FOLLOWER]: Becoming Follower/Learner. State: Replica: 410940b2a75041c497df2d62c5f2a8ca, State: Initialized, Role: FOLLOWER
I20260608 12:47:17.812942 28060 consensus_queue.cc:260] T 0b75d03feb3b460ca922bf0f8496b4ad P 410940b2a75041c497df2d62c5f2a8ca [NON_LEADER]: Queue going to NON_LEADER mode. State: All replicated index: 0, Majority replicated index: 0, Committed index: 0, Last appended: 0.0, Last appended by leader: 0, Current term: 0, Majority size: -1, State: 0, Mode: NON_LEADER, active raft config: opid_index: -1 OBSOLETE_local: false peers { permanent_uuid: "5be673aecfaa44ffb95acfd83edccf62" member_type: VOTER last_known_addr { host: "127.24.79.1" port: 38441 } } peers { permanent_uuid: "a5e28d7e3477420099fcb04471cba3ef" member_type: VOTER last_known_addr { host: "127.24.79.2" port: 36829 } } peers { permanent_uuid: "410940b2a75041c497df2d62c5f2a8ca" member_type: VOTER last_known_addr { host: "127.24.79.3" port: 43527 } }
I20260608 12:47:17.814711 28060 ts_tablet_manager.cc:1434] T 0b75d03feb3b460ca922bf0f8496b4ad P 410940b2a75041c497df2d62c5f2a8ca: Time spent starting tablet: real 0.006s	user 0.003s	sys 0.001s
I20260608 12:47:17.863201 28091 raft_consensus.cc:493] T 5e8493c50f6f46cb9659208413ea7bf2 P a5e28d7e3477420099fcb04471cba3ef [term 0 FOLLOWER]: Starting pre-election (no leader contacted us within the election timeout)
I20260608 12:47:17.863375 28069 raft_consensus.cc:493] T 0b75d03feb3b460ca922bf0f8496b4ad P 410940b2a75041c497df2d62c5f2a8ca [term 0 FOLLOWER]: Starting pre-election (no leader contacted us within the election timeout)
I20260608 12:47:17.863763 28091 raft_consensus.cc:515] T 5e8493c50f6f46cb9659208413ea7bf2 P a5e28d7e3477420099fcb04471cba3ef [term 0 FOLLOWER]: Starting pre-election with config: opid_index: -1 OBSOLETE_local: false peers { permanent_uuid: "a5e28d7e3477420099fcb04471cba3ef" member_type: VOTER last_known_addr { host: "127.24.79.2" port: 36829 } } peers { permanent_uuid: "5be673aecfaa44ffb95acfd83edccf62" member_type: VOTER last_known_addr { host: "127.24.79.1" port: 38441 } } peers { permanent_uuid: "410940b2a75041c497df2d62c5f2a8ca" member_type: VOTER last_known_addr { host: "127.24.79.3" port: 43527 } }
I20260608 12:47:17.863950 28069 raft_consensus.cc:515] T 0b75d03feb3b460ca922bf0f8496b4ad P 410940b2a75041c497df2d62c5f2a8ca [term 0 FOLLOWER]: Starting pre-election with config: opid_index: -1 OBSOLETE_local: false peers { permanent_uuid: "5be673aecfaa44ffb95acfd83edccf62" member_type: VOTER last_known_addr { host: "127.24.79.1" port: 38441 } } peers { permanent_uuid: "a5e28d7e3477420099fcb04471cba3ef" member_type: VOTER last_known_addr { host: "127.24.79.2" port: 36829 } } peers { permanent_uuid: "410940b2a75041c497df2d62c5f2a8ca" member_type: VOTER last_known_addr { host: "127.24.79.3" port: 43527 } }
I20260608 12:47:17.865833 28091 leader_election.cc:290] T 5e8493c50f6f46cb9659208413ea7bf2 P a5e28d7e3477420099fcb04471cba3ef [CANDIDATE]: Term 1 pre-election: Requested pre-vote from peers 5be673aecfaa44ffb95acfd83edccf62 (127.24.79.1:38441), 410940b2a75041c497df2d62c5f2a8ca (127.24.79.3:43527)
I20260608 12:47:17.865962 28069 leader_election.cc:290] T 0b75d03feb3b460ca922bf0f8496b4ad P 410940b2a75041c497df2d62c5f2a8ca [CANDIDATE]: Term 1 pre-election: Requested pre-vote from peers 5be673aecfaa44ffb95acfd83edccf62 (127.24.79.1:38441), a5e28d7e3477420099fcb04471cba3ef (127.24.79.2:36829)
I20260608 12:47:17.866881 27864 tablet_service.cc:1917] Received RequestConsensusVote() RPC: tablet_id: "5e8493c50f6f46cb9659208413ea7bf2" candidate_uuid: "a5e28d7e3477420099fcb04471cba3ef" candidate_term: 1 candidate_status { last_received { term: 0 index: 0 } } ignore_live_leader: false dest_uuid: "5be673aecfaa44ffb95acfd83edccf62" is_pre_election: true
I20260608 12:47:17.866930 27865 tablet_service.cc:1917] Received RequestConsensusVote() RPC: tablet_id: "0b75d03feb3b460ca922bf0f8496b4ad" candidate_uuid: "410940b2a75041c497df2d62c5f2a8ca" candidate_term: 1 candidate_status { last_received { term: 0 index: 0 } } ignore_live_leader: false dest_uuid: "5be673aecfaa44ffb95acfd83edccf62" is_pre_election: true
I20260608 12:47:17.867558 28014 tablet_service.cc:1917] Received RequestConsensusVote() RPC: tablet_id: "5e8493c50f6f46cb9659208413ea7bf2" candidate_uuid: "a5e28d7e3477420099fcb04471cba3ef" candidate_term: 1 candidate_status { last_received { term: 0 index: 0 } } ignore_live_leader: false dest_uuid: "410940b2a75041c497df2d62c5f2a8ca" is_pre_election: true
I20260608 12:47:17.867690 27864 raft_consensus.cc:2468] T 5e8493c50f6f46cb9659208413ea7bf2 P 5be673aecfaa44ffb95acfd83edccf62 [term 0 FOLLOWER]: Leader pre-election vote request: Granting yes vote for candidate a5e28d7e3477420099fcb04471cba3ef in term 0.
I20260608 12:47:17.867570 27940 tablet_service.cc:1917] Received RequestConsensusVote() RPC: tablet_id: "0b75d03feb3b460ca922bf0f8496b4ad" candidate_uuid: "410940b2a75041c497df2d62c5f2a8ca" candidate_term: 1 candidate_status { last_received { term: 0 index: 0 } } ignore_live_leader: false dest_uuid: "a5e28d7e3477420099fcb04471cba3ef" is_pre_election: true
I20260608 12:47:17.868355 28014 raft_consensus.cc:2468] T 5e8493c50f6f46cb9659208413ea7bf2 P 410940b2a75041c497df2d62c5f2a8ca [term 0 FOLLOWER]: Leader pre-election vote request: Granting yes vote for candidate a5e28d7e3477420099fcb04471cba3ef in term 0.
I20260608 12:47:17.868779 27940 raft_consensus.cc:2468] T 0b75d03feb3b460ca922bf0f8496b4ad P a5e28d7e3477420099fcb04471cba3ef [term 0 FOLLOWER]: Leader pre-election vote request: Granting yes vote for candidate 410940b2a75041c497df2d62c5f2a8ca in term 0.
I20260608 12:47:17.867760 27865 raft_consensus.cc:2468] T 0b75d03feb3b460ca922bf0f8496b4ad P 5be673aecfaa44ffb95acfd83edccf62 [term 0 FOLLOWER]: Leader pre-election vote request: Granting yes vote for candidate 410940b2a75041c497df2d62c5f2a8ca in term 0.
I20260608 12:47:17.869273 27904 leader_election.cc:304] T 5e8493c50f6f46cb9659208413ea7bf2 P a5e28d7e3477420099fcb04471cba3ef [CANDIDATE]: Term 1 pre-election: Election decided. Result: candidate won. Election summary: received 2 responses out of 3 voters: 2 yes votes; 0 no votes. yes voters: 5be673aecfaa44ffb95acfd83edccf62, a5e28d7e3477420099fcb04471cba3ef; no voters: 
I20260608 12:47:17.870167 27978 leader_election.cc:304] T 0b75d03feb3b460ca922bf0f8496b4ad P 410940b2a75041c497df2d62c5f2a8ca [CANDIDATE]: Term 1 pre-election: Election decided. Result: candidate won. Election summary: received 2 responses out of 3 voters: 2 yes votes; 0 no votes. yes voters: 410940b2a75041c497df2d62c5f2a8ca, 5be673aecfaa44ffb95acfd83edccf62; no voters: 
I20260608 12:47:17.870635 28091 raft_consensus.cc:2804] T 5e8493c50f6f46cb9659208413ea7bf2 P a5e28d7e3477420099fcb04471cba3ef [term 0 FOLLOWER]: Leader pre-election won for term 1
I20260608 12:47:17.870848 28069 raft_consensus.cc:2804] T 0b75d03feb3b460ca922bf0f8496b4ad P 410940b2a75041c497df2d62c5f2a8ca [term 0 FOLLOWER]: Leader pre-election won for term 1
I20260608 12:47:17.871034 28091 raft_consensus.cc:493] T 5e8493c50f6f46cb9659208413ea7bf2 P a5e28d7e3477420099fcb04471cba3ef [term 0 FOLLOWER]: Starting leader election (no leader contacted us within the election timeout)
I20260608 12:47:17.871280 28069 raft_consensus.cc:493] T 0b75d03feb3b460ca922bf0f8496b4ad P 410940b2a75041c497df2d62c5f2a8ca [term 0 FOLLOWER]: Starting leader election (no leader contacted us within the election timeout)
I20260608 12:47:17.871500 28091 raft_consensus.cc:3060] T 5e8493c50f6f46cb9659208413ea7bf2 P a5e28d7e3477420099fcb04471cba3ef [term 0 FOLLOWER]: Advancing to term 1
I20260608 12:47:17.871681 28069 raft_consensus.cc:3060] T 0b75d03feb3b460ca922bf0f8496b4ad P 410940b2a75041c497df2d62c5f2a8ca [term 0 FOLLOWER]: Advancing to term 1
I20260608 12:47:17.876345 28069 raft_consensus.cc:515] T 0b75d03feb3b460ca922bf0f8496b4ad P 410940b2a75041c497df2d62c5f2a8ca [term 1 FOLLOWER]: Starting leader election with config: opid_index: -1 OBSOLETE_local: false peers { permanent_uuid: "5be673aecfaa44ffb95acfd83edccf62" member_type: VOTER last_known_addr { host: "127.24.79.1" port: 38441 } } peers { permanent_uuid: "a5e28d7e3477420099fcb04471cba3ef" member_type: VOTER last_known_addr { host: "127.24.79.2" port: 36829 } } peers { permanent_uuid: "410940b2a75041c497df2d62c5f2a8ca" member_type: VOTER last_known_addr { host: "127.24.79.3" port: 43527 } }
I20260608 12:47:17.876395 28091 raft_consensus.cc:515] T 5e8493c50f6f46cb9659208413ea7bf2 P a5e28d7e3477420099fcb04471cba3ef [term 1 FOLLOWER]: Starting leader election with config: opid_index: -1 OBSOLETE_local: false peers { permanent_uuid: "a5e28d7e3477420099fcb04471cba3ef" member_type: VOTER last_known_addr { host: "127.24.79.2" port: 36829 } } peers { permanent_uuid: "5be673aecfaa44ffb95acfd83edccf62" member_type: VOTER last_known_addr { host: "127.24.79.1" port: 38441 } } peers { permanent_uuid: "410940b2a75041c497df2d62c5f2a8ca" member_type: VOTER last_known_addr { host: "127.24.79.3" port: 43527 } }
I20260608 12:47:17.878713 28069 leader_election.cc:290] T 0b75d03feb3b460ca922bf0f8496b4ad P 410940b2a75041c497df2d62c5f2a8ca [CANDIDATE]: Term 1 election: Requested vote from peers 5be673aecfaa44ffb95acfd83edccf62 (127.24.79.1:38441), a5e28d7e3477420099fcb04471cba3ef (127.24.79.2:36829)
I20260608 12:47:17.879218 27865 tablet_service.cc:1917] Received RequestConsensusVote() RPC: tablet_id: "0b75d03feb3b460ca922bf0f8496b4ad" candidate_uuid: "410940b2a75041c497df2d62c5f2a8ca" candidate_term: 1 candidate_status { last_received { term: 0 index: 0 } } ignore_live_leader: false dest_uuid: "5be673aecfaa44ffb95acfd83edccf62"
I20260608 12:47:17.879827 27940 tablet_service.cc:1917] Received RequestConsensusVote() RPC: tablet_id: "0b75d03feb3b460ca922bf0f8496b4ad" candidate_uuid: "410940b2a75041c497df2d62c5f2a8ca" candidate_term: 1 candidate_status { last_received { term: 0 index: 0 } } ignore_live_leader: false dest_uuid: "a5e28d7e3477420099fcb04471cba3ef"
I20260608 12:47:17.879809 27865 raft_consensus.cc:3060] T 0b75d03feb3b460ca922bf0f8496b4ad P 5be673aecfaa44ffb95acfd83edccf62 [term 0 FOLLOWER]: Advancing to term 1
I20260608 12:47:17.879899 27864 tablet_service.cc:1917] Received RequestConsensusVote() RPC: tablet_id: "5e8493c50f6f46cb9659208413ea7bf2" candidate_uuid: "a5e28d7e3477420099fcb04471cba3ef" candidate_term: 1 candidate_status { last_received { term: 0 index: 0 } } ignore_live_leader: false dest_uuid: "5be673aecfaa44ffb95acfd83edccf62"
I20260608 12:47:17.880615 28091 leader_election.cc:290] T 5e8493c50f6f46cb9659208413ea7bf2 P a5e28d7e3477420099fcb04471cba3ef [CANDIDATE]: Term 1 election: Requested vote from peers 5be673aecfaa44ffb95acfd83edccf62 (127.24.79.1:38441), 410940b2a75041c497df2d62c5f2a8ca (127.24.79.3:43527)
I20260608 12:47:17.881063 27864 raft_consensus.cc:3060] T 5e8493c50f6f46cb9659208413ea7bf2 P 5be673aecfaa44ffb95acfd83edccf62 [term 0 FOLLOWER]: Advancing to term 1
I20260608 12:47:17.880698 27940 raft_consensus.cc:3060] T 0b75d03feb3b460ca922bf0f8496b4ad P a5e28d7e3477420099fcb04471cba3ef [term 0 FOLLOWER]: Advancing to term 1
I20260608 12:47:17.881400 28014 tablet_service.cc:1917] Received RequestConsensusVote() RPC: tablet_id: "5e8493c50f6f46cb9659208413ea7bf2" candidate_uuid: "a5e28d7e3477420099fcb04471cba3ef" candidate_term: 1 candidate_status { last_received { term: 0 index: 0 } } ignore_live_leader: false dest_uuid: "410940b2a75041c497df2d62c5f2a8ca"
I20260608 12:47:17.882063 28014 raft_consensus.cc:3060] T 5e8493c50f6f46cb9659208413ea7bf2 P 410940b2a75041c497df2d62c5f2a8ca [term 0 FOLLOWER]: Advancing to term 1
I20260608 12:47:17.887949 27865 raft_consensus.cc:2468] T 0b75d03feb3b460ca922bf0f8496b4ad P 5be673aecfaa44ffb95acfd83edccf62 [term 1 FOLLOWER]: Leader election vote request: Granting yes vote for candidate 410940b2a75041c497df2d62c5f2a8ca in term 1.
I20260608 12:47:17.887967 27864 raft_consensus.cc:2468] T 5e8493c50f6f46cb9659208413ea7bf2 P 5be673aecfaa44ffb95acfd83edccf62 [term 1 FOLLOWER]: Leader election vote request: Granting yes vote for candidate a5e28d7e3477420099fcb04471cba3ef in term 1.
I20260608 12:47:17.888317 27940 raft_consensus.cc:2468] T 0b75d03feb3b460ca922bf0f8496b4ad P a5e28d7e3477420099fcb04471cba3ef [term 1 FOLLOWER]: Leader election vote request: Granting yes vote for candidate 410940b2a75041c497df2d62c5f2a8ca in term 1.
I20260608 12:47:17.888669 28014 raft_consensus.cc:2468] T 5e8493c50f6f46cb9659208413ea7bf2 P 410940b2a75041c497df2d62c5f2a8ca [term 1 FOLLOWER]: Leader election vote request: Granting yes vote for candidate a5e28d7e3477420099fcb04471cba3ef in term 1.
I20260608 12:47:17.889679 27979 leader_election.cc:304] T 0b75d03feb3b460ca922bf0f8496b4ad P 410940b2a75041c497df2d62c5f2a8ca [CANDIDATE]: Term 1 election: Election decided. Result: candidate won. Election summary: received 2 responses out of 3 voters: 2 yes votes; 0 no votes. yes voters: 410940b2a75041c497df2d62c5f2a8ca, a5e28d7e3477420099fcb04471cba3ef; no voters: 
I20260608 12:47:17.889691 27904 leader_election.cc:304] T 5e8493c50f6f46cb9659208413ea7bf2 P a5e28d7e3477420099fcb04471cba3ef [CANDIDATE]: Term 1 election: Election decided. Result: candidate won. Election summary: received 2 responses out of 3 voters: 2 yes votes; 0 no votes. yes voters: 5be673aecfaa44ffb95acfd83edccf62, a5e28d7e3477420099fcb04471cba3ef; no voters: 
I20260608 12:47:17.890730 28069 raft_consensus.cc:2804] T 0b75d03feb3b460ca922bf0f8496b4ad P 410940b2a75041c497df2d62c5f2a8ca [term 1 FOLLOWER]: Leader election won for term 1
I20260608 12:47:17.891265 28091 raft_consensus.cc:2804] T 5e8493c50f6f46cb9659208413ea7bf2 P a5e28d7e3477420099fcb04471cba3ef [term 1 FOLLOWER]: Leader election won for term 1
I20260608 12:47:17.891305 28069 raft_consensus.cc:697] T 0b75d03feb3b460ca922bf0f8496b4ad P 410940b2a75041c497df2d62c5f2a8ca [term 1 LEADER]: Becoming Leader. State: Replica: 410940b2a75041c497df2d62c5f2a8ca, State: Running, Role: LEADER
I20260608 12:47:17.892074 28091 raft_consensus.cc:697] T 5e8493c50f6f46cb9659208413ea7bf2 P a5e28d7e3477420099fcb04471cba3ef [term 1 LEADER]: Becoming Leader. State: Replica: a5e28d7e3477420099fcb04471cba3ef, State: Running, Role: LEADER
I20260608 12:47:17.892513 28069 consensus_queue.cc:237] T 0b75d03feb3b460ca922bf0f8496b4ad P 410940b2a75041c497df2d62c5f2a8ca [LEADER]: Queue going to LEADER mode. State: All replicated index: 0, Majority replicated index: 0, Committed index: 0, Last appended: 0.0, Last appended by leader: 0, Current term: 1, Majority size: 2, State: 0, Mode: LEADER, active raft config: opid_index: -1 OBSOLETE_local: false peers { permanent_uuid: "5be673aecfaa44ffb95acfd83edccf62" member_type: VOTER last_known_addr { host: "127.24.79.1" port: 38441 } } peers { permanent_uuid: "a5e28d7e3477420099fcb04471cba3ef" member_type: VOTER last_known_addr { host: "127.24.79.2" port: 36829 } } peers { permanent_uuid: "410940b2a75041c497df2d62c5f2a8ca" member_type: VOTER last_known_addr { host: "127.24.79.3" port: 43527 } }
I20260608 12:47:17.893034 28091 consensus_queue.cc:237] T 5e8493c50f6f46cb9659208413ea7bf2 P a5e28d7e3477420099fcb04471cba3ef [LEADER]: Queue going to LEADER mode. State: All replicated index: 0, Majority replicated index: 0, Committed index: 0, Last appended: 0.0, Last appended by leader: 0, Current term: 1, Majority size: 2, State: 0, Mode: LEADER, active raft config: opid_index: -1 OBSOLETE_local: false peers { permanent_uuid: "a5e28d7e3477420099fcb04471cba3ef" member_type: VOTER last_known_addr { host: "127.24.79.2" port: 36829 } } peers { permanent_uuid: "5be673aecfaa44ffb95acfd83edccf62" member_type: VOTER last_known_addr { host: "127.24.79.1" port: 38441 } } peers { permanent_uuid: "410940b2a75041c497df2d62c5f2a8ca" member_type: VOTER last_known_addr { host: "127.24.79.3" port: 43527 } }
I20260608 12:47:17.902359 27762 catalog_manager.cc:5696] T 5e8493c50f6f46cb9659208413ea7bf2 P a5e28d7e3477420099fcb04471cba3ef reported cstate change: term changed from 0 to 1, leader changed from <none> to a5e28d7e3477420099fcb04471cba3ef (127.24.79.2). New cstate: current_term: 1 leader_uuid: "a5e28d7e3477420099fcb04471cba3ef" committed_config { opid_index: -1 OBSOLETE_local: false peers { permanent_uuid: "a5e28d7e3477420099fcb04471cba3ef" member_type: VOTER last_known_addr { host: "127.24.79.2" port: 36829 } health_report { overall_health: HEALTHY } } peers { permanent_uuid: "5be673aecfaa44ffb95acfd83edccf62" member_type: VOTER last_known_addr { host: "127.24.79.1" port: 38441 } health_report { overall_health: UNKNOWN } } peers { permanent_uuid: "410940b2a75041c497df2d62c5f2a8ca" member_type: VOTER last_known_addr { host: "127.24.79.3" port: 43527 } health_report { overall_health: UNKNOWN } } }
I20260608 12:47:17.903539 27763 catalog_manager.cc:5696] T 0b75d03feb3b460ca922bf0f8496b4ad P 410940b2a75041c497df2d62c5f2a8ca reported cstate change: term changed from 0 to 1, leader changed from <none> to 410940b2a75041c497df2d62c5f2a8ca (127.24.79.3). New cstate: current_term: 1 leader_uuid: "410940b2a75041c497df2d62c5f2a8ca" committed_config { opid_index: -1 OBSOLETE_local: false peers { permanent_uuid: "5be673aecfaa44ffb95acfd83edccf62" member_type: VOTER last_known_addr { host: "127.24.79.1" port: 38441 } health_report { overall_health: UNKNOWN } } peers { permanent_uuid: "a5e28d7e3477420099fcb04471cba3ef" member_type: VOTER last_known_addr { host: "127.24.79.2" port: 36829 } health_report { overall_health: UNKNOWN } } peers { permanent_uuid: "410940b2a75041c497df2d62c5f2a8ca" member_type: VOTER last_known_addr { host: "127.24.79.3" port: 43527 } health_report { overall_health: HEALTHY } } }
I20260608 12:47:17.992861 28069 raft_consensus.cc:493] T 47aab0ab8bec45ce8bd421142582aebe P 410940b2a75041c497df2d62c5f2a8ca [term 0 FOLLOWER]: Starting pre-election (no leader contacted us within the election timeout)
I20260608 12:47:17.993393 28069 raft_consensus.cc:515] T 47aab0ab8bec45ce8bd421142582aebe P 410940b2a75041c497df2d62c5f2a8ca [term 0 FOLLOWER]: Starting pre-election with config: opid_index: -1 OBSOLETE_local: false peers { permanent_uuid: "5be673aecfaa44ffb95acfd83edccf62" member_type: VOTER last_known_addr { host: "127.24.79.1" port: 38441 } } peers { permanent_uuid: "a5e28d7e3477420099fcb04471cba3ef" member_type: VOTER last_known_addr { host: "127.24.79.2" port: 36829 } } peers { permanent_uuid: "410940b2a75041c497df2d62c5f2a8ca" member_type: VOTER last_known_addr { host: "127.24.79.3" port: 43527 } }
I20260608 12:47:17.995290 28069 leader_election.cc:290] T 47aab0ab8bec45ce8bd421142582aebe P 410940b2a75041c497df2d62c5f2a8ca [CANDIDATE]: Term 1 pre-election: Requested pre-vote from peers 5be673aecfaa44ffb95acfd83edccf62 (127.24.79.1:38441), a5e28d7e3477420099fcb04471cba3ef (127.24.79.2:36829)
I20260608 12:47:17.996043 27865 tablet_service.cc:1917] Received RequestConsensusVote() RPC: tablet_id: "47aab0ab8bec45ce8bd421142582aebe" candidate_uuid: "410940b2a75041c497df2d62c5f2a8ca" candidate_term: 1 candidate_status { last_received { term: 0 index: 0 } } ignore_live_leader: false dest_uuid: "5be673aecfaa44ffb95acfd83edccf62" is_pre_election: true
I20260608 12:47:17.996415 27940 tablet_service.cc:1917] Received RequestConsensusVote() RPC: tablet_id: "47aab0ab8bec45ce8bd421142582aebe" candidate_uuid: "410940b2a75041c497df2d62c5f2a8ca" candidate_term: 1 candidate_status { last_received { term: 0 index: 0 } } ignore_live_leader: false dest_uuid: "a5e28d7e3477420099fcb04471cba3ef" is_pre_election: true
I20260608 12:47:17.996759 27865 raft_consensus.cc:2468] T 47aab0ab8bec45ce8bd421142582aebe P 5be673aecfaa44ffb95acfd83edccf62 [term 0 FOLLOWER]: Leader pre-election vote request: Granting yes vote for candidate 410940b2a75041c497df2d62c5f2a8ca in term 0.
I20260608 12:47:17.997030 27940 raft_consensus.cc:2468] T 47aab0ab8bec45ce8bd421142582aebe P a5e28d7e3477420099fcb04471cba3ef [term 0 FOLLOWER]: Leader pre-election vote request: Granting yes vote for candidate 410940b2a75041c497df2d62c5f2a8ca in term 0.
I20260608 12:47:17.997905 27978 leader_election.cc:304] T 47aab0ab8bec45ce8bd421142582aebe P 410940b2a75041c497df2d62c5f2a8ca [CANDIDATE]: Term 1 pre-election: Election decided. Result: candidate won. Election summary: received 2 responses out of 3 voters: 2 yes votes; 0 no votes. yes voters: 410940b2a75041c497df2d62c5f2a8ca, 5be673aecfaa44ffb95acfd83edccf62; no voters: 
I20260608 12:47:17.998929 28069 raft_consensus.cc:2804] T 47aab0ab8bec45ce8bd421142582aebe P 410940b2a75041c497df2d62c5f2a8ca [term 0 FOLLOWER]: Leader pre-election won for term 1
I20260608 12:47:17.999279 28069 raft_consensus.cc:493] T 47aab0ab8bec45ce8bd421142582aebe P 410940b2a75041c497df2d62c5f2a8ca [term 0 FOLLOWER]: Starting leader election (no leader contacted us within the election timeout)
I20260608 12:47:17.999567 28069 raft_consensus.cc:3060] T 47aab0ab8bec45ce8bd421142582aebe P 410940b2a75041c497df2d62c5f2a8ca [term 0 FOLLOWER]: Advancing to term 1
I20260608 12:47:18.004046 28069 raft_consensus.cc:515] T 47aab0ab8bec45ce8bd421142582aebe P 410940b2a75041c497df2d62c5f2a8ca [term 1 FOLLOWER]: Starting leader election with config: opid_index: -1 OBSOLETE_local: false peers { permanent_uuid: "5be673aecfaa44ffb95acfd83edccf62" member_type: VOTER last_known_addr { host: "127.24.79.1" port: 38441 } } peers { permanent_uuid: "a5e28d7e3477420099fcb04471cba3ef" member_type: VOTER last_known_addr { host: "127.24.79.2" port: 36829 } } peers { permanent_uuid: "410940b2a75041c497df2d62c5f2a8ca" member_type: VOTER last_known_addr { host: "127.24.79.3" port: 43527 } }
I20260608 12:47:18.005925 28069 leader_election.cc:290] T 47aab0ab8bec45ce8bd421142582aebe P 410940b2a75041c497df2d62c5f2a8ca [CANDIDATE]: Term 1 election: Requested vote from peers 5be673aecfaa44ffb95acfd83edccf62 (127.24.79.1:38441), a5e28d7e3477420099fcb04471cba3ef (127.24.79.2:36829)
I20260608 12:47:18.006795 27865 tablet_service.cc:1917] Received RequestConsensusVote() RPC: tablet_id: "47aab0ab8bec45ce8bd421142582aebe" candidate_uuid: "410940b2a75041c497df2d62c5f2a8ca" candidate_term: 1 candidate_status { last_received { term: 0 index: 0 } } ignore_live_leader: false dest_uuid: "5be673aecfaa44ffb95acfd83edccf62"
I20260608 12:47:18.006964 27940 tablet_service.cc:1917] Received RequestConsensusVote() RPC: tablet_id: "47aab0ab8bec45ce8bd421142582aebe" candidate_uuid: "410940b2a75041c497df2d62c5f2a8ca" candidate_term: 1 candidate_status { last_received { term: 0 index: 0 } } ignore_live_leader: false dest_uuid: "a5e28d7e3477420099fcb04471cba3ef"
I20260608 12:47:18.007419 27865 raft_consensus.cc:3060] T 47aab0ab8bec45ce8bd421142582aebe P 5be673aecfaa44ffb95acfd83edccf62 [term 0 FOLLOWER]: Advancing to term 1
I20260608 12:47:18.007519 27940 raft_consensus.cc:3060] T 47aab0ab8bec45ce8bd421142582aebe P a5e28d7e3477420099fcb04471cba3ef [term 0 FOLLOWER]: Advancing to term 1
I20260608 12:47:18.012851 27940 raft_consensus.cc:2468] T 47aab0ab8bec45ce8bd421142582aebe P a5e28d7e3477420099fcb04471cba3ef [term 1 FOLLOWER]: Leader election vote request: Granting yes vote for candidate 410940b2a75041c497df2d62c5f2a8ca in term 1.
I20260608 12:47:18.012938 27865 raft_consensus.cc:2468] T 47aab0ab8bec45ce8bd421142582aebe P 5be673aecfaa44ffb95acfd83edccf62 [term 1 FOLLOWER]: Leader election vote request: Granting yes vote for candidate 410940b2a75041c497df2d62c5f2a8ca in term 1.
I20260608 12:47:18.014042 27979 leader_election.cc:304] T 47aab0ab8bec45ce8bd421142582aebe P 410940b2a75041c497df2d62c5f2a8ca [CANDIDATE]: Term 1 election: Election decided. Result: candidate won. Election summary: received 2 responses out of 3 voters: 2 yes votes; 0 no votes. yes voters: 410940b2a75041c497df2d62c5f2a8ca, a5e28d7e3477420099fcb04471cba3ef; no voters: 
I20260608 12:47:18.014101 28091 consensus_queue.cc:1048] T c46dc98eebac439893d7991e71228bf5 P a5e28d7e3477420099fcb04471cba3ef [LEADER]: Connected to new peer: Peer: permanent_uuid: "410940b2a75041c497df2d62c5f2a8ca" member_type: VOTER last_known_addr { host: "127.24.79.3" port: 43527 }, Status: LMP_MISMATCH, Last received: 0.0, Next index: 1, Last known committed idx: 0, Time since last communication: 0.001s
I20260608 12:47:18.015012 28069 raft_consensus.cc:2804] T 47aab0ab8bec45ce8bd421142582aebe P 410940b2a75041c497df2d62c5f2a8ca [term 1 FOLLOWER]: Leader election won for term 1
I20260608 12:47:18.015537 28069 raft_consensus.cc:697] T 47aab0ab8bec45ce8bd421142582aebe P 410940b2a75041c497df2d62c5f2a8ca [term 1 LEADER]: Becoming Leader. State: Replica: 410940b2a75041c497df2d62c5f2a8ca, State: Running, Role: LEADER
I20260608 12:47:18.016427 28069 consensus_queue.cc:237] T 47aab0ab8bec45ce8bd421142582aebe P 410940b2a75041c497df2d62c5f2a8ca [LEADER]: Queue going to LEADER mode. State: All replicated index: 0, Majority replicated index: 0, Committed index: 0, Last appended: 0.0, Last appended by leader: 0, Current term: 1, Majority size: 2, State: 0, Mode: LEADER, active raft config: opid_index: -1 OBSOLETE_local: false peers { permanent_uuid: "5be673aecfaa44ffb95acfd83edccf62" member_type: VOTER last_known_addr { host: "127.24.79.1" port: 38441 } } peers { permanent_uuid: "a5e28d7e3477420099fcb04471cba3ef" member_type: VOTER last_known_addr { host: "127.24.79.2" port: 36829 } } peers { permanent_uuid: "410940b2a75041c497df2d62c5f2a8ca" member_type: VOTER last_known_addr { host: "127.24.79.3" port: 43527 } }
I20260608 12:47:18.025279 27763 catalog_manager.cc:5696] T 47aab0ab8bec45ce8bd421142582aebe P 410940b2a75041c497df2d62c5f2a8ca reported cstate change: term changed from 0 to 1, leader changed from <none> to 410940b2a75041c497df2d62c5f2a8ca (127.24.79.3). New cstate: current_term: 1 leader_uuid: "410940b2a75041c497df2d62c5f2a8ca" committed_config { opid_index: -1 OBSOLETE_local: false peers { permanent_uuid: "5be673aecfaa44ffb95acfd83edccf62" member_type: VOTER last_known_addr { host: "127.24.79.1" port: 38441 } health_report { overall_health: UNKNOWN } } peers { permanent_uuid: "a5e28d7e3477420099fcb04471cba3ef" member_type: VOTER last_known_addr { host: "127.24.79.2" port: 36829 } health_report { overall_health: UNKNOWN } } peers { permanent_uuid: "410940b2a75041c497df2d62c5f2a8ca" member_type: VOTER last_known_addr { host: "127.24.79.3" port: 43527 } health_report { overall_health: HEALTHY } } }
I20260608 12:47:18.029904 28091 consensus_queue.cc:1048] T c46dc98eebac439893d7991e71228bf5 P a5e28d7e3477420099fcb04471cba3ef [LEADER]: Connected to new peer: Peer: permanent_uuid: "5be673aecfaa44ffb95acfd83edccf62" member_type: VOTER last_known_addr { host: "127.24.79.1" port: 38441 }, Status: LMP_MISMATCH, Last received: 0.0, Next index: 1, Last known committed idx: 0, Time since last communication: 0.000s
I20260608 12:47:18.100836 28069 raft_consensus.cc:493] T 695efcff4f654bf4b1c3e43e96a993f1 P 410940b2a75041c497df2d62c5f2a8ca [term 0 FOLLOWER]: Starting pre-election (no leader contacted us within the election timeout)
I20260608 12:47:18.101418 28069 raft_consensus.cc:515] T 695efcff4f654bf4b1c3e43e96a993f1 P 410940b2a75041c497df2d62c5f2a8ca [term 0 FOLLOWER]: Starting pre-election with config: opid_index: -1 OBSOLETE_local: false peers { permanent_uuid: "5be673aecfaa44ffb95acfd83edccf62" member_type: VOTER last_known_addr { host: "127.24.79.1" port: 38441 } } peers { permanent_uuid: "a5e28d7e3477420099fcb04471cba3ef" member_type: VOTER last_known_addr { host: "127.24.79.2" port: 36829 } } peers { permanent_uuid: "410940b2a75041c497df2d62c5f2a8ca" member_type: VOTER last_known_addr { host: "127.24.79.3" port: 43527 } }
I20260608 12:47:18.103209 28069 leader_election.cc:290] T 695efcff4f654bf4b1c3e43e96a993f1 P 410940b2a75041c497df2d62c5f2a8ca [CANDIDATE]: Term 1 pre-election: Requested pre-vote from peers 5be673aecfaa44ffb95acfd83edccf62 (127.24.79.1:38441), a5e28d7e3477420099fcb04471cba3ef (127.24.79.2:36829)
I20260608 12:47:18.104413 27865 tablet_service.cc:1917] Received RequestConsensusVote() RPC: tablet_id: "695efcff4f654bf4b1c3e43e96a993f1" candidate_uuid: "410940b2a75041c497df2d62c5f2a8ca" candidate_term: 1 candidate_status { last_received { term: 0 index: 0 } } ignore_live_leader: false dest_uuid: "5be673aecfaa44ffb95acfd83edccf62" is_pre_election: true
I20260608 12:47:18.104413 27940 tablet_service.cc:1917] Received RequestConsensusVote() RPC: tablet_id: "695efcff4f654bf4b1c3e43e96a993f1" candidate_uuid: "410940b2a75041c497df2d62c5f2a8ca" candidate_term: 1 candidate_status { last_received { term: 0 index: 0 } } ignore_live_leader: false dest_uuid: "a5e28d7e3477420099fcb04471cba3ef" is_pre_election: true
I20260608 12:47:18.105332 27865 raft_consensus.cc:2468] T 695efcff4f654bf4b1c3e43e96a993f1 P 5be673aecfaa44ffb95acfd83edccf62 [term 0 FOLLOWER]: Leader pre-election vote request: Granting yes vote for candidate 410940b2a75041c497df2d62c5f2a8ca in term 0.
I20260608 12:47:18.105402 27940 raft_consensus.cc:2468] T 695efcff4f654bf4b1c3e43e96a993f1 P a5e28d7e3477420099fcb04471cba3ef [term 0 FOLLOWER]: Leader pre-election vote request: Granting yes vote for candidate 410940b2a75041c497df2d62c5f2a8ca in term 0.
I20260608 12:47:18.106524 27978 leader_election.cc:304] T 695efcff4f654bf4b1c3e43e96a993f1 P 410940b2a75041c497df2d62c5f2a8ca [CANDIDATE]: Term 1 pre-election: Election decided. Result: candidate won. Election summary: received 2 responses out of 3 voters: 2 yes votes; 0 no votes. yes voters: 410940b2a75041c497df2d62c5f2a8ca, 5be673aecfaa44ffb95acfd83edccf62; no voters: 
I20260608 12:47:18.107227 28069 raft_consensus.cc:2804] T 695efcff4f654bf4b1c3e43e96a993f1 P 410940b2a75041c497df2d62c5f2a8ca [term 0 FOLLOWER]: Leader pre-election won for term 1
I20260608 12:47:18.107610 28069 raft_consensus.cc:493] T 695efcff4f654bf4b1c3e43e96a993f1 P 410940b2a75041c497df2d62c5f2a8ca [term 0 FOLLOWER]: Starting leader election (no leader contacted us within the election timeout)
I20260608 12:47:18.107914 28069 raft_consensus.cc:3060] T 695efcff4f654bf4b1c3e43e96a993f1 P 410940b2a75041c497df2d62c5f2a8ca [term 0 FOLLOWER]: Advancing to term 1
I20260608 12:47:18.112602 28069 raft_consensus.cc:515] T 695efcff4f654bf4b1c3e43e96a993f1 P 410940b2a75041c497df2d62c5f2a8ca [term 1 FOLLOWER]: Starting leader election with config: opid_index: -1 OBSOLETE_local: false peers { permanent_uuid: "5be673aecfaa44ffb95acfd83edccf62" member_type: VOTER last_known_addr { host: "127.24.79.1" port: 38441 } } peers { permanent_uuid: "a5e28d7e3477420099fcb04471cba3ef" member_type: VOTER last_known_addr { host: "127.24.79.2" port: 36829 } } peers { permanent_uuid: "410940b2a75041c497df2d62c5f2a8ca" member_type: VOTER last_known_addr { host: "127.24.79.3" port: 43527 } }
I20260608 12:47:18.114691 28069 leader_election.cc:290] T 695efcff4f654bf4b1c3e43e96a993f1 P 410940b2a75041c497df2d62c5f2a8ca [CANDIDATE]: Term 1 election: Requested vote from peers 5be673aecfaa44ffb95acfd83edccf62 (127.24.79.1:38441), a5e28d7e3477420099fcb04471cba3ef (127.24.79.2:36829)
I20260608 12:47:18.115314 27865 tablet_service.cc:1917] Received RequestConsensusVote() RPC: tablet_id: "695efcff4f654bf4b1c3e43e96a993f1" candidate_uuid: "410940b2a75041c497df2d62c5f2a8ca" candidate_term: 1 candidate_status { last_received { term: 0 index: 0 } } ignore_live_leader: false dest_uuid: "5be673aecfaa44ffb95acfd83edccf62"
I20260608 12:47:18.116081 27865 raft_consensus.cc:3060] T 695efcff4f654bf4b1c3e43e96a993f1 P 5be673aecfaa44ffb95acfd83edccf62 [term 0 FOLLOWER]: Advancing to term 1
I20260608 12:47:18.116429 27939 tablet_service.cc:1917] Received RequestConsensusVote() RPC: tablet_id: "695efcff4f654bf4b1c3e43e96a993f1" candidate_uuid: "410940b2a75041c497df2d62c5f2a8ca" candidate_term: 1 candidate_status { last_received { term: 0 index: 0 } } ignore_live_leader: false dest_uuid: "a5e28d7e3477420099fcb04471cba3ef"
I20260608 12:47:18.116712 28069 consensus_queue.cc:1048] T 782c11e6a5114a839419234efc17f0c8 P 410940b2a75041c497df2d62c5f2a8ca [LEADER]: Connected to new peer: Peer: permanent_uuid: "a5e28d7e3477420099fcb04471cba3ef" member_type: VOTER last_known_addr { host: "127.24.79.2" port: 36829 }, Status: LMP_MISMATCH, Last received: 0.0, Next index: 1, Last known committed idx: 0, Time since last communication: 0.000s
I20260608 12:47:18.117098 27939 raft_consensus.cc:3060] T 695efcff4f654bf4b1c3e43e96a993f1 P a5e28d7e3477420099fcb04471cba3ef [term 0 FOLLOWER]: Advancing to term 1
I20260608 12:47:18.123643 27939 raft_consensus.cc:2468] T 695efcff4f654bf4b1c3e43e96a993f1 P a5e28d7e3477420099fcb04471cba3ef [term 1 FOLLOWER]: Leader election vote request: Granting yes vote for candidate 410940b2a75041c497df2d62c5f2a8ca in term 1.
I20260608 12:47:18.125319 27979 leader_election.cc:304] T 695efcff4f654bf4b1c3e43e96a993f1 P 410940b2a75041c497df2d62c5f2a8ca [CANDIDATE]: Term 1 election: Election decided. Result: candidate won. Election summary: received 2 responses out of 3 voters: 2 yes votes; 0 no votes. yes voters: 410940b2a75041c497df2d62c5f2a8ca, a5e28d7e3477420099fcb04471cba3ef; no voters: 
I20260608 12:47:18.126864 28069 raft_consensus.cc:2804] T 695efcff4f654bf4b1c3e43e96a993f1 P 410940b2a75041c497df2d62c5f2a8ca [term 1 FOLLOWER]: Leader election won for term 1
I20260608 12:47:18.127369 28069 raft_consensus.cc:697] T 695efcff4f654bf4b1c3e43e96a993f1 P 410940b2a75041c497df2d62c5f2a8ca [term 1 LEADER]: Becoming Leader. State: Replica: 410940b2a75041c497df2d62c5f2a8ca, State: Running, Role: LEADER
I20260608 12:47:18.125296 27865 raft_consensus.cc:2468] T 695efcff4f654bf4b1c3e43e96a993f1 P 5be673aecfaa44ffb95acfd83edccf62 [term 1 FOLLOWER]: Leader election vote request: Granting yes vote for candidate 410940b2a75041c497df2d62c5f2a8ca in term 1.
I20260608 12:47:18.128232 28069 consensus_queue.cc:237] T 695efcff4f654bf4b1c3e43e96a993f1 P 410940b2a75041c497df2d62c5f2a8ca [LEADER]: Queue going to LEADER mode. State: All replicated index: 0, Majority replicated index: 0, Committed index: 0, Last appended: 0.0, Last appended by leader: 0, Current term: 1, Majority size: 2, State: 0, Mode: LEADER, active raft config: opid_index: -1 OBSOLETE_local: false peers { permanent_uuid: "5be673aecfaa44ffb95acfd83edccf62" member_type: VOTER last_known_addr { host: "127.24.79.1" port: 38441 } } peers { permanent_uuid: "a5e28d7e3477420099fcb04471cba3ef" member_type: VOTER last_known_addr { host: "127.24.79.2" port: 36829 } } peers { permanent_uuid: "410940b2a75041c497df2d62c5f2a8ca" member_type: VOTER last_known_addr { host: "127.24.79.3" port: 43527 } }
I20260608 12:47:18.140748 28069 consensus_queue.cc:1048] T 782c11e6a5114a839419234efc17f0c8 P 410940b2a75041c497df2d62c5f2a8ca [LEADER]: Connected to new peer: Peer: permanent_uuid: "5be673aecfaa44ffb95acfd83edccf62" member_type: VOTER last_known_addr { host: "127.24.79.1" port: 38441 }, Status: LMP_MISMATCH, Last received: 0.0, Next index: 1, Last known committed idx: 0, Time since last communication: 0.000s
I20260608 12:47:18.145323 27762 catalog_manager.cc:5696] T 695efcff4f654bf4b1c3e43e96a993f1 P 410940b2a75041c497df2d62c5f2a8ca reported cstate change: term changed from 0 to 1, leader changed from <none> to 410940b2a75041c497df2d62c5f2a8ca (127.24.79.3). New cstate: current_term: 1 leader_uuid: "410940b2a75041c497df2d62c5f2a8ca" committed_config { opid_index: -1 OBSOLETE_local: false peers { permanent_uuid: "5be673aecfaa44ffb95acfd83edccf62" member_type: VOTER last_known_addr { host: "127.24.79.1" port: 38441 } health_report { overall_health: UNKNOWN } } peers { permanent_uuid: "a5e28d7e3477420099fcb04471cba3ef" member_type: VOTER last_known_addr { host: "127.24.79.2" port: 36829 } health_report { overall_health: UNKNOWN } } peers { permanent_uuid: "410940b2a75041c497df2d62c5f2a8ca" member_type: VOTER last_known_addr { host: "127.24.79.3" port: 43527 } health_report { overall_health: HEALTHY } } }
I20260608 12:47:18.168865 24892 file_cache.cc:492] Constructed file cache file cache with capacity 419430
W20260608 12:47:18.175886 28122 instance_detector.cc:116] could not retrieve AWS instance metadata: Network error: curl error: HTTP response code said error: The requested URL returned error: 404
W20260608 12:47:18.176407 28123 instance_detector.cc:116] could not retrieve Azure instance metadata: Network error: curl error: HTTP response code said error: The requested URL returned error: 404
W20260608 12:47:18.177541 28125 instance_detector.cc:116] could not retrieve OpenStack instance metadata: Network error: curl error: HTTP response code said error: The requested URL returned error: 404
I20260608 12:47:18.178923 24892 server_base.cc:1061] running on GCE node
I20260608 12:47:18.179859 24892 hybrid_clock.cc:584] initializing the hybrid clock with 'system_unsync' time source
W20260608 12:47:18.180063 24892 system_unsync_time.cc:38] NTP support is disabled. Clock error bounds will not be accurate. This configuration is not suitable for distributed clusters.
I20260608 12:47:18.180279 24892 hybrid_clock.cc:648] HybridClock initialized: now 1780922838180264 us; error 0 us; skew 500 ppm
I20260608 12:47:18.180810 24892 server_base.cc:861] Flag tcmalloc_max_total_thread_cache_bytes is not working since tcmalloc is not enabled.
I20260608 12:47:18.183439 24892 webserver.cc:533] Webserver started at http://127.24.79.4:38497/ using document root <none> and password file <none>
I20260608 12:47:18.184188 24892 fs_manager.cc:362] Metadata directory not provided
I20260608 12:47:18.184376 24892 fs_manager.cc:368] Using write-ahead log directory (fs_wal_dir) as metadata directory
I20260608 12:47:18.184640 24892 server_base.cc:909] This appears to be a new deployment of Kudu; creating new FS layout
