I20260608 12:47:20.707666  1609 raft_consensus.cc:359] T 4842598dd3b8440da7aaf75083bf2658 P 58045422d2814eabb1365346eaea0f7a [term 0 FOLLOWER]: Replica starting. Triggering 0 pending ops. Active config: opid_index: -1 OBSOLETE_local: false peers { permanent_uuid: "58045422d2814eabb1365346eaea0f7a" member_type: VOTER last_known_addr { host: "127.30.25.65" port: 35513 } } peers { permanent_uuid: "295de4d2e99c45c3a9161c74a3268086" member_type: VOTER last_known_addr { host: "127.30.25.66" port: 36483 } } peers { permanent_uuid: "fe121c388fd1482a97313e8436f56626" member_type: VOTER last_known_addr { host: "127.30.25.67" port: 42209 } }
I20260608 12:47:20.708468  1609 raft_consensus.cc:385] T 4842598dd3b8440da7aaf75083bf2658 P 58045422d2814eabb1365346eaea0f7a [term 0 FOLLOWER]: Consensus starting up: Expiring failure detector timer to make a prompt election more likely
I20260608 12:47:20.709033  1616 raft_consensus.cc:515] T e86df9f6ceca461d9143ef83f8952f36 P 58045422d2814eabb1365346eaea0f7a [term 1 FOLLOWER]: Starting leader election with config: opid_index: -1 OBSOLETE_local: false peers { permanent_uuid: "58045422d2814eabb1365346eaea0f7a" member_type: VOTER last_known_addr { host: "127.30.25.65" port: 35513 } } peers { permanent_uuid: "295de4d2e99c45c3a9161c74a3268086" member_type: VOTER last_known_addr { host: "127.30.25.66" port: 36483 } } peers { permanent_uuid: "fe121c388fd1482a97313e8436f56626" member_type: VOTER last_known_addr { host: "127.30.25.67" port: 42209 } }
I20260608 12:47:20.711697  1610 tablet_bootstrap.cc:492] T 5608c753621b441b9a3344d8757a8021 P fe121c388fd1482a97313e8436f56626: Bootstrap starting.
I20260608 12:47:20.708844  1609 raft_consensus.cc:740] T 4842598dd3b8440da7aaf75083bf2658 P 58045422d2814eabb1365346eaea0f7a [term 0 FOLLOWER]: Becoming Follower/Learner. State: Replica: 58045422d2814eabb1365346eaea0f7a, State: Initialized, Role: FOLLOWER
I20260608 12:47:20.722656  1609 consensus_queue.cc:260] T 4842598dd3b8440da7aaf75083bf2658 P 58045422d2814eabb1365346eaea0f7a [NON_LEADER]: Queue going to NON_LEADER mode. State: All replicated index: 0, Majority replicated index: 0, Committed index: 0, Last appended: 0.0, Last appended by leader: 0, Current term: 0, Majority size: -1, State: 0, Mode: NON_LEADER, active raft config: opid_index: -1 OBSOLETE_local: false peers { permanent_uuid: "58045422d2814eabb1365346eaea0f7a" member_type: VOTER last_known_addr { host: "127.30.25.65" port: 35513 } } peers { permanent_uuid: "295de4d2e99c45c3a9161c74a3268086" member_type: VOTER last_known_addr { host: "127.30.25.66" port: 36483 } } peers { permanent_uuid: "fe121c388fd1482a97313e8436f56626" member_type: VOTER last_known_addr { host: "127.30.25.67" port: 42209 } }
I20260608 12:47:20.724782  1615 raft_consensus.cc:493] T 525f74113c8e49c3932dabc5d3b25cfa P fe121c388fd1482a97313e8436f56626 [term 0 FOLLOWER]: Starting pre-election (no leader contacted us within the election timeout)
I20260608 12:47:20.725567  1615 raft_consensus.cc:515] T 525f74113c8e49c3932dabc5d3b25cfa P fe121c388fd1482a97313e8436f56626 [term 0 FOLLOWER]: Starting pre-election with config: opid_index: -1 OBSOLETE_local: false peers { permanent_uuid: "295de4d2e99c45c3a9161c74a3268086" member_type: VOTER last_known_addr { host: "127.30.25.66" port: 36483 } } peers { permanent_uuid: "58045422d2814eabb1365346eaea0f7a" member_type: VOTER last_known_addr { host: "127.30.25.65" port: 35513 } } peers { permanent_uuid: "fe121c388fd1482a97313e8436f56626" member_type: VOTER last_known_addr { host: "127.30.25.67" port: 42209 } }
I20260608 12:47:20.711855  1616 leader_election.cc:290] T e86df9f6ceca461d9143ef83f8952f36 P 58045422d2814eabb1365346eaea0f7a [CANDIDATE]: Term 1 election: Requested vote from peers 295de4d2e99c45c3a9161c74a3268086 (127.30.25.66:36483), fe121c388fd1482a97313e8436f56626 (127.30.25.67:42209)
I20260608 12:47:20.729099  1610 tablet_bootstrap.cc:654] T 5608c753621b441b9a3344d8757a8021 P fe121c388fd1482a97313e8436f56626: Neither blocks nor log segments found. Creating new log.
I20260608 12:47:20.729116  1611 tablet_bootstrap.cc:492] T 11cc6b7b1e014c7c9795afb129a3df7a P 295de4d2e99c45c3a9161c74a3268086: No bootstrap required, opened a new log
W20260608 12:47:20.729985  1360 auto_rebalancer.cc:259] Could not retrieve cluster info: Service unavailable: Tablet not running
I20260608 12:47:20.730047  1611 ts_tablet_manager.cc:1403] T 11cc6b7b1e014c7c9795afb129a3df7a P 295de4d2e99c45c3a9161c74a3268086: Time spent bootstrapping tablet: real 0.061s	user 0.014s	sys 0.027s
I20260608 12:47:20.730947  1365 auto_leader_rebalancer.cc:140] leader rebalance for table range_aware_rebalance_new_range
W20260608 12:47:20.732142  1365 auto_leader_rebalancer.cc:460] the master instance isn't leader: Service unavailable: Tablet not running
I20260608 12:47:20.732079  1564 tablet_service.cc:1917] Received RequestConsensusVote() RPC: tablet_id: "4814a12a0c8f40f4bb537bc12348da57" candidate_uuid: "295de4d2e99c45c3a9161c74a3268086" candidate_term: 1 candidate_status { last_received { term: 0 index: 0 } } ignore_live_leader: false dest_uuid: "fe121c388fd1482a97313e8436f56626" is_pre_election: true
I20260608 12:47:20.733979  1611 raft_consensus.cc:359] T 11cc6b7b1e014c7c9795afb129a3df7a P 295de4d2e99c45c3a9161c74a3268086 [term 0 FOLLOWER]: Replica starting. Triggering 0 pending ops. Active config: opid_index: -1 OBSOLETE_local: false peers { permanent_uuid: "58045422d2814eabb1365346eaea0f7a" member_type: VOTER last_known_addr { host: "127.30.25.65" port: 35513 } } peers { permanent_uuid: "295de4d2e99c45c3a9161c74a3268086" member_type: VOTER last_known_addr { host: "127.30.25.66" port: 36483 } } peers { permanent_uuid: "fe121c388fd1482a97313e8436f56626" member_type: VOTER last_known_addr { host: "127.30.25.67" port: 42209 } }
W20260608 12:47:20.734287  1454 leader_election.cc:343] T 4814a12a0c8f40f4bb537bc12348da57 P 295de4d2e99c45c3a9161c74a3268086 [CANDIDATE]: Term 1 pre-election: Tablet error from VoteRequest() call to peer fe121c388fd1482a97313e8436f56626 (127.30.25.67:42209): Illegal state: must be running to vote when last-logged opid is not known
I20260608 12:47:20.734824  1611 raft_consensus.cc:385] T 11cc6b7b1e014c7c9795afb129a3df7a P 295de4d2e99c45c3a9161c74a3268086 [term 0 FOLLOWER]: Consensus starting up: Expiring failure detector timer to make a prompt election more likely
I20260608 12:47:20.735213  1611 raft_consensus.cc:740] T 11cc6b7b1e014c7c9795afb129a3df7a P 295de4d2e99c45c3a9161c74a3268086 [term 0 FOLLOWER]: Becoming Follower/Learner. State: Replica: 295de4d2e99c45c3a9161c74a3268086, State: Initialized, Role: FOLLOWER
I20260608 12:47:20.735051  1454 leader_election.cc:304] T 4814a12a0c8f40f4bb537bc12348da57 P 295de4d2e99c45c3a9161c74a3268086 [CANDIDATE]: Term 1 pre-election: Election decided. Result: candidate lost. Election summary: received 3 responses out of 3 voters: 1 yes votes; 2 no votes. yes voters: 295de4d2e99c45c3a9161c74a3268086; no voters: 58045422d2814eabb1365346eaea0f7a, fe121c388fd1482a97313e8436f56626
I20260608 12:47:20.736244  1611 consensus_queue.cc:260] T 11cc6b7b1e014c7c9795afb129a3df7a P 295de4d2e99c45c3a9161c74a3268086 [NON_LEADER]: Queue going to NON_LEADER mode. State: All replicated index: 0, Majority replicated index: 0, Committed index: 0, Last appended: 0.0, Last appended by leader: 0, Current term: 0, Majority size: -1, State: 0, Mode: NON_LEADER, active raft config: opid_index: -1 OBSOLETE_local: false peers { permanent_uuid: "58045422d2814eabb1365346eaea0f7a" member_type: VOTER last_known_addr { host: "127.30.25.65" port: 35513 } } peers { permanent_uuid: "295de4d2e99c45c3a9161c74a3268086" member_type: VOTER last_known_addr { host: "127.30.25.66" port: 36483 } } peers { permanent_uuid: "fe121c388fd1482a97313e8436f56626" member_type: VOTER last_known_addr { host: "127.30.25.67" port: 42209 } }
I20260608 12:47:20.739104  1609 ts_tablet_manager.cc:1434] T 4842598dd3b8440da7aaf75083bf2658 P 58045422d2814eabb1365346eaea0f7a: Time spent starting tablet: real 0.035s	user 0.006s	sys 0.007s
I20260608 12:47:20.740427  1609 tablet_bootstrap.cc:492] T e8c7fd05d5f64a9d876eb4962dd99d3e P 58045422d2814eabb1365346eaea0f7a: Bootstrap starting.
I20260608 12:47:20.743233  1615 leader_election.cc:290] T 525f74113c8e49c3932dabc5d3b25cfa P fe121c388fd1482a97313e8436f56626 [CANDIDATE]: Term 1 pre-election: Requested pre-vote from peers 295de4d2e99c45c3a9161c74a3268086 (127.30.25.66:36483), 58045422d2814eabb1365346eaea0f7a (127.30.25.65:35513)
I20260608 12:47:20.744915  1617 raft_consensus.cc:2749] T 4814a12a0c8f40f4bb537bc12348da57 P 295de4d2e99c45c3a9161c74a3268086 [term 0 FOLLOWER]: Leader pre-election lost for term 1. Reason: could not achieve majority
I20260608 12:47:20.747597  1611 ts_tablet_manager.cc:1434] T 11cc6b7b1e014c7c9795afb129a3df7a P 295de4d2e99c45c3a9161c74a3268086: Time spent starting tablet: real 0.017s	user 0.007s	sys 0.000s
I20260608 12:47:20.748189  1609 tablet_bootstrap.cc:654] T e8c7fd05d5f64a9d876eb4962dd99d3e P 58045422d2814eabb1365346eaea0f7a: Neither blocks nor log segments found. Creating new log.
I20260608 12:47:20.748782  1611 tablet_bootstrap.cc:492] T 5608c753621b441b9a3344d8757a8021 P 295de4d2e99c45c3a9161c74a3268086: Bootstrap starting.
I20260608 12:47:20.755141  1489 tablet_service.cc:1917] Received RequestConsensusVote() RPC: tablet_id: "e86df9f6ceca461d9143ef83f8952f36" candidate_uuid: "58045422d2814eabb1365346eaea0f7a" candidate_term: 1 candidate_status { last_received { term: 0 index: 0 } } ignore_live_leader: false dest_uuid: "295de4d2e99c45c3a9161c74a3268086"
I20260608 12:47:20.756203  1611 tablet_bootstrap.cc:654] T 5608c753621b441b9a3344d8757a8021 P 295de4d2e99c45c3a9161c74a3268086: Neither blocks nor log segments found. Creating new log.
I20260608 12:47:20.756142  1489 raft_consensus.cc:3060] T e86df9f6ceca461d9143ef83f8952f36 P 295de4d2e99c45c3a9161c74a3268086 [term 0 FOLLOWER]: Advancing to term 1
I20260608 12:47:20.764470  1610 tablet_bootstrap.cc:492] T 5608c753621b441b9a3344d8757a8021 P fe121c388fd1482a97313e8436f56626: No bootstrap required, opened a new log
I20260608 12:47:20.766181  1564 tablet_service.cc:1917] Received RequestConsensusVote() RPC: tablet_id: "e86df9f6ceca461d9143ef83f8952f36" candidate_uuid: "58045422d2814eabb1365346eaea0f7a" candidate_term: 1 candidate_status { last_received { term: 0 index: 0 } } ignore_live_leader: false dest_uuid: "fe121c388fd1482a97313e8436f56626"
I20260608 12:47:20.724925  1630 raft_consensus.cc:493] T 6fb6bd15c6434bc9910bdd8f2a5d96b0 P 58045422d2814eabb1365346eaea0f7a [term 0 FOLLOWER]: Starting pre-election (no leader contacted us within the election timeout)
I20260608 12:47:20.769006  1610 ts_tablet_manager.cc:1403] T 5608c753621b441b9a3344d8757a8021 P fe121c388fd1482a97313e8436f56626: Time spent bootstrapping tablet: real 0.058s	user 0.016s	sys 0.003s
W20260608 12:47:20.770368  1379 leader_election.cc:343] T e86df9f6ceca461d9143ef83f8952f36 P 58045422d2814eabb1365346eaea0f7a [CANDIDATE]: Term 1 election: Tablet error from VoteRequest() call to peer fe121c388fd1482a97313e8436f56626 (127.30.25.67:42209): Illegal state: must be running to vote when last-logged opid is not known
I20260608 12:47:20.771412  1489 raft_consensus.cc:2468] T e86df9f6ceca461d9143ef83f8952f36 P 295de4d2e99c45c3a9161c74a3268086 [term 1 FOLLOWER]: Leader election vote request: Granting yes vote for candidate 58045422d2814eabb1365346eaea0f7a in term 1.
I20260608 12:47:20.777688  1611 tablet_bootstrap.cc:492] T 5608c753621b441b9a3344d8757a8021 P 295de4d2e99c45c3a9161c74a3268086: No bootstrap required, opened a new log
I20260608 12:47:20.778041  1488 tablet_service.cc:1917] Received RequestConsensusVote() RPC: tablet_id: "525f74113c8e49c3932dabc5d3b25cfa" candidate_uuid: "fe121c388fd1482a97313e8436f56626" candidate_term: 1 candidate_status { last_received { term: 0 index: 0 } } ignore_live_leader: false dest_uuid: "295de4d2e99c45c3a9161c74a3268086" is_pre_election: true
I20260608 12:47:20.778360  1611 ts_tablet_manager.cc:1403] T 5608c753621b441b9a3344d8757a8021 P 295de4d2e99c45c3a9161c74a3268086: Time spent bootstrapping tablet: real 0.030s	user 0.010s	sys 0.004s
W20260608 12:47:20.780031  1529 leader_election.cc:343] T 525f74113c8e49c3932dabc5d3b25cfa P fe121c388fd1482a97313e8436f56626 [CANDIDATE]: Term 1 pre-election: Tablet error from VoteRequest() call to peer 295de4d2e99c45c3a9161c74a3268086 (127.30.25.66:36483): Illegal state: must be running to vote when last-logged opid is not known
I20260608 12:47:20.781491  1610 raft_consensus.cc:359] T 5608c753621b441b9a3344d8757a8021 P fe121c388fd1482a97313e8436f56626 [term 0 FOLLOWER]: Replica starting. Triggering 0 pending ops. Active config: opid_index: -1 OBSOLETE_local: false peers { permanent_uuid: "295de4d2e99c45c3a9161c74a3268086" member_type: VOTER last_known_addr { host: "127.30.25.66" port: 36483 } } peers { permanent_uuid: "58045422d2814eabb1365346eaea0f7a" member_type: VOTER last_known_addr { host: "127.30.25.65" port: 35513 } } peers { permanent_uuid: "fe121c388fd1482a97313e8436f56626" member_type: VOTER last_known_addr { host: "127.30.25.67" port: 42209 } }
I20260608 12:47:20.782163  1610 raft_consensus.cc:385] T 5608c753621b441b9a3344d8757a8021 P fe121c388fd1482a97313e8436f56626 [term 0 FOLLOWER]: Consensus starting up: Expiring failure detector timer to make a prompt election more likely
I20260608 12:47:20.782459  1610 raft_consensus.cc:740] T 5608c753621b441b9a3344d8757a8021 P fe121c388fd1482a97313e8436f56626 [term 0 FOLLOWER]: Becoming Follower/Learner. State: Replica: fe121c388fd1482a97313e8436f56626, State: Initialized, Role: FOLLOWER
I20260608 12:47:20.783066  1611 raft_consensus.cc:359] T 5608c753621b441b9a3344d8757a8021 P 295de4d2e99c45c3a9161c74a3268086 [term 0 FOLLOWER]: Replica starting. Triggering 0 pending ops. Active config: opid_index: -1 OBSOLETE_local: false peers { permanent_uuid: "295de4d2e99c45c3a9161c74a3268086" member_type: VOTER last_known_addr { host: "127.30.25.66" port: 36483 } } peers { permanent_uuid: "58045422d2814eabb1365346eaea0f7a" member_type: VOTER last_known_addr { host: "127.30.25.65" port: 35513 } } peers { permanent_uuid: "fe121c388fd1482a97313e8436f56626" member_type: VOTER last_known_addr { host: "127.30.25.67" port: 42209 } }
I20260608 12:47:20.783337  1610 consensus_queue.cc:260] T 5608c753621b441b9a3344d8757a8021 P fe121c388fd1482a97313e8436f56626 [NON_LEADER]: Queue going to NON_LEADER mode. State: All replicated index: 0, Majority replicated index: 0, Committed index: 0, Last appended: 0.0, Last appended by leader: 0, Current term: 0, Majority size: -1, State: 0, Mode: NON_LEADER, active raft config: opid_index: -1 OBSOLETE_local: false peers { permanent_uuid: "295de4d2e99c45c3a9161c74a3268086" member_type: VOTER last_known_addr { host: "127.30.25.66" port: 36483 } } peers { permanent_uuid: "58045422d2814eabb1365346eaea0f7a" member_type: VOTER last_known_addr { host: "127.30.25.65" port: 35513 } } peers { permanent_uuid: "fe121c388fd1482a97313e8436f56626" member_type: VOTER last_known_addr { host: "127.30.25.67" port: 42209 } }
I20260608 12:47:20.771077  1630 raft_consensus.cc:515] T 6fb6bd15c6434bc9910bdd8f2a5d96b0 P 58045422d2814eabb1365346eaea0f7a [term 0 FOLLOWER]: Starting pre-election with config: opid_index: -1 OBSOLETE_local: false peers { permanent_uuid: "58045422d2814eabb1365346eaea0f7a" member_type: VOTER last_known_addr { host: "127.30.25.65" port: 35513 } } peers { permanent_uuid: "295de4d2e99c45c3a9161c74a3268086" member_type: VOTER last_known_addr { host: "127.30.25.66" port: 36483 } } peers { permanent_uuid: "fe121c388fd1482a97313e8436f56626" member_type: VOTER last_known_addr { host: "127.30.25.67" port: 42209 } }
I20260608 12:47:20.786290  1610 ts_tablet_manager.cc:1434] T 5608c753621b441b9a3344d8757a8021 P fe121c388fd1482a97313e8436f56626: Time spent starting tablet: real 0.014s	user 0.004s	sys 0.004s
I20260608 12:47:20.786428  1630 leader_election.cc:290] T 6fb6bd15c6434bc9910bdd8f2a5d96b0 P 58045422d2814eabb1365346eaea0f7a [CANDIDATE]: Term 1 pre-election: Requested pre-vote from peers 295de4d2e99c45c3a9161c74a3268086 (127.30.25.66:36483), fe121c388fd1482a97313e8436f56626 (127.30.25.67:42209)
I20260608 12:47:20.783934  1611 raft_consensus.cc:385] T 5608c753621b441b9a3344d8757a8021 P 295de4d2e99c45c3a9161c74a3268086 [term 0 FOLLOWER]: Consensus starting up: Expiring failure detector timer to make a prompt election more likely
I20260608 12:47:20.787612  1610 tablet_bootstrap.cc:492] T 4842598dd3b8440da7aaf75083bf2658 P fe121c388fd1482a97313e8436f56626: Bootstrap starting.
I20260608 12:47:20.787609  1611 raft_consensus.cc:740] T 5608c753621b441b9a3344d8757a8021 P 295de4d2e99c45c3a9161c74a3268086 [term 0 FOLLOWER]: Becoming Follower/Learner. State: Replica: 295de4d2e99c45c3a9161c74a3268086, State: Initialized, Role: FOLLOWER
I20260608 12:47:20.788090  1609 tablet_bootstrap.cc:492] T e8c7fd05d5f64a9d876eb4962dd99d3e P 58045422d2814eabb1365346eaea0f7a: No bootstrap required, opened a new log
I20260608 12:47:20.788789  1609 ts_tablet_manager.cc:1403] T e8c7fd05d5f64a9d876eb4962dd99d3e P 58045422d2814eabb1365346eaea0f7a: Time spent bootstrapping tablet: real 0.049s	user 0.014s	sys 0.012s
I20260608 12:47:20.789019  1489 tablet_service.cc:1917] Received RequestConsensusVote() RPC: tablet_id: "6fb6bd15c6434bc9910bdd8f2a5d96b0" candidate_uuid: "58045422d2814eabb1365346eaea0f7a" candidate_term: 1 candidate_status { last_received { term: 0 index: 0 } } ignore_live_leader: false dest_uuid: "295de4d2e99c45c3a9161c74a3268086" is_pre_election: true
I20260608 12:47:20.789069  1611 consensus_queue.cc:260] T 5608c753621b441b9a3344d8757a8021 P 295de4d2e99c45c3a9161c74a3268086 [NON_LEADER]: Queue going to NON_LEADER mode. State: All replicated index: 0, Majority replicated index: 0, Committed index: 0, Last appended: 0.0, Last appended by leader: 0, Current term: 0, Majority size: -1, State: 0, Mode: NON_LEADER, active raft config: opid_index: -1 OBSOLETE_local: false peers { permanent_uuid: "295de4d2e99c45c3a9161c74a3268086" member_type: VOTER last_known_addr { host: "127.30.25.66" port: 36483 } } peers { permanent_uuid: "58045422d2814eabb1365346eaea0f7a" member_type: VOTER last_known_addr { host: "127.30.25.65" port: 35513 } } peers { permanent_uuid: "fe121c388fd1482a97313e8436f56626" member_type: VOTER last_known_addr { host: "127.30.25.67" port: 42209 } }
I20260608 12:47:20.792053  1564 tablet_service.cc:1917] Received RequestConsensusVote() RPC: tablet_id: "6fb6bd15c6434bc9910bdd8f2a5d96b0" candidate_uuid: "58045422d2814eabb1365346eaea0f7a" candidate_term: 1 candidate_status { last_received { term: 0 index: 0 } } ignore_live_leader: false dest_uuid: "fe121c388fd1482a97313e8436f56626" is_pre_election: true
I20260608 12:47:20.792867  1564 raft_consensus.cc:2468] T 6fb6bd15c6434bc9910bdd8f2a5d96b0 P fe121c388fd1482a97313e8436f56626 [term 0 FOLLOWER]: Leader pre-election vote request: Granting yes vote for candidate 58045422d2814eabb1365346eaea0f7a in term 0.
I20260608 12:47:20.792567  1609 raft_consensus.cc:359] T e8c7fd05d5f64a9d876eb4962dd99d3e P 58045422d2814eabb1365346eaea0f7a [term 0 FOLLOWER]: Replica starting. Triggering 0 pending ops. Active config: opid_index: -1 OBSOLETE_local: false peers { permanent_uuid: "58045422d2814eabb1365346eaea0f7a" member_type: VOTER last_known_addr { host: "127.30.25.65" port: 35513 } } peers { permanent_uuid: "295de4d2e99c45c3a9161c74a3268086" member_type: VOTER last_known_addr { host: "127.30.25.66" port: 36483 } } peers { permanent_uuid: "fe121c388fd1482a97313e8436f56626" member_type: VOTER last_known_addr { host: "127.30.25.67" port: 42209 } }
I20260608 12:47:20.793486  1609 raft_consensus.cc:385] T e8c7fd05d5f64a9d876eb4962dd99d3e P 58045422d2814eabb1365346eaea0f7a [term 0 FOLLOWER]: Consensus starting up: Expiring failure detector timer to make a prompt election more likely
I20260608 12:47:20.793879  1609 raft_consensus.cc:740] T e8c7fd05d5f64a9d876eb4962dd99d3e P 58045422d2814eabb1365346eaea0f7a [term 0 FOLLOWER]: Becoming Follower/Learner. State: Replica: 58045422d2814eabb1365346eaea0f7a, State: Initialized, Role: FOLLOWER
I20260608 12:47:20.794863  1609 consensus_queue.cc:260] T e8c7fd05d5f64a9d876eb4962dd99d3e P 58045422d2814eabb1365346eaea0f7a [NON_LEADER]: Queue going to NON_LEADER mode. State: All replicated index: 0, Majority replicated index: 0, Committed index: 0, Last appended: 0.0, Last appended by leader: 0, Current term: 0, Majority size: -1, State: 0, Mode: NON_LEADER, active raft config: opid_index: -1 OBSOLETE_local: false peers { permanent_uuid: "58045422d2814eabb1365346eaea0f7a" member_type: VOTER last_known_addr { host: "127.30.25.65" port: 35513 } } peers { permanent_uuid: "295de4d2e99c45c3a9161c74a3268086" member_type: VOTER last_known_addr { host: "127.30.25.66" port: 36483 } } peers { permanent_uuid: "fe121c388fd1482a97313e8436f56626" member_type: VOTER last_known_addr { host: "127.30.25.67" port: 42209 } }
I20260608 12:47:20.797238  1610 tablet_bootstrap.cc:654] T 4842598dd3b8440da7aaf75083bf2658 P fe121c388fd1482a97313e8436f56626: Neither blocks nor log segments found. Creating new log.
I20260608 12:47:20.797688  1609 ts_tablet_manager.cc:1434] T e8c7fd05d5f64a9d876eb4962dd99d3e P 58045422d2814eabb1365346eaea0f7a: Time spent starting tablet: real 0.009s	user 0.008s	sys 0.000s
I20260608 12:47:20.799019  1609 tablet_bootstrap.cc:492] T 11cc6b7b1e014c7c9795afb129a3df7a P 58045422d2814eabb1365346eaea0f7a: Bootstrap starting.
I20260608 12:47:20.800681  1611 ts_tablet_manager.cc:1434] T 5608c753621b441b9a3344d8757a8021 P 295de4d2e99c45c3a9161c74a3268086: Time spent starting tablet: real 0.021s	user 0.007s	sys 0.000s
I20260608 12:47:20.802037  1414 tablet_service.cc:1917] Received RequestConsensusVote() RPC: tablet_id: "525f74113c8e49c3932dabc5d3b25cfa" candidate_uuid: "fe121c388fd1482a97313e8436f56626" candidate_term: 1 candidate_status { last_received { term: 0 index: 0 } } ignore_live_leader: false dest_uuid: "58045422d2814eabb1365346eaea0f7a" is_pre_election: true
I20260608 12:47:20.807518  1609 tablet_bootstrap.cc:654] T 11cc6b7b1e014c7c9795afb129a3df7a P 58045422d2814eabb1365346eaea0f7a: Neither blocks nor log segments found. Creating new log.
I20260608 12:47:20.813354  1611 tablet_bootstrap.cc:492] T 525f74113c8e49c3932dabc5d3b25cfa P 295de4d2e99c45c3a9161c74a3268086: Bootstrap starting.
I20260608 12:47:20.800631  1379 leader_election.cc:304] T 6fb6bd15c6434bc9910bdd8f2a5d96b0 P 58045422d2814eabb1365346eaea0f7a [CANDIDATE]: Term 1 pre-election: Election decided. Result: candidate won. Election summary: received 2 responses out of 3 voters: 2 yes votes; 0 no votes. yes voters: 58045422d2814eabb1365346eaea0f7a, fe121c388fd1482a97313e8436f56626; no voters: 
I20260608 12:47:20.820295  1379 leader_election.cc:304] T e86df9f6ceca461d9143ef83f8952f36 P 58045422d2814eabb1365346eaea0f7a [CANDIDATE]: Term 1 election: Election decided. Result: candidate won. Election summary: received 3 responses out of 3 voters: 2 yes votes; 1 no votes. yes voters: 295de4d2e99c45c3a9161c74a3268086, 58045422d2814eabb1365346eaea0f7a; no voters: fe121c388fd1482a97313e8436f56626
I20260608 12:47:20.821705  1630 raft_consensus.cc:2804] T 6fb6bd15c6434bc9910bdd8f2a5d96b0 P 58045422d2814eabb1365346eaea0f7a [term 0 FOLLOWER]: Leader pre-election won for term 1
I20260608 12:47:20.822273  1630 raft_consensus.cc:493] T 6fb6bd15c6434bc9910bdd8f2a5d96b0 P 58045422d2814eabb1365346eaea0f7a [term 0 FOLLOWER]: Starting leader election (no leader contacted us within the election timeout)
I20260608 12:47:20.822747  1630 raft_consensus.cc:3060] T 6fb6bd15c6434bc9910bdd8f2a5d96b0 P 58045422d2814eabb1365346eaea0f7a [term 0 FOLLOWER]: Advancing to term 1
I20260608 12:47:20.825508  1631 raft_consensus.cc:2804] T e86df9f6ceca461d9143ef83f8952f36 P 58045422d2814eabb1365346eaea0f7a [term 1 FOLLOWER]: Leader election won for term 1
I20260608 12:47:20.826350  1631 raft_consensus.cc:697] T e86df9f6ceca461d9143ef83f8952f36 P 58045422d2814eabb1365346eaea0f7a [term 1 LEADER]: Becoming Leader. State: Replica: 58045422d2814eabb1365346eaea0f7a, State: Running, Role: LEADER
I20260608 12:47:20.827607  1631 consensus_queue.cc:237] T e86df9f6ceca461d9143ef83f8952f36 P 58045422d2814eabb1365346eaea0f7a [LEADER]: Queue going to LEADER mode. State: All replicated index: 0, Majority replicated index: 0, Committed index: 0, Last appended: 0.0, Last appended by leader: 0, Current term: 1, Majority size: 2, State: 0, Mode: LEADER, active raft config: opid_index: -1 OBSOLETE_local: false peers { permanent_uuid: "58045422d2814eabb1365346eaea0f7a" member_type: VOTER last_known_addr { host: "127.30.25.65" port: 35513 } } peers { permanent_uuid: "295de4d2e99c45c3a9161c74a3268086" member_type: VOTER last_known_addr { host: "127.30.25.66" port: 36483 } } peers { permanent_uuid: "fe121c388fd1482a97313e8436f56626" member_type: VOTER last_known_addr { host: "127.30.25.67" port: 42209 } }
W20260608 12:47:20.828569  1530 leader_election.cc:343] T 525f74113c8e49c3932dabc5d3b25cfa P fe121c388fd1482a97313e8436f56626 [CANDIDATE]: Term 1 pre-election: Tablet error from VoteRequest() call to peer 58045422d2814eabb1365346eaea0f7a (127.30.25.65:35513): Illegal state: must be running to vote when last-logged opid is not known
W20260608 12:47:20.832599  1379 leader_election.cc:343] T 6fb6bd15c6434bc9910bdd8f2a5d96b0 P 58045422d2814eabb1365346eaea0f7a [CANDIDATE]: Term 1 pre-election: Tablet error from VoteRequest() call to peer 295de4d2e99c45c3a9161c74a3268086 (127.30.25.66:36483): Illegal state: must be running to vote when last-logged opid is not known
I20260608 12:47:20.829460  1530 leader_election.cc:304] T 525f74113c8e49c3932dabc5d3b25cfa P fe121c388fd1482a97313e8436f56626 [CANDIDATE]: Term 1 pre-election: Election decided. Result: candidate lost. Election summary: received 3 responses out of 3 voters: 1 yes votes; 2 no votes. yes voters: fe121c388fd1482a97313e8436f56626; no voters: 295de4d2e99c45c3a9161c74a3268086, 58045422d2814eabb1365346eaea0f7a
I20260608 12:47:20.836920  1615 raft_consensus.cc:2749] T 525f74113c8e49c3932dabc5d3b25cfa P fe121c388fd1482a97313e8436f56626 [term 0 FOLLOWER]: Leader pre-election lost for term 1. Reason: could not achieve majority
I20260608 12:47:20.844455  1609 tablet_bootstrap.cc:492] T 11cc6b7b1e014c7c9795afb129a3df7a P 58045422d2814eabb1365346eaea0f7a: No bootstrap required, opened a new log
I20260608 12:47:20.845194  1609 ts_tablet_manager.cc:1403] T 11cc6b7b1e014c7c9795afb129a3df7a P 58045422d2814eabb1365346eaea0f7a: Time spent bootstrapping tablet: real 0.046s	user 0.022s	sys 0.023s
I20260608 12:47:20.848852  1609 raft_consensus.cc:359] T 11cc6b7b1e014c7c9795afb129a3df7a P 58045422d2814eabb1365346eaea0f7a [term 0 FOLLOWER]: Replica starting. Triggering 0 pending ops. Active config: opid_index: -1 OBSOLETE_local: false peers { permanent_uuid: "58045422d2814eabb1365346eaea0f7a" member_type: VOTER last_known_addr { host: "127.30.25.65" port: 35513 } } peers { permanent_uuid: "295de4d2e99c45c3a9161c74a3268086" member_type: VOTER last_known_addr { host: "127.30.25.66" port: 36483 } } peers { permanent_uuid: "fe121c388fd1482a97313e8436f56626" member_type: VOTER last_known_addr { host: "127.30.25.67" port: 42209 } }
I20260608 12:47:20.850165  1609 raft_consensus.cc:385] T 11cc6b7b1e014c7c9795afb129a3df7a P 58045422d2814eabb1365346eaea0f7a [term 0 FOLLOWER]: Consensus starting up: Expiring failure detector timer to make a prompt election more likely
I20260608 12:47:20.850520  1609 raft_consensus.cc:740] T 11cc6b7b1e014c7c9795afb129a3df7a P 58045422d2814eabb1365346eaea0f7a [term 0 FOLLOWER]: Becoming Follower/Learner. State: Replica: 58045422d2814eabb1365346eaea0f7a, State: Initialized, Role: FOLLOWER
I20260608 12:47:20.851329  1609 consensus_queue.cc:260] T 11cc6b7b1e014c7c9795afb129a3df7a P 58045422d2814eabb1365346eaea0f7a [NON_LEADER]: Queue going to NON_LEADER mode. State: All replicated index: 0, Majority replicated index: 0, Committed index: 0, Last appended: 0.0, Last appended by leader: 0, Current term: 0, Majority size: -1, State: 0, Mode: NON_LEADER, active raft config: opid_index: -1 OBSOLETE_local: false peers { permanent_uuid: "58045422d2814eabb1365346eaea0f7a" member_type: VOTER last_known_addr { host: "127.30.25.65" port: 35513 } } peers { permanent_uuid: "295de4d2e99c45c3a9161c74a3268086" member_type: VOTER last_known_addr { host: "127.30.25.66" port: 36483 } } peers { permanent_uuid: "fe121c388fd1482a97313e8436f56626" member_type: VOTER last_known_addr { host: "127.30.25.67" port: 42209 } }
I20260608 12:47:20.853485  1609 ts_tablet_manager.cc:1434] T 11cc6b7b1e014c7c9795afb129a3df7a P 58045422d2814eabb1365346eaea0f7a: Time spent starting tablet: real 0.008s	user 0.008s	sys 0.000s
I20260608 12:47:20.854768  1609 tablet_bootstrap.cc:492] T 525f74113c8e49c3932dabc5d3b25cfa P 58045422d2814eabb1365346eaea0f7a: Bootstrap starting.
I20260608 12:47:20.855554  1611 tablet_bootstrap.cc:654] T 525f74113c8e49c3932dabc5d3b25cfa P 295de4d2e99c45c3a9161c74a3268086: Neither blocks nor log segments found. Creating new log.
I20260608 12:47:20.856314  1610 tablet_bootstrap.cc:492] T 4842598dd3b8440da7aaf75083bf2658 P fe121c388fd1482a97313e8436f56626: No bootstrap required, opened a new log
I20260608 12:47:20.856982  1610 ts_tablet_manager.cc:1403] T 4842598dd3b8440da7aaf75083bf2658 P fe121c388fd1482a97313e8436f56626: Time spent bootstrapping tablet: real 0.070s	user 0.018s	sys 0.042s
I20260608 12:47:20.860459  1610 raft_consensus.cc:359] T 4842598dd3b8440da7aaf75083bf2658 P fe121c388fd1482a97313e8436f56626 [term 0 FOLLOWER]: Replica starting. Triggering 0 pending ops. Active config: opid_index: -1 OBSOLETE_local: false peers { permanent_uuid: "58045422d2814eabb1365346eaea0f7a" member_type: VOTER last_known_addr { host: "127.30.25.65" port: 35513 } } peers { permanent_uuid: "295de4d2e99c45c3a9161c74a3268086" member_type: VOTER last_known_addr { host: "127.30.25.66" port: 36483 } } peers { permanent_uuid: "fe121c388fd1482a97313e8436f56626" member_type: VOTER last_known_addr { host: "127.30.25.67" port: 42209 } }
I20260608 12:47:20.861399  1610 raft_consensus.cc:385] T 4842598dd3b8440da7aaf75083bf2658 P fe121c388fd1482a97313e8436f56626 [term 0 FOLLOWER]: Consensus starting up: Expiring failure detector timer to make a prompt election more likely
I20260608 12:47:20.861788  1610 raft_consensus.cc:740] T 4842598dd3b8440da7aaf75083bf2658 P fe121c388fd1482a97313e8436f56626 [term 0 FOLLOWER]: Becoming Follower/Learner. State: Replica: fe121c388fd1482a97313e8436f56626, State: Initialized, Role: FOLLOWER
I20260608 12:47:20.860966  1308 catalog_manager.cc:5696] T e86df9f6ceca461d9143ef83f8952f36 P 58045422d2814eabb1365346eaea0f7a reported cstate change: term changed from 0 to 1, leader changed from <none> to 58045422d2814eabb1365346eaea0f7a (127.30.25.65). New cstate: current_term: 1 leader_uuid: "58045422d2814eabb1365346eaea0f7a" committed_config { opid_index: -1 OBSOLETE_local: false peers { permanent_uuid: "58045422d2814eabb1365346eaea0f7a" member_type: VOTER last_known_addr { host: "127.30.25.65" port: 35513 } health_report { overall_health: HEALTHY } } peers { permanent_uuid: "295de4d2e99c45c3a9161c74a3268086" member_type: VOTER last_known_addr { host: "127.30.25.66" port: 36483 } health_report { overall_health: UNKNOWN } } peers { permanent_uuid: "fe121c388fd1482a97313e8436f56626" member_type: VOTER last_known_addr { host: "127.30.25.67" port: 42209 } health_report { overall_health: UNKNOWN } } }
I20260608 12:47:20.862914  1610 consensus_queue.cc:260] T 4842598dd3b8440da7aaf75083bf2658 P fe121c388fd1482a97313e8436f56626 [NON_LEADER]: Queue going to NON_LEADER mode. State: All replicated index: 0, Majority replicated index: 0, Committed index: 0, Last appended: 0.0, Last appended by leader: 0, Current term: 0, Majority size: -1, State: 0, Mode: NON_LEADER, active raft config: opid_index: -1 OBSOLETE_local: false peers { permanent_uuid: "58045422d2814eabb1365346eaea0f7a" member_type: VOTER last_known_addr { host: "127.30.25.65" port: 35513 } } peers { permanent_uuid: "295de4d2e99c45c3a9161c74a3268086" member_type: VOTER last_known_addr { host: "127.30.25.66" port: 36483 } } peers { permanent_uuid: "fe121c388fd1482a97313e8436f56626" member_type: VOTER last_known_addr { host: "127.30.25.67" port: 42209 } }
I20260608 12:47:20.863418  1609 tablet_bootstrap.cc:654] T 525f74113c8e49c3932dabc5d3b25cfa P 58045422d2814eabb1365346eaea0f7a: Neither blocks nor log segments found. Creating new log.
I20260608 12:47:20.865151  1630 raft_consensus.cc:515] T 6fb6bd15c6434bc9910bdd8f2a5d96b0 P 58045422d2814eabb1365346eaea0f7a [term 1 FOLLOWER]: Starting leader election with config: opid_index: -1 OBSOLETE_local: false peers { permanent_uuid: "58045422d2814eabb1365346eaea0f7a" member_type: VOTER last_known_addr { host: "127.30.25.65" port: 35513 } } peers { permanent_uuid: "295de4d2e99c45c3a9161c74a3268086" member_type: VOTER last_known_addr { host: "127.30.25.66" port: 36483 } } peers { permanent_uuid: "fe121c388fd1482a97313e8436f56626" member_type: VOTER last_known_addr { host: "127.30.25.67" port: 42209 } }
I20260608 12:47:20.868412  1489 tablet_service.cc:1917] Received RequestConsensusVote() RPC: tablet_id: "6fb6bd15c6434bc9910bdd8f2a5d96b0" candidate_uuid: "58045422d2814eabb1365346eaea0f7a" candidate_term: 1 candidate_status { last_received { term: 0 index: 0 } } ignore_live_leader: false dest_uuid: "295de4d2e99c45c3a9161c74a3268086"
W20260608 12:47:20.870103  1379 leader_election.cc:343] T 6fb6bd15c6434bc9910bdd8f2a5d96b0 P 58045422d2814eabb1365346eaea0f7a [CANDIDATE]: Term 1 election: Tablet error from VoteRequest() call to peer 295de4d2e99c45c3a9161c74a3268086 (127.30.25.66:36483): Illegal state: must be running to vote when last-logged opid is not known
I20260608 12:47:20.872480  1564 tablet_service.cc:1917] Received RequestConsensusVote() RPC: tablet_id: "6fb6bd15c6434bc9910bdd8f2a5d96b0" candidate_uuid: "58045422d2814eabb1365346eaea0f7a" candidate_term: 1 candidate_status { last_received { term: 0 index: 0 } } ignore_live_leader: false dest_uuid: "fe121c388fd1482a97313e8436f56626"
I20260608 12:47:20.873183  1564 raft_consensus.cc:3060] T 6fb6bd15c6434bc9910bdd8f2a5d96b0 P fe121c388fd1482a97313e8436f56626 [term 0 FOLLOWER]: Advancing to term 1
I20260608 12:47:20.873744  1610 ts_tablet_manager.cc:1434] T 4842598dd3b8440da7aaf75083bf2658 P fe121c388fd1482a97313e8436f56626: Time spent starting tablet: real 0.016s	user 0.007s	sys 0.000s
I20260608 12:47:20.877854  1609 tablet_bootstrap.cc:492] T 525f74113c8e49c3932dabc5d3b25cfa P 58045422d2814eabb1365346eaea0f7a: No bootstrap required, opened a new log
I20260608 12:47:20.878597  1609 ts_tablet_manager.cc:1403] T 525f74113c8e49c3932dabc5d3b25cfa P 58045422d2814eabb1365346eaea0f7a: Time spent bootstrapping tablet: real 0.024s	user 0.013s	sys 0.008s
I20260608 12:47:20.881969  1564 raft_consensus.cc:2468] T 6fb6bd15c6434bc9910bdd8f2a5d96b0 P fe121c388fd1482a97313e8436f56626 [term 1 FOLLOWER]: Leader election vote request: Granting yes vote for candidate 58045422d2814eabb1365346eaea0f7a in term 1.
I20260608 12:47:20.882894  1610 tablet_bootstrap.cc:492] T e86df9f6ceca461d9143ef83f8952f36 P fe121c388fd1482a97313e8436f56626: Bootstrap starting.
I20260608 12:47:20.883051  1617 raft_consensus.cc:493] T 4842598dd3b8440da7aaf75083bf2658 P 295de4d2e99c45c3a9161c74a3268086 [term 0 FOLLOWER]: Starting pre-election (no leader contacted us within the election timeout)
I20260608 12:47:20.882987  1609 raft_consensus.cc:359] T 525f74113c8e49c3932dabc5d3b25cfa P 58045422d2814eabb1365346eaea0f7a [term 0 FOLLOWER]: Replica starting. Triggering 0 pending ops. Active config: opid_index: -1 OBSOLETE_local: false peers { permanent_uuid: "295de4d2e99c45c3a9161c74a3268086" member_type: VOTER last_known_addr { host: "127.30.25.66" port: 36483 } } peers { permanent_uuid: "58045422d2814eabb1365346eaea0f7a" member_type: VOTER last_known_addr { host: "127.30.25.65" port: 35513 } } peers { permanent_uuid: "fe121c388fd1482a97313e8436f56626" member_type: VOTER last_known_addr { host: "127.30.25.67" port: 42209 } }
I20260608 12:47:20.883601  1617 raft_consensus.cc:515] T 4842598dd3b8440da7aaf75083bf2658 P 295de4d2e99c45c3a9161c74a3268086 [term 0 FOLLOWER]: Starting pre-election with config: opid_index: -1 OBSOLETE_local: false peers { permanent_uuid: "58045422d2814eabb1365346eaea0f7a" member_type: VOTER last_known_addr { host: "127.30.25.65" port: 35513 } } peers { permanent_uuid: "295de4d2e99c45c3a9161c74a3268086" member_type: VOTER last_known_addr { host: "127.30.25.66" port: 36483 } } peers { permanent_uuid: "fe121c388fd1482a97313e8436f56626" member_type: VOTER last_known_addr { host: "127.30.25.67" port: 42209 } }
I20260608 12:47:20.884332  1609 raft_consensus.cc:385] T 525f74113c8e49c3932dabc5d3b25cfa P 58045422d2814eabb1365346eaea0f7a [term 0 FOLLOWER]: Consensus starting up: Expiring failure detector timer to make a prompt election more likely
I20260608 12:47:20.884794  1609 raft_consensus.cc:740] T 525f74113c8e49c3932dabc5d3b25cfa P 58045422d2814eabb1365346eaea0f7a [term 0 FOLLOWER]: Becoming Follower/Learner. State: Replica: 58045422d2814eabb1365346eaea0f7a, State: Initialized, Role: FOLLOWER
I20260608 12:47:20.886134  1617 leader_election.cc:290] T 4842598dd3b8440da7aaf75083bf2658 P 295de4d2e99c45c3a9161c74a3268086 [CANDIDATE]: Term 1 pre-election: Requested pre-vote from peers 58045422d2814eabb1365346eaea0f7a (127.30.25.65:35513), fe121c388fd1482a97313e8436f56626 (127.30.25.67:42209)
I20260608 12:47:20.886044  1609 consensus_queue.cc:260] T 525f74113c8e49c3932dabc5d3b25cfa P 58045422d2814eabb1365346eaea0f7a [NON_LEADER]: Queue going to NON_LEADER mode. State: All replicated index: 0, Majority replicated index: 0, Committed index: 0, Last appended: 0.0, Last appended by leader: 0, Current term: 0, Majority size: -1, State: 0, Mode: NON_LEADER, active raft config: opid_index: -1 OBSOLETE_local: false peers { permanent_uuid: "295de4d2e99c45c3a9161c74a3268086" member_type: VOTER last_known_addr { host: "127.30.25.66" port: 36483 } } peers { permanent_uuid: "58045422d2814eabb1365346eaea0f7a" member_type: VOTER last_known_addr { host: "127.30.25.65" port: 35513 } } peers { permanent_uuid: "fe121c388fd1482a97313e8436f56626" member_type: VOTER last_known_addr { host: "127.30.25.67" port: 42209 } }
I20260608 12:47:20.888244  1414 tablet_service.cc:1917] Received RequestConsensusVote() RPC: tablet_id: "4842598dd3b8440da7aaf75083bf2658" candidate_uuid: "295de4d2e99c45c3a9161c74a3268086" candidate_term: 1 candidate_status { last_received { term: 0 index: 0 } } ignore_live_leader: false dest_uuid: "58045422d2814eabb1365346eaea0f7a" is_pre_election: true
I20260608 12:47:20.888973  1414 raft_consensus.cc:2468] T 4842598dd3b8440da7aaf75083bf2658 P 58045422d2814eabb1365346eaea0f7a [term 0 FOLLOWER]: Leader pre-election vote request: Granting yes vote for candidate 295de4d2e99c45c3a9161c74a3268086 in term 0.
I20260608 12:47:20.889307  1609 ts_tablet_manager.cc:1434] T 525f74113c8e49c3932dabc5d3b25cfa P 58045422d2814eabb1365346eaea0f7a: Time spent starting tablet: real 0.010s	user 0.011s	sys 0.000s
I20260608 12:47:20.889640  1611 tablet_bootstrap.cc:492] T 525f74113c8e49c3932dabc5d3b25cfa P 295de4d2e99c45c3a9161c74a3268086: No bootstrap required, opened a new log
I20260608 12:47:20.890210  1611 ts_tablet_manager.cc:1403] T 525f74113c8e49c3932dabc5d3b25cfa P 295de4d2e99c45c3a9161c74a3268086: Time spent bootstrapping tablet: real 0.077s	user 0.026s	sys 0.017s
I20260608 12:47:20.890575  1609 tablet_bootstrap.cc:492] T 4814a12a0c8f40f4bb537bc12348da57 P 58045422d2814eabb1365346eaea0f7a: Bootstrap starting.
I20260608 12:47:20.891817  1563 tablet_service.cc:1917] Received RequestConsensusVote() RPC: tablet_id: "4842598dd3b8440da7aaf75083bf2658" candidate_uuid: "295de4d2e99c45c3a9161c74a3268086" candidate_term: 1 candidate_status { last_received { term: 0 index: 0 } } ignore_live_leader: false dest_uuid: "fe121c388fd1482a97313e8436f56626" is_pre_election: true
I20260608 12:47:20.892127  1631 raft_consensus.cc:493] T 525f74113c8e49c3932dabc5d3b25cfa P 58045422d2814eabb1365346eaea0f7a [term 0 FOLLOWER]: Starting pre-election (no leader contacted us within the election timeout)
I20260608 12:47:20.892622  1563 raft_consensus.cc:2468] T 4842598dd3b8440da7aaf75083bf2658 P fe121c388fd1482a97313e8436f56626 [term 0 FOLLOWER]: Leader pre-election vote request: Granting yes vote for candidate 295de4d2e99c45c3a9161c74a3268086 in term 0.
I20260608 12:47:20.892692  1631 raft_consensus.cc:515] T 525f74113c8e49c3932dabc5d3b25cfa P 58045422d2814eabb1365346eaea0f7a [term 0 FOLLOWER]: Starting pre-election with config: opid_index: -1 OBSOLETE_local: false peers { permanent_uuid: "295de4d2e99c45c3a9161c74a3268086" member_type: VOTER last_known_addr { host: "127.30.25.66" port: 36483 } } peers { permanent_uuid: "58045422d2814eabb1365346eaea0f7a" member_type: VOTER last_known_addr { host: "127.30.25.65" port: 35513 } } peers { permanent_uuid: "fe121c388fd1482a97313e8436f56626" member_type: VOTER last_known_addr { host: "127.30.25.67" port: 42209 } }
I20260608 12:47:20.894021  1611 raft_consensus.cc:359] T 525f74113c8e49c3932dabc5d3b25cfa P 295de4d2e99c45c3a9161c74a3268086 [term 0 FOLLOWER]: Replica starting. Triggering 0 pending ops. Active config: opid_index: -1 OBSOLETE_local: false peers { permanent_uuid: "295de4d2e99c45c3a9161c74a3268086" member_type: VOTER last_known_addr { host: "127.30.25.66" port: 36483 } } peers { permanent_uuid: "58045422d2814eabb1365346eaea0f7a" member_type: VOTER last_known_addr { host: "127.30.25.65" port: 35513 } } peers { permanent_uuid: "fe121c388fd1482a97313e8436f56626" member_type: VOTER last_known_addr { host: "127.30.25.67" port: 42209 } }
I20260608 12:47:20.894539  1455 leader_election.cc:304] T 4842598dd3b8440da7aaf75083bf2658 P 295de4d2e99c45c3a9161c74a3268086 [CANDIDATE]: Term 1 pre-election: Election decided. Result: candidate won. Election summary: received 2 responses out of 3 voters: 2 yes votes; 0 no votes. yes voters: 295de4d2e99c45c3a9161c74a3268086, 58045422d2814eabb1365346eaea0f7a; no voters: 
I20260608 12:47:20.894915  1611 raft_consensus.cc:385] T 525f74113c8e49c3932dabc5d3b25cfa P 295de4d2e99c45c3a9161c74a3268086 [term 0 FOLLOWER]: Consensus starting up: Expiring failure detector timer to make a prompt election more likely
I20260608 12:47:20.895301  1631 leader_election.cc:290] T 525f74113c8e49c3932dabc5d3b25cfa P 58045422d2814eabb1365346eaea0f7a [CANDIDATE]: Term 1 pre-election: Requested pre-vote from peers 295de4d2e99c45c3a9161c74a3268086 (127.30.25.66:36483), fe121c388fd1482a97313e8436f56626 (127.30.25.67:42209)
I20260608 12:47:20.895318  1611 raft_consensus.cc:740] T 525f74113c8e49c3932dabc5d3b25cfa P 295de4d2e99c45c3a9161c74a3268086 [term 0 FOLLOWER]: Becoming Follower/Learner. State: Replica: 295de4d2e99c45c3a9161c74a3268086, State: Initialized, Role: FOLLOWER
I20260608 12:47:20.896224  1617 raft_consensus.cc:2804] T 4842598dd3b8440da7aaf75083bf2658 P 295de4d2e99c45c3a9161c74a3268086 [term 0 FOLLOWER]: Leader pre-election won for term 1
I20260608 12:47:20.896616  1617 raft_consensus.cc:493] T 4842598dd3b8440da7aaf75083bf2658 P 295de4d2e99c45c3a9161c74a3268086 [term 0 FOLLOWER]: Starting leader election (no leader contacted us within the election timeout)
I20260608 12:47:20.897156  1617 raft_consensus.cc:3060] T 4842598dd3b8440da7aaf75083bf2658 P 295de4d2e99c45c3a9161c74a3268086 [term 0 FOLLOWER]: Advancing to term 1
I20260608 12:47:20.896667  1611 consensus_queue.cc:260] T 525f74113c8e49c3932dabc5d3b25cfa P 295de4d2e99c45c3a9161c74a3268086 [NON_LEADER]: Queue going to NON_LEADER mode. State: All replicated index: 0, Majority replicated index: 0, Committed index: 0, Last appended: 0.0, Last appended by leader: 0, Current term: 0, Majority size: -1, State: 0, Mode: NON_LEADER, active raft config: opid_index: -1 OBSOLETE_local: false peers { permanent_uuid: "295de4d2e99c45c3a9161c74a3268086" member_type: VOTER last_known_addr { host: "127.30.25.66" port: 36483 } } peers { permanent_uuid: "58045422d2814eabb1365346eaea0f7a" member_type: VOTER last_known_addr { host: "127.30.25.65" port: 35513 } } peers { permanent_uuid: "fe121c388fd1482a97313e8436f56626" member_type: VOTER last_known_addr { host: "127.30.25.67" port: 42209 } }
I20260608 12:47:20.898969  1489 tablet_service.cc:1917] Received RequestConsensusVote() RPC: tablet_id: "525f74113c8e49c3932dabc5d3b25cfa" candidate_uuid: "58045422d2814eabb1365346eaea0f7a" candidate_term: 1 candidate_status { last_received { term: 0 index: 0 } } ignore_live_leader: false dest_uuid: "295de4d2e99c45c3a9161c74a3268086" is_pre_election: true
I20260608 12:47:20.899608  1489 raft_consensus.cc:2468] T 525f74113c8e49c3932dabc5d3b25cfa P 295de4d2e99c45c3a9161c74a3268086 [term 0 FOLLOWER]: Leader pre-election vote request: Granting yes vote for candidate 58045422d2814eabb1365346eaea0f7a in term 0.
I20260608 12:47:20.901085  1379 leader_election.cc:304] T 525f74113c8e49c3932dabc5d3b25cfa P 58045422d2814eabb1365346eaea0f7a [CANDIDATE]: Term 1 pre-election: Election decided. Result: candidate won. Election summary: received 2 responses out of 3 voters: 2 yes votes; 0 no votes. yes voters: 295de4d2e99c45c3a9161c74a3268086, 58045422d2814eabb1365346eaea0f7a; no voters: 
I20260608 12:47:20.902163  1609 tablet_bootstrap.cc:654] T 4814a12a0c8f40f4bb537bc12348da57 P 58045422d2814eabb1365346eaea0f7a: Neither blocks nor log segments found. Creating new log.
I20260608 12:47:20.902227  1563 tablet_service.cc:1917] Received RequestConsensusVote() RPC: tablet_id: "525f74113c8e49c3932dabc5d3b25cfa" candidate_uuid: "58045422d2814eabb1365346eaea0f7a" candidate_term: 1 candidate_status { last_received { term: 0 index: 0 } } ignore_live_leader: false dest_uuid: "fe121c388fd1482a97313e8436f56626" is_pre_election: true
I20260608 12:47:20.903007  1563 raft_consensus.cc:2468] T 525f74113c8e49c3932dabc5d3b25cfa P fe121c388fd1482a97313e8436f56626 [term 0 FOLLOWER]: Leader pre-election vote request: Granting yes vote for candidate 58045422d2814eabb1365346eaea0f7a in term 0.
I20260608 12:47:20.892643  1610 tablet_bootstrap.cc:654] T e86df9f6ceca461d9143ef83f8952f36 P fe121c388fd1482a97313e8436f56626: Neither blocks nor log segments found. Creating new log.
I20260608 12:47:20.905691  1631 raft_consensus.cc:2804] T 525f74113c8e49c3932dabc5d3b25cfa P 58045422d2814eabb1365346eaea0f7a [term 0 FOLLOWER]: Leader pre-election won for term 1
I20260608 12:47:20.906117  1631 raft_consensus.cc:493] T 525f74113c8e49c3932dabc5d3b25cfa P 58045422d2814eabb1365346eaea0f7a [term 0 FOLLOWER]: Starting leader election (no leader contacted us within the election timeout)
I20260608 12:47:20.906553  1631 raft_consensus.cc:3060] T 525f74113c8e49c3932dabc5d3b25cfa P 58045422d2814eabb1365346eaea0f7a [term 0 FOLLOWER]: Advancing to term 1
I20260608 12:47:20.906886  1611 ts_tablet_manager.cc:1434] T 525f74113c8e49c3932dabc5d3b25cfa P 295de4d2e99c45c3a9161c74a3268086: Time spent starting tablet: real 0.016s	user 0.013s	sys 0.001s
I20260608 12:47:20.906145  1379 leader_election.cc:304] T 6fb6bd15c6434bc9910bdd8f2a5d96b0 P 58045422d2814eabb1365346eaea0f7a [CANDIDATE]: Term 1 election: Election decided. Result: candidate won. Election summary: received 3 responses out of 3 voters: 2 yes votes; 1 no votes. yes voters: 58045422d2814eabb1365346eaea0f7a, fe121c388fd1482a97313e8436f56626; no voters: 295de4d2e99c45c3a9161c74a3268086
I20260608 12:47:20.908433  1616 raft_consensus.cc:2804] T 6fb6bd15c6434bc9910bdd8f2a5d96b0 P 58045422d2814eabb1365346eaea0f7a [term 1 FOLLOWER]: Leader election won for term 1
I20260608 12:47:20.911471  1643 raft_consensus.cc:493] T 5608c753621b441b9a3344d8757a8021 P 295de4d2e99c45c3a9161c74a3268086 [term 0 FOLLOWER]: Starting pre-election (no leader contacted us within the election timeout)
I20260608 12:47:20.912039  1643 raft_consensus.cc:515] T 5608c753621b441b9a3344d8757a8021 P 295de4d2e99c45c3a9161c74a3268086 [term 0 FOLLOWER]: Starting pre-election with config: opid_index: -1 OBSOLETE_local: false peers { permanent_uuid: "295de4d2e99c45c3a9161c74a3268086" member_type: VOTER last_known_addr { host: "127.30.25.66" port: 36483 } } peers { permanent_uuid: "58045422d2814eabb1365346eaea0f7a" member_type: VOTER last_known_addr { host: "127.30.25.65" port: 35513 } } peers { permanent_uuid: "fe121c388fd1482a97313e8436f56626" member_type: VOTER last_known_addr { host: "127.30.25.67" port: 42209 } }
I20260608 12:47:20.916388  1611 tablet_bootstrap.cc:492] T e8c7fd05d5f64a9d876eb4962dd99d3e P 295de4d2e99c45c3a9161c74a3268086: Bootstrap starting.
I20260608 12:47:20.910018  1630 leader_election.cc:290] T 6fb6bd15c6434bc9910bdd8f2a5d96b0 P 58045422d2814eabb1365346eaea0f7a [CANDIDATE]: Term 1 election: Requested vote from peers 295de4d2e99c45c3a9161c74a3268086 (127.30.25.66:36483), fe121c388fd1482a97313e8436f56626 (127.30.25.67:42209)
I20260608 12:47:20.917256  1643 leader_election.cc:290] T 5608c753621b441b9a3344d8757a8021 P 295de4d2e99c45c3a9161c74a3268086 [CANDIDATE]: Term 1 pre-election: Requested pre-vote from peers 58045422d2814eabb1365346eaea0f7a (127.30.25.65:35513), fe121c388fd1482a97313e8436f56626 (127.30.25.67:42209)
I20260608 12:47:20.918920  1414 tablet_service.cc:1917] Received RequestConsensusVote() RPC: tablet_id: "5608c753621b441b9a3344d8757a8021" candidate_uuid: "295de4d2e99c45c3a9161c74a3268086" candidate_term: 1 candidate_status { last_received { term: 0 index: 0 } } ignore_live_leader: false dest_uuid: "58045422d2814eabb1365346eaea0f7a" is_pre_election: true
