wal directory: /tmp/dist-test-taskQj5ESH/test-tmp/auto_rebalancer-test.0.AutoRebalancerTest.NoReplicaMovesIfLocationLoadSkewedByOne.1780922751466473-24851-0/minicluster-data/ts-1-root
metadata directory: /tmp/dist-test-taskQj5ESH/test-tmp/auto_rebalancer-test.0.AutoRebalancerTest.NoReplicaMovesIfLocationLoadSkewedByOne.1780922751466473-24851-0/minicluster-data/ts-1-root
1 data directories: /tmp/dist-test-taskQj5ESH/test-tmp/auto_rebalancer-test.0.AutoRebalancerTest.NoReplicaMovesIfLocationLoadSkewedByOne.1780922751466473-24851-0/minicluster-data/ts-1-root/data
Total live blocks: 0
Total live bytes: 0
Total live bytes (after alignment): 0
Total number of LBM containers: 0 (0 full)
Did not check for missing blocks
Did not check for orphaned blocks
Total full LBM containers with extra space: 0 (0 repaired)
Total full LBM container extra space in bytes: 0 (0 repaired)
Total incomplete LBM containers: 0 (0 repaired)
Total LBM partial records: 0 (0 repaired)
Total corrupted LBM metadata records in RocksDB: 0 (0 repaired)
I20260608 12:47:19.124765 24851 rpc_server.cc:225] running with OpenSSL 1.1.1  11 Sep 2018
I20260608 12:47:19.125782 24851 kserver.cc:163] Server-wide thread pool size limit: 3276
I20260608 12:47:19.127168 24851 txn_system_client.cc:432] TxnSystemClient initialization is disabled...
I20260608 12:47:19.129403 24851 ts_tablet_manager.cc:585] Loaded tablet metadata (0 total tablets, 0 live tablets)
I20260608 12:47:19.129634 24851 ts_tablet_manager.cc:531] Time spent load tablet metadata: real 0.000s	user 0.000s	sys 0.000s
I20260608 12:47:19.129873 24851 ts_tablet_manager.cc:616] Registered 0 tablets
I20260608 12:47:19.130041 24851 ts_tablet_manager.cc:595] Time spent register tablets: real 0.000s	user 0.000s	sys 0.000s
I20260608 12:47:19.168174 24851 rpc_server.cc:307] RPC server started. Bound to: 127.24.68.194:36829
I20260608 12:47:19.168284 28657 acceptor_pool.cc:272] collecting diagnostics on the listening RPC socket 127.24.68.194:36829 every 8 connection(s)
I20260608 12:47:19.173498 24851 file_cache.cc:492] Constructed file cache file cache with capacity 419430
W20260608 12:47:19.180696 28661 instance_detector.cc:116] could not retrieve AWS instance metadata: Network error: curl error: HTTP response code said error: The requested URL returned error: 404
W20260608 12:47:19.182269 28662 instance_detector.cc:116] could not retrieve Azure instance metadata: Network error: curl error: HTTP response code said error: The requested URL returned error: 404
I20260608 12:47:19.188401 28658 heartbeater.cc:344] Connected to a master server at 127.24.68.254:33217
I20260608 12:47:19.188952 28658 heartbeater.cc:461] Registering TS with master...
W20260608 12:47:19.189337 28664 instance_detector.cc:116] could not retrieve OpenStack instance metadata: Network error: curl error: HTTP response code said error: The requested URL returned error: 404
I20260608 12:47:19.189774 24851 server_base.cc:1061] running on GCE node
I20260608 12:47:19.189983 28658 heartbeater.cc:507] Master 127.24.68.254:33217 requested a full tablet report, sending...
I20260608 12:47:19.191808 24851 hybrid_clock.cc:584] initializing the hybrid clock with 'system_unsync' time source
W20260608 12:47:19.192104 24851 system_unsync_time.cc:38] NTP support is disabled. Clock error bounds will not be accurate. This configuration is not suitable for distributed clusters.
I20260608 12:47:19.192299 24851 hybrid_clock.cc:648] HybridClock initialized: now 1780922839192281 us; error 0 us; skew 500 ppm
I20260608 12:47:19.192695 28456 ts_manager.cc:194] Registered new tserver with Master: 65f1eb1fb79c420484619fe4ac20d82f (127.24.68.194:36829)
I20260608 12:47:19.193032 24851 server_base.cc:861] Flag tcmalloc_max_total_thread_cache_bytes is not working since tcmalloc is not enabled.
I20260608 12:47:19.194176 28456 master_service.cc:502] Signed X509 certificate for tserver {username='slave'} at 127.0.0.1:43578
I20260608 12:47:19.196110 24851 webserver.cc:533] Webserver started at http://127.24.68.195:40639/ using document root <none> and password file <none>
I20260608 12:47:19.196672 24851 fs_manager.cc:362] Metadata directory not provided
I20260608 12:47:19.196861 24851 fs_manager.cc:368] Using write-ahead log directory (fs_wal_dir) as metadata directory
I20260608 12:47:19.197141 24851 server_base.cc:909] This appears to be a new deployment of Kudu; creating new FS layout
I20260608 12:47:19.198163 24851 fs_manager.cc:1068] Generated new instance metadata in path /tmp/dist-test-taskQj5ESH/test-tmp/auto_rebalancer-test.0.AutoRebalancerTest.NoReplicaMovesIfLocationLoadSkewedByOne.1780922751466473-24851-0/minicluster-data/ts-2-root/instance:
uuid: "48dd7b44aed14a06b7d0bf6b4bfd2d5c"
format_stamp: "Formatted at 2026-06-08 12:47:19 on dist-test-slave-17w5"
I20260608 12:47:19.202699 24851 fs_manager.cc:696] Time spent creating directory manager: real 0.004s	user 0.006s	sys 0.000s
I20260608 12:47:19.205880 28669 log_block_manager.cc:4031] Time spent loading block containers with low live blocks: real 0.000s	user 0.000s	sys 0.000s
I20260608 12:47:19.206602 24851 fs_manager.cc:730] Time spent opening block manager: real 0.002s	user 0.003s	sys 0.000s
I20260608 12:47:19.206892 24851 fs_manager.cc:647] Opened local filesystem: /tmp/dist-test-taskQj5ESH/test-tmp/auto_rebalancer-test.0.AutoRebalancerTest.NoReplicaMovesIfLocationLoadSkewedByOne.1780922751466473-24851-0/minicluster-data/ts-2-root
uuid: "48dd7b44aed14a06b7d0bf6b4bfd2d5c"
format_stamp: "Formatted at 2026-06-08 12:47:19 on dist-test-slave-17w5"
I20260608 12:47:19.207211 24851 fs_report.cc:389] FS layout report
--------------------
wal directory: /tmp/dist-test-taskQj5ESH/test-tmp/auto_rebalancer-test.0.AutoRebalancerTest.NoReplicaMovesIfLocationLoadSkewedByOne.1780922751466473-24851-0/minicluster-data/ts-2-root
metadata directory: /tmp/dist-test-taskQj5ESH/test-tmp/auto_rebalancer-test.0.AutoRebalancerTest.NoReplicaMovesIfLocationLoadSkewedByOne.1780922751466473-24851-0/minicluster-data/ts-2-root
1 data directories: /tmp/dist-test-taskQj5ESH/test-tmp/auto_rebalancer-test.0.AutoRebalancerTest.NoReplicaMovesIfLocationLoadSkewedByOne.1780922751466473-24851-0/minicluster-data/ts-2-root/data
Total live blocks: 0
Total live bytes: 0
Total live bytes (after alignment): 0
Total number of LBM containers: 0 (0 full)
Did not check for missing blocks
Did not check for orphaned blocks
Total full LBM containers with extra space: 0 (0 repaired)
Total full LBM container extra space in bytes: 0 (0 repaired)
Total incomplete LBM containers: 0 (0 repaired)
Total LBM partial records: 0 (0 repaired)
Total corrupted LBM metadata records in RocksDB: 0 (0 repaired)
I20260608 12:47:19.227756 24851 rpc_server.cc:225] running with OpenSSL 1.1.1  11 Sep 2018
I20260608 12:47:19.229041 24851 kserver.cc:163] Server-wide thread pool size limit: 3276
I20260608 12:47:19.230480 24851 txn_system_client.cc:432] TxnSystemClient initialization is disabled...
I20260608 12:47:19.232815 24851 ts_tablet_manager.cc:585] Loaded tablet metadata (0 total tablets, 0 live tablets)
I20260608 12:47:19.232995 24851 ts_tablet_manager.cc:531] Time spent load tablet metadata: real 0.000s	user 0.000s	sys 0.000s
I20260608 12:47:19.233280 24851 ts_tablet_manager.cc:616] Registered 0 tablets
I20260608 12:47:19.233441 24851 ts_tablet_manager.cc:595] Time spent register tablets: real 0.000s	user 0.000s	sys 0.000s
I20260608 12:47:19.272910 24851 rpc_server.cc:307] RPC server started. Bound to: 127.24.68.195:40755
I20260608 12:47:19.273025 28731 acceptor_pool.cc:272] collecting diagnostics on the listening RPC socket 127.24.68.195:40755 every 8 connection(s)
I20260608 12:47:19.277931 24851 file_cache.cc:492] Constructed file cache file cache with capacity 419430
W20260608 12:47:19.286098 28735 instance_detector.cc:116] could not retrieve AWS instance metadata: Network error: curl error: HTTP response code said error: The requested URL returned error: 404
W20260608 12:47:19.290365 28736 instance_detector.cc:116] could not retrieve Azure instance metadata: Network error: curl error: HTTP response code said error: The requested URL returned error: 404
I20260608 12:47:19.290637 28732 heartbeater.cc:344] Connected to a master server at 127.24.68.254:33217
I20260608 12:47:19.291230 28732 heartbeater.cc:461] Registering TS with master...
I20260608 12:47:19.292547 28732 heartbeater.cc:507] Master 127.24.68.254:33217 requested a full tablet report, sending...
I20260608 12:47:19.292866 24851 server_base.cc:1061] running on GCE node
W20260608 12:47:19.294093 28738 instance_detector.cc:116] could not retrieve OpenStack instance metadata: Network error: curl error: HTTP response code said error: The requested URL returned error: 404
I20260608 12:47:19.295010 24851 hybrid_clock.cc:584] initializing the hybrid clock with 'system_unsync' time source
I20260608 12:47:19.295039 28456 ts_manager.cc:194] Registered new tserver with Master: 48dd7b44aed14a06b7d0bf6b4bfd2d5c (127.24.68.195:40755)
W20260608 12:47:19.295344 24851 system_unsync_time.cc:38] NTP support is disabled. Clock error bounds will not be accurate. This configuration is not suitable for distributed clusters.
I20260608 12:47:19.295601 24851 hybrid_clock.cc:648] HybridClock initialized: now 1780922839295582 us; error 0 us; skew 500 ppm
I20260608 12:47:19.296442 24851 server_base.cc:861] Flag tcmalloc_max_total_thread_cache_bytes is not working since tcmalloc is not enabled.
I20260608 12:47:19.296692 28456 master_service.cc:502] Signed X509 certificate for tserver {username='slave'} at 127.0.0.1:43580
I20260608 12:47:19.299403 24851 webserver.cc:533] Webserver started at http://127.24.68.196:44537/ using document root <none> and password file <none>
I20260608 12:47:19.299935 24851 fs_manager.cc:362] Metadata directory not provided
I20260608 12:47:19.300194 24851 fs_manager.cc:368] Using write-ahead log directory (fs_wal_dir) as metadata directory
I20260608 12:47:19.300455 24851 server_base.cc:909] This appears to be a new deployment of Kudu; creating new FS layout
I20260608 12:47:19.301614 24851 fs_manager.cc:1068] Generated new instance metadata in path /tmp/dist-test-taskQj5ESH/test-tmp/auto_rebalancer-test.0.AutoRebalancerTest.NoReplicaMovesIfLocationLoadSkewedByOne.1780922751466473-24851-0/minicluster-data/ts-3-root/instance:
uuid: "14a94bb557ab4581af670d0921f2c94c"
format_stamp: "Formatted at 2026-06-08 12:47:19 on dist-test-slave-17w5"
I20260608 12:47:19.306048 24851 fs_manager.cc:696] Time spent creating directory manager: real 0.004s	user 0.001s	sys 0.004s
I20260608 12:47:19.309515 28743 log_block_manager.cc:4031] Time spent loading block containers with low live blocks: real 0.000s	user 0.000s	sys 0.000s
I20260608 12:47:19.310201 24851 fs_manager.cc:730] Time spent opening block manager: real 0.002s	user 0.003s	sys 0.000s
I20260608 12:47:19.310485 24851 fs_manager.cc:647] Opened local filesystem: /tmp/dist-test-taskQj5ESH/test-tmp/auto_rebalancer-test.0.AutoRebalancerTest.NoReplicaMovesIfLocationLoadSkewedByOne.1780922751466473-24851-0/minicluster-data/ts-3-root
uuid: "14a94bb557ab4581af670d0921f2c94c"
format_stamp: "Formatted at 2026-06-08 12:47:19 on dist-test-slave-17w5"
I20260608 12:47:19.310752 24851 fs_report.cc:389] FS layout report
--------------------
wal directory: /tmp/dist-test-taskQj5ESH/test-tmp/auto_rebalancer-test.0.AutoRebalancerTest.NoReplicaMovesIfLocationLoadSkewedByOne.1780922751466473-24851-0/minicluster-data/ts-3-root
metadata directory: /tmp/dist-test-taskQj5ESH/test-tmp/auto_rebalancer-test.0.AutoRebalancerTest.NoReplicaMovesIfLocationLoadSkewedByOne.1780922751466473-24851-0/minicluster-data/ts-3-root
1 data directories: /tmp/dist-test-taskQj5ESH/test-tmp/auto_rebalancer-test.0.AutoRebalancerTest.NoReplicaMovesIfLocationLoadSkewedByOne.1780922751466473-24851-0/minicluster-data/ts-3-root/data
Total live blocks: 0
Total live bytes: 0
Total live bytes (after alignment): 0
Total number of LBM containers: 0 (0 full)
Did not check for missing blocks
Did not check for orphaned blocks
Total full LBM containers with extra space: 0 (0 repaired)
Total full LBM container extra space in bytes: 0 (0 repaired)
Total incomplete LBM containers: 0 (0 repaired)
Total LBM partial records: 0 (0 repaired)
Total corrupted LBM metadata records in RocksDB: 0 (0 repaired)
I20260608 12:47:19.331665 24851 rpc_server.cc:225] running with OpenSSL 1.1.1  11 Sep 2018
I20260608 12:47:19.332921 24851 kserver.cc:163] Server-wide thread pool size limit: 3276
I20260608 12:47:19.334324 24851 txn_system_client.cc:432] TxnSystemClient initialization is disabled...
I20260608 12:47:19.336591 24851 ts_tablet_manager.cc:585] Loaded tablet metadata (0 total tablets, 0 live tablets)
I20260608 12:47:19.336818 24851 ts_tablet_manager.cc:531] Time spent load tablet metadata: real 0.000s	user 0.000s	sys 0.000s
I20260608 12:47:19.337055 24851 ts_tablet_manager.cc:616] Registered 0 tablets
I20260608 12:47:19.337250 24851 ts_tablet_manager.cc:595] Time spent register tablets: real 0.000s	user 0.000s	sys 0.000s
I20260608 12:47:19.375792 24851 rpc_server.cc:307] RPC server started. Bound to: 127.24.68.196:45589
I20260608 12:47:19.375905 28805 acceptor_pool.cc:272] collecting diagnostics on the listening RPC socket 127.24.68.196:45589 every 8 connection(s)
I20260608 12:47:19.389437 28806 heartbeater.cc:344] Connected to a master server at 127.24.68.254:33217
I20260608 12:47:19.389801 28806 heartbeater.cc:461] Registering TS with master...
I20260608 12:47:19.390506 28806 heartbeater.cc:507] Master 127.24.68.254:33217 requested a full tablet report, sending...
I20260608 12:47:19.392343 28456 ts_manager.cc:194] Registered new tserver with Master: 14a94bb557ab4581af670d0921f2c94c (127.24.68.196:45589)
I20260608 12:47:19.392593 24851 internal_mini_cluster.cc:371] 4 TS(s) registered with all masters after 0.013462596s
I20260608 12:47:19.393785 28456 master_service.cc:502] Signed X509 certificate for tserver {username='slave'} at 127.0.0.1:43582
I20260608 12:47:19.949486 28456 catalog_manager.cc:2282] Servicing CreateTable request from {username='slave'} at 127.0.0.1:43588:
name: "test-workload"
schema {
  columns {
    name: "key"
    type: INT32
    is_key: true
    is_nullable: false
    encoding: AUTO_ENCODING
    compression: DEFAULT_COMPRESSION
    cfile_block_size: 0
    immutable: false
  }
  columns {
    name: "int_val"
    type: INT32
    is_key: false
    is_nullable: false
    encoding: AUTO_ENCODING
    compression: DEFAULT_COMPRESSION
    cfile_block_size: 0
    immutable: false
  }
  columns {
    name: "string_val"
    type: STRING
    is_key: false
    is_nullable: true
    encoding: AUTO_ENCODING
    compression: DEFAULT_COMPRESSION
    cfile_block_size: 0
    immutable: false
  }
}
num_replicas: 3
split_rows_range_bounds {
}
partition_schema {
  range_schema {
    columns {
      name: "key"
    }
  }
}
I20260608 12:47:19.998808 28697 tablet_service.cc:1511] Processing CreateTablet for tablet 515718033e4a4b0494aef45844c640c7 (DEFAULT_TABLE table=test-workload [id=d2d05924f7104218877baccf3c0d847c]), partition=RANGE (key) PARTITION UNBOUNDED
I20260608 12:47:19.998989 28771 tablet_service.cc:1511] Processing CreateTablet for tablet 515718033e4a4b0494aef45844c640c7 (DEFAULT_TABLE table=test-workload [id=d2d05924f7104218877baccf3c0d847c]), partition=RANGE (key) PARTITION UNBOUNDED
I20260608 12:47:20.000272 28771 data_dirs.cc:400] Could only allocate 1 dirs of requested 3 for tablet 515718033e4a4b0494aef45844c640c7. 1 dirs total, 0 dirs full, 0 dirs failed
I20260608 12:47:20.000272 28697 data_dirs.cc:400] Could only allocate 1 dirs of requested 3 for tablet 515718033e4a4b0494aef45844c640c7. 1 dirs total, 0 dirs full, 0 dirs failed
I20260608 12:47:20.006371 28548 tablet_service.cc:1511] Processing CreateTablet for tablet 515718033e4a4b0494aef45844c640c7 (DEFAULT_TABLE table=test-workload [id=d2d05924f7104218877baccf3c0d847c]), partition=RANGE (key) PARTITION UNBOUNDED
I20260608 12:47:20.007697 28548 data_dirs.cc:400] Could only allocate 1 dirs of requested 3 for tablet 515718033e4a4b0494aef45844c640c7. 1 dirs total, 0 dirs full, 0 dirs failed
I20260608 12:47:20.018067 28827 tablet_bootstrap.cc:492] T 515718033e4a4b0494aef45844c640c7 P 14a94bb557ab4581af670d0921f2c94c: Bootstrap starting.
I20260608 12:47:20.022840 28826 tablet_bootstrap.cc:492] T 515718033e4a4b0494aef45844c640c7 P 48dd7b44aed14a06b7d0bf6b4bfd2d5c: Bootstrap starting.
I20260608 12:47:20.023923 28828 tablet_bootstrap.cc:492] T 515718033e4a4b0494aef45844c640c7 P 3275ed625ef54eaea2de57d8037e990e: Bootstrap starting.
I20260608 12:47:20.026819 28827 tablet_bootstrap.cc:654] T 515718033e4a4b0494aef45844c640c7 P 14a94bb557ab4581af670d0921f2c94c: Neither blocks nor log segments found. Creating new log.
I20260608 12:47:20.030260 28826 tablet_bootstrap.cc:654] T 515718033e4a4b0494aef45844c640c7 P 48dd7b44aed14a06b7d0bf6b4bfd2d5c: Neither blocks nor log segments found. Creating new log.
I20260608 12:47:20.031179 28828 tablet_bootstrap.cc:654] T 515718033e4a4b0494aef45844c640c7 P 3275ed625ef54eaea2de57d8037e990e: Neither blocks nor log segments found. Creating new log.
I20260608 12:47:20.031620 28827 tablet_bootstrap.cc:492] T 515718033e4a4b0494aef45844c640c7 P 14a94bb557ab4581af670d0921f2c94c: No bootstrap required, opened a new log
I20260608 12:47:20.032045 28827 ts_tablet_manager.cc:1403] T 515718033e4a4b0494aef45844c640c7 P 14a94bb557ab4581af670d0921f2c94c: Time spent bootstrapping tablet: real 0.014s	user 0.011s	sys 0.000s
I20260608 12:47:20.034847 28827 raft_consensus.cc:359] T 515718033e4a4b0494aef45844c640c7 P 14a94bb557ab4581af670d0921f2c94c [term 0 FOLLOWER]: Replica starting. Triggering 0 pending ops. Active config: opid_index: -1 OBSOLETE_local: false peers { permanent_uuid: "14a94bb557ab4581af670d0921f2c94c" member_type: VOTER last_known_addr { host: "127.24.68.196" port: 45589 } } peers { permanent_uuid: "48dd7b44aed14a06b7d0bf6b4bfd2d5c" member_type: VOTER last_known_addr { host: "127.24.68.195" port: 40755 } } peers { permanent_uuid: "3275ed625ef54eaea2de57d8037e990e" member_type: VOTER last_known_addr { host: "127.24.68.193" port: 44343 } }
I20260608 12:47:20.035640 28827 raft_consensus.cc:385] T 515718033e4a4b0494aef45844c640c7 P 14a94bb557ab4581af670d0921f2c94c [term 0 FOLLOWER]: Consensus starting up: Expiring failure detector timer to make a prompt election more likely
I20260608 12:47:20.035992 28827 raft_consensus.cc:740] T 515718033e4a4b0494aef45844c640c7 P 14a94bb557ab4581af670d0921f2c94c [term 0 FOLLOWER]: Becoming Follower/Learner. State: Replica: 14a94bb557ab4581af670d0921f2c94c, State: Initialized, Role: FOLLOWER
I20260608 12:47:20.035995 28826 tablet_bootstrap.cc:492] T 515718033e4a4b0494aef45844c640c7 P 48dd7b44aed14a06b7d0bf6b4bfd2d5c: No bootstrap required, opened a new log
I20260608 12:47:20.036998 28826 ts_tablet_manager.cc:1403] T 515718033e4a4b0494aef45844c640c7 P 48dd7b44aed14a06b7d0bf6b4bfd2d5c: Time spent bootstrapping tablet: real 0.014s	user 0.013s	sys 0.000s
I20260608 12:47:20.037158 28827 consensus_queue.cc:260] T 515718033e4a4b0494aef45844c640c7 P 14a94bb557ab4581af670d0921f2c94c [NON_LEADER]: Queue going to NON_LEADER mode. State: All replicated index: 0, Majority replicated index: 0, Committed index: 0, Last appended: 0.0, Last appended by leader: 0, Current term: 0, Majority size: -1, State: 0, Mode: NON_LEADER, active raft config: opid_index: -1 OBSOLETE_local: false peers { permanent_uuid: "14a94bb557ab4581af670d0921f2c94c" member_type: VOTER last_known_addr { host: "127.24.68.196" port: 45589 } } peers { permanent_uuid: "48dd7b44aed14a06b7d0bf6b4bfd2d5c" member_type: VOTER last_known_addr { host: "127.24.68.195" port: 40755 } } peers { permanent_uuid: "3275ed625ef54eaea2de57d8037e990e" member_type: VOTER last_known_addr { host: "127.24.68.193" port: 44343 } }
I20260608 12:47:20.038641 28828 tablet_bootstrap.cc:492] T 515718033e4a4b0494aef45844c640c7 P 3275ed625ef54eaea2de57d8037e990e: No bootstrap required, opened a new log
I20260608 12:47:20.039453 28806 heartbeater.cc:499] Master 127.24.68.254:33217 was elected leader, sending a full tablet report...
I20260608 12:47:20.039762 28827 ts_tablet_manager.cc:1434] T 515718033e4a4b0494aef45844c640c7 P 14a94bb557ab4581af670d0921f2c94c: Time spent starting tablet: real 0.007s	user 0.008s	sys 0.000s
I20260608 12:47:20.040351 28828 ts_tablet_manager.cc:1403] T 515718033e4a4b0494aef45844c640c7 P 3275ed625ef54eaea2de57d8037e990e: Time spent bootstrapping tablet: real 0.017s	user 0.009s	sys 0.005s
I20260608 12:47:20.040004 28826 raft_consensus.cc:359] T 515718033e4a4b0494aef45844c640c7 P 48dd7b44aed14a06b7d0bf6b4bfd2d5c [term 0 FOLLOWER]: Replica starting. Triggering 0 pending ops. Active config: opid_index: -1 OBSOLETE_local: false peers { permanent_uuid: "14a94bb557ab4581af670d0921f2c94c" member_type: VOTER last_known_addr { host: "127.24.68.196" port: 45589 } } peers { permanent_uuid: "48dd7b44aed14a06b7d0bf6b4bfd2d5c" member_type: VOTER last_known_addr { host: "127.24.68.195" port: 40755 } } peers { permanent_uuid: "3275ed625ef54eaea2de57d8037e990e" member_type: VOTER last_known_addr { host: "127.24.68.193" port: 44343 } }
I20260608 12:47:20.040807 28826 raft_consensus.cc:385] T 515718033e4a4b0494aef45844c640c7 P 48dd7b44aed14a06b7d0bf6b4bfd2d5c [term 0 FOLLOWER]: Consensus starting up: Expiring failure detector timer to make a prompt election more likely
I20260608 12:47:20.041131 28826 raft_consensus.cc:740] T 515718033e4a4b0494aef45844c640c7 P 48dd7b44aed14a06b7d0bf6b4bfd2d5c [term 0 FOLLOWER]: Becoming Follower/Learner. State: Replica: 48dd7b44aed14a06b7d0bf6b4bfd2d5c, State: Initialized, Role: FOLLOWER
I20260608 12:47:20.041934 28826 consensus_queue.cc:260] T 515718033e4a4b0494aef45844c640c7 P 48dd7b44aed14a06b7d0bf6b4bfd2d5c [NON_LEADER]: Queue going to NON_LEADER mode. State: All replicated index: 0, Majority replicated index: 0, Committed index: 0, Last appended: 0.0, Last appended by leader: 0, Current term: 0, Majority size: -1, State: 0, Mode: NON_LEADER, active raft config: opid_index: -1 OBSOLETE_local: false peers { permanent_uuid: "14a94bb557ab4581af670d0921f2c94c" member_type: VOTER last_known_addr { host: "127.24.68.196" port: 45589 } } peers { permanent_uuid: "48dd7b44aed14a06b7d0bf6b4bfd2d5c" member_type: VOTER last_known_addr { host: "127.24.68.195" port: 40755 } } peers { permanent_uuid: "3275ed625ef54eaea2de57d8037e990e" member_type: VOTER last_known_addr { host: "127.24.68.193" port: 44343 } }
I20260608 12:47:20.042862 28828 raft_consensus.cc:359] T 515718033e4a4b0494aef45844c640c7 P 3275ed625ef54eaea2de57d8037e990e [term 0 FOLLOWER]: Replica starting. Triggering 0 pending ops. Active config: opid_index: -1 OBSOLETE_local: false peers { permanent_uuid: "14a94bb557ab4581af670d0921f2c94c" member_type: VOTER last_known_addr { host: "127.24.68.196" port: 45589 } } peers { permanent_uuid: "48dd7b44aed14a06b7d0bf6b4bfd2d5c" member_type: VOTER last_known_addr { host: "127.24.68.195" port: 40755 } } peers { permanent_uuid: "3275ed625ef54eaea2de57d8037e990e" member_type: VOTER last_known_addr { host: "127.24.68.193" port: 44343 } }
I20260608 12:47:20.043460 28828 raft_consensus.cc:385] T 515718033e4a4b0494aef45844c640c7 P 3275ed625ef54eaea2de57d8037e990e [term 0 FOLLOWER]: Consensus starting up: Expiring failure detector timer to make a prompt election more likely
I20260608 12:47:20.043828 28828 raft_consensus.cc:740] T 515718033e4a4b0494aef45844c640c7 P 3275ed625ef54eaea2de57d8037e990e [term 0 FOLLOWER]: Becoming Follower/Learner. State: Replica: 3275ed625ef54eaea2de57d8037e990e, State: Initialized, Role: FOLLOWER
I20260608 12:47:20.044667 28732 heartbeater.cc:499] Master 127.24.68.254:33217 was elected leader, sending a full tablet report...
I20260608 12:47:20.045011 28826 ts_tablet_manager.cc:1434] T 515718033e4a4b0494aef45844c640c7 P 48dd7b44aed14a06b7d0bf6b4bfd2d5c: Time spent starting tablet: real 0.008s	user 0.004s	sys 0.004s
I20260608 12:47:20.044879 28828 consensus_queue.cc:260] T 515718033e4a4b0494aef45844c640c7 P 3275ed625ef54eaea2de57d8037e990e [NON_LEADER]: Queue going to NON_LEADER mode. State: All replicated index: 0, Majority replicated index: 0, Committed index: 0, Last appended: 0.0, Last appended by leader: 0, Current term: 0, Majority size: -1, State: 0, Mode: NON_LEADER, active raft config: opid_index: -1 OBSOLETE_local: false peers { permanent_uuid: "14a94bb557ab4581af670d0921f2c94c" member_type: VOTER last_known_addr { host: "127.24.68.196" port: 45589 } } peers { permanent_uuid: "48dd7b44aed14a06b7d0bf6b4bfd2d5c" member_type: VOTER last_known_addr { host: "127.24.68.195" port: 40755 } } peers { permanent_uuid: "3275ed625ef54eaea2de57d8037e990e" member_type: VOTER last_known_addr { host: "127.24.68.193" port: 44343 } }
I20260608 12:47:20.053100 28828 ts_tablet_manager.cc:1434] T 515718033e4a4b0494aef45844c640c7 P 3275ed625ef54eaea2de57d8037e990e: Time spent starting tablet: real 0.012s	user 0.006s	sys 0.005s
I20260608 12:47:20.054790 28583 heartbeater.cc:499] Master 127.24.68.254:33217 was elected leader, sending a full tablet report...
I20260608 12:47:20.100157 28834 raft_consensus.cc:493] T 515718033e4a4b0494aef45844c640c7 P 3275ed625ef54eaea2de57d8037e990e [term 0 FOLLOWER]: Starting pre-election (no leader contacted us within the election timeout)
I20260608 12:47:20.100834 28834 raft_consensus.cc:515] T 515718033e4a4b0494aef45844c640c7 P 3275ed625ef54eaea2de57d8037e990e [term 0 FOLLOWER]: Starting pre-election with config: opid_index: -1 OBSOLETE_local: false peers { permanent_uuid: "14a94bb557ab4581af670d0921f2c94c" member_type: VOTER last_known_addr { host: "127.24.68.196" port: 45589 } } peers { permanent_uuid: "48dd7b44aed14a06b7d0bf6b4bfd2d5c" member_type: VOTER last_known_addr { host: "127.24.68.195" port: 40755 } } peers { permanent_uuid: "3275ed625ef54eaea2de57d8037e990e" member_type: VOTER last_known_addr { host: "127.24.68.193" port: 44343 } }
I20260608 12:47:20.103286 28834 leader_election.cc:290] T 515718033e4a4b0494aef45844c640c7 P 3275ed625ef54eaea2de57d8037e990e [CANDIDATE]: Term 1 pre-election: Requested pre-vote from peers 14a94bb557ab4581af670d0921f2c94c (127.24.68.196:45589), 48dd7b44aed14a06b7d0bf6b4bfd2d5c (127.24.68.195:40755)
I20260608 12:47:20.114054 28781 tablet_service.cc:1917] Received RequestConsensusVote() RPC: tablet_id: "515718033e4a4b0494aef45844c640c7" candidate_uuid: "3275ed625ef54eaea2de57d8037e990e" candidate_term: 1 candidate_status { last_received { term: 0 index: 0 } } ignore_live_leader: false dest_uuid: "14a94bb557ab4581af670d0921f2c94c" is_pre_election: true
I20260608 12:47:20.114626 28707 tablet_service.cc:1917] Received RequestConsensusVote() RPC: tablet_id: "515718033e4a4b0494aef45844c640c7" candidate_uuid: "3275ed625ef54eaea2de57d8037e990e" candidate_term: 1 candidate_status { last_received { term: 0 index: 0 } } ignore_live_leader: false dest_uuid: "48dd7b44aed14a06b7d0bf6b4bfd2d5c" is_pre_election: true
I20260608 12:47:20.114876 28781 raft_consensus.cc:2468] T 515718033e4a4b0494aef45844c640c7 P 14a94bb557ab4581af670d0921f2c94c [term 0 FOLLOWER]: Leader pre-election vote request: Granting yes vote for candidate 3275ed625ef54eaea2de57d8037e990e in term 0.
I20260608 12:47:20.115345 28707 raft_consensus.cc:2468] T 515718033e4a4b0494aef45844c640c7 P 48dd7b44aed14a06b7d0bf6b4bfd2d5c [term 0 FOLLOWER]: Leader pre-election vote request: Granting yes vote for candidate 3275ed625ef54eaea2de57d8037e990e in term 0.
I20260608 12:47:20.116151 28524 leader_election.cc:304] T 515718033e4a4b0494aef45844c640c7 P 3275ed625ef54eaea2de57d8037e990e [CANDIDATE]: Term 1 pre-election: Election decided. Result: candidate won. Election summary: received 2 responses out of 3 voters: 2 yes votes; 0 no votes. yes voters: 14a94bb557ab4581af670d0921f2c94c, 3275ed625ef54eaea2de57d8037e990e; no voters: 
I20260608 12:47:20.116909 28834 raft_consensus.cc:2804] T 515718033e4a4b0494aef45844c640c7 P 3275ed625ef54eaea2de57d8037e990e [term 0 FOLLOWER]: Leader pre-election won for term 1
I20260608 12:47:20.117313 28834 raft_consensus.cc:493] T 515718033e4a4b0494aef45844c640c7 P 3275ed625ef54eaea2de57d8037e990e [term 0 FOLLOWER]: Starting leader election (no leader contacted us within the election timeout)
I20260608 12:47:20.117597 28834 raft_consensus.cc:3060] T 515718033e4a4b0494aef45844c640c7 P 3275ed625ef54eaea2de57d8037e990e [term 0 FOLLOWER]: Advancing to term 1
I20260608 12:47:20.122170 28834 raft_consensus.cc:515] T 515718033e4a4b0494aef45844c640c7 P 3275ed625ef54eaea2de57d8037e990e [term 1 FOLLOWER]: Starting leader election with config: opid_index: -1 OBSOLETE_local: false peers { permanent_uuid: "14a94bb557ab4581af670d0921f2c94c" member_type: VOTER last_known_addr { host: "127.24.68.196" port: 45589 } } peers { permanent_uuid: "48dd7b44aed14a06b7d0bf6b4bfd2d5c" member_type: VOTER last_known_addr { host: "127.24.68.195" port: 40755 } } peers { permanent_uuid: "3275ed625ef54eaea2de57d8037e990e" member_type: VOTER last_known_addr { host: "127.24.68.193" port: 44343 } }
I20260608 12:47:20.123790 28834 leader_election.cc:290] T 515718033e4a4b0494aef45844c640c7 P 3275ed625ef54eaea2de57d8037e990e [CANDIDATE]: Term 1 election: Requested vote from peers 14a94bb557ab4581af670d0921f2c94c (127.24.68.196:45589), 48dd7b44aed14a06b7d0bf6b4bfd2d5c (127.24.68.195:40755)
I20260608 12:47:20.124593 28781 tablet_service.cc:1917] Received RequestConsensusVote() RPC: tablet_id: "515718033e4a4b0494aef45844c640c7" candidate_uuid: "3275ed625ef54eaea2de57d8037e990e" candidate_term: 1 candidate_status { last_received { term: 0 index: 0 } } ignore_live_leader: false dest_uuid: "14a94bb557ab4581af670d0921f2c94c"
I20260608 12:47:20.124818 28707 tablet_service.cc:1917] Received RequestConsensusVote() RPC: tablet_id: "515718033e4a4b0494aef45844c640c7" candidate_uuid: "3275ed625ef54eaea2de57d8037e990e" candidate_term: 1 candidate_status { last_received { term: 0 index: 0 } } ignore_live_leader: false dest_uuid: "48dd7b44aed14a06b7d0bf6b4bfd2d5c"
I20260608 12:47:20.125157 28781 raft_consensus.cc:3060] T 515718033e4a4b0494aef45844c640c7 P 14a94bb557ab4581af670d0921f2c94c [term 0 FOLLOWER]: Advancing to term 1
I20260608 12:47:20.125370 28707 raft_consensus.cc:3060] T 515718033e4a4b0494aef45844c640c7 P 48dd7b44aed14a06b7d0bf6b4bfd2d5c [term 0 FOLLOWER]: Advancing to term 1
I20260608 12:47:20.130851 28781 raft_consensus.cc:2468] T 515718033e4a4b0494aef45844c640c7 P 14a94bb557ab4581af670d0921f2c94c [term 1 FOLLOWER]: Leader election vote request: Granting yes vote for candidate 3275ed625ef54eaea2de57d8037e990e in term 1.
I20260608 12:47:20.130892 28707 raft_consensus.cc:2468] T 515718033e4a4b0494aef45844c640c7 P 48dd7b44aed14a06b7d0bf6b4bfd2d5c [term 1 FOLLOWER]: Leader election vote request: Granting yes vote for candidate 3275ed625ef54eaea2de57d8037e990e in term 1.
I20260608 12:47:20.131960 28524 leader_election.cc:304] T 515718033e4a4b0494aef45844c640c7 P 3275ed625ef54eaea2de57d8037e990e [CANDIDATE]: Term 1 election: Election decided. Result: candidate won. Election summary: received 2 responses out of 3 voters: 2 yes votes; 0 no votes. yes voters: 14a94bb557ab4581af670d0921f2c94c, 3275ed625ef54eaea2de57d8037e990e; no voters: 
I20260608 12:47:20.132676 28834 raft_consensus.cc:2804] T 515718033e4a4b0494aef45844c640c7 P 3275ed625ef54eaea2de57d8037e990e [term 1 FOLLOWER]: Leader election won for term 1
I20260608 12:47:20.133705 28834 raft_consensus.cc:697] T 515718033e4a4b0494aef45844c640c7 P 3275ed625ef54eaea2de57d8037e990e [term 1 LEADER]: Becoming Leader. State: Replica: 3275ed625ef54eaea2de57d8037e990e, State: Running, Role: LEADER
I20260608 12:47:20.134379 28834 consensus_queue.cc:237] T 515718033e4a4b0494aef45844c640c7 P 3275ed625ef54eaea2de57d8037e990e [LEADER]: Queue going to LEADER mode. State: All replicated index: 0, Majority replicated index: 0, Committed index: 0, Last appended: 0.0, Last appended by leader: 0, Current term: 1, Majority size: 2, State: 0, Mode: LEADER, active raft config: opid_index: -1 OBSOLETE_local: false peers { permanent_uuid: "14a94bb557ab4581af670d0921f2c94c" member_type: VOTER last_known_addr { host: "127.24.68.196" port: 45589 } } peers { permanent_uuid: "48dd7b44aed14a06b7d0bf6b4bfd2d5c" member_type: VOTER last_known_addr { host: "127.24.68.195" port: 40755 } } peers { permanent_uuid: "3275ed625ef54eaea2de57d8037e990e" member_type: VOTER last_known_addr { host: "127.24.68.193" port: 44343 } }
I20260608 12:47:20.141350 28456 catalog_manager.cc:5696] T 515718033e4a4b0494aef45844c640c7 P 3275ed625ef54eaea2de57d8037e990e reported cstate change: term changed from 0 to 1, leader changed from <none> to 3275ed625ef54eaea2de57d8037e990e (127.24.68.193). New cstate: current_term: 1 leader_uuid: "3275ed625ef54eaea2de57d8037e990e" committed_config { opid_index: -1 OBSOLETE_local: false peers { permanent_uuid: "14a94bb557ab4581af670d0921f2c94c" member_type: VOTER last_known_addr { host: "127.24.68.196" port: 45589 } health_report { overall_health: UNKNOWN } } peers { permanent_uuid: "48dd7b44aed14a06b7d0bf6b4bfd2d5c" member_type: VOTER last_known_addr { host: "127.24.68.195" port: 40755 } health_report { overall_health: UNKNOWN } } peers { permanent_uuid: "3275ed625ef54eaea2de57d8037e990e" member_type: VOTER last_known_addr { host: "127.24.68.193" port: 44343 } health_report { overall_health: HEALTHY } } }
I20260608 12:47:20.196615 28658 heartbeater.cc:499] Master 127.24.68.254:33217 was elected leader, sending a full tablet report...
I20260608 12:47:20.621199 28834 consensus_queue.cc:1048] T 515718033e4a4b0494aef45844c640c7 P 3275ed625ef54eaea2de57d8037e990e [LEADER]: Connected to new peer: Peer: permanent_uuid: "14a94bb557ab4581af670d0921f2c94c" member_type: VOTER last_known_addr { host: "127.24.68.196" port: 45589 }, Status: LMP_MISMATCH, Last received: 0.0, Next index: 1, Last known committed idx: 0, Time since last communication: 0.000s
I20260608 12:47:20.633953 28842 consensus_queue.cc:1048] T 515718033e4a4b0494aef45844c640c7 P 3275ed625ef54eaea2de57d8037e990e [LEADER]: Connected to new peer: Peer: permanent_uuid: "48dd7b44aed14a06b7d0bf6b4bfd2d5c" member_type: VOTER last_known_addr { host: "127.24.68.195" port: 40755 }, Status: LMP_MISMATCH, Last received: 0.0, Next index: 1, Last known committed idx: 0, Time since last communication: 0.000s
I20260608 12:47:20.917023 28509 auto_leader_rebalancer.cc:140] leader rebalance for table test-workload
I20260608 12:47:20.918502 28509 auto_leader_rebalancer.cc:388] table: test-workload, leader rebalance finish, leader transfer count: 0
I20260608 12:47:20.918856 28509 auto_leader_rebalancer.cc:451] All tables' leader rebalancing finished this round
I20260608 12:47:22.920058 28509 auto_leader_rebalancer.cc:140] leader rebalance for table test-workload
I20260608 12:47:22.921732 28509 auto_leader_rebalancer.cc:388] table: test-workload, leader rebalance finish, leader transfer count: 0
I20260608 12:47:22.922003 28509 auto_leader_rebalancer.cc:451] All tables' leader rebalancing finished this round
I20260608 12:47:24.923069 28509 auto_leader_rebalancer.cc:140] leader rebalance for table test-workload
I20260608 12:47:24.924803 28509 auto_leader_rebalancer.cc:388] table: test-workload, leader rebalance finish, leader transfer count: 0
I20260608 12:47:24.925114 28509 auto_leader_rebalancer.cc:451] All tables' leader rebalancing finished this round
I20260608 12:47:26.926191 28509 auto_leader_rebalancer.cc:140] leader rebalance for table test-workload
I20260608 12:47:26.927520 28509 auto_leader_rebalancer.cc:388] table: test-workload, leader rebalance finish, leader transfer count: 0
I20260608 12:47:26.927845 28509 auto_leader_rebalancer.cc:451] All tables' leader rebalancing finished this round
I20260608 12:47:28.928866 28509 auto_leader_rebalancer.cc:140] leader rebalance for table test-workload
I20260608 12:47:28.930346 28509 auto_leader_rebalancer.cc:388] table: test-workload, leader rebalance finish, leader transfer count: 0
I20260608 12:47:28.930655 28509 auto_leader_rebalancer.cc:451] All tables' leader rebalancing finished this round
I20260608 12:47:30.931627 28509 auto_leader_rebalancer.cc:140] leader rebalance for table test-workload
I20260608 12:47:30.933051 28509 auto_leader_rebalancer.cc:388] table: test-workload, leader rebalance finish, leader transfer count: 0
I20260608 12:47:30.933370 28509 auto_leader_rebalancer.cc:451] All tables' leader rebalancing finished this round
I20260608 12:47:31.221378 24851 tablet_server.cc:179] TabletServer@127.24.68.193:0 shutting down...
I20260608 12:47:31.247545 24851 ts_tablet_manager.cc:1507] Shutting down tablet manager...
I20260608 12:47:31.248328 24851 tablet_replica.cc:333] T 515718033e4a4b0494aef45844c640c7 P 3275ed625ef54eaea2de57d8037e990e: stopping tablet replica
I20260608 12:47:31.248978 24851 raft_consensus.cc:2243] T 515718033e4a4b0494aef45844c640c7 P 3275ed625ef54eaea2de57d8037e990e [term 1 LEADER]: Raft consensus shutting down.
I20260608 12:47:31.249974 24851 raft_consensus.cc:2272] T 515718033e4a4b0494aef45844c640c7 P 3275ed625ef54eaea2de57d8037e990e [term 1 FOLLOWER]: Raft consensus is shut down!
I20260608 12:47:31.270854 24851 tablet_server.cc:196] TabletServer@127.24.68.193:0 shutdown complete.
I20260608 12:47:31.283615 24851 tablet_server.cc:179] TabletServer@127.24.68.194:0 shutting down...
I20260608 12:47:31.306296 24851 ts_tablet_manager.cc:1507] Shutting down tablet manager...
I20260608 12:47:31.322247 24851 tablet_server.cc:196] TabletServer@127.24.68.194:0 shutdown complete.
I20260608 12:47:31.331514 24851 tablet_server.cc:179] TabletServer@127.24.68.195:0 shutting down...
I20260608 12:47:31.352237 24851 ts_tablet_manager.cc:1507] Shutting down tablet manager...
I20260608 12:47:31.353063 24851 tablet_replica.cc:333] T 515718033e4a4b0494aef45844c640c7 P 48dd7b44aed14a06b7d0bf6b4bfd2d5c: stopping tablet replica
I20260608 12:47:31.353842 24851 raft_consensus.cc:2243] T 515718033e4a4b0494aef45844c640c7 P 48dd7b44aed14a06b7d0bf6b4bfd2d5c [term 1 FOLLOWER]: Raft consensus shutting down.
I20260608 12:47:31.354331 24851 raft_consensus.cc:2272] T 515718033e4a4b0494aef45844c640c7 P 48dd7b44aed14a06b7d0bf6b4bfd2d5c [term 1 FOLLOWER]: Raft consensus is shut down!
I20260608 12:47:31.373919 24851 tablet_server.cc:196] TabletServer@127.24.68.195:0 shutdown complete.
I20260608 12:47:31.384817 24851 tablet_server.cc:179] TabletServer@127.24.68.196:0 shutting down...
I20260608 12:47:31.406389 24851 ts_tablet_manager.cc:1507] Shutting down tablet manager...
I20260608 12:47:31.407099 24851 tablet_replica.cc:333] T 515718033e4a4b0494aef45844c640c7 P 14a94bb557ab4581af670d0921f2c94c: stopping tablet replica
I20260608 12:47:31.407706 24851 raft_consensus.cc:2243] T 515718033e4a4b0494aef45844c640c7 P 14a94bb557ab4581af670d0921f2c94c [term 1 FOLLOWER]: Raft consensus shutting down.
I20260608 12:47:31.408185 24851 raft_consensus.cc:2272] T 515718033e4a4b0494aef45844c640c7 P 14a94bb557ab4581af670d0921f2c94c [term 1 FOLLOWER]: Raft consensus is shut down!
I20260608 12:47:31.427412 24851 tablet_server.cc:196] TabletServer@127.24.68.196:0 shutdown complete.
I20260608 12:47:31.438091 24851 master.cc:562] Master@127.24.68.254:33217 shutting down...
I20260608 12:47:31.455401 24851 raft_consensus.cc:2243] T 00000000000000000000000000000000 P 532caa4cdfb644e294bd349c69d5629e [term 1 LEADER]: Raft consensus shutting down.
I20260608 12:47:31.456076 24851 raft_consensus.cc:2272] T 00000000000000000000000000000000 P 532caa4cdfb644e294bd349c69d5629e [term 1 FOLLOWER]: Raft consensus is shut down!
I20260608 12:47:31.456441 24851 tablet_replica.cc:333] T 00000000000000000000000000000000 P 532caa4cdfb644e294bd349c69d5629e: stopping tablet replica
I20260608 12:47:31.474871 24851 master.cc:584] Master@127.24.68.254:33217 shutdown complete.
[       OK ] AutoRebalancerTest.NoReplicaMovesIfLocationLoadSkewedByOne (12753 ms)
[ RUN      ] AutoRebalancerTest.NoReplicaMovesIfCannotFixPlacementPolicy
I20260608 12:47:31.511082 24851 internal_mini_cluster.cc:156] Creating distributed mini masters. Addrs: 127.24.68.254:33531
I20260608 12:47:31.512269 24851 file_cache.cc:492] Constructed file cache file cache with capacity 419430
W20260608 12:47:31.518311 28850 instance_detector.cc:116] could not retrieve AWS instance metadata: Network error: curl error: HTTP response code said error: The requested URL returned error: 404
W20260608 12:47:31.518621 28851 instance_detector.cc:116] could not retrieve Azure instance metadata: Network error: curl error: HTTP response code said error: The requested URL returned error: 404
W20260608 12:47:31.518766 28853 instance_detector.cc:116] could not retrieve OpenStack instance metadata: Network error: curl error: HTTP response code said error: The requested URL returned error: 404
I20260608 12:47:31.520757 24851 server_base.cc:1061] running on GCE node
I20260608 12:47:31.521509 24851 hybrid_clock.cc:584] initializing the hybrid clock with 'system_unsync' time source
W20260608 12:47:31.521687 24851 system_unsync_time.cc:38] NTP support is disabled. Clock error bounds will not be accurate. This configuration is not suitable for distributed clusters.
I20260608 12:47:31.521811 24851 hybrid_clock.cc:648] HybridClock initialized: now 1780922851521800 us; error 0 us; skew 500 ppm
I20260608 12:47:31.522292 24851 server_base.cc:861] Flag tcmalloc_max_total_thread_cache_bytes is not working since tcmalloc is not enabled.
I20260608 12:47:31.524719 24851 webserver.cc:533] Webserver started at http://127.24.68.254:36495/ using document root <none> and password file <none>
I20260608 12:47:31.525187 24851 fs_manager.cc:362] Metadata directory not provided
I20260608 12:47:31.525341 24851 fs_manager.cc:368] Using write-ahead log directory (fs_wal_dir) as metadata directory
I20260608 12:47:31.525557 24851 server_base.cc:909] This appears to be a new deployment of Kudu; creating new FS layout
I20260608 12:47:31.526659 24851 fs_manager.cc:1068] Generated new instance metadata in path /tmp/dist-test-taskQj5ESH/test-tmp/auto_rebalancer-test.0.AutoRebalancerTest.NoReplicaMovesIfCannotFixPlacementPolicy.1780922751466473-24851-0/minicluster-data/master-0-root/instance:
uuid: "b38737ad939f4d598584ce4821bb7090"
format_stamp: "Formatted at 2026-06-08 12:47:31 on dist-test-slave-17w5"
I20260608 12:47:31.531138 24851 fs_manager.cc:696] Time spent creating directory manager: real 0.004s	user 0.006s	sys 0.000s
I20260608 12:47:31.534456 28858 log_block_manager.cc:4031] Time spent loading block containers with low live blocks: real 0.000s	user 0.000s	sys 0.000s
I20260608 12:47:31.535166 24851 fs_manager.cc:730] Time spent opening block manager: real 0.002s	user 0.001s	sys 0.000s
I20260608 12:47:31.535400 24851 fs_manager.cc:647] Opened local filesystem: /tmp/dist-test-taskQj5ESH/test-tmp/auto_rebalancer-test.0.AutoRebalancerTest.NoReplicaMovesIfCannotFixPlacementPolicy.1780922751466473-24851-0/minicluster-data/master-0-root
uuid: "b38737ad939f4d598584ce4821bb7090"
format_stamp: "Formatted at 2026-06-08 12:47:31 on dist-test-slave-17w5"
I20260608 12:47:31.535653 24851 fs_report.cc:389] FS layout report
--------------------
wal directory: /tmp/dist-test-taskQj5ESH/test-tmp/auto_rebalancer-test.0.AutoRebalancerTest.NoReplicaMovesIfCannotFixPlacementPolicy.1780922751466473-24851-0/minicluster-data/master-0-root
metadata directory: /tmp/dist-test-taskQj5ESH/test-tmp/auto_rebalancer-test.0.AutoRebalancerTest.NoReplicaMovesIfCannotFixPlacementPolicy.1780922751466473-24851-0/minicluster-data/master-0-root
1 data directories: /tmp/dist-test-taskQj5ESH/test-tmp/auto_rebalancer-test.0.AutoRebalancerTest.NoReplicaMovesIfCannotFixPlacementPolicy.1780922751466473-24851-0/minicluster-data/master-0-root/data
Total live blocks: 0
Total live bytes: 0
Total live bytes (after alignment): 0
Total number of LBM containers: 0 (0 full)
Did not check for missing blocks
Did not check for orphaned blocks
Total full LBM containers with extra space: 0 (0 repaired)
Total full LBM container extra space in bytes: 0 (0 repaired)
Total incomplete LBM containers: 0 (0 repaired)
Total LBM partial records: 0 (0 repaired)
Total corrupted LBM metadata records in RocksDB: 0 (0 repaired)
I20260608 12:47:31.565866 24851 rpc_server.cc:225] running with OpenSSL 1.1.1  11 Sep 2018
I20260608 12:47:31.567096 24851 kserver.cc:163] Server-wide thread pool size limit: 3276
I20260608 12:47:31.604861 24851 rpc_server.cc:307] RPC server started. Bound to: 127.24.68.254:33531
I20260608 12:47:31.604971 28909 acceptor_pool.cc:272] collecting diagnostics on the listening RPC socket 127.24.68.254:33531 every 8 connection(s)
I20260608 12:47:31.609181 28910 data_dirs.cc:400] Could only allocate 1 dirs of requested 3 for tablet 00000000000000000000000000000000. 1 dirs total, 0 dirs full, 0 dirs failed
I20260608 12:47:31.619470 28910 tablet_bootstrap.cc:492] T 00000000000000000000000000000000 P b38737ad939f4d598584ce4821bb7090: Bootstrap starting.
I20260608 12:47:31.624348 28910 tablet_bootstrap.cc:654] T 00000000000000000000000000000000 P b38737ad939f4d598584ce4821bb7090: Neither blocks nor log segments found. Creating new log.
I20260608 12:47:31.628849 28910 tablet_bootstrap.cc:492] T 00000000000000000000000000000000 P b38737ad939f4d598584ce4821bb7090: No bootstrap required, opened a new log
I20260608 12:47:31.631206 28910 raft_consensus.cc:359] T 00000000000000000000000000000000 P b38737ad939f4d598584ce4821bb7090 [term 0 FOLLOWER]: Replica starting. Triggering 0 pending ops. Active config: opid_index: -1 OBSOLETE_local: true peers { permanent_uuid: "b38737ad939f4d598584ce4821bb7090" member_type: VOTER }
I20260608 12:47:31.631613 28910 raft_consensus.cc:385] T 00000000000000000000000000000000 P b38737ad939f4d598584ce4821bb7090 [term 0 FOLLOWER]: Consensus starting up: Expiring failure detector timer to make a prompt election more likely
I20260608 12:47:31.631796 28910 raft_consensus.cc:740] T 00000000000000000000000000000000 P b38737ad939f4d598584ce4821bb7090 [term 0 FOLLOWER]: Becoming Follower/Learner. State: Replica: b38737ad939f4d598584ce4821bb7090, State: Initialized, Role: FOLLOWER
I20260608 12:47:31.632335 28910 consensus_queue.cc:260] T 00000000000000000000000000000000 P b38737ad939f4d598584ce4821bb7090 [NON_LEADER]: Queue going to NON_LEADER mode. State: All replicated index: 0, Majority replicated index: 0, Committed index: 0, Last appended: 0.0, Last appended by leader: 0, Current term: 0, Majority size: -1, State: 0, Mode: NON_LEADER, active raft config: opid_index: -1 OBSOLETE_local: true peers { permanent_uuid: "b38737ad939f4d598584ce4821bb7090" member_type: VOTER }
I20260608 12:47:31.632781 28910 raft_consensus.cc:399] T 00000000000000000000000000000000 P b38737ad939f4d598584ce4821bb7090 [term 0 FOLLOWER]: Only one voter in the Raft config. Triggering election immediately
I20260608 12:47:31.632993 28910 raft_consensus.cc:493] T 00000000000000000000000000000000 P b38737ad939f4d598584ce4821bb7090 [term 0 FOLLOWER]: Starting leader election (initial election of a single-replica configuration)
I20260608 12:47:31.633224 28910 raft_consensus.cc:3060] T 00000000000000000000000000000000 P b38737ad939f4d598584ce4821bb7090 [term 0 FOLLOWER]: Advancing to term 1
I20260608 12:47:31.637809 28910 raft_consensus.cc:515] T 00000000000000000000000000000000 P b38737ad939f4d598584ce4821bb7090 [term 1 FOLLOWER]: Starting leader election with config: opid_index: -1 OBSOLETE_local: true peers { permanent_uuid: "b38737ad939f4d598584ce4821bb7090" member_type: VOTER }
I20260608 12:47:31.638278 28910 leader_election.cc:304] T 00000000000000000000000000000000 P b38737ad939f4d598584ce4821bb7090 [CANDIDATE]: Term 1 election: Election decided. Result: candidate won. Election summary: received 1 responses out of 1 voters: 1 yes votes; 0 no votes. yes voters: b38737ad939f4d598584ce4821bb7090; no voters: 
I20260608 12:47:31.639361 28910 leader_election.cc:290] T 00000000000000000000000000000000 P b38737ad939f4d598584ce4821bb7090 [CANDIDATE]: Term 1 election: Requested vote from peers 
I20260608 12:47:31.639744 28913 raft_consensus.cc:2804] T 00000000000000000000000000000000 P b38737ad939f4d598584ce4821bb7090 [term 1 FOLLOWER]: Leader election won for term 1
I20260608 12:47:31.641129 28913 raft_consensus.cc:697] T 00000000000000000000000000000000 P b38737ad939f4d598584ce4821bb7090 [term 1 LEADER]: Becoming Leader. State: Replica: b38737ad939f4d598584ce4821bb7090, State: Running, Role: LEADER
I20260608 12:47:31.641875 28913 consensus_queue.cc:237] T 00000000000000000000000000000000 P b38737ad939f4d598584ce4821bb7090 [LEADER]: Queue going to LEADER mode. State: All replicated index: 0, Majority replicated index: 0, Committed index: 0, Last appended: 0.0, Last appended by leader: 0, Current term: 1, Majority size: 1, State: 0, Mode: LEADER, active raft config: opid_index: -1 OBSOLETE_local: true peers { permanent_uuid: "b38737ad939f4d598584ce4821bb7090" member_type: VOTER }
I20260608 12:47:31.642465 28910 sys_catalog.cc:565] T 00000000000000000000000000000000 P b38737ad939f4d598584ce4821bb7090 [sys.catalog]: configured and running, proceeding with master startup.
I20260608 12:47:31.645027 28914 sys_catalog.cc:455] T 00000000000000000000000000000000 P b38737ad939f4d598584ce4821bb7090 [sys.catalog]: SysCatalogTable state changed. Reason: RaftConsensus started. Latest consensus state: current_term: 1 leader_uuid: "b38737ad939f4d598584ce4821bb7090" committed_config { opid_index: -1 OBSOLETE_local: true peers { permanent_uuid: "b38737ad939f4d598584ce4821bb7090" member_type: VOTER } }
I20260608 12:47:31.644996 28915 sys_catalog.cc:455] T 00000000000000000000000000000000 P b38737ad939f4d598584ce4821bb7090 [sys.catalog]: SysCatalogTable state changed. Reason: New leader b38737ad939f4d598584ce4821bb7090. Latest consensus state: current_term: 1 leader_uuid: "b38737ad939f4d598584ce4821bb7090" committed_config { opid_index: -1 OBSOLETE_local: true peers { permanent_uuid: "b38737ad939f4d598584ce4821bb7090" member_type: VOTER } }
