I20260608 12:46:12.612228 26676 leader_election.cc:290] T a2557e6e49ca4241a76c7dce82841191 P 9e194ed80540444bacec6876352c95a0 [CANDIDATE]: Term 2 election: Requested vote from peers ff3ae34c183a4e32a33a9038417631e8 (127.24.68.195:34649), dbeb2becd7df4c6fa6f5e69d67a694d0 (127.24.68.193:42573)
I20260608 12:46:12.623529 26750 tablet_service.cc:1917] Received RequestConsensusVote() RPC: tablet_id: "a2557e6e49ca4241a76c7dce82841191" candidate_uuid: "9e194ed80540444bacec6876352c95a0" candidate_term: 2 candidate_status { last_received { term: 1 index: 1 } } ignore_live_leader: true dest_uuid: "ff3ae34c183a4e32a33a9038417631e8"
I20260608 12:46:12.623596 26601 tablet_service.cc:1917] Received RequestConsensusVote() RPC: tablet_id: "a2557e6e49ca4241a76c7dce82841191" candidate_uuid: "9e194ed80540444bacec6876352c95a0" candidate_term: 2 candidate_status { last_received { term: 1 index: 1 } } ignore_live_leader: true dest_uuid: "dbeb2becd7df4c6fa6f5e69d67a694d0"
I20260608 12:46:12.624054 26750 raft_consensus.cc:3060] T a2557e6e49ca4241a76c7dce82841191 P ff3ae34c183a4e32a33a9038417631e8 [term 1 FOLLOWER]: Advancing to term 2
I20260608 12:46:12.624117 26601 raft_consensus.cc:3055] T a2557e6e49ca4241a76c7dce82841191 P dbeb2becd7df4c6fa6f5e69d67a694d0 [term 1 LEADER]: Stepping down as leader of term 1
I20260608 12:46:12.624636 26601 raft_consensus.cc:740] T a2557e6e49ca4241a76c7dce82841191 P dbeb2becd7df4c6fa6f5e69d67a694d0 [term 1 LEADER]: Becoming Follower/Learner. State: Replica: dbeb2becd7df4c6fa6f5e69d67a694d0, State: Running, Role: LEADER
I20260608 12:46:12.625425 26601 consensus_queue.cc:260] T a2557e6e49ca4241a76c7dce82841191 P dbeb2becd7df4c6fa6f5e69d67a694d0 [NON_LEADER]: Queue going to NON_LEADER mode. State: All replicated index: 0, Majority replicated index: 1, Committed index: 1, Last appended: 1.1, Last appended by leader: 1, Current term: 1, Majority size: -1, State: 0, Mode: NON_LEADER, active raft config: opid_index: -1 OBSOLETE_local: false peers { permanent_uuid: "9e194ed80540444bacec6876352c95a0" member_type: VOTER last_known_addr { host: "127.24.68.194" port: 35661 } } peers { permanent_uuid: "ff3ae34c183a4e32a33a9038417631e8" member_type: VOTER last_known_addr { host: "127.24.68.195" port: 34649 } } peers { permanent_uuid: "dbeb2becd7df4c6fa6f5e69d67a694d0" member_type: VOTER last_known_addr { host: "127.24.68.193" port: 42573 } }
I20260608 12:46:12.626346 26601 raft_consensus.cc:3060] T a2557e6e49ca4241a76c7dce82841191 P dbeb2becd7df4c6fa6f5e69d67a694d0 [term 1 FOLLOWER]: Advancing to term 2
I20260608 12:46:12.628825 26750 raft_consensus.cc:2468] T a2557e6e49ca4241a76c7dce82841191 P ff3ae34c183a4e32a33a9038417631e8 [term 2 FOLLOWER]: Leader election vote request: Granting yes vote for candidate 9e194ed80540444bacec6876352c95a0 in term 2.
I20260608 12:46:12.629869 26640 leader_election.cc:304] T a2557e6e49ca4241a76c7dce82841191 P 9e194ed80540444bacec6876352c95a0 [CANDIDATE]: Term 2 election: Election decided. Result: candidate won. Election summary: received 2 responses out of 3 voters: 2 yes votes; 0 no votes. yes voters: 9e194ed80540444bacec6876352c95a0, ff3ae34c183a4e32a33a9038417631e8; no voters: 
I20260608 12:46:12.630697 26819 raft_consensus.cc:2804] T a2557e6e49ca4241a76c7dce82841191 P 9e194ed80540444bacec6876352c95a0 [term 2 FOLLOWER]: Leader election won for term 2
I20260608 12:46:12.632128 26819 raft_consensus.cc:697] T a2557e6e49ca4241a76c7dce82841191 P 9e194ed80540444bacec6876352c95a0 [term 2 LEADER]: Becoming Leader. State: Replica: 9e194ed80540444bacec6876352c95a0, State: Running, Role: LEADER
I20260608 12:46:12.632237 26601 raft_consensus.cc:2468] T a2557e6e49ca4241a76c7dce82841191 P dbeb2becd7df4c6fa6f5e69d67a694d0 [term 2 FOLLOWER]: Leader election vote request: Granting yes vote for candidate 9e194ed80540444bacec6876352c95a0 in term 2.
I20260608 12:46:12.633148 26819 consensus_queue.cc:237] T a2557e6e49ca4241a76c7dce82841191 P 9e194ed80540444bacec6876352c95a0 [LEADER]: Queue going to LEADER mode. State: All replicated index: 0, Majority replicated index: 1, Committed index: 1, Last appended: 1.1, Last appended by leader: 1, Current term: 2, Majority size: 2, State: 0, Mode: LEADER, active raft config: opid_index: -1 OBSOLETE_local: false peers { permanent_uuid: "9e194ed80540444bacec6876352c95a0" member_type: VOTER last_known_addr { host: "127.24.68.194" port: 35661 } } peers { permanent_uuid: "ff3ae34c183a4e32a33a9038417631e8" member_type: VOTER last_known_addr { host: "127.24.68.195" port: 34649 } } peers { permanent_uuid: "dbeb2becd7df4c6fa6f5e69d67a694d0" member_type: VOTER last_known_addr { host: "127.24.68.193" port: 42573 } }
I20260608 12:46:12.639472 26499 catalog_manager.cc:5696] T a2557e6e49ca4241a76c7dce82841191 P 9e194ed80540444bacec6876352c95a0 reported cstate change: term changed from 1 to 2, leader changed from dbeb2becd7df4c6fa6f5e69d67a694d0 (127.24.68.193) to 9e194ed80540444bacec6876352c95a0 (127.24.68.194). New cstate: current_term: 2 leader_uuid: "9e194ed80540444bacec6876352c95a0" committed_config { opid_index: -1 OBSOLETE_local: false peers { permanent_uuid: "9e194ed80540444bacec6876352c95a0" member_type: VOTER last_known_addr { host: "127.24.68.194" port: 35661 } health_report { overall_health: HEALTHY } } peers { permanent_uuid: "ff3ae34c183a4e32a33a9038417631e8" member_type: VOTER last_known_addr { host: "127.24.68.195" port: 34649 } health_report { overall_health: UNKNOWN } } peers { permanent_uuid: "dbeb2becd7df4c6fa6f5e69d67a694d0" member_type: VOTER last_known_addr { host: "127.24.68.193" port: 42573 } health_report { overall_health: UNKNOWN } } }
I20260608 12:46:13.157306 26601 raft_consensus.cc:1275] T a2557e6e49ca4241a76c7dce82841191 P dbeb2becd7df4c6fa6f5e69d67a694d0 [term 2 FOLLOWER]: Refusing update from remote peer 9e194ed80540444bacec6876352c95a0: Log matching property violated. Preceding OpId in replica: term: 1 index: 1. Preceding OpId from leader: term: 2 index: 2. (index mismatch)
I20260608 12:46:13.158638 26828 consensus_queue.cc:1048] T a2557e6e49ca4241a76c7dce82841191 P 9e194ed80540444bacec6876352c95a0 [LEADER]: Connected to new peer: Peer: permanent_uuid: "dbeb2becd7df4c6fa6f5e69d67a694d0" member_type: VOTER last_known_addr { host: "127.24.68.193" port: 42573 }, Status: LMP_MISMATCH, Last received: 0.0, Next index: 2, Last known committed idx: 1, Time since last communication: 0.000s
I20260608 12:46:13.169592 26750 raft_consensus.cc:1275] T a2557e6e49ca4241a76c7dce82841191 P ff3ae34c183a4e32a33a9038417631e8 [term 2 FOLLOWER]: Refusing update from remote peer 9e194ed80540444bacec6876352c95a0: Log matching property violated. Preceding OpId in replica: term: 1 index: 1. Preceding OpId from leader: term: 2 index: 2. (index mismatch)
I20260608 12:46:13.171020 26831 consensus_queue.cc:1048] T a2557e6e49ca4241a76c7dce82841191 P 9e194ed80540444bacec6876352c95a0 [LEADER]: Connected to new peer: Peer: permanent_uuid: "ff3ae34c183a4e32a33a9038417631e8" member_type: VOTER last_known_addr { host: "127.24.68.195" port: 34649 }, Status: LMP_MISMATCH, Last received: 0.0, Next index: 2, Last known committed idx: 1, Time since last communication: 0.000s
I20260608 12:46:14.307013 26552 auto_leader_rebalancer.cc:140] leader rebalance for table test-workload
I20260608 12:46:14.309031 26552 auto_leader_rebalancer.cc:388] table: test-workload, leader rebalance finish, leader transfer count: 0
I20260608 12:46:14.309391 26552 auto_leader_rebalancer.cc:451] All tables' leader rebalancing finished this round
I20260608 12:46:16.310156 26552 auto_leader_rebalancer.cc:140] leader rebalance for table test-workload
I20260608 12:46:16.312327 26552 auto_leader_rebalancer.cc:388] table: test-workload, leader rebalance finish, leader transfer count: 0
I20260608 12:46:16.312704 26552 auto_leader_rebalancer.cc:451] All tables' leader rebalancing finished this round
I20260608 12:46:18.313639 26552 auto_leader_rebalancer.cc:140] leader rebalance for table test-workload
I20260608 12:46:18.316432 26552 auto_leader_rebalancer.cc:388] table: test-workload, leader rebalance finish, leader transfer count: 0
I20260608 12:46:18.316943 26552 auto_leader_rebalancer.cc:451] All tables' leader rebalancing finished this round
I20260608 12:46:20.318033 26552 auto_leader_rebalancer.cc:140] leader rebalance for table test-workload
I20260608 12:46:20.320453 26552 auto_leader_rebalancer.cc:388] table: test-workload, leader rebalance finish, leader transfer count: 0
I20260608 12:46:20.320879 26552 auto_leader_rebalancer.cc:451] All tables' leader rebalancing finished this round
I20260608 12:46:22.322062 26552 auto_leader_rebalancer.cc:140] leader rebalance for table test-workload
I20260608 12:46:22.324244 26552 auto_leader_rebalancer.cc:388] table: test-workload, leader rebalance finish, leader transfer count: 0
I20260608 12:46:22.324524 26552 auto_leader_rebalancer.cc:451] All tables' leader rebalancing finished this round
I20260608 12:46:23.307323 24851 file_cache.cc:492] Constructed file cache file cache with capacity 419430
W20260608 12:46:23.314903 26840 instance_detector.cc:116] could not retrieve AWS instance metadata: Network error: curl error: HTTP response code said error: The requested URL returned error: 404
W20260608 12:46:23.315019 26841 instance_detector.cc:116] could not retrieve Azure instance metadata: Network error: curl error: HTTP response code said error: The requested URL returned error: 404
W20260608 12:46:23.318953 26843 instance_detector.cc:116] could not retrieve OpenStack instance metadata: Network error: curl error: HTTP response code said error: The requested URL returned error: 404
I20260608 12:46:23.319156 24851 server_base.cc:1061] running on GCE node
I20260608 12:46:23.321344 24851 hybrid_clock.cc:584] initializing the hybrid clock with 'system_unsync' time source
W20260608 12:46:23.321548 24851 system_unsync_time.cc:38] NTP support is disabled. Clock error bounds will not be accurate. This configuration is not suitable for distributed clusters.
I20260608 12:46:23.321696 24851 hybrid_clock.cc:648] HybridClock initialized: now 1780922783321683 us; error 0 us; skew 500 ppm
I20260608 12:46:23.322223 24851 server_base.cc:861] Flag tcmalloc_max_total_thread_cache_bytes is not working since tcmalloc is not enabled.
I20260608 12:46:23.329568 24851 webserver.cc:533] Webserver started at http://127.24.68.196:41335/ using document root <none> and password file <none>
I20260608 12:46:23.330082 24851 fs_manager.cc:362] Metadata directory not provided
I20260608 12:46:23.330260 24851 fs_manager.cc:368] Using write-ahead log directory (fs_wal_dir) as metadata directory
I20260608 12:46:23.330518 24851 server_base.cc:909] This appears to be a new deployment of Kudu; creating new FS layout
I20260608 12:46:23.331974 24851 fs_manager.cc:1068] Generated new instance metadata in path /tmp/dist-test-taskQj5ESH/test-tmp/auto_rebalancer-test.0.AutoRebalancerTest.MovesScheduledIfAddTserver.1780922751466473-24851-0/minicluster-data/ts-3-root/instance:
uuid: "824e31ec3969472ab9dc3e0e6ad49940"
format_stamp: "Formatted at 2026-06-08 12:46:23 on dist-test-slave-17w5"
I20260608 12:46:23.337234 24851 fs_manager.cc:696] Time spent creating directory manager: real 0.004s	user 0.003s	sys 0.001s
I20260608 12:46:23.341837 26848 log_block_manager.cc:4031] Time spent loading block containers with low live blocks: real 0.000s	user 0.000s	sys 0.000s
I20260608 12:46:23.342778 24851 fs_manager.cc:730] Time spent opening block manager: real 0.003s	user 0.004s	sys 0.000s
I20260608 12:46:23.343143 24851 fs_manager.cc:647] Opened local filesystem: /tmp/dist-test-taskQj5ESH/test-tmp/auto_rebalancer-test.0.AutoRebalancerTest.MovesScheduledIfAddTserver.1780922751466473-24851-0/minicluster-data/ts-3-root
uuid: "824e31ec3969472ab9dc3e0e6ad49940"
format_stamp: "Formatted at 2026-06-08 12:46:23 on dist-test-slave-17w5"
I20260608 12:46:23.343516 24851 fs_report.cc:389] FS layout report
--------------------
wal directory: /tmp/dist-test-taskQj5ESH/test-tmp/auto_rebalancer-test.0.AutoRebalancerTest.MovesScheduledIfAddTserver.1780922751466473-24851-0/minicluster-data/ts-3-root
metadata directory: /tmp/dist-test-taskQj5ESH/test-tmp/auto_rebalancer-test.0.AutoRebalancerTest.MovesScheduledIfAddTserver.1780922751466473-24851-0/minicluster-data/ts-3-root
1 data directories: /tmp/dist-test-taskQj5ESH/test-tmp/auto_rebalancer-test.0.AutoRebalancerTest.MovesScheduledIfAddTserver.1780922751466473-24851-0/minicluster-data/ts-3-root/data
Total live blocks: 0
Total live bytes: 0
Total live bytes (after alignment): 0
Total number of LBM containers: 0 (0 full)
Did not check for missing blocks
Did not check for orphaned blocks
Total full LBM containers with extra space: 0 (0 repaired)
Total full LBM container extra space in bytes: 0 (0 repaired)
Total incomplete LBM containers: 0 (0 repaired)
Total LBM partial records: 0 (0 repaired)
Total corrupted LBM metadata records in RocksDB: 0 (0 repaired)
I20260608 12:46:23.353634 24851 rpc_server.cc:225] running with OpenSSL 1.1.1  11 Sep 2018
I20260608 12:46:23.355130 24851 kserver.cc:163] Server-wide thread pool size limit: 3276
I20260608 12:46:23.356685 24851 txn_system_client.cc:432] TxnSystemClient initialization is disabled...
I20260608 12:46:23.359089 24851 ts_tablet_manager.cc:585] Loaded tablet metadata (0 total tablets, 0 live tablets)
I20260608 12:46:23.359269 24851 ts_tablet_manager.cc:531] Time spent load tablet metadata: real 0.000s	user 0.000s	sys 0.000s
I20260608 12:46:23.359464 24851 ts_tablet_manager.cc:616] Registered 0 tablets
I20260608 12:46:23.359601 24851 ts_tablet_manager.cc:595] Time spent register tablets: real 0.000s	user 0.000s	sys 0.000s
I20260608 12:46:23.403422 24851 rpc_server.cc:307] RPC server started. Bound to: 127.24.68.196:34311
I20260608 12:46:23.403554 26910 acceptor_pool.cc:272] collecting diagnostics on the listening RPC socket 127.24.68.196:34311 every 8 connection(s)
I20260608 12:46:23.423607 26911 heartbeater.cc:344] Connected to a master server at 127.24.68.254:41955
I20260608 12:46:23.424149 26911 heartbeater.cc:461] Registering TS with master...
I20260608 12:46:23.425066 26911 heartbeater.cc:507] Master 127.24.68.254:41955 requested a full tablet report, sending...
I20260608 12:46:23.427057 26497 ts_manager.cc:194] Registered new tserver with Master: 824e31ec3969472ab9dc3e0e6ad49940 (127.24.68.196:34311)
I20260608 12:46:23.428539 26497 master_service.cc:502] Signed X509 certificate for tserver {username='slave'} at 127.0.0.1:58216
I20260608 12:46:24.325577 26552 auto_leader_rebalancer.cc:140] leader rebalance for table test-workload
I20260608 12:46:24.327612 26552 auto_leader_rebalancer.cc:388] table: test-workload, leader rebalance finish, leader transfer count: 0
I20260608 12:46:24.327955 26552 auto_leader_rebalancer.cc:451] All tables' leader rebalancing finished this round
I20260608 12:46:24.362418 26601 consensus_queue.cc:237] T f0377d995d324492b004ec25279808d1 P dbeb2becd7df4c6fa6f5e69d67a694d0 [LEADER]: Queue going to LEADER mode. State: All replicated index: 0, Majority replicated index: 1, Committed index: 1, Last appended: 1.1, Last appended by leader: 0, Current term: 1, Majority size: 2, State: 0, Mode: LEADER, active raft config: opid_index: 2 OBSOLETE_local: false peers { permanent_uuid: "dbeb2becd7df4c6fa6f5e69d67a694d0" member_type: VOTER last_known_addr { host: "127.24.68.193" port: 42573 } } peers { permanent_uuid: "9e194ed80540444bacec6876352c95a0" member_type: VOTER last_known_addr { host: "127.24.68.194" port: 35661 } attrs { replace: true } } peers { permanent_uuid: "ff3ae34c183a4e32a33a9038417631e8" member_type: VOTER last_known_addr { host: "127.24.68.195" port: 34649 } } peers { permanent_uuid: "824e31ec3969472ab9dc3e0e6ad49940" member_type: NON_VOTER last_known_addr { host: "127.24.68.196" port: 34311 } attrs { promote: true } }
I20260608 12:46:24.370504 26750 raft_consensus.cc:1275] T f0377d995d324492b004ec25279808d1 P ff3ae34c183a4e32a33a9038417631e8 [term 1 FOLLOWER]: Refusing update from remote peer dbeb2becd7df4c6fa6f5e69d67a694d0: Log matching property violated. Preceding OpId in replica: term: 1 index: 1. Preceding OpId from leader: term: 1 index: 2. (index mismatch)
I20260608 12:46:24.371670 26676 raft_consensus.cc:1275] T f0377d995d324492b004ec25279808d1 P 9e194ed80540444bacec6876352c95a0 [term 1 FOLLOWER]: Refusing update from remote peer dbeb2becd7df4c6fa6f5e69d67a694d0: Log matching property violated. Preceding OpId in replica: term: 1 index: 1. Preceding OpId from leader: term: 1 index: 2. (index mismatch)
I20260608 12:46:24.372485 26919 consensus_queue.cc:1048] T f0377d995d324492b004ec25279808d1 P dbeb2becd7df4c6fa6f5e69d67a694d0 [LEADER]: Connected to new peer: Peer: permanent_uuid: "ff3ae34c183a4e32a33a9038417631e8" member_type: VOTER last_known_addr { host: "127.24.68.195" port: 34649 }, Status: LMP_MISMATCH, Last received: 0.0, Next index: 2, Last known committed idx: 1, Time since last communication: 0.001s
I20260608 12:46:24.373730 26836 consensus_queue.cc:1048] T f0377d995d324492b004ec25279808d1 P dbeb2becd7df4c6fa6f5e69d67a694d0 [LEADER]: Connected to new peer: Peer: permanent_uuid: "9e194ed80540444bacec6876352c95a0" member_type: VOTER last_known_addr { host: "127.24.68.194" port: 35661 } attrs { replace: true }, Status: LMP_MISMATCH, Last received: 0.0, Next index: 2, Last known committed idx: 1, Time since last communication: 0.001s
I20260608 12:46:24.383986 26836 raft_consensus.cc:2955] T f0377d995d324492b004ec25279808d1 P dbeb2becd7df4c6fa6f5e69d67a694d0 [term 1 LEADER]: Committing config change with OpId 1.2: config changed from index -1 to 2, NON_VOTER 824e31ec3969472ab9dc3e0e6ad49940 (127.24.68.196) added. New config: { opid_index: 2 OBSOLETE_local: false peers { permanent_uuid: "dbeb2becd7df4c6fa6f5e69d67a694d0" member_type: VOTER last_known_addr { host: "127.24.68.193" port: 42573 } } peers { permanent_uuid: "9e194ed80540444bacec6876352c95a0" member_type: VOTER last_known_addr { host: "127.24.68.194" port: 35661 } attrs { replace: true } } peers { permanent_uuid: "ff3ae34c183a4e32a33a9038417631e8" member_type: VOTER last_known_addr { host: "127.24.68.195" port: 34649 } } peers { permanent_uuid: "824e31ec3969472ab9dc3e0e6ad49940" member_type: NON_VOTER last_known_addr { host: "127.24.68.196" port: 34311 } attrs { promote: true } } }
W20260608 12:46:24.385725 26566 consensus_peers.cc:597] T f0377d995d324492b004ec25279808d1 P dbeb2becd7df4c6fa6f5e69d67a694d0 -> Peer 824e31ec3969472ab9dc3e0e6ad49940 (127.24.68.196:34311): Couldn't send request to peer 824e31ec3969472ab9dc3e0e6ad49940. Error code: TABLET_NOT_FOUND (6). Status: Not found: Tablet not found: f0377d995d324492b004ec25279808d1. This is attempt 1: this message will repeat every 5th retry.
I20260608 12:46:24.387986 26676 raft_consensus.cc:2955] T f0377d995d324492b004ec25279808d1 P 9e194ed80540444bacec6876352c95a0 [term 1 FOLLOWER]: Committing config change with OpId 1.2: config changed from index -1 to 2, NON_VOTER 824e31ec3969472ab9dc3e0e6ad49940 (127.24.68.196) added. New config: { opid_index: 2 OBSOLETE_local: false peers { permanent_uuid: "dbeb2becd7df4c6fa6f5e69d67a694d0" member_type: VOTER last_known_addr { host: "127.24.68.193" port: 42573 } } peers { permanent_uuid: "9e194ed80540444bacec6876352c95a0" member_type: VOTER last_known_addr { host: "127.24.68.194" port: 35661 } attrs { replace: true } } peers { permanent_uuid: "ff3ae34c183a4e32a33a9038417631e8" member_type: VOTER last_known_addr { host: "127.24.68.195" port: 34649 } } peers { permanent_uuid: "824e31ec3969472ab9dc3e0e6ad49940" member_type: NON_VOTER last_known_addr { host: "127.24.68.196" port: 34311 } attrs { promote: true } } }
I20260608 12:46:24.389303 26750 raft_consensus.cc:2955] T f0377d995d324492b004ec25279808d1 P ff3ae34c183a4e32a33a9038417631e8 [term 1 FOLLOWER]: Committing config change with OpId 1.2: config changed from index -1 to 2, NON_VOTER 824e31ec3969472ab9dc3e0e6ad49940 (127.24.68.196) added. New config: { opid_index: 2 OBSOLETE_local: false peers { permanent_uuid: "dbeb2becd7df4c6fa6f5e69d67a694d0" member_type: VOTER last_known_addr { host: "127.24.68.193" port: 42573 } } peers { permanent_uuid: "9e194ed80540444bacec6876352c95a0" member_type: VOTER last_known_addr { host: "127.24.68.194" port: 35661 } attrs { replace: true } } peers { permanent_uuid: "ff3ae34c183a4e32a33a9038417631e8" member_type: VOTER last_known_addr { host: "127.24.68.195" port: 34649 } } peers { permanent_uuid: "824e31ec3969472ab9dc3e0e6ad49940" member_type: NON_VOTER last_known_addr { host: "127.24.68.196" port: 34311 } attrs { promote: true } } }
I20260608 12:46:24.405278 26499 catalog_manager.cc:5696] T f0377d995d324492b004ec25279808d1 P ff3ae34c183a4e32a33a9038417631e8 reported cstate change: config changed from index -1 to 2, NON_VOTER 824e31ec3969472ab9dc3e0e6ad49940 (127.24.68.196) added. New cstate: current_term: 1 leader_uuid: "dbeb2becd7df4c6fa6f5e69d67a694d0" committed_config { opid_index: 2 OBSOLETE_local: false peers { permanent_uuid: "dbeb2becd7df4c6fa6f5e69d67a694d0" member_type: VOTER last_known_addr { host: "127.24.68.193" port: 42573 } } peers { permanent_uuid: "9e194ed80540444bacec6876352c95a0" member_type: VOTER last_known_addr { host: "127.24.68.194" port: 35661 } attrs { replace: true } } peers { permanent_uuid: "ff3ae34c183a4e32a33a9038417631e8" member_type: VOTER last_known_addr { host: "127.24.68.195" port: 34649 } } peers { permanent_uuid: "824e31ec3969472ab9dc3e0e6ad49940" member_type: NON_VOTER last_known_addr { host: "127.24.68.196" port: 34311 } attrs { promote: true } } }
I20260608 12:46:24.430948 26911 heartbeater.cc:499] Master 127.24.68.254:41955 was elected leader, sending a full tablet report...
I20260608 12:46:24.896309 26930 ts_tablet_manager.cc:933] T f0377d995d324492b004ec25279808d1 P 824e31ec3969472ab9dc3e0e6ad49940: Initiating tablet copy from peer dbeb2becd7df4c6fa6f5e69d67a694d0 (127.24.68.193:42573)
I20260608 12:46:24.898013 26930 tablet_copy_client.cc:323] T f0377d995d324492b004ec25279808d1 P 824e31ec3969472ab9dc3e0e6ad49940: tablet copy: Beginning tablet copy session from remote peer at address 127.24.68.193:42573
I20260608 12:46:24.908922 26611 tablet_copy_service.cc:140] P dbeb2becd7df4c6fa6f5e69d67a694d0: Received BeginTabletCopySession request for tablet f0377d995d324492b004ec25279808d1 from peer 824e31ec3969472ab9dc3e0e6ad49940 ({username='slave'} at 127.0.0.1:54956)
I20260608 12:46:24.909426 26611 tablet_copy_service.cc:161] P dbeb2becd7df4c6fa6f5e69d67a694d0: Beginning new tablet copy session on tablet f0377d995d324492b004ec25279808d1 from peer 824e31ec3969472ab9dc3e0e6ad49940 at {username='slave'} at 127.0.0.1:54956: session id = 824e31ec3969472ab9dc3e0e6ad49940-f0377d995d324492b004ec25279808d1
I20260608 12:46:24.914500 26611 tablet_copy_source_session.cc:215] T f0377d995d324492b004ec25279808d1 P dbeb2becd7df4c6fa6f5e69d67a694d0: Tablet Copy: opened 0 blocks and 1 log segments
I20260608 12:46:24.917161 26930 data_dirs.cc:400] Could only allocate 1 dirs of requested 3 for tablet f0377d995d324492b004ec25279808d1. 1 dirs total, 0 dirs full, 0 dirs failed
I20260608 12:46:24.927320 26930 tablet_copy_client.cc:806] T f0377d995d324492b004ec25279808d1 P 824e31ec3969472ab9dc3e0e6ad49940: tablet copy: Starting download of 0 data blocks...
I20260608 12:46:24.927878 26930 tablet_copy_client.cc:670] T f0377d995d324492b004ec25279808d1 P 824e31ec3969472ab9dc3e0e6ad49940: tablet copy: Starting download of 1 WAL segments...
I20260608 12:46:24.931399 26930 tablet_copy_client.cc:538] T f0377d995d324492b004ec25279808d1 P 824e31ec3969472ab9dc3e0e6ad49940: tablet copy: Tablet Copy complete. Replacing tablet superblock.
I20260608 12:46:24.937484 26930 tablet_bootstrap.cc:492] T f0377d995d324492b004ec25279808d1 P 824e31ec3969472ab9dc3e0e6ad49940: Bootstrap starting.
I20260608 12:46:24.953370 26930 tablet_bootstrap.cc:492] T f0377d995d324492b004ec25279808d1 P 824e31ec3969472ab9dc3e0e6ad49940: Bootstrap replayed 1/1 log segments. Stats: ops{read=2 overwritten=0 applied=2 ignored=0} inserts{seen=0 ignored=0} mutations{seen=0 ignored=0} orphaned_commits=0. Pending: 0 replicates
I20260608 12:46:24.954263 26930 tablet_bootstrap.cc:492] T f0377d995d324492b004ec25279808d1 P 824e31ec3969472ab9dc3e0e6ad49940: Bootstrap complete.
I20260608 12:46:24.954820 26930 ts_tablet_manager.cc:1403] T f0377d995d324492b004ec25279808d1 P 824e31ec3969472ab9dc3e0e6ad49940: Time spent bootstrapping tablet: real 0.018s	user 0.007s	sys 0.009s
I20260608 12:46:24.957288 26930 raft_consensus.cc:359] T f0377d995d324492b004ec25279808d1 P 824e31ec3969472ab9dc3e0e6ad49940 [term 1 LEARNER]: Replica starting. Triggering 0 pending ops. Active config: opid_index: 2 OBSOLETE_local: false peers { permanent_uuid: "dbeb2becd7df4c6fa6f5e69d67a694d0" member_type: VOTER last_known_addr { host: "127.24.68.193" port: 42573 } } peers { permanent_uuid: "9e194ed80540444bacec6876352c95a0" member_type: VOTER last_known_addr { host: "127.24.68.194" port: 35661 } attrs { replace: true } } peers { permanent_uuid: "ff3ae34c183a4e32a33a9038417631e8" member_type: VOTER last_known_addr { host: "127.24.68.195" port: 34649 } } peers { permanent_uuid: "824e31ec3969472ab9dc3e0e6ad49940" member_type: NON_VOTER last_known_addr { host: "127.24.68.196" port: 34311 } attrs { promote: true } }
I20260608 12:46:24.957926 26930 raft_consensus.cc:740] T f0377d995d324492b004ec25279808d1 P 824e31ec3969472ab9dc3e0e6ad49940 [term 1 LEARNER]: Becoming Follower/Learner. State: Replica: 824e31ec3969472ab9dc3e0e6ad49940, State: Initialized, Role: LEARNER
I20260608 12:46:24.958635 26930 consensus_queue.cc:260] T f0377d995d324492b004ec25279808d1 P 824e31ec3969472ab9dc3e0e6ad49940 [NON_LEADER]: Queue going to NON_LEADER mode. State: All replicated index: 0, Majority replicated index: 0, Committed index: 2, Last appended: 1.2, Last appended by leader: 2, Current term: 0, Majority size: -1, State: 0, Mode: NON_LEADER, active raft config: opid_index: 2 OBSOLETE_local: false peers { permanent_uuid: "dbeb2becd7df4c6fa6f5e69d67a694d0" member_type: VOTER last_known_addr { host: "127.24.68.193" port: 42573 } } peers { permanent_uuid: "9e194ed80540444bacec6876352c95a0" member_type: VOTER last_known_addr { host: "127.24.68.194" port: 35661 } attrs { replace: true } } peers { permanent_uuid: "ff3ae34c183a4e32a33a9038417631e8" member_type: VOTER last_known_addr { host: "127.24.68.195" port: 34649 } } peers { permanent_uuid: "824e31ec3969472ab9dc3e0e6ad49940" member_type: NON_VOTER last_known_addr { host: "127.24.68.196" port: 34311 } attrs { promote: true } }
I20260608 12:46:24.961135 26930 ts_tablet_manager.cc:1434] T f0377d995d324492b004ec25279808d1 P 824e31ec3969472ab9dc3e0e6ad49940: Time spent starting tablet: real 0.006s	user 0.008s	sys 0.000s
I20260608 12:46:24.962970 26611 tablet_copy_service.cc:342] P dbeb2becd7df4c6fa6f5e69d67a694d0: Request end of tablet copy session 824e31ec3969472ab9dc3e0e6ad49940-f0377d995d324492b004ec25279808d1 received from {username='slave'} at 127.0.0.1:54956
I20260608 12:46:24.963431 26611 tablet_copy_service.cc:434] P dbeb2becd7df4c6fa6f5e69d67a694d0: ending tablet copy session 824e31ec3969472ab9dc3e0e6ad49940-f0377d995d324492b004ec25279808d1 on tablet f0377d995d324492b004ec25279808d1 with peer 824e31ec3969472ab9dc3e0e6ad49940
I20260608 12:46:25.449539 26886 raft_consensus.cc:1217] T f0377d995d324492b004ec25279808d1 P 824e31ec3969472ab9dc3e0e6ad49940 [term 1 LEARNER]: Deduplicated request from leader. Original: 1.1->[1.2-1.2]   Dedup: 1.2->[]
I20260608 12:46:25.889781 26938 raft_consensus.cc:1064] T f0377d995d324492b004ec25279808d1 P dbeb2becd7df4c6fa6f5e69d67a694d0: attempting to promote NON_VOTER 824e31ec3969472ab9dc3e0e6ad49940 to VOTER
I20260608 12:46:25.892670 26938 consensus_queue.cc:237] T f0377d995d324492b004ec25279808d1 P dbeb2becd7df4c6fa6f5e69d67a694d0 [LEADER]: Queue going to LEADER mode. State: All replicated index: 0, Majority replicated index: 2, Committed index: 2, Last appended: 1.2, Last appended by leader: 0, Current term: 1, Majority size: 3, State: 0, Mode: LEADER, active raft config: opid_index: 3 OBSOLETE_local: false peers { permanent_uuid: "dbeb2becd7df4c6fa6f5e69d67a694d0" member_type: VOTER last_known_addr { host: "127.24.68.193" port: 42573 } } peers { permanent_uuid: "9e194ed80540444bacec6876352c95a0" member_type: VOTER last_known_addr { host: "127.24.68.194" port: 35661 } attrs { replace: true } } peers { permanent_uuid: "ff3ae34c183a4e32a33a9038417631e8" member_type: VOTER last_known_addr { host: "127.24.68.195" port: 34649 } } peers { permanent_uuid: "824e31ec3969472ab9dc3e0e6ad49940" member_type: VOTER last_known_addr { host: "127.24.68.196" port: 34311 } attrs { promote: false } }
I20260608 12:46:25.899794 26886 raft_consensus.cc:1275] T f0377d995d324492b004ec25279808d1 P 824e31ec3969472ab9dc3e0e6ad49940 [term 1 LEARNER]: Refusing update from remote peer dbeb2becd7df4c6fa6f5e69d67a694d0: Log matching property violated. Preceding OpId in replica: term: 1 index: 2. Preceding OpId from leader: term: 1 index: 3. (index mismatch)
I20260608 12:46:25.900313 26750 raft_consensus.cc:1275] T f0377d995d324492b004ec25279808d1 P ff3ae34c183a4e32a33a9038417631e8 [term 1 FOLLOWER]: Refusing update from remote peer dbeb2becd7df4c6fa6f5e69d67a694d0: Log matching property violated. Preceding OpId in replica: term: 1 index: 2. Preceding OpId from leader: term: 1 index: 3. (index mismatch)
I20260608 12:46:25.901044 26676 raft_consensus.cc:1275] T f0377d995d324492b004ec25279808d1 P 9e194ed80540444bacec6876352c95a0 [term 1 FOLLOWER]: Refusing update from remote peer dbeb2becd7df4c6fa6f5e69d67a694d0: Log matching property violated. Preceding OpId in replica: term: 1 index: 2. Preceding OpId from leader: term: 1 index: 3. (index mismatch)
I20260608 12:46:25.901562 26937 consensus_queue.cc:1048] T f0377d995d324492b004ec25279808d1 P dbeb2becd7df4c6fa6f5e69d67a694d0 [LEADER]: Connected to new peer: Peer: permanent_uuid: "824e31ec3969472ab9dc3e0e6ad49940" member_type: VOTER last_known_addr { host: "127.24.68.196" port: 34311 } attrs { promote: false }, Status: LMP_MISMATCH, Last received: 0.0, Next index: 3, Last known committed idx: 2, Time since last communication: 0.001s
I20260608 12:46:25.902686 26919 consensus_queue.cc:1048] T f0377d995d324492b004ec25279808d1 P dbeb2becd7df4c6fa6f5e69d67a694d0 [LEADER]: Connected to new peer: Peer: permanent_uuid: "9e194ed80540444bacec6876352c95a0" member_type: VOTER last_known_addr { host: "127.24.68.194" port: 35661 } attrs { replace: true }, Status: LMP_MISMATCH, Last received: 0.0, Next index: 3, Last known committed idx: 2, Time since last communication: 0.000s
I20260608 12:46:25.903687 26938 consensus_queue.cc:1048] T f0377d995d324492b004ec25279808d1 P dbeb2becd7df4c6fa6f5e69d67a694d0 [LEADER]: Connected to new peer: Peer: permanent_uuid: "ff3ae34c183a4e32a33a9038417631e8" member_type: VOTER last_known_addr { host: "127.24.68.195" port: 34649 }, Status: LMP_MISMATCH, Last received: 0.0, Next index: 3, Last known committed idx: 2, Time since last communication: 0.000s
I20260608 12:46:25.920986 26938 raft_consensus.cc:2955] T f0377d995d324492b004ec25279808d1 P dbeb2becd7df4c6fa6f5e69d67a694d0 [term 1 LEADER]: Committing config change with OpId 1.3: config changed from index 2 to 3, 824e31ec3969472ab9dc3e0e6ad49940 (127.24.68.196) changed from NON_VOTER to VOTER. New config: { opid_index: 3 OBSOLETE_local: false peers { permanent_uuid: "dbeb2becd7df4c6fa6f5e69d67a694d0" member_type: VOTER last_known_addr { host: "127.24.68.193" port: 42573 } } peers { permanent_uuid: "9e194ed80540444bacec6876352c95a0" member_type: VOTER last_known_addr { host: "127.24.68.194" port: 35661 } attrs { replace: true } } peers { permanent_uuid: "ff3ae34c183a4e32a33a9038417631e8" member_type: VOTER last_known_addr { host: "127.24.68.195" port: 34649 } } peers { permanent_uuid: "824e31ec3969472ab9dc3e0e6ad49940" member_type: VOTER last_known_addr { host: "127.24.68.196" port: 34311 } attrs { promote: false } } }
I20260608 12:46:25.922986 26886 raft_consensus.cc:2955] T f0377d995d324492b004ec25279808d1 P 824e31ec3969472ab9dc3e0e6ad49940 [term 1 FOLLOWER]: Committing config change with OpId 1.3: config changed from index 2 to 3, 824e31ec3969472ab9dc3e0e6ad49940 (127.24.68.196) changed from NON_VOTER to VOTER. New config: { opid_index: 3 OBSOLETE_local: false peers { permanent_uuid: "dbeb2becd7df4c6fa6f5e69d67a694d0" member_type: VOTER last_known_addr { host: "127.24.68.193" port: 42573 } } peers { permanent_uuid: "9e194ed80540444bacec6876352c95a0" member_type: VOTER last_known_addr { host: "127.24.68.194" port: 35661 } attrs { replace: true } } peers { permanent_uuid: "ff3ae34c183a4e32a33a9038417631e8" member_type: VOTER last_known_addr { host: "127.24.68.195" port: 34649 } } peers { permanent_uuid: "824e31ec3969472ab9dc3e0e6ad49940" member_type: VOTER last_known_addr { host: "127.24.68.196" port: 34311 } attrs { promote: false } } }
I20260608 12:46:25.923959 26750 raft_consensus.cc:2955] T f0377d995d324492b004ec25279808d1 P ff3ae34c183a4e32a33a9038417631e8 [term 1 FOLLOWER]: Committing config change with OpId 1.3: config changed from index 2 to 3, 824e31ec3969472ab9dc3e0e6ad49940 (127.24.68.196) changed from NON_VOTER to VOTER. New config: { opid_index: 3 OBSOLETE_local: false peers { permanent_uuid: "dbeb2becd7df4c6fa6f5e69d67a694d0" member_type: VOTER last_known_addr { host: "127.24.68.193" port: 42573 } } peers { permanent_uuid: "9e194ed80540444bacec6876352c95a0" member_type: VOTER last_known_addr { host: "127.24.68.194" port: 35661 } attrs { replace: true } } peers { permanent_uuid: "ff3ae34c183a4e32a33a9038417631e8" member_type: VOTER last_known_addr { host: "127.24.68.195" port: 34649 } } peers { permanent_uuid: "824e31ec3969472ab9dc3e0e6ad49940" member_type: VOTER last_known_addr { host: "127.24.68.196" port: 34311 } attrs { promote: false } } }
I20260608 12:46:25.934226 26676 raft_consensus.cc:2955] T f0377d995d324492b004ec25279808d1 P 9e194ed80540444bacec6876352c95a0 [term 1 FOLLOWER]: Committing config change with OpId 1.3: config changed from index 2 to 3, 824e31ec3969472ab9dc3e0e6ad49940 (127.24.68.196) changed from NON_VOTER to VOTER. New config: { opid_index: 3 OBSOLETE_local: false peers { permanent_uuid: "dbeb2becd7df4c6fa6f5e69d67a694d0" member_type: VOTER last_known_addr { host: "127.24.68.193" port: 42573 } } peers { permanent_uuid: "9e194ed80540444bacec6876352c95a0" member_type: VOTER last_known_addr { host: "127.24.68.194" port: 35661 } attrs { replace: true } } peers { permanent_uuid: "ff3ae34c183a4e32a33a9038417631e8" member_type: VOTER last_known_addr { host: "127.24.68.195" port: 34649 } } peers { permanent_uuid: "824e31ec3969472ab9dc3e0e6ad49940" member_type: VOTER last_known_addr { host: "127.24.68.196" port: 34311 } attrs { promote: false } } }
I20260608 12:46:25.938951 26498 catalog_manager.cc:5696] T f0377d995d324492b004ec25279808d1 P dbeb2becd7df4c6fa6f5e69d67a694d0 reported cstate change: config changed from index 2 to 3, 824e31ec3969472ab9dc3e0e6ad49940 (127.24.68.196) changed from NON_VOTER to VOTER. New cstate: current_term: 1 leader_uuid: "dbeb2becd7df4c6fa6f5e69d67a694d0" committed_config { opid_index: 3 OBSOLETE_local: false peers { permanent_uuid: "dbeb2becd7df4c6fa6f5e69d67a694d0" member_type: VOTER last_known_addr { host: "127.24.68.193" port: 42573 } health_report { overall_health: HEALTHY } } peers { permanent_uuid: "9e194ed80540444bacec6876352c95a0" member_type: VOTER last_known_addr { host: "127.24.68.194" port: 35661 } attrs { replace: true } health_report { overall_health: HEALTHY } } peers { permanent_uuid: "ff3ae34c183a4e32a33a9038417631e8" member_type: VOTER last_known_addr { host: "127.24.68.195" port: 34649 } health_report { overall_health: HEALTHY } } peers { permanent_uuid: "824e31ec3969472ab9dc3e0e6ad49940" member_type: VOTER last_known_addr { host: "127.24.68.196" port: 34311 } attrs { promote: false } health_report { overall_health: HEALTHY } } }
I20260608 12:46:25.961252 26601 consensus_queue.cc:237] T f0377d995d324492b004ec25279808d1 P dbeb2becd7df4c6fa6f5e69d67a694d0 [LEADER]: Queue going to LEADER mode. State: All replicated index: 0, Majority replicated index: 3, Committed index: 3, Last appended: 1.3, Last appended by leader: 0, Current term: 1, Majority size: 2, State: 0, Mode: LEADER, active raft config: opid_index: 4 OBSOLETE_local: false peers { permanent_uuid: "dbeb2becd7df4c6fa6f5e69d67a694d0" member_type: VOTER last_known_addr { host: "127.24.68.193" port: 42573 } } peers { permanent_uuid: "ff3ae34c183a4e32a33a9038417631e8" member_type: VOTER last_known_addr { host: "127.24.68.195" port: 34649 } } peers { permanent_uuid: "824e31ec3969472ab9dc3e0e6ad49940" member_type: VOTER last_known_addr { host: "127.24.68.196" port: 34311 } attrs { promote: false } }
I20260608 12:46:25.967734 26750 raft_consensus.cc:1275] T f0377d995d324492b004ec25279808d1 P ff3ae34c183a4e32a33a9038417631e8 [term 1 FOLLOWER]: Refusing update from remote peer dbeb2becd7df4c6fa6f5e69d67a694d0: Log matching property violated. Preceding OpId in replica: term: 1 index: 3. Preceding OpId from leader: term: 1 index: 4. (index mismatch)
I20260608 12:46:25.968182 26886 raft_consensus.cc:1275] T f0377d995d324492b004ec25279808d1 P 824e31ec3969472ab9dc3e0e6ad49940 [term 1 FOLLOWER]: Refusing update from remote peer dbeb2becd7df4c6fa6f5e69d67a694d0: Log matching property violated. Preceding OpId in replica: term: 1 index: 3. Preceding OpId from leader: term: 1 index: 4. (index mismatch)
I20260608 12:46:25.969571 26937 consensus_queue.cc:1048] T f0377d995d324492b004ec25279808d1 P dbeb2becd7df4c6fa6f5e69d67a694d0 [LEADER]: Connected to new peer: Peer: permanent_uuid: "824e31ec3969472ab9dc3e0e6ad49940" member_type: VOTER last_known_addr { host: "127.24.68.196" port: 34311 } attrs { promote: false }, Status: LMP_MISMATCH, Last received: 0.0, Next index: 4, Last known committed idx: 3, Time since last communication: 0.000s
I20260608 12:46:25.972749 26937 consensus_queue.cc:1048] T f0377d995d324492b004ec25279808d1 P dbeb2becd7df4c6fa6f5e69d67a694d0 [LEADER]: Connected to new peer: Peer: permanent_uuid: "ff3ae34c183a4e32a33a9038417631e8" member_type: VOTER last_known_addr { host: "127.24.68.195" port: 34649 }, Status: LMP_MISMATCH, Last received: 0.0, Next index: 4, Last known committed idx: 3, Time since last communication: 0.000s
I20260608 12:46:25.976861 26938 raft_consensus.cc:2955] T f0377d995d324492b004ec25279808d1 P dbeb2becd7df4c6fa6f5e69d67a694d0 [term 1 LEADER]: Committing config change with OpId 1.4: config changed from index 3 to 4, VOTER 9e194ed80540444bacec6876352c95a0 (127.24.68.194) evicted. New config: { opid_index: 4 OBSOLETE_local: false peers { permanent_uuid: "dbeb2becd7df4c6fa6f5e69d67a694d0" member_type: VOTER last_known_addr { host: "127.24.68.193" port: 42573 } } peers { permanent_uuid: "ff3ae34c183a4e32a33a9038417631e8" member_type: VOTER last_known_addr { host: "127.24.68.195" port: 34649 } } peers { permanent_uuid: "824e31ec3969472ab9dc3e0e6ad49940" member_type: VOTER last_known_addr { host: "127.24.68.196" port: 34311 } attrs { promote: false } } }
I20260608 12:46:25.978865 26886 raft_consensus.cc:2955] T f0377d995d324492b004ec25279808d1 P 824e31ec3969472ab9dc3e0e6ad49940 [term 1 FOLLOWER]: Committing config change with OpId 1.4: config changed from index 3 to 4, VOTER 9e194ed80540444bacec6876352c95a0 (127.24.68.194) evicted. New config: { opid_index: 4 OBSOLETE_local: false peers { permanent_uuid: "dbeb2becd7df4c6fa6f5e69d67a694d0" member_type: VOTER last_known_addr { host: "127.24.68.193" port: 42573 } } peers { permanent_uuid: "ff3ae34c183a4e32a33a9038417631e8" member_type: VOTER last_known_addr { host: "127.24.68.195" port: 34649 } } peers { permanent_uuid: "824e31ec3969472ab9dc3e0e6ad49940" member_type: VOTER last_known_addr { host: "127.24.68.196" port: 34311 } attrs { promote: false } } }
I20260608 12:46:25.982348 26749 raft_consensus.cc:2955] T f0377d995d324492b004ec25279808d1 P ff3ae34c183a4e32a33a9038417631e8 [term 1 FOLLOWER]: Committing config change with OpId 1.4: config changed from index 3 to 4, VOTER 9e194ed80540444bacec6876352c95a0 (127.24.68.194) evicted. New config: { opid_index: 4 OBSOLETE_local: false peers { permanent_uuid: "dbeb2becd7df4c6fa6f5e69d67a694d0" member_type: VOTER last_known_addr { host: "127.24.68.193" port: 42573 } } peers { permanent_uuid: "ff3ae34c183a4e32a33a9038417631e8" member_type: VOTER last_known_addr { host: "127.24.68.195" port: 34649 } } peers { permanent_uuid: "824e31ec3969472ab9dc3e0e6ad49940" member_type: VOTER last_known_addr { host: "127.24.68.196" port: 34311 } attrs { promote: false } } }
I20260608 12:46:25.990005 26483 catalog_manager.cc:5209] ChangeConfig:REMOVE_PEER RPC for tablet f0377d995d324492b004ec25279808d1 with cas_config_opid_index 3: ChangeConfig:REMOVE_PEER succeeded (attempt 1)
I20260608 12:46:25.991575 26499 catalog_manager.cc:5696] T f0377d995d324492b004ec25279808d1 P dbeb2becd7df4c6fa6f5e69d67a694d0 reported cstate change: config changed from index 3 to 4, VOTER 9e194ed80540444bacec6876352c95a0 (127.24.68.194) evicted. New cstate: current_term: 1 leader_uuid: "dbeb2becd7df4c6fa6f5e69d67a694d0" committed_config { opid_index: 4 OBSOLETE_local: false peers { permanent_uuid: "dbeb2becd7df4c6fa6f5e69d67a694d0" member_type: VOTER last_known_addr { host: "127.24.68.193" port: 42573 } health_report { overall_health: HEALTHY } } peers { permanent_uuid: "ff3ae34c183a4e32a33a9038417631e8" member_type: VOTER last_known_addr { host: "127.24.68.195" port: 34649 } health_report { overall_health: HEALTHY } } peers { permanent_uuid: "824e31ec3969472ab9dc3e0e6ad49940" member_type: VOTER last_known_addr { host: "127.24.68.196" port: 34311 } attrs { promote: false } health_report { overall_health: HEALTHY } } }
I20260608 12:46:26.004760 26665 tablet_service.cc:1558] Processing DeleteTablet for tablet f0377d995d324492b004ec25279808d1 with delete_type TABLET_DATA_TOMBSTONED (TS 9e194ed80540444bacec6876352c95a0 not found in new config with opid_index 4) from {username='slave'} at 127.0.0.1:54176
I20260608 12:46:26.010686 26949 tablet_replica.cc:333] T f0377d995d324492b004ec25279808d1 P 9e194ed80540444bacec6876352c95a0: stopping tablet replica
I20260608 12:46:26.011267 26949 raft_consensus.cc:2243] T f0377d995d324492b004ec25279808d1 P 9e194ed80540444bacec6876352c95a0 [term 1 FOLLOWER]: Raft consensus shutting down.
I20260608 12:46:26.011817 26949 raft_consensus.cc:2272] T f0377d995d324492b004ec25279808d1 P 9e194ed80540444bacec6876352c95a0 [term 1 FOLLOWER]: Raft consensus is shut down!
I20260608 12:46:26.014273 26949 ts_tablet_manager.cc:1916] T f0377d995d324492b004ec25279808d1 P 9e194ed80540444bacec6876352c95a0: Deleting tablet data with delete state TABLET_DATA_TOMBSTONED
I20260608 12:46:26.024081 26949 ts_tablet_manager.cc:1929] T f0377d995d324492b004ec25279808d1 P 9e194ed80540444bacec6876352c95a0: tablet deleted with delete type TABLET_DATA_TOMBSTONED: last-logged OpId 1.3
I20260608 12:46:26.024366 26949 log.cc:1199] T f0377d995d324492b004ec25279808d1 P 9e194ed80540444bacec6876352c95a0: Deleting WAL directory at /tmp/dist-test-taskQj5ESH/test-tmp/auto_rebalancer-test.0.AutoRebalancerTest.MovesScheduledIfAddTserver.1780922751466473-24851-0/minicluster-data/ts-1-root/wals/f0377d995d324492b004ec25279808d1
I20260608 12:46:26.025862 26485 catalog_manager.cc:5027] TS 9e194ed80540444bacec6876352c95a0 (127.24.68.194:35661): tablet f0377d995d324492b004ec25279808d1 (table test-workload [id=6341bcec8b124a67bd4939778b3bc2d7]) successfully deleted
I20260608 12:46:26.328994 26552 auto_leader_rebalancer.cc:140] leader rebalance for table test-workload
I20260608 12:46:26.331040 26552 auto_leader_rebalancer.cc:388] table: test-workload, leader rebalance finish, leader transfer count: 0
I20260608 12:46:26.331384 26552 auto_leader_rebalancer.cc:451] All tables' leader rebalancing finished this round
I20260608 12:46:28.332336 26552 auto_leader_rebalancer.cc:140] leader rebalance for table test-workload
I20260608 12:46:28.334390 26552 auto_leader_rebalancer.cc:388] table: test-workload, leader rebalance finish, leader transfer count: 0
I20260608 12:46:28.334679 26552 auto_leader_rebalancer.cc:451] All tables' leader rebalancing finished this round
I20260608 12:46:30.335677 26552 auto_leader_rebalancer.cc:140] leader rebalance for table test-workload
I20260608 12:46:30.337977 26552 auto_leader_rebalancer.cc:388] table: test-workload, leader rebalance finish, leader transfer count: 0
I20260608 12:46:30.338333 26552 auto_leader_rebalancer.cc:451] All tables' leader rebalancing finished this round
I20260608 12:46:32.339401 26552 auto_leader_rebalancer.cc:140] leader rebalance for table test-workload
I20260608 12:46:32.341684 26552 auto_leader_rebalancer.cc:388] table: test-workload, leader rebalance finish, leader transfer count: 0
I20260608 12:46:32.342032 26552 auto_leader_rebalancer.cc:451] All tables' leader rebalancing finished this round
W20260608 12:46:32.807014 26771 debug-util.cc:398] Leaking SignalData structure 0x7b08001d0200 after lost signal to thread 24854
W20260608 12:46:32.808104 26771 debug-util.cc:398] Leaking SignalData structure 0x7b08000574c0 after lost signal to thread 26533
W20260608 12:46:32.809239 26771 debug-util.cc:398] Leaking SignalData structure 0x7b08000cd820 after lost signal to thread 26625
W20260608 12:46:32.810199 26771 debug-util.cc:398] Leaking SignalData structure 0x7b0800172ca0 after lost signal to thread 26700
W20260608 12:46:32.811062 26771 debug-util.cc:398] Leaking SignalData structure 0x7b0800170060 after lost signal to thread 26774
W20260608 12:46:32.811888 26771 debug-util.cc:398] Leaking SignalData structure 0x7b08001794a0 after lost signal to thread 26910
I20260608 12:46:34.342911 26552 auto_leader_rebalancer.cc:140] leader rebalance for table test-workload
I20260608 12:46:34.345257 26552 auto_leader_rebalancer.cc:388] table: test-workload, leader rebalance finish, leader transfer count: 0
I20260608 12:46:34.345638 26552 auto_leader_rebalancer.cc:451] All tables' leader rebalancing finished this round
I20260608 12:46:36.346517 26552 auto_leader_rebalancer.cc:140] leader rebalance for table test-workload
I20260608 12:46:36.348527 26552 auto_leader_rebalancer.cc:388] table: test-workload, leader rebalance finish, leader transfer count: 0
I20260608 12:46:36.348973 26552 auto_leader_rebalancer.cc:451] All tables' leader rebalancing finished this round
I20260608 12:46:38.349874 26552 auto_leader_rebalancer.cc:140] leader rebalance for table test-workload
I20260608 12:46:38.352254 26552 auto_leader_rebalancer.cc:388] table: test-workload, leader rebalance finish, leader transfer count: 0
I20260608 12:46:38.352629 26552 auto_leader_rebalancer.cc:451] All tables' leader rebalancing finished this round
I20260608 12:46:38.507154 24851 tablet_server.cc:179] TabletServer@127.24.68.193:0 shutting down...
I20260608 12:46:38.532135 24851 ts_tablet_manager.cc:1507] Shutting down tablet manager...
I20260608 12:46:38.533035 24851 tablet_replica.cc:333] T a2557e6e49ca4241a76c7dce82841191 P dbeb2becd7df4c6fa6f5e69d67a694d0: stopping tablet replica
I20260608 12:46:38.533689 24851 raft_consensus.cc:2243] T a2557e6e49ca4241a76c7dce82841191 P dbeb2becd7df4c6fa6f5e69d67a694d0 [term 2 FOLLOWER]: Raft consensus shutting down.
I20260608 12:46:38.534401 24851 raft_consensus.cc:2272] T a2557e6e49ca4241a76c7dce82841191 P dbeb2becd7df4c6fa6f5e69d67a694d0 [term 2 FOLLOWER]: Raft consensus is shut down!
I20260608 12:46:38.536985 24851 tablet_replica.cc:333] T f0377d995d324492b004ec25279808d1 P dbeb2becd7df4c6fa6f5e69d67a694d0: stopping tablet replica
I20260608 12:46:38.537492 24851 raft_consensus.cc:2243] T f0377d995d324492b004ec25279808d1 P dbeb2becd7df4c6fa6f5e69d67a694d0 [term 1 LEADER]: Raft consensus shutting down.
I20260608 12:46:38.538337 24851 raft_consensus.cc:2272] T f0377d995d324492b004ec25279808d1 P dbeb2becd7df4c6fa6f5e69d67a694d0 [term 1 FOLLOWER]: Raft consensus is shut down!
I20260608 12:46:38.561764 24851 tablet_server.cc:196] TabletServer@127.24.68.193:0 shutdown complete.
I20260608 12:46:38.575071 24851 tablet_server.cc:179] TabletServer@127.24.68.194:0 shutting down...
I20260608 12:46:38.601801 24851 ts_tablet_manager.cc:1507] Shutting down tablet manager...
I20260608 12:46:38.602766 24851 tablet_replica.cc:333] T a2557e6e49ca4241a76c7dce82841191 P 9e194ed80540444bacec6876352c95a0: stopping tablet replica
I20260608 12:46:38.603302 24851 raft_consensus.cc:2243] T a2557e6e49ca4241a76c7dce82841191 P 9e194ed80540444bacec6876352c95a0 [term 2 LEADER]: Raft consensus shutting down.
I20260608 12:46:38.604182 24851 raft_consensus.cc:2272] T a2557e6e49ca4241a76c7dce82841191 P 9e194ed80540444bacec6876352c95a0 [term 2 FOLLOWER]: Raft consensus is shut down!
I20260608 12:46:38.625365 24851 tablet_server.cc:196] TabletServer@127.24.68.194:0 shutdown complete.
I20260608 12:46:38.637408 24851 tablet_server.cc:179] TabletServer@127.24.68.195:0 shutting down...
I20260608 12:46:38.659353 24851 ts_tablet_manager.cc:1507] Shutting down tablet manager...
I20260608 12:46:38.660123 24851 tablet_replica.cc:333] T f0377d995d324492b004ec25279808d1 P ff3ae34c183a4e32a33a9038417631e8: stopping tablet replica
I20260608 12:46:38.660753 24851 raft_consensus.cc:2243] T f0377d995d324492b004ec25279808d1 P ff3ae34c183a4e32a33a9038417631e8 [term 1 FOLLOWER]: Raft consensus shutting down.
I20260608 12:46:38.661607 24851 raft_consensus.cc:2272] T f0377d995d324492b004ec25279808d1 P ff3ae34c183a4e32a33a9038417631e8 [term 1 FOLLOWER]: Raft consensus is shut down!
I20260608 12:46:38.663676 24851 tablet_replica.cc:333] T a2557e6e49ca4241a76c7dce82841191 P ff3ae34c183a4e32a33a9038417631e8: stopping tablet replica
I20260608 12:46:38.664142 24851 raft_consensus.cc:2243] T a2557e6e49ca4241a76c7dce82841191 P ff3ae34c183a4e32a33a9038417631e8 [term 2 FOLLOWER]: Raft consensus shutting down.
