I20260608 12:46:16.373780 26481 sys_catalog.cc:455] T 00000000000000000000000000000000 P 151becd23f4a431e9d6e9702a9c7c167 [sys.catalog]: SysCatalogTable state changed. Reason: RaftConsensus started. Latest consensus state: current_term: 1 leader_uuid: "151becd23f4a431e9d6e9702a9c7c167" committed_config { opid_index: -1 OBSOLETE_local: true peers { permanent_uuid: "151becd23f4a431e9d6e9702a9c7c167" member_type: VOTER } }
I20260608 12:46:16.373936 26482 sys_catalog.cc:455] T 00000000000000000000000000000000 P 151becd23f4a431e9d6e9702a9c7c167 [sys.catalog]: SysCatalogTable state changed. Reason: New leader 151becd23f4a431e9d6e9702a9c7c167. Latest consensus state: current_term: 1 leader_uuid: "151becd23f4a431e9d6e9702a9c7c167" committed_config { opid_index: -1 OBSOLETE_local: true peers { permanent_uuid: "151becd23f4a431e9d6e9702a9c7c167" member_type: VOTER } }
I20260608 12:46:16.374500 26481 sys_catalog.cc:458] T 00000000000000000000000000000000 P 151becd23f4a431e9d6e9702a9c7c167 [sys.catalog]: This master's current role is: LEADER
I20260608 12:46:16.374529 26482 sys_catalog.cc:458] T 00000000000000000000000000000000 P 151becd23f4a431e9d6e9702a9c7c167 [sys.catalog]: This master's current role is: LEADER
I20260608 12:46:16.377987 26485 catalog_manager.cc:1510] Loading table and tablet metadata into memory...
I20260608 12:46:16.383069 26485 catalog_manager.cc:1519] Initializing Kudu cluster ID...
I20260608 12:46:16.387754 24778 internal_mini_cluster.cc:184] Waiting to initialize catalog manager on master 0
I20260608 12:46:16.392097 26485 catalog_manager.cc:1382] Generated new cluster ID: eb0c476988834a39b43151be96b20676
I20260608 12:46:16.392364 26485 catalog_manager.cc:1530] Initializing Kudu internal certificate authority...
I20260608 12:46:16.411334 26485 catalog_manager.cc:1405] Generated new certificate authority record
I20260608 12:46:16.412791 26485 catalog_manager.cc:1539] Loading token signing keys...
I20260608 12:46:16.434868 26485 catalog_manager.cc:6069] T 00000000000000000000000000000000 P 151becd23f4a431e9d6e9702a9c7c167: Generated new TSK 0
I20260608 12:46:16.435530 26485 catalog_manager.cc:1549] Initializing in-progress tserver states...
I20260608 12:46:16.455202 24778 file_cache.cc:492] Constructed file cache file cache with capacity 419430
W20260608 12:46:16.461433 26498 instance_detector.cc:116] could not retrieve AWS instance metadata: Network error: curl error: HTTP response code said error: The requested URL returned error: 404
W20260608 12:46:16.462021 26499 instance_detector.cc:116] could not retrieve Azure instance metadata: Network error: curl error: HTTP response code said error: The requested URL returned error: 404
W20260608 12:46:16.463596 26501 instance_detector.cc:116] could not retrieve OpenStack instance metadata: Network error: curl error: HTTP response code said error: The requested URL returned error: 404
I20260608 12:46:16.464119 24778 server_base.cc:1061] running on GCE node
I20260608 12:46:16.464919 24778 hybrid_clock.cc:584] initializing the hybrid clock with 'system_unsync' time source
W20260608 12:46:16.465116 24778 system_unsync_time.cc:38] NTP support is disabled. Clock error bounds will not be accurate. This configuration is not suitable for distributed clusters.
I20260608 12:46:16.465240 24778 hybrid_clock.cc:648] HybridClock initialized: now 1780922776465227 us; error 0 us; skew 500 ppm
I20260608 12:46:16.465752 24778 server_base.cc:861] Flag tcmalloc_max_total_thread_cache_bytes is not working since tcmalloc is not enabled.
I20260608 12:46:16.468015 24778 webserver.cc:533] Webserver started at http://127.24.50.129:33937/ using document root <none> and password file <none>
I20260608 12:46:16.468482 24778 fs_manager.cc:362] Metadata directory not provided
I20260608 12:46:16.468683 24778 fs_manager.cc:368] Using write-ahead log directory (fs_wal_dir) as metadata directory
I20260608 12:46:16.468930 24778 server_base.cc:909] This appears to be a new deployment of Kudu; creating new FS layout
I20260608 12:46:16.470005 24778 fs_manager.cc:1068] Generated new instance metadata in path /tmp/dist-test-taskvtFnZF/test-tmp/auto_rebalancer-test.0.AutoRebalancerTest.MovesScheduledIfAddTserver.1780922749704898-24778-0/minicluster-data/ts-0-root/instance:
uuid: "dd428d00a86a48a1b8a48089c2239a6e"
format_stamp: "Formatted at 2026-06-08 12:46:16 on dist-test-slave-jxwz"
I20260608 12:46:16.474488 24778 fs_manager.cc:696] Time spent creating directory manager: real 0.004s	user 0.005s	sys 0.000s
I20260608 12:46:16.477867 26506 log_block_manager.cc:4031] Time spent loading block containers with low live blocks: real 0.000s	user 0.000s	sys 0.000s
I20260608 12:46:16.478602 24778 fs_manager.cc:730] Time spent opening block manager: real 0.002s	user 0.002s	sys 0.001s
I20260608 12:46:16.478865 24778 fs_manager.cc:647] Opened local filesystem: /tmp/dist-test-taskvtFnZF/test-tmp/auto_rebalancer-test.0.AutoRebalancerTest.MovesScheduledIfAddTserver.1780922749704898-24778-0/minicluster-data/ts-0-root
uuid: "dd428d00a86a48a1b8a48089c2239a6e"
format_stamp: "Formatted at 2026-06-08 12:46:16 on dist-test-slave-jxwz"
I20260608 12:46:16.479143 24778 fs_report.cc:389] FS layout report
--------------------
wal directory: /tmp/dist-test-taskvtFnZF/test-tmp/auto_rebalancer-test.0.AutoRebalancerTest.MovesScheduledIfAddTserver.1780922749704898-24778-0/minicluster-data/ts-0-root
metadata directory: /tmp/dist-test-taskvtFnZF/test-tmp/auto_rebalancer-test.0.AutoRebalancerTest.MovesScheduledIfAddTserver.1780922749704898-24778-0/minicluster-data/ts-0-root
1 data directories: /tmp/dist-test-taskvtFnZF/test-tmp/auto_rebalancer-test.0.AutoRebalancerTest.MovesScheduledIfAddTserver.1780922749704898-24778-0/minicluster-data/ts-0-root/data
Total live blocks: 0
Total live bytes: 0
Total live bytes (after alignment): 0
Total number of LBM containers: 0 (0 full)
Did not check for missing blocks
Did not check for orphaned blocks
Total full LBM containers with extra space: 0 (0 repaired)
Total full LBM container extra space in bytes: 0 (0 repaired)
Total incomplete LBM containers: 0 (0 repaired)
Total LBM partial records: 0 (0 repaired)
Total corrupted LBM metadata records in RocksDB: 0 (0 repaired)
I20260608 12:46:16.496029 24778 rpc_server.cc:225] running with OpenSSL 1.1.1  11 Sep 2018
I20260608 12:46:16.497228 24778 kserver.cc:163] Server-wide thread pool size limit: 3276
I20260608 12:46:16.498656 24778 txn_system_client.cc:432] TxnSystemClient initialization is disabled...
I20260608 12:46:16.501030 24778 ts_tablet_manager.cc:585] Loaded tablet metadata (0 total tablets, 0 live tablets)
I20260608 12:46:16.501219 24778 ts_tablet_manager.cc:531] Time spent load tablet metadata: real 0.000s	user 0.000s	sys 0.000s
I20260608 12:46:16.501430 24778 ts_tablet_manager.cc:616] Registered 0 tablets
I20260608 12:46:16.501590 24778 ts_tablet_manager.cc:595] Time spent register tablets: real 0.000s	user 0.000s	sys 0.000s
I20260608 12:46:16.542369 24778 rpc_server.cc:307] RPC server started. Bound to: 127.24.50.129:41065
I20260608 12:46:16.542510 26568 acceptor_pool.cc:272] collecting diagnostics on the listening RPC socket 127.24.50.129:41065 every 8 connection(s)
I20260608 12:46:16.547514 24778 file_cache.cc:492] Constructed file cache file cache with capacity 419430
W20260608 12:46:16.555063 26573 instance_detector.cc:116] could not retrieve AWS instance metadata: Network error: curl error: HTTP response code said error: The requested URL returned error: 404
W20260608 12:46:16.557929 26574 instance_detector.cc:116] could not retrieve Azure instance metadata: Network error: curl error: HTTP response code said error: The requested URL returned error: 404
I20260608 12:46:16.558013 24778 server_base.cc:1061] running on GCE node
W20260608 12:46:16.558750 26577 instance_detector.cc:116] could not retrieve OpenStack instance metadata: Network error: curl error: HTTP response code said error: The requested URL returned error: 404
I20260608 12:46:16.559568 24778 hybrid_clock.cc:584] initializing the hybrid clock with 'system_unsync' time source
W20260608 12:46:16.559757 24778 system_unsync_time.cc:38] NTP support is disabled. Clock error bounds will not be accurate. This configuration is not suitable for distributed clusters.
I20260608 12:46:16.559883 24778 hybrid_clock.cc:648] HybridClock initialized: now 1780922776559871 us; error 0 us; skew 500 ppm
I20260608 12:46:16.560398 24778 server_base.cc:861] Flag tcmalloc_max_total_thread_cache_bytes is not working since tcmalloc is not enabled.
I20260608 12:46:16.562597 24778 webserver.cc:533] Webserver started at http://127.24.50.130:33571/ using document root <none> and password file <none>
I20260608 12:46:16.563058 24778 fs_manager.cc:362] Metadata directory not provided
I20260608 12:46:16.563215 24778 fs_manager.cc:368] Using write-ahead log directory (fs_wal_dir) as metadata directory
I20260608 12:46:16.563429 24778 server_base.cc:909] This appears to be a new deployment of Kudu; creating new FS layout
I20260608 12:46:16.564579 24778 fs_manager.cc:1068] Generated new instance metadata in path /tmp/dist-test-taskvtFnZF/test-tmp/auto_rebalancer-test.0.AutoRebalancerTest.MovesScheduledIfAddTserver.1780922749704898-24778-0/minicluster-data/ts-1-root/instance:
uuid: "00eeafcb71654914aed7b15909ac37c2"
format_stamp: "Formatted at 2026-06-08 12:46:16 on dist-test-slave-jxwz"
I20260608 12:46:16.567237 26569 heartbeater.cc:344] Connected to a master server at 127.24.50.190:33771
I20260608 12:46:16.567673 26569 heartbeater.cc:461] Registering TS with master...
I20260608 12:46:16.568609 26569 heartbeater.cc:507] Master 127.24.50.190:33771 requested a full tablet report, sending...
I20260608 12:46:16.570045 24778 fs_manager.cc:696] Time spent creating directory manager: real 0.005s	user 0.004s	sys 0.000s
I20260608 12:46:16.570855 26442 ts_manager.cc:194] Registered new tserver with Master: dd428d00a86a48a1b8a48089c2239a6e (127.24.50.129:41065)
I20260608 12:46:16.572817 26442 master_service.cc:502] Signed X509 certificate for tserver {username='slave'} at 127.0.0.1:39166
I20260608 12:46:16.573864 26581 log_block_manager.cc:4031] Time spent loading block containers with low live blocks: real 0.000s	user 0.000s	sys 0.000s
I20260608 12:46:16.574654 24778 fs_manager.cc:730] Time spent opening block manager: real 0.002s	user 0.004s	sys 0.000s
I20260608 12:46:16.574921 24778 fs_manager.cc:647] Opened local filesystem: /tmp/dist-test-taskvtFnZF/test-tmp/auto_rebalancer-test.0.AutoRebalancerTest.MovesScheduledIfAddTserver.1780922749704898-24778-0/minicluster-data/ts-1-root
uuid: "00eeafcb71654914aed7b15909ac37c2"
format_stamp: "Formatted at 2026-06-08 12:46:16 on dist-test-slave-jxwz"
I20260608 12:46:16.575182 24778 fs_report.cc:389] FS layout report
--------------------
wal directory: /tmp/dist-test-taskvtFnZF/test-tmp/auto_rebalancer-test.0.AutoRebalancerTest.MovesScheduledIfAddTserver.1780922749704898-24778-0/minicluster-data/ts-1-root
metadata directory: /tmp/dist-test-taskvtFnZF/test-tmp/auto_rebalancer-test.0.AutoRebalancerTest.MovesScheduledIfAddTserver.1780922749704898-24778-0/minicluster-data/ts-1-root
1 data directories: /tmp/dist-test-taskvtFnZF/test-tmp/auto_rebalancer-test.0.AutoRebalancerTest.MovesScheduledIfAddTserver.1780922749704898-24778-0/minicluster-data/ts-1-root/data
Total live blocks: 0
Total live bytes: 0
Total live bytes (after alignment): 0
Total number of LBM containers: 0 (0 full)
Did not check for missing blocks
Did not check for orphaned blocks
Total full LBM containers with extra space: 0 (0 repaired)
Total full LBM container extra space in bytes: 0 (0 repaired)
Total incomplete LBM containers: 0 (0 repaired)
Total LBM partial records: 0 (0 repaired)
Total corrupted LBM metadata records in RocksDB: 0 (0 repaired)
I20260608 12:46:16.589144 24778 rpc_server.cc:225] running with OpenSSL 1.1.1  11 Sep 2018
I20260608 12:46:16.590291 24778 kserver.cc:163] Server-wide thread pool size limit: 3276
I20260608 12:46:16.591679 24778 txn_system_client.cc:432] TxnSystemClient initialization is disabled...
I20260608 12:46:16.593936 24778 ts_tablet_manager.cc:585] Loaded tablet metadata (0 total tablets, 0 live tablets)
I20260608 12:46:16.594133 24778 ts_tablet_manager.cc:531] Time spent load tablet metadata: real 0.000s	user 0.000s	sys 0.000s
I20260608 12:46:16.594353 24778 ts_tablet_manager.cc:616] Registered 0 tablets
I20260608 12:46:16.594514 24778 ts_tablet_manager.cc:595] Time spent register tablets: real 0.000s	user 0.000s	sys 0.000s
I20260608 12:46:16.633700 24778 rpc_server.cc:307] RPC server started. Bound to: 127.24.50.130:33191
I20260608 12:46:16.633812 26643 acceptor_pool.cc:272] collecting diagnostics on the listening RPC socket 127.24.50.130:33191 every 8 connection(s)
I20260608 12:46:16.638577 24778 file_cache.cc:492] Constructed file cache file cache with capacity 419430
W20260608 12:46:16.646202 26647 instance_detector.cc:116] could not retrieve AWS instance metadata: Network error: curl error: HTTP response code said error: The requested URL returned error: 404
W20260608 12:46:16.647035 26648 instance_detector.cc:116] could not retrieve Azure instance metadata: Network error: curl error: HTTP response code said error: The requested URL returned error: 404
I20260608 12:46:16.649461 24778 server_base.cc:1061] running on GCE node
W20260608 12:46:16.650060 26651 instance_detector.cc:116] could not retrieve OpenStack instance metadata: Network error: curl error: HTTP response code said error: The requested URL returned error: 404
I20260608 12:46:16.651000 24778 hybrid_clock.cc:584] initializing the hybrid clock with 'system_unsync' time source
W20260608 12:46:16.651273 24778 system_unsync_time.cc:38] NTP support is disabled. Clock error bounds will not be accurate. This configuration is not suitable for distributed clusters.
I20260608 12:46:16.651485 24778 hybrid_clock.cc:648] HybridClock initialized: now 1780922776651465 us; error 0 us; skew 500 ppm
I20260608 12:46:16.651798 26644 heartbeater.cc:344] Connected to a master server at 127.24.50.190:33771
I20260608 12:46:16.652158 26644 heartbeater.cc:461] Registering TS with master...
I20260608 12:46:16.652181 24778 server_base.cc:861] Flag tcmalloc_max_total_thread_cache_bytes is not working since tcmalloc is not enabled.
I20260608 12:46:16.653009 26644 heartbeater.cc:507] Master 127.24.50.190:33771 requested a full tablet report, sending...
I20260608 12:46:16.654870 24778 webserver.cc:533] Webserver started at http://127.24.50.131:35871/ using document root <none> and password file <none>
I20260608 12:46:16.655346 26442 ts_manager.cc:194] Registered new tserver with Master: 00eeafcb71654914aed7b15909ac37c2 (127.24.50.130:33191)
I20260608 12:46:16.655583 24778 fs_manager.cc:362] Metadata directory not provided
I20260608 12:46:16.655876 24778 fs_manager.cc:368] Using write-ahead log directory (fs_wal_dir) as metadata directory
I20260608 12:46:16.656214 24778 server_base.cc:909] This appears to be a new deployment of Kudu; creating new FS layout
I20260608 12:46:16.657238 26442 master_service.cc:502] Signed X509 certificate for tserver {username='slave'} at 127.0.0.1:39174
I20260608 12:46:16.657826 24778 fs_manager.cc:1068] Generated new instance metadata in path /tmp/dist-test-taskvtFnZF/test-tmp/auto_rebalancer-test.0.AutoRebalancerTest.MovesScheduledIfAddTserver.1780922749704898-24778-0/minicluster-data/ts-2-root/instance:
uuid: "411d40435f604a64914f620fd12b00b4"
format_stamp: "Formatted at 2026-06-08 12:46:16 on dist-test-slave-jxwz"
I20260608 12:46:16.662505 24778 fs_manager.cc:696] Time spent creating directory manager: real 0.004s	user 0.003s	sys 0.002s
I20260608 12:46:16.665870 26655 log_block_manager.cc:4031] Time spent loading block containers with low live blocks: real 0.000s	user 0.000s	sys 0.000s
I20260608 12:46:16.666616 24778 fs_manager.cc:730] Time spent opening block manager: real 0.002s	user 0.002s	sys 0.001s
I20260608 12:46:16.666889 24778 fs_manager.cc:647] Opened local filesystem: /tmp/dist-test-taskvtFnZF/test-tmp/auto_rebalancer-test.0.AutoRebalancerTest.MovesScheduledIfAddTserver.1780922749704898-24778-0/minicluster-data/ts-2-root
uuid: "411d40435f604a64914f620fd12b00b4"
format_stamp: "Formatted at 2026-06-08 12:46:16 on dist-test-slave-jxwz"
I20260608 12:46:16.667160 24778 fs_report.cc:389] FS layout report
--------------------
wal directory: /tmp/dist-test-taskvtFnZF/test-tmp/auto_rebalancer-test.0.AutoRebalancerTest.MovesScheduledIfAddTserver.1780922749704898-24778-0/minicluster-data/ts-2-root
metadata directory: /tmp/dist-test-taskvtFnZF/test-tmp/auto_rebalancer-test.0.AutoRebalancerTest.MovesScheduledIfAddTserver.1780922749704898-24778-0/minicluster-data/ts-2-root
1 data directories: /tmp/dist-test-taskvtFnZF/test-tmp/auto_rebalancer-test.0.AutoRebalancerTest.MovesScheduledIfAddTserver.1780922749704898-24778-0/minicluster-data/ts-2-root/data
Total live blocks: 0
Total live bytes: 0
Total live bytes (after alignment): 0
Total number of LBM containers: 0 (0 full)
Did not check for missing blocks
Did not check for orphaned blocks
Total full LBM containers with extra space: 0 (0 repaired)
Total full LBM container extra space in bytes: 0 (0 repaired)
Total incomplete LBM containers: 0 (0 repaired)
Total LBM partial records: 0 (0 repaired)
Total corrupted LBM metadata records in RocksDB: 0 (0 repaired)
I20260608 12:46:16.693398 24778 rpc_server.cc:225] running with OpenSSL 1.1.1  11 Sep 2018
I20260608 12:46:16.694609 24778 kserver.cc:163] Server-wide thread pool size limit: 3276
I20260608 12:46:16.696102 24778 txn_system_client.cc:432] TxnSystemClient initialization is disabled...
I20260608 12:46:16.698463 24778 ts_tablet_manager.cc:585] Loaded tablet metadata (0 total tablets, 0 live tablets)
I20260608 12:46:16.698666 24778 ts_tablet_manager.cc:531] Time spent load tablet metadata: real 0.000s	user 0.000s	sys 0.000s
I20260608 12:46:16.698889 24778 ts_tablet_manager.cc:616] Registered 0 tablets
I20260608 12:46:16.699055 24778 ts_tablet_manager.cc:595] Time spent register tablets: real 0.000s	user 0.000s	sys 0.000s
I20260608 12:46:16.738754 24778 rpc_server.cc:307] RPC server started. Bound to: 127.24.50.131:46261
I20260608 12:46:16.738894 26717 acceptor_pool.cc:272] collecting diagnostics on the listening RPC socket 127.24.50.131:46261 every 8 connection(s)
I20260608 12:46:16.753206 26718 heartbeater.cc:344] Connected to a master server at 127.24.50.190:33771
I20260608 12:46:16.753619 26718 heartbeater.cc:461] Registering TS with master...
I20260608 12:46:16.754375 26718 heartbeater.cc:507] Master 127.24.50.190:33771 requested a full tablet report, sending...
I20260608 12:46:16.756381 26442 ts_manager.cc:194] Registered new tserver with Master: 411d40435f604a64914f620fd12b00b4 (127.24.50.131:46261)
I20260608 12:46:16.756645 24778 internal_mini_cluster.cc:371] 3 TS(s) registered with all masters after 0.014622607s
I20260608 12:46:16.757817 26442 master_service.cc:502] Signed X509 certificate for tserver {username='slave'} at 127.0.0.1:39184
I20260608 12:46:17.575805 26569 heartbeater.cc:499] Master 127.24.50.190:33771 was elected leader, sending a full tablet report...
I20260608 12:46:17.660059 26644 heartbeater.cc:499] Master 127.24.50.190:33771 was elected leader, sending a full tablet report...
I20260608 12:46:17.760319 26718 heartbeater.cc:499] Master 127.24.50.190:33771 was elected leader, sending a full tablet report...
I20260608 12:46:17.813148 26442 catalog_manager.cc:2282] Servicing CreateTable request from {username='slave'} at 127.0.0.1:39188:
name: "test-workload"
schema {
  columns {
    name: "key"
    type: INT32
    is_key: true
    is_nullable: false
    encoding: AUTO_ENCODING
    compression: DEFAULT_COMPRESSION
    cfile_block_size: 0
    immutable: false
  }
  columns {
    name: "int_val"
    type: INT32
    is_key: false
    is_nullable: false
    encoding: AUTO_ENCODING
    compression: DEFAULT_COMPRESSION
    cfile_block_size: 0
    immutable: false
  }
  columns {
    name: "string_val"
    type: STRING
    is_key: false
    is_nullable: true
    encoding: AUTO_ENCODING
    compression: DEFAULT_COMPRESSION
    cfile_block_size: 0
    immutable: false
  }
}
num_replicas: 3
split_rows_range_bounds {
  rows: "\004\001\000\377\377\377?""\004\001\000\377\377\377?"
  indirect_data: """"
}
partition_schema {
  range_schema {
    columns {
      name: "key"
    }
  }
}
W20260608 12:46:17.815429 26442 catalog_manager.cc:7076] The number of live tablet servers is not enough to re-replicate a tablet replica of the newly created table test-workload in case of a server failure: 4 tablet servers would be needed, 3 are available. Consider bringing up more tablet servers.
I20260608 12:46:17.859390 26534 tablet_service.cc:1511] Processing CreateTablet for tablet 44c700c15127453aa01631b35b012255 (DEFAULT_TABLE table=test-workload [id=01e4096e8084451aac714c52dd8050f0]), partition=RANGE (key) PARTITION VALUES < 1073741823
I20260608 12:46:17.860477 26533 tablet_service.cc:1511] Processing CreateTablet for tablet 4f59d105f983415aa37107279bc136f0 (DEFAULT_TABLE table=test-workload [id=01e4096e8084451aac714c52dd8050f0]), partition=RANGE (key) PARTITION 1073741823 <= VALUES
I20260608 12:46:17.861001 26534 data_dirs.cc:400] Could only allocate 1 dirs of requested 3 for tablet 44c700c15127453aa01631b35b012255. 1 dirs total, 0 dirs full, 0 dirs failed
I20260608 12:46:17.863435 26609 tablet_service.cc:1511] Processing CreateTablet for tablet 44c700c15127453aa01631b35b012255 (DEFAULT_TABLE table=test-workload [id=01e4096e8084451aac714c52dd8050f0]), partition=RANGE (key) PARTITION VALUES < 1073741823
I20260608 12:46:17.864538 26533 data_dirs.cc:400] Could only allocate 1 dirs of requested 3 for tablet 4f59d105f983415aa37107279bc136f0. 1 dirs total, 0 dirs full, 0 dirs failed
I20260608 12:46:17.863435 26608 tablet_service.cc:1511] Processing CreateTablet for tablet 4f59d105f983415aa37107279bc136f0 (DEFAULT_TABLE table=test-workload [id=01e4096e8084451aac714c52dd8050f0]), partition=RANGE (key) PARTITION 1073741823 <= VALUES
I20260608 12:46:17.866170 26609 data_dirs.cc:400] Could only allocate 1 dirs of requested 3 for tablet 44c700c15127453aa01631b35b012255. 1 dirs total, 0 dirs full, 0 dirs failed
I20260608 12:46:17.869580 26608 data_dirs.cc:400] Could only allocate 1 dirs of requested 3 for tablet 4f59d105f983415aa37107279bc136f0. 1 dirs total, 0 dirs full, 0 dirs failed
I20260608 12:46:17.871353 26683 tablet_service.cc:1511] Processing CreateTablet for tablet 44c700c15127453aa01631b35b012255 (DEFAULT_TABLE table=test-workload [id=01e4096e8084451aac714c52dd8050f0]), partition=RANGE (key) PARTITION VALUES < 1073741823
I20260608 12:46:17.872715 26683 data_dirs.cc:400] Could only allocate 1 dirs of requested 3 for tablet 44c700c15127453aa01631b35b012255. 1 dirs total, 0 dirs full, 0 dirs failed
I20260608 12:46:17.873427 26682 tablet_service.cc:1511] Processing CreateTablet for tablet 4f59d105f983415aa37107279bc136f0 (DEFAULT_TABLE table=test-workload [id=01e4096e8084451aac714c52dd8050f0]), partition=RANGE (key) PARTITION 1073741823 <= VALUES
I20260608 12:46:17.874696 26682 data_dirs.cc:400] Could only allocate 1 dirs of requested 3 for tablet 4f59d105f983415aa37107279bc136f0. 1 dirs total, 0 dirs full, 0 dirs failed
I20260608 12:46:17.895100 26738 tablet_bootstrap.cc:492] T 44c700c15127453aa01631b35b012255 P dd428d00a86a48a1b8a48089c2239a6e: Bootstrap starting.
I20260608 12:46:17.902350 26740 tablet_bootstrap.cc:492] T 44c700c15127453aa01631b35b012255 P 00eeafcb71654914aed7b15909ac37c2: Bootstrap starting.
I20260608 12:46:17.902629 26738 tablet_bootstrap.cc:654] T 44c700c15127453aa01631b35b012255 P dd428d00a86a48a1b8a48089c2239a6e: Neither blocks nor log segments found. Creating new log.
I20260608 12:46:17.909891 26739 tablet_bootstrap.cc:492] T 44c700c15127453aa01631b35b012255 P 411d40435f604a64914f620fd12b00b4: Bootstrap starting.
I20260608 12:46:17.911382 26740 tablet_bootstrap.cc:654] T 44c700c15127453aa01631b35b012255 P 00eeafcb71654914aed7b15909ac37c2: Neither blocks nor log segments found. Creating new log.
I20260608 12:46:17.916764 26739 tablet_bootstrap.cc:654] T 44c700c15127453aa01631b35b012255 P 411d40435f604a64914f620fd12b00b4: Neither blocks nor log segments found. Creating new log.
I20260608 12:46:17.917111 26738 tablet_bootstrap.cc:492] T 44c700c15127453aa01631b35b012255 P dd428d00a86a48a1b8a48089c2239a6e: No bootstrap required, opened a new log
I20260608 12:46:17.917618 26738 ts_tablet_manager.cc:1403] T 44c700c15127453aa01631b35b012255 P dd428d00a86a48a1b8a48089c2239a6e: Time spent bootstrapping tablet: real 0.023s	user 0.017s	sys 0.004s
I20260608 12:46:17.918820 26740 tablet_bootstrap.cc:492] T 44c700c15127453aa01631b35b012255 P 00eeafcb71654914aed7b15909ac37c2: No bootstrap required, opened a new log
I20260608 12:46:17.919358 26740 ts_tablet_manager.cc:1403] T 44c700c15127453aa01631b35b012255 P 00eeafcb71654914aed7b15909ac37c2: Time spent bootstrapping tablet: real 0.019s	user 0.006s	sys 0.007s
I20260608 12:46:17.920795 26738 raft_consensus.cc:359] T 44c700c15127453aa01631b35b012255 P dd428d00a86a48a1b8a48089c2239a6e [term 0 FOLLOWER]: Replica starting. Triggering 0 pending ops. Active config: opid_index: -1 OBSOLETE_local: false peers { permanent_uuid: "dd428d00a86a48a1b8a48089c2239a6e" member_type: VOTER last_known_addr { host: "127.24.50.129" port: 41065 } } peers { permanent_uuid: "00eeafcb71654914aed7b15909ac37c2" member_type: VOTER last_known_addr { host: "127.24.50.130" port: 33191 } } peers { permanent_uuid: "411d40435f604a64914f620fd12b00b4" member_type: VOTER last_known_addr { host: "127.24.50.131" port: 46261 } }
I20260608 12:46:17.921594 26738 raft_consensus.cc:385] T 44c700c15127453aa01631b35b012255 P dd428d00a86a48a1b8a48089c2239a6e [term 0 FOLLOWER]: Consensus starting up: Expiring failure detector timer to make a prompt election more likely
I20260608 12:46:17.921885 26738 raft_consensus.cc:740] T 44c700c15127453aa01631b35b012255 P dd428d00a86a48a1b8a48089c2239a6e [term 0 FOLLOWER]: Becoming Follower/Learner. State: Replica: dd428d00a86a48a1b8a48089c2239a6e, State: Initialized, Role: FOLLOWER
I20260608 12:46:17.922461 26740 raft_consensus.cc:359] T 44c700c15127453aa01631b35b012255 P 00eeafcb71654914aed7b15909ac37c2 [term 0 FOLLOWER]: Replica starting. Triggering 0 pending ops. Active config: opid_index: -1 OBSOLETE_local: false peers { permanent_uuid: "dd428d00a86a48a1b8a48089c2239a6e" member_type: VOTER last_known_addr { host: "127.24.50.129" port: 41065 } } peers { permanent_uuid: "00eeafcb71654914aed7b15909ac37c2" member_type: VOTER last_known_addr { host: "127.24.50.130" port: 33191 } } peers { permanent_uuid: "411d40435f604a64914f620fd12b00b4" member_type: VOTER last_known_addr { host: "127.24.50.131" port: 46261 } }
I20260608 12:46:17.922680 26738 consensus_queue.cc:260] T 44c700c15127453aa01631b35b012255 P dd428d00a86a48a1b8a48089c2239a6e [NON_LEADER]: Queue going to NON_LEADER mode. State: All replicated index: 0, Majority replicated index: 0, Committed index: 0, Last appended: 0.0, Last appended by leader: 0, Current term: 0, Majority size: -1, State: 0, Mode: NON_LEADER, active raft config: opid_index: -1 OBSOLETE_local: false peers { permanent_uuid: "dd428d00a86a48a1b8a48089c2239a6e" member_type: VOTER last_known_addr { host: "127.24.50.129" port: 41065 } } peers { permanent_uuid: "00eeafcb71654914aed7b15909ac37c2" member_type: VOTER last_known_addr { host: "127.24.50.130" port: 33191 } } peers { permanent_uuid: "411d40435f604a64914f620fd12b00b4" member_type: VOTER last_known_addr { host: "127.24.50.131" port: 46261 } }
I20260608 12:46:17.923183 26740 raft_consensus.cc:385] T 44c700c15127453aa01631b35b012255 P 00eeafcb71654914aed7b15909ac37c2 [term 0 FOLLOWER]: Consensus starting up: Expiring failure detector timer to make a prompt election more likely
I20260608 12:46:17.923511 26740 raft_consensus.cc:740] T 44c700c15127453aa01631b35b012255 P 00eeafcb71654914aed7b15909ac37c2 [term 0 FOLLOWER]: Becoming Follower/Learner. State: Replica: 00eeafcb71654914aed7b15909ac37c2, State: Initialized, Role: FOLLOWER
I20260608 12:46:17.924345 26740 consensus_queue.cc:260] T 44c700c15127453aa01631b35b012255 P 00eeafcb71654914aed7b15909ac37c2 [NON_LEADER]: Queue going to NON_LEADER mode. State: All replicated index: 0, Majority replicated index: 0, Committed index: 0, Last appended: 0.0, Last appended by leader: 0, Current term: 0, Majority size: -1, State: 0, Mode: NON_LEADER, active raft config: opid_index: -1 OBSOLETE_local: false peers { permanent_uuid: "dd428d00a86a48a1b8a48089c2239a6e" member_type: VOTER last_known_addr { host: "127.24.50.129" port: 41065 } } peers { permanent_uuid: "00eeafcb71654914aed7b15909ac37c2" member_type: VOTER last_known_addr { host: "127.24.50.130" port: 33191 } } peers { permanent_uuid: "411d40435f604a64914f620fd12b00b4" member_type: VOTER last_known_addr { host: "127.24.50.131" port: 46261 } }
I20260608 12:46:17.927122 26739 tablet_bootstrap.cc:492] T 44c700c15127453aa01631b35b012255 P 411d40435f604a64914f620fd12b00b4: No bootstrap required, opened a new log
I20260608 12:46:17.927510 26739 ts_tablet_manager.cc:1403] T 44c700c15127453aa01631b35b012255 P 411d40435f604a64914f620fd12b00b4: Time spent bootstrapping tablet: real 0.018s	user 0.003s	sys 0.012s
I20260608 12:46:17.929136 26738 ts_tablet_manager.cc:1434] T 44c700c15127453aa01631b35b012255 P dd428d00a86a48a1b8a48089c2239a6e: Time spent starting tablet: real 0.011s	user 0.010s	sys 0.000s
I20260608 12:46:17.930433 26738 tablet_bootstrap.cc:492] T 4f59d105f983415aa37107279bc136f0 P dd428d00a86a48a1b8a48089c2239a6e: Bootstrap starting.
I20260608 12:46:17.930401 26739 raft_consensus.cc:359] T 44c700c15127453aa01631b35b012255 P 411d40435f604a64914f620fd12b00b4 [term 0 FOLLOWER]: Replica starting. Triggering 0 pending ops. Active config: opid_index: -1 OBSOLETE_local: false peers { permanent_uuid: "dd428d00a86a48a1b8a48089c2239a6e" member_type: VOTER last_known_addr { host: "127.24.50.129" port: 41065 } } peers { permanent_uuid: "00eeafcb71654914aed7b15909ac37c2" member_type: VOTER last_known_addr { host: "127.24.50.130" port: 33191 } } peers { permanent_uuid: "411d40435f604a64914f620fd12b00b4" member_type: VOTER last_known_addr { host: "127.24.50.131" port: 46261 } }
I20260608 12:46:17.931401 26739 raft_consensus.cc:385] T 44c700c15127453aa01631b35b012255 P 411d40435f604a64914f620fd12b00b4 [term 0 FOLLOWER]: Consensus starting up: Expiring failure detector timer to make a prompt election more likely
I20260608 12:46:17.931788 26739 raft_consensus.cc:740] T 44c700c15127453aa01631b35b012255 P 411d40435f604a64914f620fd12b00b4 [term 0 FOLLOWER]: Becoming Follower/Learner. State: Replica: 411d40435f604a64914f620fd12b00b4, State: Initialized, Role: FOLLOWER
I20260608 12:46:17.932775 26739 consensus_queue.cc:260] T 44c700c15127453aa01631b35b012255 P 411d40435f604a64914f620fd12b00b4 [NON_LEADER]: Queue going to NON_LEADER mode. State: All replicated index: 0, Majority replicated index: 0, Committed index: 0, Last appended: 0.0, Last appended by leader: 0, Current term: 0, Majority size: -1, State: 0, Mode: NON_LEADER, active raft config: opid_index: -1 OBSOLETE_local: false peers { permanent_uuid: "dd428d00a86a48a1b8a48089c2239a6e" member_type: VOTER last_known_addr { host: "127.24.50.129" port: 41065 } } peers { permanent_uuid: "00eeafcb71654914aed7b15909ac37c2" member_type: VOTER last_known_addr { host: "127.24.50.130" port: 33191 } } peers { permanent_uuid: "411d40435f604a64914f620fd12b00b4" member_type: VOTER last_known_addr { host: "127.24.50.131" port: 46261 } }
I20260608 12:46:17.934031 26740 ts_tablet_manager.cc:1434] T 44c700c15127453aa01631b35b012255 P 00eeafcb71654914aed7b15909ac37c2: Time spent starting tablet: real 0.014s	user 0.012s	sys 0.000s
I20260608 12:46:17.935452 26739 ts_tablet_manager.cc:1434] T 44c700c15127453aa01631b35b012255 P 411d40435f604a64914f620fd12b00b4: Time spent starting tablet: real 0.008s	user 0.004s	sys 0.004s
I20260608 12:46:17.936936 26739 tablet_bootstrap.cc:492] T 4f59d105f983415aa37107279bc136f0 P 411d40435f604a64914f620fd12b00b4: Bootstrap starting.
I20260608 12:46:17.939690 26740 tablet_bootstrap.cc:492] T 4f59d105f983415aa37107279bc136f0 P 00eeafcb71654914aed7b15909ac37c2: Bootstrap starting.
I20260608 12:46:17.943642 26739 tablet_bootstrap.cc:654] T 4f59d105f983415aa37107279bc136f0 P 411d40435f604a64914f620fd12b00b4: Neither blocks nor log segments found. Creating new log.
I20260608 12:46:17.946700 26740 tablet_bootstrap.cc:654] T 4f59d105f983415aa37107279bc136f0 P 00eeafcb71654914aed7b15909ac37c2: Neither blocks nor log segments found. Creating new log.
I20260608 12:46:17.951334 26738 tablet_bootstrap.cc:654] T 4f59d105f983415aa37107279bc136f0 P dd428d00a86a48a1b8a48089c2239a6e: Neither blocks nor log segments found. Creating new log.
I20260608 12:46:17.952692 26740 tablet_bootstrap.cc:492] T 4f59d105f983415aa37107279bc136f0 P 00eeafcb71654914aed7b15909ac37c2: No bootstrap required, opened a new log
I20260608 12:46:17.953215 26740 ts_tablet_manager.cc:1403] T 4f59d105f983415aa37107279bc136f0 P 00eeafcb71654914aed7b15909ac37c2: Time spent bootstrapping tablet: real 0.014s	user 0.009s	sys 0.004s
I20260608 12:46:17.954248 26739 tablet_bootstrap.cc:492] T 4f59d105f983415aa37107279bc136f0 P 411d40435f604a64914f620fd12b00b4: No bootstrap required, opened a new log
I20260608 12:46:17.954778 26739 ts_tablet_manager.cc:1403] T 4f59d105f983415aa37107279bc136f0 P 411d40435f604a64914f620fd12b00b4: Time spent bootstrapping tablet: real 0.018s	user 0.015s	sys 0.000s
I20260608 12:46:17.956071 26740 raft_consensus.cc:359] T 4f59d105f983415aa37107279bc136f0 P 00eeafcb71654914aed7b15909ac37c2 [term 0 FOLLOWER]: Replica starting. Triggering 0 pending ops. Active config: opid_index: -1 OBSOLETE_local: false peers { permanent_uuid: "dd428d00a86a48a1b8a48089c2239a6e" member_type: VOTER last_known_addr { host: "127.24.50.129" port: 41065 } } peers { permanent_uuid: "00eeafcb71654914aed7b15909ac37c2" member_type: VOTER last_known_addr { host: "127.24.50.130" port: 33191 } } peers { permanent_uuid: "411d40435f604a64914f620fd12b00b4" member_type: VOTER last_known_addr { host: "127.24.50.131" port: 46261 } }
I20260608 12:46:17.956825 26740 raft_consensus.cc:385] T 4f59d105f983415aa37107279bc136f0 P 00eeafcb71654914aed7b15909ac37c2 [term 0 FOLLOWER]: Consensus starting up: Expiring failure detector timer to make a prompt election more likely
I20260608 12:46:17.956918 26738 tablet_bootstrap.cc:492] T 4f59d105f983415aa37107279bc136f0 P dd428d00a86a48a1b8a48089c2239a6e: No bootstrap required, opened a new log
I20260608 12:46:17.957213 26740 raft_consensus.cc:740] T 4f59d105f983415aa37107279bc136f0 P 00eeafcb71654914aed7b15909ac37c2 [term 0 FOLLOWER]: Becoming Follower/Learner. State: Replica: 00eeafcb71654914aed7b15909ac37c2, State: Initialized, Role: FOLLOWER
I20260608 12:46:17.957551 26738 ts_tablet_manager.cc:1403] T 4f59d105f983415aa37107279bc136f0 P dd428d00a86a48a1b8a48089c2239a6e: Time spent bootstrapping tablet: real 0.027s	user 0.013s	sys 0.000s
I20260608 12:46:17.957209 26739 raft_consensus.cc:359] T 4f59d105f983415aa37107279bc136f0 P 411d40435f604a64914f620fd12b00b4 [term 0 FOLLOWER]: Replica starting. Triggering 0 pending ops. Active config: opid_index: -1 OBSOLETE_local: false peers { permanent_uuid: "dd428d00a86a48a1b8a48089c2239a6e" member_type: VOTER last_known_addr { host: "127.24.50.129" port: 41065 } } peers { permanent_uuid: "00eeafcb71654914aed7b15909ac37c2" member_type: VOTER last_known_addr { host: "127.24.50.130" port: 33191 } } peers { permanent_uuid: "411d40435f604a64914f620fd12b00b4" member_type: VOTER last_known_addr { host: "127.24.50.131" port: 46261 } }
I20260608 12:46:17.957962 26739 raft_consensus.cc:385] T 4f59d105f983415aa37107279bc136f0 P 411d40435f604a64914f620fd12b00b4 [term 0 FOLLOWER]: Consensus starting up: Expiring failure detector timer to make a prompt election more likely
I20260608 12:46:17.958251 26739 raft_consensus.cc:740] T 4f59d105f983415aa37107279bc136f0 P 411d40435f604a64914f620fd12b00b4 [term 0 FOLLOWER]: Becoming Follower/Learner. State: Replica: 411d40435f604a64914f620fd12b00b4, State: Initialized, Role: FOLLOWER
I20260608 12:46:17.958886 26739 consensus_queue.cc:260] T 4f59d105f983415aa37107279bc136f0 P 411d40435f604a64914f620fd12b00b4 [NON_LEADER]: Queue going to NON_LEADER mode. State: All replicated index: 0, Majority replicated index: 0, Committed index: 0, Last appended: 0.0, Last appended by leader: 0, Current term: 0, Majority size: -1, State: 0, Mode: NON_LEADER, active raft config: opid_index: -1 OBSOLETE_local: false peers { permanent_uuid: "dd428d00a86a48a1b8a48089c2239a6e" member_type: VOTER last_known_addr { host: "127.24.50.129" port: 41065 } } peers { permanent_uuid: "00eeafcb71654914aed7b15909ac37c2" member_type: VOTER last_known_addr { host: "127.24.50.130" port: 33191 } } peers { permanent_uuid: "411d40435f604a64914f620fd12b00b4" member_type: VOTER last_known_addr { host: "127.24.50.131" port: 46261 } }
I20260608 12:46:17.958581 26740 consensus_queue.cc:260] T 4f59d105f983415aa37107279bc136f0 P 00eeafcb71654914aed7b15909ac37c2 [NON_LEADER]: Queue going to NON_LEADER mode. State: All replicated index: 0, Majority replicated index: 0, Committed index: 0, Last appended: 0.0, Last appended by leader: 0, Current term: 0, Majority size: -1, State: 0, Mode: NON_LEADER, active raft config: opid_index: -1 OBSOLETE_local: false peers { permanent_uuid: "dd428d00a86a48a1b8a48089c2239a6e" member_type: VOTER last_known_addr { host: "127.24.50.129" port: 41065 } } peers { permanent_uuid: "00eeafcb71654914aed7b15909ac37c2" member_type: VOTER last_known_addr { host: "127.24.50.130" port: 33191 } } peers { permanent_uuid: "411d40435f604a64914f620fd12b00b4" member_type: VOTER last_known_addr { host: "127.24.50.131" port: 46261 } }
I20260608 12:46:17.960892 26739 ts_tablet_manager.cc:1434] T 4f59d105f983415aa37107279bc136f0 P 411d40435f604a64914f620fd12b00b4: Time spent starting tablet: real 0.006s	user 0.006s	sys 0.000s
I20260608 12:46:17.960667 26738 raft_consensus.cc:359] T 4f59d105f983415aa37107279bc136f0 P dd428d00a86a48a1b8a48089c2239a6e [term 0 FOLLOWER]: Replica starting. Triggering 0 pending ops. Active config: opid_index: -1 OBSOLETE_local: false peers { permanent_uuid: "dd428d00a86a48a1b8a48089c2239a6e" member_type: VOTER last_known_addr { host: "127.24.50.129" port: 41065 } } peers { permanent_uuid: "00eeafcb71654914aed7b15909ac37c2" member_type: VOTER last_known_addr { host: "127.24.50.130" port: 33191 } } peers { permanent_uuid: "411d40435f604a64914f620fd12b00b4" member_type: VOTER last_known_addr { host: "127.24.50.131" port: 46261 } }
I20260608 12:46:17.961483 26738 raft_consensus.cc:385] T 4f59d105f983415aa37107279bc136f0 P dd428d00a86a48a1b8a48089c2239a6e [term 0 FOLLOWER]: Consensus starting up: Expiring failure detector timer to make a prompt election more likely
I20260608 12:46:17.961788 26738 raft_consensus.cc:740] T 4f59d105f983415aa37107279bc136f0 P dd428d00a86a48a1b8a48089c2239a6e [term 0 FOLLOWER]: Becoming Follower/Learner. State: Replica: dd428d00a86a48a1b8a48089c2239a6e, State: Initialized, Role: FOLLOWER
I20260608 12:46:17.963225 26740 ts_tablet_manager.cc:1434] T 4f59d105f983415aa37107279bc136f0 P 00eeafcb71654914aed7b15909ac37c2: Time spent starting tablet: real 0.010s	user 0.003s	sys 0.004s
I20260608 12:46:17.964845 26738 consensus_queue.cc:260] T 4f59d105f983415aa37107279bc136f0 P dd428d00a86a48a1b8a48089c2239a6e [NON_LEADER]: Queue going to NON_LEADER mode. State: All replicated index: 0, Majority replicated index: 0, Committed index: 0, Last appended: 0.0, Last appended by leader: 0, Current term: 0, Majority size: -1, State: 0, Mode: NON_LEADER, active raft config: opid_index: -1 OBSOLETE_local: false peers { permanent_uuid: "dd428d00a86a48a1b8a48089c2239a6e" member_type: VOTER last_known_addr { host: "127.24.50.129" port: 41065 } } peers { permanent_uuid: "00eeafcb71654914aed7b15909ac37c2" member_type: VOTER last_known_addr { host: "127.24.50.130" port: 33191 } } peers { permanent_uuid: "411d40435f604a64914f620fd12b00b4" member_type: VOTER last_known_addr { host: "127.24.50.131" port: 46261 } }
I20260608 12:46:17.966935 26738 ts_tablet_manager.cc:1434] T 4f59d105f983415aa37107279bc136f0 P dd428d00a86a48a1b8a48089c2239a6e: Time spent starting tablet: real 0.009s	user 0.006s	sys 0.000s
I20260608 12:46:17.990020 26746 raft_consensus.cc:493] T 44c700c15127453aa01631b35b012255 P 411d40435f604a64914f620fd12b00b4 [term 0 FOLLOWER]: Starting pre-election (no leader contacted us within the election timeout)
I20260608 12:46:17.989903 26745 raft_consensus.cc:493] T 44c700c15127453aa01631b35b012255 P 00eeafcb71654914aed7b15909ac37c2 [term 0 FOLLOWER]: Starting pre-election (no leader contacted us within the election timeout)
I20260608 12:46:17.990653 26746 raft_consensus.cc:515] T 44c700c15127453aa01631b35b012255 P 411d40435f604a64914f620fd12b00b4 [term 0 FOLLOWER]: Starting pre-election with config: opid_index: -1 OBSOLETE_local: false peers { permanent_uuid: "dd428d00a86a48a1b8a48089c2239a6e" member_type: VOTER last_known_addr { host: "127.24.50.129" port: 41065 } } peers { permanent_uuid: "00eeafcb71654914aed7b15909ac37c2" member_type: VOTER last_known_addr { host: "127.24.50.130" port: 33191 } } peers { permanent_uuid: "411d40435f604a64914f620fd12b00b4" member_type: VOTER last_known_addr { host: "127.24.50.131" port: 46261 } }
I20260608 12:46:17.990744 26745 raft_consensus.cc:515] T 44c700c15127453aa01631b35b012255 P 00eeafcb71654914aed7b15909ac37c2 [term 0 FOLLOWER]: Starting pre-election with config: opid_index: -1 OBSOLETE_local: false peers { permanent_uuid: "dd428d00a86a48a1b8a48089c2239a6e" member_type: VOTER last_known_addr { host: "127.24.50.129" port: 41065 } } peers { permanent_uuid: "00eeafcb71654914aed7b15909ac37c2" member_type: VOTER last_known_addr { host: "127.24.50.130" port: 33191 } } peers { permanent_uuid: "411d40435f604a64914f620fd12b00b4" member_type: VOTER last_known_addr { host: "127.24.50.131" port: 46261 } }
I20260608 12:46:17.993247 26746 leader_election.cc:290] T 44c700c15127453aa01631b35b012255 P 411d40435f604a64914f620fd12b00b4 [CANDIDATE]: Term 1 pre-election: Requested pre-vote from peers dd428d00a86a48a1b8a48089c2239a6e (127.24.50.129:41065), 00eeafcb71654914aed7b15909ac37c2 (127.24.50.130:33191)
I20260608 12:46:17.995198 26745 leader_election.cc:290] T 44c700c15127453aa01631b35b012255 P 00eeafcb71654914aed7b15909ac37c2 [CANDIDATE]: Term 1 pre-election: Requested pre-vote from peers dd428d00a86a48a1b8a48089c2239a6e (127.24.50.129:41065), 411d40435f604a64914f620fd12b00b4 (127.24.50.131:46261)
I20260608 12:46:18.019657 26544 tablet_service.cc:1917] Received RequestConsensusVote() RPC: tablet_id: "44c700c15127453aa01631b35b012255" candidate_uuid: "00eeafcb71654914aed7b15909ac37c2" candidate_term: 1 candidate_status { last_received { term: 0 index: 0 } } ignore_live_leader: false dest_uuid: "dd428d00a86a48a1b8a48089c2239a6e" is_pre_election: true
I20260608 12:46:18.019821 26693 tablet_service.cc:1917] Received RequestConsensusVote() RPC: tablet_id: "44c700c15127453aa01631b35b012255" candidate_uuid: "00eeafcb71654914aed7b15909ac37c2" candidate_term: 1 candidate_status { last_received { term: 0 index: 0 } } ignore_live_leader: false dest_uuid: "411d40435f604a64914f620fd12b00b4" is_pre_election: true
I20260608 12:46:18.020577 26693 raft_consensus.cc:2468] T 44c700c15127453aa01631b35b012255 P 411d40435f604a64914f620fd12b00b4 [term 0 FOLLOWER]: Leader pre-election vote request: Granting yes vote for candidate 00eeafcb71654914aed7b15909ac37c2 in term 0.
I20260608 12:46:18.022207 26585 leader_election.cc:304] T 44c700c15127453aa01631b35b012255 P 00eeafcb71654914aed7b15909ac37c2 [CANDIDATE]: Term 1 pre-election: Election decided. Result: candidate won. Election summary: received 2 responses out of 3 voters: 2 yes votes; 0 no votes. yes voters: 00eeafcb71654914aed7b15909ac37c2, 411d40435f604a64914f620fd12b00b4; no voters: 
I20260608 12:46:18.023123 26745 raft_consensus.cc:2804] T 44c700c15127453aa01631b35b012255 P 00eeafcb71654914aed7b15909ac37c2 [term 0 FOLLOWER]: Leader pre-election won for term 1
I20260608 12:46:18.020490 26544 raft_consensus.cc:2468] T 44c700c15127453aa01631b35b012255 P dd428d00a86a48a1b8a48089c2239a6e [term 0 FOLLOWER]: Leader pre-election vote request: Granting yes vote for candidate 00eeafcb71654914aed7b15909ac37c2 in term 0.
I20260608 12:46:18.023483 26745 raft_consensus.cc:493] T 44c700c15127453aa01631b35b012255 P 00eeafcb71654914aed7b15909ac37c2 [term 0 FOLLOWER]: Starting leader election (no leader contacted us within the election timeout)
I20260608 12:46:18.023900 26745 raft_consensus.cc:3060] T 44c700c15127453aa01631b35b012255 P 00eeafcb71654914aed7b15909ac37c2 [term 0 FOLLOWER]: Advancing to term 1
I20260608 12:46:18.025484 26544 tablet_service.cc:1917] Received RequestConsensusVote() RPC: tablet_id: "44c700c15127453aa01631b35b012255" candidate_uuid: "411d40435f604a64914f620fd12b00b4" candidate_term: 1 candidate_status { last_received { term: 0 index: 0 } } ignore_live_leader: false dest_uuid: "dd428d00a86a48a1b8a48089c2239a6e" is_pre_election: true
I20260608 12:46:18.026089 26544 raft_consensus.cc:2468] T 44c700c15127453aa01631b35b012255 P dd428d00a86a48a1b8a48089c2239a6e [term 0 FOLLOWER]: Leader pre-election vote request: Granting yes vote for candidate 411d40435f604a64914f620fd12b00b4 in term 0.
I20260608 12:46:18.027626 26657 leader_election.cc:304] T 44c700c15127453aa01631b35b012255 P 411d40435f604a64914f620fd12b00b4 [CANDIDATE]: Term 1 pre-election: Election decided. Result: candidate won. Election summary: received 2 responses out of 3 voters: 2 yes votes; 0 no votes. yes voters: 411d40435f604a64914f620fd12b00b4, dd428d00a86a48a1b8a48089c2239a6e; no voters: 
I20260608 12:46:18.028481 26746 raft_consensus.cc:2804] T 44c700c15127453aa01631b35b012255 P 411d40435f604a64914f620fd12b00b4 [term 0 FOLLOWER]: Leader pre-election won for term 1
I20260608 12:46:18.028873 26746 raft_consensus.cc:493] T 44c700c15127453aa01631b35b012255 P 411d40435f604a64914f620fd12b00b4 [term 0 FOLLOWER]: Starting leader election (no leader contacted us within the election timeout)
I20260608 12:46:18.029274 26746 raft_consensus.cc:3060] T 44c700c15127453aa01631b35b012255 P 411d40435f604a64914f620fd12b00b4 [term 0 FOLLOWER]: Advancing to term 1
I20260608 12:46:18.029536 26619 tablet_service.cc:1917] Received RequestConsensusVote() RPC: tablet_id: "44c700c15127453aa01631b35b012255" candidate_uuid: "411d40435f604a64914f620fd12b00b4" candidate_term: 1 candidate_status { last_received { term: 0 index: 0 } } ignore_live_leader: false dest_uuid: "00eeafcb71654914aed7b15909ac37c2" is_pre_election: true
I20260608 12:46:18.030550 26745 raft_consensus.cc:515] T 44c700c15127453aa01631b35b012255 P 00eeafcb71654914aed7b15909ac37c2 [term 1 FOLLOWER]: Starting leader election with config: opid_index: -1 OBSOLETE_local: false peers { permanent_uuid: "dd428d00a86a48a1b8a48089c2239a6e" member_type: VOTER last_known_addr { host: "127.24.50.129" port: 41065 } } peers { permanent_uuid: "00eeafcb71654914aed7b15909ac37c2" member_type: VOTER last_known_addr { host: "127.24.50.130" port: 33191 } } peers { permanent_uuid: "411d40435f604a64914f620fd12b00b4" member_type: VOTER last_known_addr { host: "127.24.50.131" port: 46261 } }
I20260608 12:46:18.031559 26619 raft_consensus.cc:2393] T 44c700c15127453aa01631b35b012255 P 00eeafcb71654914aed7b15909ac37c2 [term 1 FOLLOWER]: Leader pre-election vote request: Denying vote to candidate 411d40435f604a64914f620fd12b00b4 in current term 1: Already voted for candidate 00eeafcb71654914aed7b15909ac37c2 in this term.
I20260608 12:46:18.033439 26544 tablet_service.cc:1917] Received RequestConsensusVote() RPC: tablet_id: "44c700c15127453aa01631b35b012255" candidate_uuid: "00eeafcb71654914aed7b15909ac37c2" candidate_term: 1 candidate_status { last_received { term: 0 index: 0 } } ignore_live_leader: false dest_uuid: "dd428d00a86a48a1b8a48089c2239a6e"
I20260608 12:46:18.033782 26693 tablet_service.cc:1917] Received RequestConsensusVote() RPC: tablet_id: "44c700c15127453aa01631b35b012255" candidate_uuid: "00eeafcb71654914aed7b15909ac37c2" candidate_term: 1 candidate_status { last_received { term: 0 index: 0 } } ignore_live_leader: false dest_uuid: "411d40435f604a64914f620fd12b00b4"
I20260608 12:46:18.034075 26544 raft_consensus.cc:3060] T 44c700c15127453aa01631b35b012255 P dd428d00a86a48a1b8a48089c2239a6e [term 0 FOLLOWER]: Advancing to term 1
I20260608 12:46:18.034480 26745 leader_election.cc:290] T 44c700c15127453aa01631b35b012255 P 00eeafcb71654914aed7b15909ac37c2 [CANDIDATE]: Term 1 election: Requested vote from peers dd428d00a86a48a1b8a48089c2239a6e (127.24.50.129:41065), 411d40435f604a64914f620fd12b00b4 (127.24.50.131:46261)
I20260608 12:46:18.034911 26746 raft_consensus.cc:515] T 44c700c15127453aa01631b35b012255 P 411d40435f604a64914f620fd12b00b4 [term 1 FOLLOWER]: Starting leader election with config: opid_index: -1 OBSOLETE_local: false peers { permanent_uuid: "dd428d00a86a48a1b8a48089c2239a6e" member_type: VOTER last_known_addr { host: "127.24.50.129" port: 41065 } } peers { permanent_uuid: "00eeafcb71654914aed7b15909ac37c2" member_type: VOTER last_known_addr { host: "127.24.50.130" port: 33191 } } peers { permanent_uuid: "411d40435f604a64914f620fd12b00b4" member_type: VOTER last_known_addr { host: "127.24.50.131" port: 46261 } }
I20260608 12:46:18.036062 26693 raft_consensus.cc:2393] T 44c700c15127453aa01631b35b012255 P 411d40435f604a64914f620fd12b00b4 [term 1 FOLLOWER]: Leader election vote request: Denying vote to candidate 00eeafcb71654914aed7b15909ac37c2 in current term 1: Already voted for candidate 411d40435f604a64914f620fd12b00b4 in this term.
