I20260608 12:45:55.637755 25899 raft_consensus.cc:515] T d3bca51086ab4fc4872968f8a28ead75 P 6ab33f39f12f44c9a442b6f8014400ac [term 0 FOLLOWER]: Starting pre-election with config: opid_index: -1 OBSOLETE_local: false peers { permanent_uuid: "496a1866b66048eeb9b587bc7ab55773" member_type: VOTER last_known_addr { host: "127.24.112.1" port: 33911 } } peers { permanent_uuid: "6ab33f39f12f44c9a442b6f8014400ac" member_type: VOTER last_known_addr { host: "127.24.112.2" port: 44121 } } peers { permanent_uuid: "f34bed9656ea45c8853b36e0214f8b79" member_type: VOTER last_known_addr { host: "127.24.112.3" port: 34983 } }
I20260608 12:45:55.639360 25899 leader_election.cc:290] T d3bca51086ab4fc4872968f8a28ead75 P 6ab33f39f12f44c9a442b6f8014400ac [CANDIDATE]: Term 1 pre-election: Requested pre-vote from peers 496a1866b66048eeb9b587bc7ab55773 (127.24.112.1:33911), f34bed9656ea45c8853b36e0214f8b79 (127.24.112.3:34983)
I20260608 12:45:55.645248 25846 tablet_service.cc:1917] Received RequestConsensusVote() RPC: tablet_id: "333e787ee4c54dcc9e7c7e01e5197d8b" candidate_uuid: "496a1866b66048eeb9b587bc7ab55773" candidate_term: 1 candidate_status { last_received { term: 0 index: 0 } } ignore_live_leader: false dest_uuid: "f34bed9656ea45c8853b36e0214f8b79"
I20260608 12:45:55.645844 25846 raft_consensus.cc:3060] T 333e787ee4c54dcc9e7c7e01e5197d8b P f34bed9656ea45c8853b36e0214f8b79 [term 0 FOLLOWER]: Advancing to term 1
I20260608 12:45:55.645994 25895 ts_tablet_manager.cc:1434] T 37cb7e79682d40e9983ce1bc18d68bae P 496a1866b66048eeb9b587bc7ab55773: Time spent starting tablet: real 0.052s	user 0.011s	sys 0.020s
I20260608 12:45:55.650079 25895 tablet_bootstrap.cc:492] T 4b9ab09c2b474d88b2eb1157d95fce37 P 496a1866b66048eeb9b587bc7ab55773: Bootstrap starting.
I20260608 12:45:55.651134 25899 raft_consensus.cc:493] T d285262e68c64be69b3ac6d4170ede1e P 6ab33f39f12f44c9a442b6f8014400ac [term 0 FOLLOWER]: Starting pre-election (no leader contacted us within the election timeout)
I20260608 12:45:55.654384 25901 raft_consensus.cc:515] T ac30706498ff40edbc18fe7d08b8aa35 P 496a1866b66048eeb9b587bc7ab55773 [term 1 FOLLOWER]: Starting leader election with config: opid_index: -1 OBSOLETE_local: false peers { permanent_uuid: "f34bed9656ea45c8853b36e0214f8b79" member_type: VOTER last_known_addr { host: "127.24.112.3" port: 34983 } } peers { permanent_uuid: "496a1866b66048eeb9b587bc7ab55773" member_type: VOTER last_known_addr { host: "127.24.112.1" port: 33911 } } peers { permanent_uuid: "6ab33f39f12f44c9a442b6f8014400ac" member_type: VOTER last_known_addr { host: "127.24.112.2" port: 44121 } }
I20260608 12:45:55.656787 25901 leader_election.cc:290] T ac30706498ff40edbc18fe7d08b8aa35 P 496a1866b66048eeb9b587bc7ab55773 [CANDIDATE]: Term 1 election: Requested vote from peers f34bed9656ea45c8853b36e0214f8b79 (127.24.112.3:34983), 6ab33f39f12f44c9a442b6f8014400ac (127.24.112.2:44121)
I20260608 12:45:55.657512 25847 tablet_service.cc:1917] Received RequestConsensusVote() RPC: tablet_id: "ac30706498ff40edbc18fe7d08b8aa35" candidate_uuid: "496a1866b66048eeb9b587bc7ab55773" candidate_term: 1 candidate_status { last_received { term: 0 index: 0 } } ignore_live_leader: false dest_uuid: "f34bed9656ea45c8853b36e0214f8b79"
I20260608 12:45:55.658120 25847 raft_consensus.cc:3060] T ac30706498ff40edbc18fe7d08b8aa35 P f34bed9656ea45c8853b36e0214f8b79 [term 0 FOLLOWER]: Advancing to term 1
I20260608 12:45:55.657429 25899 raft_consensus.cc:515] T d285262e68c64be69b3ac6d4170ede1e P 6ab33f39f12f44c9a442b6f8014400ac [term 0 FOLLOWER]: Starting pre-election with config: opid_index: -1 OBSOLETE_local: false peers { permanent_uuid: "496a1866b66048eeb9b587bc7ab55773" member_type: VOTER last_known_addr { host: "127.24.112.1" port: 33911 } } peers { permanent_uuid: "6ab33f39f12f44c9a442b6f8014400ac" member_type: VOTER last_known_addr { host: "127.24.112.2" port: 44121 } } peers { permanent_uuid: "f34bed9656ea45c8853b36e0214f8b79" member_type: VOTER last_known_addr { host: "127.24.112.3" port: 34983 } }
I20260608 12:45:55.661831 25893 tablet_bootstrap.cc:654] T 4b9ab09c2b474d88b2eb1157d95fce37 P 6ab33f39f12f44c9a442b6f8014400ac: Neither blocks nor log segments found. Creating new log.
I20260608 12:45:55.662782 25899 leader_election.cc:290] T d285262e68c64be69b3ac6d4170ede1e P 6ab33f39f12f44c9a442b6f8014400ac [CANDIDATE]: Term 1 pre-election: Requested pre-vote from peers 496a1866b66048eeb9b587bc7ab55773 (127.24.112.1:33911), f34bed9656ea45c8853b36e0214f8b79 (127.24.112.3:34983)
I20260608 12:45:55.664247 25773 tablet_service.cc:1917] Received RequestConsensusVote() RPC: tablet_id: "333e787ee4c54dcc9e7c7e01e5197d8b" candidate_uuid: "496a1866b66048eeb9b587bc7ab55773" candidate_term: 1 candidate_status { last_received { term: 0 index: 0 } } ignore_live_leader: false dest_uuid: "6ab33f39f12f44c9a442b6f8014400ac" is_pre_election: true
I20260608 12:45:55.664721 25773 raft_consensus.cc:2468] T 333e787ee4c54dcc9e7c7e01e5197d8b P 6ab33f39f12f44c9a442b6f8014400ac [term 0 FOLLOWER]: Leader pre-election vote request: Granting yes vote for candidate 496a1866b66048eeb9b587bc7ab55773 in term 0.
I20260608 12:45:55.665542 25847 raft_consensus.cc:2468] T ac30706498ff40edbc18fe7d08b8aa35 P f34bed9656ea45c8853b36e0214f8b79 [term 1 FOLLOWER]: Leader election vote request: Granting yes vote for candidate 496a1866b66048eeb9b587bc7ab55773 in term 1.
I20260608 12:45:55.665895 25773 tablet_service.cc:1917] Received RequestConsensusVote() RPC: tablet_id: "ac30706498ff40edbc18fe7d08b8aa35" candidate_uuid: "496a1866b66048eeb9b587bc7ab55773" candidate_term: 1 candidate_status { last_received { term: 0 index: 0 } } ignore_live_leader: false dest_uuid: "6ab33f39f12f44c9a442b6f8014400ac" is_pre_election: true
I20260608 12:45:55.666347 25772 tablet_service.cc:1917] Received RequestConsensusVote() RPC: tablet_id: "333e787ee4c54dcc9e7c7e01e5197d8b" candidate_uuid: "496a1866b66048eeb9b587bc7ab55773" candidate_term: 1 candidate_status { last_received { term: 0 index: 0 } } ignore_live_leader: false dest_uuid: "6ab33f39f12f44c9a442b6f8014400ac"
I20260608 12:45:55.666611 25773 raft_consensus.cc:2468] T ac30706498ff40edbc18fe7d08b8aa35 P 6ab33f39f12f44c9a442b6f8014400ac [term 0 FOLLOWER]: Leader pre-election vote request: Granting yes vote for candidate 496a1866b66048eeb9b587bc7ab55773 in term 0.
I20260608 12:45:55.666952 25661 leader_election.cc:304] T ac30706498ff40edbc18fe7d08b8aa35 P 496a1866b66048eeb9b587bc7ab55773 [CANDIDATE]: Term 1 election: Election decided. Result: candidate won. Election summary: received 2 responses out of 3 voters: 2 yes votes; 0 no votes. yes voters: 496a1866b66048eeb9b587bc7ab55773, f34bed9656ea45c8853b36e0214f8b79; no voters: 
I20260608 12:45:55.667032 25772 raft_consensus.cc:3060] T 333e787ee4c54dcc9e7c7e01e5197d8b P 6ab33f39f12f44c9a442b6f8014400ac [term 0 FOLLOWER]: Advancing to term 1
I20260608 12:45:55.667948 25924 raft_consensus.cc:2804] T ac30706498ff40edbc18fe7d08b8aa35 P 496a1866b66048eeb9b587bc7ab55773 [term 1 FOLLOWER]: Leader election won for term 1
I20260608 12:45:55.668154 25773 tablet_service.cc:1917] Received RequestConsensusVote() RPC: tablet_id: "ac30706498ff40edbc18fe7d08b8aa35" candidate_uuid: "496a1866b66048eeb9b587bc7ab55773" candidate_term: 1 candidate_status { last_received { term: 0 index: 0 } } ignore_live_leader: false dest_uuid: "6ab33f39f12f44c9a442b6f8014400ac"
I20260608 12:45:55.668845 25773 raft_consensus.cc:3060] T ac30706498ff40edbc18fe7d08b8aa35 P 6ab33f39f12f44c9a442b6f8014400ac [term 0 FOLLOWER]: Advancing to term 1
I20260608 12:45:55.668913 25924 raft_consensus.cc:697] T ac30706498ff40edbc18fe7d08b8aa35 P 496a1866b66048eeb9b587bc7ab55773 [term 1 LEADER]: Becoming Leader. State: Replica: 496a1866b66048eeb9b587bc7ab55773, State: Running, Role: LEADER
I20260608 12:45:55.668103 25649 auto_leader_rebalancer.cc:140] leader rebalance for table test-workload
W20260608 12:45:55.670339 25644 auto_rebalancer.cc:259] Could not retrieve cluster info: Service unavailable: Tablet not running
W20260608 12:45:55.670881 25649 auto_leader_rebalancer.cc:460] the master instance isn't leader: Service unavailable: Tablet not running
I20260608 12:45:55.674291 25846 raft_consensus.cc:2468] T 333e787ee4c54dcc9e7c7e01e5197d8b P f34bed9656ea45c8853b36e0214f8b79 [term 1 FOLLOWER]: Leader election vote request: Granting yes vote for candidate 496a1866b66048eeb9b587bc7ab55773 in term 1.
I20260608 12:45:55.674475 25698 tablet_service.cc:1917] Received RequestConsensusVote() RPC: tablet_id: "626a2116126d49c48126f37c45f0cdfb" candidate_uuid: "6ab33f39f12f44c9a442b6f8014400ac" candidate_term: 1 candidate_status { last_received { term: 0 index: 0 } } ignore_live_leader: false dest_uuid: "496a1866b66048eeb9b587bc7ab55773" is_pre_election: true
I20260608 12:45:55.675599 25661 leader_election.cc:304] T 333e787ee4c54dcc9e7c7e01e5197d8b P 496a1866b66048eeb9b587bc7ab55773 [CANDIDATE]: Term 1 election: Election decided. Result: candidate won. Election summary: received 2 responses out of 3 voters: 2 yes votes; 0 no votes. yes voters: 496a1866b66048eeb9b587bc7ab55773, f34bed9656ea45c8853b36e0214f8b79; no voters: 
I20260608 12:45:55.677352 25895 tablet_bootstrap.cc:654] T 4b9ab09c2b474d88b2eb1157d95fce37 P 496a1866b66048eeb9b587bc7ab55773: Neither blocks nor log segments found. Creating new log.
I20260608 12:45:55.678740 25696 tablet_service.cc:1917] Received RequestConsensusVote() RPC: tablet_id: "d285262e68c64be69b3ac6d4170ede1e" candidate_uuid: "6ab33f39f12f44c9a442b6f8014400ac" candidate_term: 1 candidate_status { last_received { term: 0 index: 0 } } ignore_live_leader: false dest_uuid: "496a1866b66048eeb9b587bc7ab55773" is_pre_election: true
I20260608 12:45:55.680684 25922 raft_consensus.cc:2804] T 333e787ee4c54dcc9e7c7e01e5197d8b P 496a1866b66048eeb9b587bc7ab55773 [term 1 FOLLOWER]: Leader election won for term 1
I20260608 12:45:55.680588 25697 tablet_service.cc:1917] Received RequestConsensusVote() RPC: tablet_id: "d3bca51086ab4fc4872968f8a28ead75" candidate_uuid: "6ab33f39f12f44c9a442b6f8014400ac" candidate_term: 1 candidate_status { last_received { term: 0 index: 0 } } ignore_live_leader: false dest_uuid: "496a1866b66048eeb9b587bc7ab55773" is_pre_election: true
I20260608 12:45:55.671589 25924 consensus_queue.cc:237] T ac30706498ff40edbc18fe7d08b8aa35 P 496a1866b66048eeb9b587bc7ab55773 [LEADER]: Queue going to LEADER mode. State: All replicated index: 0, Majority replicated index: 0, Committed index: 0, Last appended: 0.0, Last appended by leader: 0, Current term: 1, Majority size: 2, State: 0, Mode: LEADER, active raft config: opid_index: -1 OBSOLETE_local: false peers { permanent_uuid: "f34bed9656ea45c8853b36e0214f8b79" member_type: VOTER last_known_addr { host: "127.24.112.3" port: 34983 } } peers { permanent_uuid: "496a1866b66048eeb9b587bc7ab55773" member_type: VOTER last_known_addr { host: "127.24.112.1" port: 33911 } } peers { permanent_uuid: "6ab33f39f12f44c9a442b6f8014400ac" member_type: VOTER last_known_addr { host: "127.24.112.2" port: 44121 } }
I20260608 12:45:55.682276 25845 tablet_service.cc:1917] Received RequestConsensusVote() RPC: tablet_id: "ac30706498ff40edbc18fe7d08b8aa35" candidate_uuid: "6ab33f39f12f44c9a442b6f8014400ac" candidate_term: 1 candidate_status { last_received { term: 0 index: 0 } } ignore_live_leader: false dest_uuid: "f34bed9656ea45c8853b36e0214f8b79" is_pre_election: true
I20260608 12:45:55.679324 25844 tablet_service.cc:1917] Received RequestConsensusVote() RPC: tablet_id: "d3bca51086ab4fc4872968f8a28ead75" candidate_uuid: "6ab33f39f12f44c9a442b6f8014400ac" candidate_term: 1 candidate_status { last_received { term: 0 index: 0 } } ignore_live_leader: false dest_uuid: "f34bed9656ea45c8853b36e0214f8b79" is_pre_election: true
I20260608 12:45:55.684255 25845 raft_consensus.cc:2393] T ac30706498ff40edbc18fe7d08b8aa35 P f34bed9656ea45c8853b36e0214f8b79 [term 1 FOLLOWER]: Leader pre-election vote request: Denying vote to candidate 6ab33f39f12f44c9a442b6f8014400ac in current term 1: Already voted for candidate 496a1866b66048eeb9b587bc7ab55773 in this term.
I20260608 12:45:55.684561 25844 raft_consensus.cc:2468] T d3bca51086ab4fc4872968f8a28ead75 P f34bed9656ea45c8853b36e0214f8b79 [term 0 FOLLOWER]: Leader pre-election vote request: Granting yes vote for candidate 6ab33f39f12f44c9a442b6f8014400ac in term 0.
I20260608 12:45:55.684770 25773 raft_consensus.cc:2468] T ac30706498ff40edbc18fe7d08b8aa35 P 6ab33f39f12f44c9a442b6f8014400ac [term 1 FOLLOWER]: Leader election vote request: Granting yes vote for candidate 496a1866b66048eeb9b587bc7ab55773 in term 1.
I20260608 12:45:55.685701 25697 raft_consensus.cc:2468] T d3bca51086ab4fc4872968f8a28ead75 P 496a1866b66048eeb9b587bc7ab55773 [term 0 FOLLOWER]: Leader pre-election vote request: Granting yes vote for candidate 6ab33f39f12f44c9a442b6f8014400ac in term 0.
I20260608 12:45:55.683353 25698 tablet_service.cc:1917] Received RequestConsensusVote() RPC: tablet_id: "ac30706498ff40edbc18fe7d08b8aa35" candidate_uuid: "6ab33f39f12f44c9a442b6f8014400ac" candidate_term: 1 candidate_status { last_received { term: 0 index: 0 } } ignore_live_leader: false dest_uuid: "496a1866b66048eeb9b587bc7ab55773" is_pre_election: true
I20260608 12:45:55.686983 25844 tablet_service.cc:1917] Received RequestConsensusVote() RPC: tablet_id: "d285262e68c64be69b3ac6d4170ede1e" candidate_uuid: "6ab33f39f12f44c9a442b6f8014400ac" candidate_term: 1 candidate_status { last_received { term: 0 index: 0 } } ignore_live_leader: false dest_uuid: "f34bed9656ea45c8853b36e0214f8b79" is_pre_election: true
I20260608 12:45:55.687939 25844 raft_consensus.cc:2468] T d285262e68c64be69b3ac6d4170ede1e P f34bed9656ea45c8853b36e0214f8b79 [term 0 FOLLOWER]: Leader pre-election vote request: Granting yes vote for candidate 6ab33f39f12f44c9a442b6f8014400ac in term 0.
I20260608 12:45:55.688282 25922 raft_consensus.cc:697] T 333e787ee4c54dcc9e7c7e01e5197d8b P 496a1866b66048eeb9b587bc7ab55773 [term 1 LEADER]: Becoming Leader. State: Replica: 496a1866b66048eeb9b587bc7ab55773, State: Running, Role: LEADER
I20260608 12:45:55.689270 25922 consensus_queue.cc:237] T 333e787ee4c54dcc9e7c7e01e5197d8b P 496a1866b66048eeb9b587bc7ab55773 [LEADER]: Queue going to LEADER mode. State: All replicated index: 0, Majority replicated index: 0, Committed index: 0, Last appended: 0.0, Last appended by leader: 0, Current term: 1, Majority size: 2, State: 0, Mode: LEADER, active raft config: opid_index: -1 OBSOLETE_local: false peers { permanent_uuid: "496a1866b66048eeb9b587bc7ab55773" member_type: VOTER last_known_addr { host: "127.24.112.1" port: 33911 } } peers { permanent_uuid: "6ab33f39f12f44c9a442b6f8014400ac" member_type: VOTER last_known_addr { host: "127.24.112.2" port: 44121 } } peers { permanent_uuid: "f34bed9656ea45c8853b36e0214f8b79" member_type: VOTER last_known_addr { host: "127.24.112.3" port: 34983 } }
I20260608 12:45:55.691771 25847 tablet_service.cc:1917] Received RequestConsensusVote() RPC: tablet_id: "626a2116126d49c48126f37c45f0cdfb" candidate_uuid: "6ab33f39f12f44c9a442b6f8014400ac" candidate_term: 1 candidate_status { last_received { term: 0 index: 0 } } ignore_live_leader: false dest_uuid: "f34bed9656ea45c8853b36e0214f8b79" is_pre_election: true
I20260608 12:45:55.693240 25847 raft_consensus.cc:2468] T 626a2116126d49c48126f37c45f0cdfb P f34bed9656ea45c8853b36e0214f8b79 [term 0 FOLLOWER]: Leader pre-election vote request: Granting yes vote for candidate 6ab33f39f12f44c9a442b6f8014400ac in term 0.
I20260608 12:45:55.695734 25772 raft_consensus.cc:2468] T 333e787ee4c54dcc9e7c7e01e5197d8b P 6ab33f39f12f44c9a442b6f8014400ac [term 1 FOLLOWER]: Leader election vote request: Granting yes vote for candidate 496a1866b66048eeb9b587bc7ab55773 in term 1.
W20260608 12:45:55.696235 25736 leader_election.cc:343] T 626a2116126d49c48126f37c45f0cdfb P 6ab33f39f12f44c9a442b6f8014400ac [CANDIDATE]: Term 1 pre-election: Tablet error from VoteRequest() call to peer 496a1866b66048eeb9b587bc7ab55773 (127.24.112.1:33911): Illegal state: must be running to vote when last-logged opid is not known
I20260608 12:45:55.700531 25736 leader_election.cc:304] T d3bca51086ab4fc4872968f8a28ead75 P 6ab33f39f12f44c9a442b6f8014400ac [CANDIDATE]: Term 1 pre-election: Election decided. Result: candidate won. Election summary: received 2 responses out of 3 voters: 2 yes votes; 0 no votes. yes voters: 6ab33f39f12f44c9a442b6f8014400ac, f34bed9656ea45c8853b36e0214f8b79; no voters: 
I20260608 12:45:55.701610 25736 leader_election.cc:304] T d285262e68c64be69b3ac6d4170ede1e P 6ab33f39f12f44c9a442b6f8014400ac [CANDIDATE]: Term 1 pre-election: Election decided. Result: candidate won. Election summary: received 2 responses out of 3 voters: 2 yes votes; 0 no votes. yes voters: 6ab33f39f12f44c9a442b6f8014400ac, f34bed9656ea45c8853b36e0214f8b79; no voters: 
I20260608 12:45:55.702332 25736 leader_election.cc:304] T 626a2116126d49c48126f37c45f0cdfb P 6ab33f39f12f44c9a442b6f8014400ac [CANDIDATE]: Term 1 pre-election: Election decided. Result: candidate won. Election summary: received 3 responses out of 3 voters: 2 yes votes; 1 no votes. yes voters: 6ab33f39f12f44c9a442b6f8014400ac, f34bed9656ea45c8853b36e0214f8b79; no voters: 496a1866b66048eeb9b587bc7ab55773
I20260608 12:45:55.702565 25925 raft_consensus.cc:2804] T d285262e68c64be69b3ac6d4170ede1e P 6ab33f39f12f44c9a442b6f8014400ac [term 0 FOLLOWER]: Leader pre-election won for term 1
I20260608 12:45:55.703326 25899 raft_consensus.cc:2804] T d3bca51086ab4fc4872968f8a28ead75 P 6ab33f39f12f44c9a442b6f8014400ac [term 0 FOLLOWER]: Leader pre-election won for term 1
I20260608 12:45:55.703823 25899 raft_consensus.cc:493] T d3bca51086ab4fc4872968f8a28ead75 P 6ab33f39f12f44c9a442b6f8014400ac [term 0 FOLLOWER]: Starting leader election (no leader contacted us within the election timeout)
I20260608 12:45:55.704296 25899 raft_consensus.cc:3060] T d3bca51086ab4fc4872968f8a28ead75 P 6ab33f39f12f44c9a442b6f8014400ac [term 0 FOLLOWER]: Advancing to term 1
I20260608 12:45:55.705533 25895 tablet_bootstrap.cc:492] T 4b9ab09c2b474d88b2eb1157d95fce37 P 496a1866b66048eeb9b587bc7ab55773: No bootstrap required, opened a new log
I20260608 12:45:55.705982 25895 ts_tablet_manager.cc:1403] T 4b9ab09c2b474d88b2eb1157d95fce37 P 496a1866b66048eeb9b587bc7ab55773: Time spent bootstrapping tablet: real 0.057s	user 0.008s	sys 0.012s
I20260608 12:45:55.708169 25925 raft_consensus.cc:493] T d285262e68c64be69b3ac6d4170ede1e P 6ab33f39f12f44c9a442b6f8014400ac [term 0 FOLLOWER]: Starting leader election (no leader contacted us within the election timeout)
I20260608 12:45:55.708832 25925 raft_consensus.cc:3060] T d285262e68c64be69b3ac6d4170ede1e P 6ab33f39f12f44c9a442b6f8014400ac [term 0 FOLLOWER]: Advancing to term 1
I20260608 12:45:55.708351 25895 raft_consensus.cc:359] T 4b9ab09c2b474d88b2eb1157d95fce37 P 496a1866b66048eeb9b587bc7ab55773 [term 0 FOLLOWER]: Replica starting. Triggering 0 pending ops. Active config: opid_index: -1 OBSOLETE_local: false peers { permanent_uuid: "496a1866b66048eeb9b587bc7ab55773" member_type: VOTER last_known_addr { host: "127.24.112.1" port: 33911 } } peers { permanent_uuid: "6ab33f39f12f44c9a442b6f8014400ac" member_type: VOTER last_known_addr { host: "127.24.112.2" port: 44121 } } peers { permanent_uuid: "f34bed9656ea45c8853b36e0214f8b79" member_type: VOTER last_known_addr { host: "127.24.112.3" port: 34983 } }
I20260608 12:45:55.709625 25895 raft_consensus.cc:385] T 4b9ab09c2b474d88b2eb1157d95fce37 P 496a1866b66048eeb9b587bc7ab55773 [term 0 FOLLOWER]: Consensus starting up: Expiring failure detector timer to make a prompt election more likely
I20260608 12:45:55.710206 25895 raft_consensus.cc:740] T 4b9ab09c2b474d88b2eb1157d95fce37 P 496a1866b66048eeb9b587bc7ab55773 [term 0 FOLLOWER]: Becoming Follower/Learner. State: Replica: 496a1866b66048eeb9b587bc7ab55773, State: Initialized, Role: FOLLOWER
I20260608 12:45:55.711906 25895 consensus_queue.cc:260] T 4b9ab09c2b474d88b2eb1157d95fce37 P 496a1866b66048eeb9b587bc7ab55773 [NON_LEADER]: Queue going to NON_LEADER mode. State: All replicated index: 0, Majority replicated index: 0, Committed index: 0, Last appended: 0.0, Last appended by leader: 0, Current term: 0, Majority size: -1, State: 0, Mode: NON_LEADER, active raft config: opid_index: -1 OBSOLETE_local: false peers { permanent_uuid: "496a1866b66048eeb9b587bc7ab55773" member_type: VOTER last_known_addr { host: "127.24.112.1" port: 33911 } } peers { permanent_uuid: "6ab33f39f12f44c9a442b6f8014400ac" member_type: VOTER last_known_addr { host: "127.24.112.2" port: 44121 } } peers { permanent_uuid: "f34bed9656ea45c8853b36e0214f8b79" member_type: VOTER last_known_addr { host: "127.24.112.3" port: 34983 } }
W20260608 12:45:55.717500 25736 leader_election.cc:343] T d285262e68c64be69b3ac6d4170ede1e P 6ab33f39f12f44c9a442b6f8014400ac [CANDIDATE]: Term 1 pre-election: Tablet error from VoteRequest() call to peer 496a1866b66048eeb9b587bc7ab55773 (127.24.112.1:33911): Illegal state: must be running to vote when last-logged opid is not known
I20260608 12:45:55.718521 25893 tablet_bootstrap.cc:492] T 4b9ab09c2b474d88b2eb1157d95fce37 P 6ab33f39f12f44c9a442b6f8014400ac: No bootstrap required, opened a new log
I20260608 12:45:55.718873 25895 ts_tablet_manager.cc:1434] T 4b9ab09c2b474d88b2eb1157d95fce37 P 496a1866b66048eeb9b587bc7ab55773: Time spent starting tablet: real 0.013s	user 0.007s	sys 0.002s
I20260608 12:45:55.719053 25893 ts_tablet_manager.cc:1403] T 4b9ab09c2b474d88b2eb1157d95fce37 P 6ab33f39f12f44c9a442b6f8014400ac: Time spent bootstrapping tablet: real 0.116s	user 0.010s	sys 0.005s
I20260608 12:45:55.719928 25895 tablet_bootstrap.cc:492] T d285262e68c64be69b3ac6d4170ede1e P 496a1866b66048eeb9b587bc7ab55773: Bootstrap starting.
I20260608 12:45:55.719872 25736 leader_election.cc:304] T ac30706498ff40edbc18fe7d08b8aa35 P 6ab33f39f12f44c9a442b6f8014400ac [CANDIDATE]: Term 1 pre-election: Election decided. Result: candidate lost. Election summary: received 3 responses out of 3 voters: 1 yes votes; 2 no votes. yes voters: 6ab33f39f12f44c9a442b6f8014400ac; no voters: 496a1866b66048eeb9b587bc7ab55773, f34bed9656ea45c8853b36e0214f8b79
I20260608 12:45:55.721764 25925 raft_consensus.cc:515] T d285262e68c64be69b3ac6d4170ede1e P 6ab33f39f12f44c9a442b6f8014400ac [term 1 FOLLOWER]: Starting leader election with config: opid_index: -1 OBSOLETE_local: false peers { permanent_uuid: "496a1866b66048eeb9b587bc7ab55773" member_type: VOTER last_known_addr { host: "127.24.112.1" port: 33911 } } peers { permanent_uuid: "6ab33f39f12f44c9a442b6f8014400ac" member_type: VOTER last_known_addr { host: "127.24.112.2" port: 44121 } } peers { permanent_uuid: "f34bed9656ea45c8853b36e0214f8b79" member_type: VOTER last_known_addr { host: "127.24.112.3" port: 34983 } }
I20260608 12:45:55.722348 25899 raft_consensus.cc:515] T d3bca51086ab4fc4872968f8a28ead75 P 6ab33f39f12f44c9a442b6f8014400ac [term 1 FOLLOWER]: Starting leader election with config: opid_index: -1 OBSOLETE_local: false peers { permanent_uuid: "496a1866b66048eeb9b587bc7ab55773" member_type: VOTER last_known_addr { host: "127.24.112.1" port: 33911 } } peers { permanent_uuid: "6ab33f39f12f44c9a442b6f8014400ac" member_type: VOTER last_known_addr { host: "127.24.112.2" port: 44121 } } peers { permanent_uuid: "f34bed9656ea45c8853b36e0214f8b79" member_type: VOTER last_known_addr { host: "127.24.112.3" port: 34983 } }
I20260608 12:45:55.723842 25893 raft_consensus.cc:359] T 4b9ab09c2b474d88b2eb1157d95fce37 P 6ab33f39f12f44c9a442b6f8014400ac [term 0 FOLLOWER]: Replica starting. Triggering 0 pending ops. Active config: opid_index: -1 OBSOLETE_local: false peers { permanent_uuid: "496a1866b66048eeb9b587bc7ab55773" member_type: VOTER last_known_addr { host: "127.24.112.1" port: 33911 } } peers { permanent_uuid: "6ab33f39f12f44c9a442b6f8014400ac" member_type: VOTER last_known_addr { host: "127.24.112.2" port: 44121 } } peers { permanent_uuid: "f34bed9656ea45c8853b36e0214f8b79" member_type: VOTER last_known_addr { host: "127.24.112.3" port: 34983 } }
I20260608 12:45:55.724817 25893 raft_consensus.cc:385] T 4b9ab09c2b474d88b2eb1157d95fce37 P 6ab33f39f12f44c9a442b6f8014400ac [term 0 FOLLOWER]: Consensus starting up: Expiring failure detector timer to make a prompt election more likely
I20260608 12:45:55.725148 25893 raft_consensus.cc:740] T 4b9ab09c2b474d88b2eb1157d95fce37 P 6ab33f39f12f44c9a442b6f8014400ac [term 0 FOLLOWER]: Becoming Follower/Learner. State: Replica: 6ab33f39f12f44c9a442b6f8014400ac, State: Initialized, Role: FOLLOWER
I20260608 12:45:55.725690 25594 catalog_manager.cc:5696] T ac30706498ff40edbc18fe7d08b8aa35 P 496a1866b66048eeb9b587bc7ab55773 reported cstate change: term changed from 0 to 1, leader changed from <none> to 496a1866b66048eeb9b587bc7ab55773 (127.24.112.1). New cstate: current_term: 1 leader_uuid: "496a1866b66048eeb9b587bc7ab55773" committed_config { opid_index: -1 OBSOLETE_local: false peers { permanent_uuid: "f34bed9656ea45c8853b36e0214f8b79" member_type: VOTER last_known_addr { host: "127.24.112.3" port: 34983 } health_report { overall_health: UNKNOWN } } peers { permanent_uuid: "496a1866b66048eeb9b587bc7ab55773" member_type: VOTER last_known_addr { host: "127.24.112.1" port: 33911 } health_report { overall_health: HEALTHY } } peers { permanent_uuid: "6ab33f39f12f44c9a442b6f8014400ac" member_type: VOTER last_known_addr { host: "127.24.112.2" port: 44121 } health_report { overall_health: UNKNOWN } } }
I20260608 12:45:55.726468 25893 consensus_queue.cc:260] T 4b9ab09c2b474d88b2eb1157d95fce37 P 6ab33f39f12f44c9a442b6f8014400ac [NON_LEADER]: Queue going to NON_LEADER mode. State: All replicated index: 0, Majority replicated index: 0, Committed index: 0, Last appended: 0.0, Last appended by leader: 0, Current term: 0, Majority size: -1, State: 0, Mode: NON_LEADER, active raft config: opid_index: -1 OBSOLETE_local: false peers { permanent_uuid: "496a1866b66048eeb9b587bc7ab55773" member_type: VOTER last_known_addr { host: "127.24.112.1" port: 33911 } } peers { permanent_uuid: "6ab33f39f12f44c9a442b6f8014400ac" member_type: VOTER last_known_addr { host: "127.24.112.2" port: 44121 } } peers { permanent_uuid: "f34bed9656ea45c8853b36e0214f8b79" member_type: VOTER last_known_addr { host: "127.24.112.3" port: 34983 } }
I20260608 12:45:55.726403 25930 raft_consensus.cc:2804] T 626a2116126d49c48126f37c45f0cdfb P 6ab33f39f12f44c9a442b6f8014400ac [term 0 FOLLOWER]: Leader pre-election won for term 1
I20260608 12:45:55.728127 25899 leader_election.cc:290] T d3bca51086ab4fc4872968f8a28ead75 P 6ab33f39f12f44c9a442b6f8014400ac [CANDIDATE]: Term 1 election: Requested vote from peers 496a1866b66048eeb9b587bc7ab55773 (127.24.112.1:33911), f34bed9656ea45c8853b36e0214f8b79 (127.24.112.3:34983)
I20260608 12:45:55.728581 25930 raft_consensus.cc:493] T 626a2116126d49c48126f37c45f0cdfb P 6ab33f39f12f44c9a442b6f8014400ac [term 0 FOLLOWER]: Starting leader election (no leader contacted us within the election timeout)
I20260608 12:45:55.729066 25899 raft_consensus.cc:2749] T ac30706498ff40edbc18fe7d08b8aa35 P 6ab33f39f12f44c9a442b6f8014400ac [term 1 FOLLOWER]: Leader pre-election lost for term 1. Reason: could not achieve majority
I20260608 12:45:55.729655 25925 leader_election.cc:290] T d285262e68c64be69b3ac6d4170ede1e P 6ab33f39f12f44c9a442b6f8014400ac [CANDIDATE]: Term 1 election: Requested vote from peers 496a1866b66048eeb9b587bc7ab55773 (127.24.112.1:33911), f34bed9656ea45c8853b36e0214f8b79 (127.24.112.3:34983)
I20260608 12:45:55.730130 25698 tablet_service.cc:1917] Received RequestConsensusVote() RPC: tablet_id: "d3bca51086ab4fc4872968f8a28ead75" candidate_uuid: "6ab33f39f12f44c9a442b6f8014400ac" candidate_term: 1 candidate_status { last_received { term: 0 index: 0 } } ignore_live_leader: false dest_uuid: "496a1866b66048eeb9b587bc7ab55773"
I20260608 12:45:55.730892 25698 raft_consensus.cc:3060] T d3bca51086ab4fc4872968f8a28ead75 P 496a1866b66048eeb9b587bc7ab55773 [term 0 FOLLOWER]: Advancing to term 1
I20260608 12:45:55.731240 25847 tablet_service.cc:1917] Received RequestConsensusVote() RPC: tablet_id: "d3bca51086ab4fc4872968f8a28ead75" candidate_uuid: "6ab33f39f12f44c9a442b6f8014400ac" candidate_term: 1 candidate_status { last_received { term: 0 index: 0 } } ignore_live_leader: false dest_uuid: "f34bed9656ea45c8853b36e0214f8b79"
I20260608 12:45:55.732012 25847 raft_consensus.cc:3060] T d3bca51086ab4fc4872968f8a28ead75 P f34bed9656ea45c8853b36e0214f8b79 [term 0 FOLLOWER]: Advancing to term 1
I20260608 12:45:55.729072 25930 raft_consensus.cc:3060] T 626a2116126d49c48126f37c45f0cdfb P 6ab33f39f12f44c9a442b6f8014400ac [term 0 FOLLOWER]: Advancing to term 1
I20260608 12:45:55.739781 25844 tablet_service.cc:1917] Received RequestConsensusVote() RPC: tablet_id: "d285262e68c64be69b3ac6d4170ede1e" candidate_uuid: "6ab33f39f12f44c9a442b6f8014400ac" candidate_term: 1 candidate_status { last_received { term: 0 index: 0 } } ignore_live_leader: false dest_uuid: "f34bed9656ea45c8853b36e0214f8b79"
I20260608 12:45:55.740096 25697 tablet_service.cc:1917] Received RequestConsensusVote() RPC: tablet_id: "d285262e68c64be69b3ac6d4170ede1e" candidate_uuid: "6ab33f39f12f44c9a442b6f8014400ac" candidate_term: 1 candidate_status { last_received { term: 0 index: 0 } } ignore_live_leader: false dest_uuid: "496a1866b66048eeb9b587bc7ab55773"
I20260608 12:45:55.740620 25844 raft_consensus.cc:3060] T d285262e68c64be69b3ac6d4170ede1e P f34bed9656ea45c8853b36e0214f8b79 [term 0 FOLLOWER]: Advancing to term 1
I20260608 12:45:55.741267 25893 ts_tablet_manager.cc:1434] T 4b9ab09c2b474d88b2eb1157d95fce37 P 6ab33f39f12f44c9a442b6f8014400ac: Time spent starting tablet: real 0.022s	user 0.008s	sys 0.009s
I20260608 12:45:55.743587 25895 tablet_bootstrap.cc:654] T d285262e68c64be69b3ac6d4170ede1e P 496a1866b66048eeb9b587bc7ab55773: Neither blocks nor log segments found. Creating new log.
I20260608 12:45:55.746703 25893 tablet_bootstrap.cc:492] T 37cb7e79682d40e9983ce1bc18d68bae P 6ab33f39f12f44c9a442b6f8014400ac: Bootstrap starting.
I20260608 12:45:55.752290 25847 raft_consensus.cc:2468] T d3bca51086ab4fc4872968f8a28ead75 P f34bed9656ea45c8853b36e0214f8b79 [term 1 FOLLOWER]: Leader election vote request: Granting yes vote for candidate 6ab33f39f12f44c9a442b6f8014400ac in term 1.
I20260608 12:45:55.755383 25893 tablet_bootstrap.cc:654] T 37cb7e79682d40e9983ce1bc18d68bae P 6ab33f39f12f44c9a442b6f8014400ac: Neither blocks nor log segments found. Creating new log.
I20260608 12:45:55.754801 25698 raft_consensus.cc:2468] T d3bca51086ab4fc4872968f8a28ead75 P 496a1866b66048eeb9b587bc7ab55773 [term 1 FOLLOWER]: Leader election vote request: Granting yes vote for candidate 6ab33f39f12f44c9a442b6f8014400ac in term 1.
I20260608 12:45:55.755139 25844 raft_consensus.cc:2468] T d285262e68c64be69b3ac6d4170ede1e P f34bed9656ea45c8853b36e0214f8b79 [term 1 FOLLOWER]: Leader election vote request: Granting yes vote for candidate 6ab33f39f12f44c9a442b6f8014400ac in term 1.
W20260608 12:45:55.754298 25736 leader_election.cc:343] T d285262e68c64be69b3ac6d4170ede1e P 6ab33f39f12f44c9a442b6f8014400ac [CANDIDATE]: Term 1 election: Tablet error from VoteRequest() call to peer 496a1866b66048eeb9b587bc7ab55773 (127.24.112.1:33911): Illegal state: must be running to vote when last-logged opid is not known
I20260608 12:45:55.756947 25736 leader_election.cc:304] T d3bca51086ab4fc4872968f8a28ead75 P 6ab33f39f12f44c9a442b6f8014400ac [CANDIDATE]: Term 1 election: Election decided. Result: candidate won. Election summary: received 2 responses out of 3 voters: 2 yes votes; 0 no votes. yes voters: 6ab33f39f12f44c9a442b6f8014400ac, f34bed9656ea45c8853b36e0214f8b79; no voters: 
I20260608 12:45:55.758123 25736 leader_election.cc:304] T d285262e68c64be69b3ac6d4170ede1e P 6ab33f39f12f44c9a442b6f8014400ac [CANDIDATE]: Term 1 election: Election decided. Result: candidate won. Election summary: received 3 responses out of 3 voters: 2 yes votes; 1 no votes. yes voters: 6ab33f39f12f44c9a442b6f8014400ac, f34bed9656ea45c8853b36e0214f8b79; no voters: 496a1866b66048eeb9b587bc7ab55773
I20260608 12:45:55.759255 25931 raft_consensus.cc:2804] T d3bca51086ab4fc4872968f8a28ead75 P 6ab33f39f12f44c9a442b6f8014400ac [term 1 FOLLOWER]: Leader election won for term 1
I20260608 12:45:55.759824 25931 raft_consensus.cc:697] T d3bca51086ab4fc4872968f8a28ead75 P 6ab33f39f12f44c9a442b6f8014400ac [term 1 LEADER]: Becoming Leader. State: Replica: 6ab33f39f12f44c9a442b6f8014400ac, State: Running, Role: LEADER
I20260608 12:45:55.760730 25931 consensus_queue.cc:237] T d3bca51086ab4fc4872968f8a28ead75 P 6ab33f39f12f44c9a442b6f8014400ac [LEADER]: Queue going to LEADER mode. State: All replicated index: 0, Majority replicated index: 0, Committed index: 0, Last appended: 0.0, Last appended by leader: 0, Current term: 1, Majority size: 2, State: 0, Mode: LEADER, active raft config: opid_index: -1 OBSOLETE_local: false peers { permanent_uuid: "496a1866b66048eeb9b587bc7ab55773" member_type: VOTER last_known_addr { host: "127.24.112.1" port: 33911 } } peers { permanent_uuid: "6ab33f39f12f44c9a442b6f8014400ac" member_type: VOTER last_known_addr { host: "127.24.112.2" port: 44121 } } peers { permanent_uuid: "f34bed9656ea45c8853b36e0214f8b79" member_type: VOTER last_known_addr { host: "127.24.112.3" port: 34983 } }
I20260608 12:45:55.764295 25899 raft_consensus.cc:2804] T d285262e68c64be69b3ac6d4170ede1e P 6ab33f39f12f44c9a442b6f8014400ac [term 1 FOLLOWER]: Leader election won for term 1
I20260608 12:45:55.764889 25899 raft_consensus.cc:697] T d285262e68c64be69b3ac6d4170ede1e P 6ab33f39f12f44c9a442b6f8014400ac [term 1 LEADER]: Becoming Leader. State: Replica: 6ab33f39f12f44c9a442b6f8014400ac, State: Running, Role: LEADER
I20260608 12:45:55.765690 25899 consensus_queue.cc:237] T d285262e68c64be69b3ac6d4170ede1e P 6ab33f39f12f44c9a442b6f8014400ac [LEADER]: Queue going to LEADER mode. State: All replicated index: 0, Majority replicated index: 0, Committed index: 0, Last appended: 0.0, Last appended by leader: 0, Current term: 1, Majority size: 2, State: 0, Mode: LEADER, active raft config: opid_index: -1 OBSOLETE_local: false peers { permanent_uuid: "496a1866b66048eeb9b587bc7ab55773" member_type: VOTER last_known_addr { host: "127.24.112.1" port: 33911 } } peers { permanent_uuid: "6ab33f39f12f44c9a442b6f8014400ac" member_type: VOTER last_known_addr { host: "127.24.112.2" port: 44121 } } peers { permanent_uuid: "f34bed9656ea45c8853b36e0214f8b79" member_type: VOTER last_known_addr { host: "127.24.112.3" port: 34983 } }
I20260608 12:45:55.777480 25930 raft_consensus.cc:515] T 626a2116126d49c48126f37c45f0cdfb P 6ab33f39f12f44c9a442b6f8014400ac [term 1 FOLLOWER]: Starting leader election with config: opid_index: -1 OBSOLETE_local: false peers { permanent_uuid: "496a1866b66048eeb9b587bc7ab55773" member_type: VOTER last_known_addr { host: "127.24.112.1" port: 33911 } } peers { permanent_uuid: "6ab33f39f12f44c9a442b6f8014400ac" member_type: VOTER last_known_addr { host: "127.24.112.2" port: 44121 } } peers { permanent_uuid: "f34bed9656ea45c8853b36e0214f8b79" member_type: VOTER last_known_addr { host: "127.24.112.3" port: 34983 } }
I20260608 12:45:55.779140 25930 leader_election.cc:290] T 626a2116126d49c48126f37c45f0cdfb P 6ab33f39f12f44c9a442b6f8014400ac [CANDIDATE]: Term 1 election: Requested vote from peers 496a1866b66048eeb9b587bc7ab55773 (127.24.112.1:33911), f34bed9656ea45c8853b36e0214f8b79 (127.24.112.3:34983)
I20260608 12:45:55.779632 25595 catalog_manager.cc:5696] T d3bca51086ab4fc4872968f8a28ead75 P 6ab33f39f12f44c9a442b6f8014400ac reported cstate change: term changed from 0 to 1, leader changed from <none> to 6ab33f39f12f44c9a442b6f8014400ac (127.24.112.2). New cstate: current_term: 1 leader_uuid: "6ab33f39f12f44c9a442b6f8014400ac" committed_config { opid_index: -1 OBSOLETE_local: false peers { permanent_uuid: "496a1866b66048eeb9b587bc7ab55773" member_type: VOTER last_known_addr { host: "127.24.112.1" port: 33911 } health_report { overall_health: UNKNOWN } } peers { permanent_uuid: "6ab33f39f12f44c9a442b6f8014400ac" member_type: VOTER last_known_addr { host: "127.24.112.2" port: 44121 } health_report { overall_health: HEALTHY } } peers { permanent_uuid: "f34bed9656ea45c8853b36e0214f8b79" member_type: VOTER last_known_addr { host: "127.24.112.3" port: 34983 } health_report { overall_health: UNKNOWN } } }
I20260608 12:45:55.781790 25893 tablet_bootstrap.cc:492] T 37cb7e79682d40e9983ce1bc18d68bae P 6ab33f39f12f44c9a442b6f8014400ac: No bootstrap required, opened a new log
I20260608 12:45:55.782388 25893 ts_tablet_manager.cc:1403] T 37cb7e79682d40e9983ce1bc18d68bae P 6ab33f39f12f44c9a442b6f8014400ac: Time spent bootstrapping tablet: real 0.036s	user 0.017s	sys 0.003s
I20260608 12:45:55.784499 25844 tablet_service.cc:1917] Received RequestConsensusVote() RPC: tablet_id: "626a2116126d49c48126f37c45f0cdfb" candidate_uuid: "6ab33f39f12f44c9a442b6f8014400ac" candidate_term: 1 candidate_status { last_received { term: 0 index: 0 } } ignore_live_leader: false dest_uuid: "f34bed9656ea45c8853b36e0214f8b79"
I20260608 12:45:55.785219 25844 raft_consensus.cc:3060] T 626a2116126d49c48126f37c45f0cdfb P f34bed9656ea45c8853b36e0214f8b79 [term 0 FOLLOWER]: Advancing to term 1
I20260608 12:45:55.787091 25895 tablet_bootstrap.cc:492] T d285262e68c64be69b3ac6d4170ede1e P 496a1866b66048eeb9b587bc7ab55773: No bootstrap required, opened a new log
I20260608 12:45:55.787657 25895 ts_tablet_manager.cc:1403] T d285262e68c64be69b3ac6d4170ede1e P 496a1866b66048eeb9b587bc7ab55773: Time spent bootstrapping tablet: real 0.068s	user 0.010s	sys 0.010s
I20260608 12:45:55.788720 25893 raft_consensus.cc:359] T 37cb7e79682d40e9983ce1bc18d68bae P 6ab33f39f12f44c9a442b6f8014400ac [term 0 FOLLOWER]: Replica starting. Triggering 0 pending ops. Active config: opid_index: -1 OBSOLETE_local: false peers { permanent_uuid: "496a1866b66048eeb9b587bc7ab55773" member_type: VOTER last_known_addr { host: "127.24.112.1" port: 33911 } } peers { permanent_uuid: "6ab33f39f12f44c9a442b6f8014400ac" member_type: VOTER last_known_addr { host: "127.24.112.2" port: 44121 } } peers { permanent_uuid: "f34bed9656ea45c8853b36e0214f8b79" member_type: VOTER last_known_addr { host: "127.24.112.3" port: 34983 } }
I20260608 12:45:55.789364 25893 raft_consensus.cc:385] T 37cb7e79682d40e9983ce1bc18d68bae P 6ab33f39f12f44c9a442b6f8014400ac [term 0 FOLLOWER]: Consensus starting up: Expiring failure detector timer to make a prompt election more likely
I20260608 12:45:55.789721 25893 raft_consensus.cc:740] T 37cb7e79682d40e9983ce1bc18d68bae P 6ab33f39f12f44c9a442b6f8014400ac [term 0 FOLLOWER]: Becoming Follower/Learner. State: Replica: 6ab33f39f12f44c9a442b6f8014400ac, State: Initialized, Role: FOLLOWER
I20260608 12:45:55.790609 25893 consensus_queue.cc:260] T 37cb7e79682d40e9983ce1bc18d68bae P 6ab33f39f12f44c9a442b6f8014400ac [NON_LEADER]: Queue going to NON_LEADER mode. State: All replicated index: 0, Majority replicated index: 0, Committed index: 0, Last appended: 0.0, Last appended by leader: 0, Current term: 0, Majority size: -1, State: 0, Mode: NON_LEADER, active raft config: opid_index: -1 OBSOLETE_local: false peers { permanent_uuid: "496a1866b66048eeb9b587bc7ab55773" member_type: VOTER last_known_addr { host: "127.24.112.1" port: 33911 } } peers { permanent_uuid: "6ab33f39f12f44c9a442b6f8014400ac" member_type: VOTER last_known_addr { host: "127.24.112.2" port: 44121 } } peers { permanent_uuid: "f34bed9656ea45c8853b36e0214f8b79" member_type: VOTER last_known_addr { host: "127.24.112.3" port: 34983 } }
I20260608 12:45:55.791069 25698 tablet_service.cc:1917] Received RequestConsensusVote() RPC: tablet_id: "626a2116126d49c48126f37c45f0cdfb" candidate_uuid: "6ab33f39f12f44c9a442b6f8014400ac" candidate_term: 1 candidate_status { last_received { term: 0 index: 0 } } ignore_live_leader: false dest_uuid: "496a1866b66048eeb9b587bc7ab55773"
W20260608 12:45:55.792726 25736 leader_election.cc:343] T 626a2116126d49c48126f37c45f0cdfb P 6ab33f39f12f44c9a442b6f8014400ac [CANDIDATE]: Term 1 election: Tablet error from VoteRequest() call to peer 496a1866b66048eeb9b587bc7ab55773 (127.24.112.1:33911): Illegal state: must be running to vote when last-logged opid is not known
I20260608 12:45:55.792722 25893 ts_tablet_manager.cc:1434] T 37cb7e79682d40e9983ce1bc18d68bae P 6ab33f39f12f44c9a442b6f8014400ac: Time spent starting tablet: real 0.010s	user 0.008s	sys 0.000s
I20260608 12:45:55.794368 25893 tablet_bootstrap.cc:492] T 8b17caaf79a04535bc9e009f181c11c5 P 6ab33f39f12f44c9a442b6f8014400ac: Bootstrap starting.
I20260608 12:45:55.795018 25895 raft_consensus.cc:359] T d285262e68c64be69b3ac6d4170ede1e P 496a1866b66048eeb9b587bc7ab55773 [term 0 FOLLOWER]: Replica starting. Triggering 0 pending ops. Active config: opid_index: -1 OBSOLETE_local: false peers { permanent_uuid: "496a1866b66048eeb9b587bc7ab55773" member_type: VOTER last_known_addr { host: "127.24.112.1" port: 33911 } } peers { permanent_uuid: "6ab33f39f12f44c9a442b6f8014400ac" member_type: VOTER last_known_addr { host: "127.24.112.2" port: 44121 } } peers { permanent_uuid: "f34bed9656ea45c8853b36e0214f8b79" member_type: VOTER last_known_addr { host: "127.24.112.3" port: 34983 } }
I20260608 12:45:55.795728 25895 raft_consensus.cc:385] T d285262e68c64be69b3ac6d4170ede1e P 496a1866b66048eeb9b587bc7ab55773 [term 0 FOLLOWER]: Consensus starting up: Expiring failure detector timer to make a prompt election more likely
I20260608 12:45:55.796066 25895 raft_consensus.cc:740] T d285262e68c64be69b3ac6d4170ede1e P 496a1866b66048eeb9b587bc7ab55773 [term 0 FOLLOWER]: Becoming Follower/Learner. State: Replica: 496a1866b66048eeb9b587bc7ab55773, State: Initialized, Role: FOLLOWER
I20260608 12:45:55.796870 25895 consensus_queue.cc:260] T d285262e68c64be69b3ac6d4170ede1e P 496a1866b66048eeb9b587bc7ab55773 [NON_LEADER]: Queue going to NON_LEADER mode. State: All replicated index: 0, Majority replicated index: 0, Committed index: 0, Last appended: 0.0, Last appended by leader: 0, Current term: 0, Majority size: -1, State: 0, Mode: NON_LEADER, active raft config: opid_index: -1 OBSOLETE_local: false peers { permanent_uuid: "496a1866b66048eeb9b587bc7ab55773" member_type: VOTER last_known_addr { host: "127.24.112.1" port: 33911 } } peers { permanent_uuid: "6ab33f39f12f44c9a442b6f8014400ac" member_type: VOTER last_known_addr { host: "127.24.112.2" port: 44121 } } peers { permanent_uuid: "f34bed9656ea45c8853b36e0214f8b79" member_type: VOTER last_known_addr { host: "127.24.112.3" port: 34983 } }
I20260608 12:45:55.797255 25844 raft_consensus.cc:2468] T 626a2116126d49c48126f37c45f0cdfb P f34bed9656ea45c8853b36e0214f8b79 [term 1 FOLLOWER]: Leader election vote request: Granting yes vote for candidate 6ab33f39f12f44c9a442b6f8014400ac in term 1.
I20260608 12:45:55.797211 25594 catalog_manager.cc:5696] T 333e787ee4c54dcc9e7c7e01e5197d8b P 496a1866b66048eeb9b587bc7ab55773 reported cstate change: term changed from 0 to 1, leader changed from <none> to 496a1866b66048eeb9b587bc7ab55773 (127.24.112.1). New cstate: current_term: 1 leader_uuid: "496a1866b66048eeb9b587bc7ab55773" committed_config { opid_index: -1 OBSOLETE_local: false peers { permanent_uuid: "496a1866b66048eeb9b587bc7ab55773" member_type: VOTER last_known_addr { host: "127.24.112.1" port: 33911 } health_report { overall_health: HEALTHY } } peers { permanent_uuid: "6ab33f39f12f44c9a442b6f8014400ac" member_type: VOTER last_known_addr { host: "127.24.112.2" port: 44121 } health_report { overall_health: UNKNOWN } } peers { permanent_uuid: "f34bed9656ea45c8853b36e0214f8b79" member_type: VOTER last_known_addr { host: "127.24.112.3" port: 34983 } health_report { overall_health: UNKNOWN } } }
I20260608 12:45:55.798964 25736 leader_election.cc:304] T 626a2116126d49c48126f37c45f0cdfb P 6ab33f39f12f44c9a442b6f8014400ac [CANDIDATE]: Term 1 election: Election decided. Result: candidate won. Election summary: received 3 responses out of 3 voters: 2 yes votes; 1 no votes. yes voters: 6ab33f39f12f44c9a442b6f8014400ac, f34bed9656ea45c8853b36e0214f8b79; no voters: 496a1866b66048eeb9b587bc7ab55773
I20260608 12:45:55.799981 25930 raft_consensus.cc:2804] T 626a2116126d49c48126f37c45f0cdfb P 6ab33f39f12f44c9a442b6f8014400ac [term 1 FOLLOWER]: Leader election won for term 1
I20260608 12:45:55.799309 25895 ts_tablet_manager.cc:1434] T d285262e68c64be69b3ac6d4170ede1e P 496a1866b66048eeb9b587bc7ab55773: Time spent starting tablet: real 0.011s	user 0.005s	sys 0.000s
I20260608 12:45:55.801330 25930 raft_consensus.cc:697] T 626a2116126d49c48126f37c45f0cdfb P 6ab33f39f12f44c9a442b6f8014400ac [term 1 LEADER]: Becoming Leader. State: Replica: 6ab33f39f12f44c9a442b6f8014400ac, State: Running, Role: LEADER
I20260608 12:45:55.801424 25895 tablet_bootstrap.cc:492] T 626a2116126d49c48126f37c45f0cdfb P 496a1866b66048eeb9b587bc7ab55773: Bootstrap starting.
I20260608 12:45:55.802330 25930 consensus_queue.cc:237] T 626a2116126d49c48126f37c45f0cdfb P 6ab33f39f12f44c9a442b6f8014400ac [LEADER]: Queue going to LEADER mode. State: All replicated index: 0, Majority replicated index: 0, Committed index: 0, Last appended: 0.0, Last appended by leader: 0, Current term: 1, Majority size: 2, State: 0, Mode: LEADER, active raft config: opid_index: -1 OBSOLETE_local: false peers { permanent_uuid: "496a1866b66048eeb9b587bc7ab55773" member_type: VOTER last_known_addr { host: "127.24.112.1" port: 33911 } } peers { permanent_uuid: "6ab33f39f12f44c9a442b6f8014400ac" member_type: VOTER last_known_addr { host: "127.24.112.2" port: 44121 } } peers { permanent_uuid: "f34bed9656ea45c8853b36e0214f8b79" member_type: VOTER last_known_addr { host: "127.24.112.3" port: 34983 } }
I20260608 12:45:55.804709 25893 tablet_bootstrap.cc:654] T 8b17caaf79a04535bc9e009f181c11c5 P 6ab33f39f12f44c9a442b6f8014400ac: Neither blocks nor log segments found. Creating new log.
I20260608 12:45:55.808144 25924 raft_consensus.cc:493] T 37cb7e79682d40e9983ce1bc18d68bae P 496a1866b66048eeb9b587bc7ab55773 [term 0 FOLLOWER]: Starting pre-election (no leader contacted us within the election timeout)
I20260608 12:45:55.808756 25924 raft_consensus.cc:515] T 37cb7e79682d40e9983ce1bc18d68bae P 496a1866b66048eeb9b587bc7ab55773 [term 0 FOLLOWER]: Starting pre-election with config: opid_index: -1 OBSOLETE_local: false peers { permanent_uuid: "496a1866b66048eeb9b587bc7ab55773" member_type: VOTER last_known_addr { host: "127.24.112.1" port: 33911 } } peers { permanent_uuid: "6ab33f39f12f44c9a442b6f8014400ac" member_type: VOTER last_known_addr { host: "127.24.112.2" port: 44121 } } peers { permanent_uuid: "f34bed9656ea45c8853b36e0214f8b79" member_type: VOTER last_known_addr { host: "127.24.112.3" port: 34983 } }
I20260608 12:45:55.812352 25895 tablet_bootstrap.cc:654] T 626a2116126d49c48126f37c45f0cdfb P 496a1866b66048eeb9b587bc7ab55773: Neither blocks nor log segments found. Creating new log.
I20260608 12:45:55.812826 25844 tablet_service.cc:1917] Received RequestConsensusVote() RPC: tablet_id: "37cb7e79682d40e9983ce1bc18d68bae" candidate_uuid: "496a1866b66048eeb9b587bc7ab55773" candidate_term: 1 candidate_status { last_received { term: 0 index: 0 } } ignore_live_leader: false dest_uuid: "f34bed9656ea45c8853b36e0214f8b79" is_pre_election: true
I20260608 12:45:55.813557 25844 raft_consensus.cc:2468] T 37cb7e79682d40e9983ce1bc18d68bae P f34bed9656ea45c8853b36e0214f8b79 [term 0 FOLLOWER]: Leader pre-election vote request: Granting yes vote for candidate 496a1866b66048eeb9b587bc7ab55773 in term 0.
I20260608 12:45:55.815189 25661 leader_election.cc:304] T 37cb7e79682d40e9983ce1bc18d68bae P 496a1866b66048eeb9b587bc7ab55773 [CANDIDATE]: Term 1 pre-election: Election decided. Result: candidate won. Election summary: received 2 responses out of 3 voters: 2 yes votes; 0 no votes. yes voters: 496a1866b66048eeb9b587bc7ab55773, f34bed9656ea45c8853b36e0214f8b79; no voters: 
I20260608 12:45:55.816430 25922 raft_consensus.cc:2804] T 37cb7e79682d40e9983ce1bc18d68bae P 496a1866b66048eeb9b587bc7ab55773 [term 0 FOLLOWER]: Leader pre-election won for term 1
I20260608 12:45:55.817008 25922 raft_consensus.cc:493] T 37cb7e79682d40e9983ce1bc18d68bae P 496a1866b66048eeb9b587bc7ab55773 [term 0 FOLLOWER]: Starting leader election (no leader contacted us within the election timeout)
I20260608 12:45:55.817515 25922 raft_consensus.cc:3060] T 37cb7e79682d40e9983ce1bc18d68bae P 496a1866b66048eeb9b587bc7ab55773 [term 0 FOLLOWER]: Advancing to term 1
I20260608 12:45:55.823439 25924 leader_election.cc:290] T 37cb7e79682d40e9983ce1bc18d68bae P 496a1866b66048eeb9b587bc7ab55773 [CANDIDATE]: Term 1 pre-election: Requested pre-vote from peers 6ab33f39f12f44c9a442b6f8014400ac (127.24.112.2:44121), f34bed9656ea45c8853b36e0214f8b79 (127.24.112.3:34983)
I20260608 12:45:55.823940 25772 tablet_service.cc:1917] Received RequestConsensusVote() RPC: tablet_id: "37cb7e79682d40e9983ce1bc18d68bae" candidate_uuid: "496a1866b66048eeb9b587bc7ab55773" candidate_term: 1 candidate_status { last_received { term: 0 index: 0 } } ignore_live_leader: false dest_uuid: "6ab33f39f12f44c9a442b6f8014400ac" is_pre_election: true
I20260608 12:45:55.824723 25772 raft_consensus.cc:2468] T 37cb7e79682d40e9983ce1bc18d68bae P 6ab33f39f12f44c9a442b6f8014400ac [term 0 FOLLOWER]: Leader pre-election vote request: Granting yes vote for candidate 496a1866b66048eeb9b587bc7ab55773 in term 0.
