I20260608 12:47:06.102918 25024 fs_manager.cc:1068] Generated new instance metadata in path /tmp/dist-test-taskB14G2D/test-tmp/auto_rebalancer-test.0.AutoRebalancerTest.RangeAwareRebalancesNewRangeReplicas.1780922748371076-25024-0/minicluster-data/ts-2-root/instance:
uuid: "9c27b080265647e1a005e0e4ea58061d"
format_stamp: "Formatted at 2026-06-08 12:47:06 on dist-test-slave-3kg6"
I20260608 12:47:06.107617 25024 fs_manager.cc:696] Time spent creating directory manager: real 0.004s	user 0.004s	sys 0.003s
I20260608 12:47:06.111553 28089 log_block_manager.cc:4031] Time spent loading block containers with low live blocks: real 0.000s	user 0.000s	sys 0.000s
I20260608 12:47:06.112514 25024 fs_manager.cc:730] Time spent opening block manager: real 0.003s	user 0.003s	sys 0.000s
I20260608 12:47:06.112835 25024 fs_manager.cc:647] Opened local filesystem: /tmp/dist-test-taskB14G2D/test-tmp/auto_rebalancer-test.0.AutoRebalancerTest.RangeAwareRebalancesNewRangeReplicas.1780922748371076-25024-0/minicluster-data/ts-2-root
uuid: "9c27b080265647e1a005e0e4ea58061d"
format_stamp: "Formatted at 2026-06-08 12:47:06 on dist-test-slave-3kg6"
I20260608 12:47:06.113134 25024 fs_report.cc:389] FS layout report
--------------------
wal directory: /tmp/dist-test-taskB14G2D/test-tmp/auto_rebalancer-test.0.AutoRebalancerTest.RangeAwareRebalancesNewRangeReplicas.1780922748371076-25024-0/minicluster-data/ts-2-root
metadata directory: /tmp/dist-test-taskB14G2D/test-tmp/auto_rebalancer-test.0.AutoRebalancerTest.RangeAwareRebalancesNewRangeReplicas.1780922748371076-25024-0/minicluster-data/ts-2-root
1 data directories: /tmp/dist-test-taskB14G2D/test-tmp/auto_rebalancer-test.0.AutoRebalancerTest.RangeAwareRebalancesNewRangeReplicas.1780922748371076-25024-0/minicluster-data/ts-2-root/data
Total live blocks: 0
Total live bytes: 0
Total live bytes (after alignment): 0
Total number of LBM containers: 0 (0 full)
Did not check for missing blocks
Did not check for orphaned blocks
Total full LBM containers with extra space: 0 (0 repaired)
Total full LBM container extra space in bytes: 0 (0 repaired)
Total incomplete LBM containers: 0 (0 repaired)
Total LBM partial records: 0 (0 repaired)
Total corrupted LBM metadata records in RocksDB: 0 (0 repaired)
I20260608 12:47:06.156172 25024 rpc_server.cc:225] running with OpenSSL 1.1.1  11 Sep 2018
I20260608 12:47:06.157330 25024 kserver.cc:163] Server-wide thread pool size limit: 3276
I20260608 12:47:06.158857 25024 txn_system_client.cc:432] TxnSystemClient initialization is disabled...
I20260608 12:47:06.161262 25024 ts_tablet_manager.cc:585] Loaded tablet metadata (0 total tablets, 0 live tablets)
I20260608 12:47:06.161502 25024 ts_tablet_manager.cc:531] Time spent load tablet metadata: real 0.000s	user 0.000s	sys 0.000s
I20260608 12:47:06.161751 25024 ts_tablet_manager.cc:616] Registered 0 tablets
I20260608 12:47:06.161947 25024 ts_tablet_manager.cc:595] Time spent register tablets: real 0.000s	user 0.000s	sys 0.000s
I20260608 12:47:06.202039 25024 rpc_server.cc:307] RPC server started. Bound to: 127.24.112.3:39043
I20260608 12:47:06.202164 28151 acceptor_pool.cc:272] collecting diagnostics on the listening RPC socket 127.24.112.3:39043 every 8 connection(s)
I20260608 12:47:06.216467 28152 heartbeater.cc:344] Connected to a master server at 127.24.112.62:46655
I20260608 12:47:06.216892 28152 heartbeater.cc:461] Registering TS with master...
I20260608 12:47:06.217643 28152 heartbeater.cc:507] Master 127.24.112.62:46655 requested a full tablet report, sending...
I20260608 12:47:06.219660 27876 ts_manager.cc:194] Registered new tserver with Master: 9c27b080265647e1a005e0e4ea58061d (127.24.112.3:39043)
I20260608 12:47:06.220189 25024 internal_mini_cluster.cc:371] 3 TS(s) registered with all masters after 0.014598625s
I20260608 12:47:06.221105 27876 master_service.cc:502] Signed X509 certificate for tserver {username='slave'} at 127.0.0.1:57402
I20260608 12:47:06.998018 28003 heartbeater.cc:499] Master 127.24.112.62:46655 was elected leader, sending a full tablet report...
I20260608 12:47:07.104574 28078 heartbeater.cc:499] Master 127.24.112.62:46655 was elected leader, sending a full tablet report...
I20260608 12:47:07.223992 28152 heartbeater.cc:499] Master 127.24.112.62:46655 was elected leader, sending a full tablet report...
I20260608 12:47:07.276826 27876 catalog_manager.cc:2282] Servicing CreateTable request from {username='slave'} at 127.0.0.1:57412:
name: "range_aware_rebalance_new_range"
schema {
  columns {
    name: "key"
    type: INT32
    is_key: true
    is_nullable: false
    encoding: AUTO_ENCODING
    compression: DEFAULT_COMPRESSION
    cfile_block_size: 0
    immutable: false
  }
}
num_replicas: 3
split_rows_range_bounds {
  rows: "\006\001\000\000\000\000\007\001\n\000\000\000""\006\001\000\000\000\000\007\001\n\000\000\000"
  indirect_data: """"
}
partition_schema {
  hash_schema {
    columns {
      name: "key"
    }
    num_buckets: 8
    seed: 0
  }
  range_schema {
    columns {
      name: "key"
    }
  }
}
W20260608 12:47:07.278944 27876 catalog_manager.cc:7076] The number of live tablet servers is not enough to re-replicate a tablet replica of the newly created table range_aware_rebalance_new_range in case of a server failure: 4 tablet servers would be needed, 3 are available. Consider bringing up more tablet servers.
I20260608 12:47:07.339610 28043 tablet_service.cc:1511] Processing CreateTablet for tablet 02b0546d27ea40e1a3e3890c63b2be0a (DEFAULT_TABLE table=range_aware_rebalance_new_range [id=10fe7142fd2d4a67a403e30eaa9dbfe7]), partition=HASH (key) PARTITION 0, RANGE (key) PARTITION 0 <= VALUES < 10
I20260608 12:47:07.341598 28043 data_dirs.cc:400] Could only allocate 1 dirs of requested 3 for tablet 02b0546d27ea40e1a3e3890c63b2be0a. 1 dirs total, 0 dirs full, 0 dirs failed
I20260608 12:47:07.353629 28039 tablet_service.cc:1511] Processing CreateTablet for tablet c95ed3ebc1da42a9b511caff67d3da5e (DEFAULT_TABLE table=range_aware_rebalance_new_range [id=10fe7142fd2d4a67a403e30eaa9dbfe7]), partition=HASH (key) PARTITION 4, RANGE (key) PARTITION 0 <= VALUES < 10
I20260608 12:47:07.354573 28115 tablet_service.cc:1511] Processing CreateTablet for tablet 2d847c766e9543ecb9f48b83f013cf66 (DEFAULT_TABLE table=range_aware_rebalance_new_range [id=10fe7142fd2d4a67a403e30eaa9dbfe7]), partition=HASH (key) PARTITION 2, RANGE (key) PARTITION 0 <= VALUES < 10
I20260608 12:47:07.354837 28117 tablet_service.cc:1511] Processing CreateTablet for tablet 02b0546d27ea40e1a3e3890c63b2be0a (DEFAULT_TABLE table=range_aware_rebalance_new_range [id=10fe7142fd2d4a67a403e30eaa9dbfe7]), partition=HASH (key) PARTITION 0, RANGE (key) PARTITION 0 <= VALUES < 10
I20260608 12:47:07.346272 28041 tablet_service.cc:1511] Processing CreateTablet for tablet 2d847c766e9543ecb9f48b83f013cf66 (DEFAULT_TABLE table=range_aware_rebalance_new_range [id=10fe7142fd2d4a67a403e30eaa9dbfe7]), partition=HASH (key) PARTITION 2, RANGE (key) PARTITION 0 <= VALUES < 10
I20260608 12:47:07.348682 28040 tablet_service.cc:1511] Processing CreateTablet for tablet e6f2bdde30d34f8dba2add1cf03fd3e1 (DEFAULT_TABLE table=range_aware_rebalance_new_range [id=10fe7142fd2d4a67a403e30eaa9dbfe7]), partition=HASH (key) PARTITION 3, RANGE (key) PARTITION 0 <= VALUES < 10
I20260608 12:47:07.344280 28042 tablet_service.cc:1511] Processing CreateTablet for tablet ce8c34a16edc4583ada5f44604c79c48 (DEFAULT_TABLE table=range_aware_rebalance_new_range [id=10fe7142fd2d4a67a403e30eaa9dbfe7]), partition=HASH (key) PARTITION 1, RANGE (key) PARTITION 0 <= VALUES < 10
I20260608 12:47:07.356743 28116 tablet_service.cc:1511] Processing CreateTablet for tablet ce8c34a16edc4583ada5f44604c79c48 (DEFAULT_TABLE table=range_aware_rebalance_new_range [id=10fe7142fd2d4a67a403e30eaa9dbfe7]), partition=HASH (key) PARTITION 1, RANGE (key) PARTITION 0 <= VALUES < 10
I20260608 12:47:07.357429 28114 tablet_service.cc:1511] Processing CreateTablet for tablet e6f2bdde30d34f8dba2add1cf03fd3e1 (DEFAULT_TABLE table=range_aware_rebalance_new_range [id=10fe7142fd2d4a67a403e30eaa9dbfe7]), partition=HASH (key) PARTITION 3, RANGE (key) PARTITION 0 <= VALUES < 10
I20260608 12:47:07.359458 28038 tablet_service.cc:1511] Processing CreateTablet for tablet a2790aa68704418aadfecc84a2fe8130 (DEFAULT_TABLE table=range_aware_rebalance_new_range [id=10fe7142fd2d4a67a403e30eaa9dbfe7]), partition=HASH (key) PARTITION 5, RANGE (key) PARTITION 0 <= VALUES < 10
I20260608 12:47:07.359910 28113 tablet_service.cc:1511] Processing CreateTablet for tablet c95ed3ebc1da42a9b511caff67d3da5e (DEFAULT_TABLE table=range_aware_rebalance_new_range [id=10fe7142fd2d4a67a403e30eaa9dbfe7]), partition=HASH (key) PARTITION 4, RANGE (key) PARTITION 0 <= VALUES < 10
I20260608 12:47:07.356176 28115 data_dirs.cc:400] Could only allocate 1 dirs of requested 3 for tablet 2d847c766e9543ecb9f48b83f013cf66. 1 dirs total, 0 dirs full, 0 dirs failed
I20260608 12:47:07.355240 28039 data_dirs.cc:400] Could only allocate 1 dirs of requested 3 for tablet c95ed3ebc1da42a9b511caff67d3da5e. 1 dirs total, 0 dirs full, 0 dirs failed
I20260608 12:47:07.363189 27968 tablet_service.cc:1511] Processing CreateTablet for tablet 02b0546d27ea40e1a3e3890c63b2be0a (DEFAULT_TABLE table=range_aware_rebalance_new_range [id=10fe7142fd2d4a67a403e30eaa9dbfe7]), partition=HASH (key) PARTITION 0, RANGE (key) PARTITION 0 <= VALUES < 10
I20260608 12:47:07.364796 27968 data_dirs.cc:400] Could only allocate 1 dirs of requested 3 for tablet 02b0546d27ea40e1a3e3890c63b2be0a. 1 dirs total, 0 dirs full, 0 dirs failed
I20260608 12:47:07.365180 27964 tablet_service.cc:1511] Processing CreateTablet for tablet c95ed3ebc1da42a9b511caff67d3da5e (DEFAULT_TABLE table=range_aware_rebalance_new_range [id=10fe7142fd2d4a67a403e30eaa9dbfe7]), partition=HASH (key) PARTITION 4, RANGE (key) PARTITION 0 <= VALUES < 10
I20260608 12:47:07.366652 27964 data_dirs.cc:400] Could only allocate 1 dirs of requested 3 for tablet c95ed3ebc1da42a9b511caff67d3da5e. 1 dirs total, 0 dirs full, 0 dirs failed
I20260608 12:47:07.367830 27963 tablet_service.cc:1511] Processing CreateTablet for tablet a2790aa68704418aadfecc84a2fe8130 (DEFAULT_TABLE table=range_aware_rebalance_new_range [id=10fe7142fd2d4a67a403e30eaa9dbfe7]), partition=HASH (key) PARTITION 5, RANGE (key) PARTITION 0 <= VALUES < 10
I20260608 12:47:07.368404 27965 tablet_service.cc:1511] Processing CreateTablet for tablet e6f2bdde30d34f8dba2add1cf03fd3e1 (DEFAULT_TABLE table=range_aware_rebalance_new_range [id=10fe7142fd2d4a67a403e30eaa9dbfe7]), partition=HASH (key) PARTITION 3, RANGE (key) PARTITION 0 <= VALUES < 10
I20260608 12:47:07.369340 27963 data_dirs.cc:400] Could only allocate 1 dirs of requested 3 for tablet a2790aa68704418aadfecc84a2fe8130. 1 dirs total, 0 dirs full, 0 dirs failed
I20260608 12:47:07.370678 27966 tablet_service.cc:1511] Processing CreateTablet for tablet 2d847c766e9543ecb9f48b83f013cf66 (DEFAULT_TABLE table=range_aware_rebalance_new_range [id=10fe7142fd2d4a67a403e30eaa9dbfe7]), partition=HASH (key) PARTITION 2, RANGE (key) PARTITION 0 <= VALUES < 10
I20260608 12:47:07.373097 27967 tablet_service.cc:1511] Processing CreateTablet for tablet ce8c34a16edc4583ada5f44604c79c48 (DEFAULT_TABLE table=range_aware_rebalance_new_range [id=10fe7142fd2d4a67a403e30eaa9dbfe7]), partition=HASH (key) PARTITION 1, RANGE (key) PARTITION 0 <= VALUES < 10
I20260608 12:47:07.376724 28112 tablet_service.cc:1511] Processing CreateTablet for tablet a2790aa68704418aadfecc84a2fe8130 (DEFAULT_TABLE table=range_aware_rebalance_new_range [id=10fe7142fd2d4a67a403e30eaa9dbfe7]), partition=HASH (key) PARTITION 5, RANGE (key) PARTITION 0 <= VALUES < 10
I20260608 12:47:07.379175 28037 tablet_service.cc:1511] Processing CreateTablet for tablet 857e3bd2d4dd4d1aa1c9cb57f84b4e75 (DEFAULT_TABLE table=range_aware_rebalance_new_range [id=10fe7142fd2d4a67a403e30eaa9dbfe7]), partition=HASH (key) PARTITION 6, RANGE (key) PARTITION 0 <= VALUES < 10
I20260608 12:47:07.380832 28037 data_dirs.cc:400] Could only allocate 1 dirs of requested 3 for tablet 857e3bd2d4dd4d1aa1c9cb57f84b4e75. 1 dirs total, 0 dirs full, 0 dirs failed
I20260608 12:47:07.385011 27961 tablet_service.cc:1511] Processing CreateTablet for tablet d83e7dcae7894aea9d8e3b3df0834534 (DEFAULT_TABLE table=range_aware_rebalance_new_range [id=10fe7142fd2d4a67a403e30eaa9dbfe7]), partition=HASH (key) PARTITION 7, RANGE (key) PARTITION 0 <= VALUES < 10
I20260608 12:47:07.385197 27962 tablet_service.cc:1511] Processing CreateTablet for tablet 857e3bd2d4dd4d1aa1c9cb57f84b4e75 (DEFAULT_TABLE table=range_aware_rebalance_new_range [id=10fe7142fd2d4a67a403e30eaa9dbfe7]), partition=HASH (key) PARTITION 6, RANGE (key) PARTITION 0 <= VALUES < 10
I20260608 12:47:07.387876 27966 data_dirs.cc:400] Could only allocate 1 dirs of requested 3 for tablet 2d847c766e9543ecb9f48b83f013cf66. 1 dirs total, 0 dirs full, 0 dirs failed
I20260608 12:47:07.388670 27965 data_dirs.cc:400] Could only allocate 1 dirs of requested 3 for tablet e6f2bdde30d34f8dba2add1cf03fd3e1. 1 dirs total, 0 dirs full, 0 dirs failed
I20260608 12:47:07.388787 28111 tablet_service.cc:1511] Processing CreateTablet for tablet 857e3bd2d4dd4d1aa1c9cb57f84b4e75 (DEFAULT_TABLE table=range_aware_rebalance_new_range [id=10fe7142fd2d4a67a403e30eaa9dbfe7]), partition=HASH (key) PARTITION 6, RANGE (key) PARTITION 0 <= VALUES < 10
I20260608 12:47:07.392000 28038 data_dirs.cc:400] Could only allocate 1 dirs of requested 3 for tablet a2790aa68704418aadfecc84a2fe8130. 1 dirs total, 0 dirs full, 0 dirs failed
I20260608 12:47:07.392781 28041 data_dirs.cc:400] Could only allocate 1 dirs of requested 3 for tablet 2d847c766e9543ecb9f48b83f013cf66. 1 dirs total, 0 dirs full, 0 dirs failed
I20260608 12:47:07.393775 28042 data_dirs.cc:400] Could only allocate 1 dirs of requested 3 for tablet ce8c34a16edc4583ada5f44604c79c48. 1 dirs total, 0 dirs full, 0 dirs failed
I20260608 12:47:07.394505 28036 tablet_service.cc:1511] Processing CreateTablet for tablet d83e7dcae7894aea9d8e3b3df0834534 (DEFAULT_TABLE table=range_aware_rebalance_new_range [id=10fe7142fd2d4a67a403e30eaa9dbfe7]), partition=HASH (key) PARTITION 7, RANGE (key) PARTITION 0 <= VALUES < 10
I20260608 12:47:07.396005 28036 data_dirs.cc:400] Could only allocate 1 dirs of requested 3 for tablet d83e7dcae7894aea9d8e3b3df0834534. 1 dirs total, 0 dirs full, 0 dirs failed
I20260608 12:47:07.398027 27967 data_dirs.cc:400] Could only allocate 1 dirs of requested 3 for tablet ce8c34a16edc4583ada5f44604c79c48. 1 dirs total, 0 dirs full, 0 dirs failed
I20260608 12:47:07.400604 28040 data_dirs.cc:400] Could only allocate 1 dirs of requested 3 for tablet e6f2bdde30d34f8dba2add1cf03fd3e1. 1 dirs total, 0 dirs full, 0 dirs failed
I20260608 12:47:07.400779 27961 data_dirs.cc:400] Could only allocate 1 dirs of requested 3 for tablet d83e7dcae7894aea9d8e3b3df0834534. 1 dirs total, 0 dirs full, 0 dirs failed
I20260608 12:47:07.402217 28113 data_dirs.cc:400] Could only allocate 1 dirs of requested 3 for tablet c95ed3ebc1da42a9b511caff67d3da5e. 1 dirs total, 0 dirs full, 0 dirs failed
I20260608 12:47:07.402259 27962 data_dirs.cc:400] Could only allocate 1 dirs of requested 3 for tablet 857e3bd2d4dd4d1aa1c9cb57f84b4e75. 1 dirs total, 0 dirs full, 0 dirs failed
I20260608 12:47:07.403088 28112 data_dirs.cc:400] Could only allocate 1 dirs of requested 3 for tablet a2790aa68704418aadfecc84a2fe8130. 1 dirs total, 0 dirs full, 0 dirs failed
I20260608 12:47:07.405186 28111 data_dirs.cc:400] Could only allocate 1 dirs of requested 3 for tablet 857e3bd2d4dd4d1aa1c9cb57f84b4e75. 1 dirs total, 0 dirs full, 0 dirs failed
I20260608 12:47:07.412652 28110 tablet_service.cc:1511] Processing CreateTablet for tablet d83e7dcae7894aea9d8e3b3df0834534 (DEFAULT_TABLE table=range_aware_rebalance_new_range [id=10fe7142fd2d4a67a403e30eaa9dbfe7]), partition=HASH (key) PARTITION 7, RANGE (key) PARTITION 0 <= VALUES < 10
I20260608 12:47:07.424389 28117 data_dirs.cc:400] Could only allocate 1 dirs of requested 3 for tablet 02b0546d27ea40e1a3e3890c63b2be0a. 1 dirs total, 0 dirs full, 0 dirs failed
I20260608 12:47:07.425686 28114 data_dirs.cc:400] Could only allocate 1 dirs of requested 3 for tablet e6f2bdde30d34f8dba2add1cf03fd3e1. 1 dirs total, 0 dirs full, 0 dirs failed
I20260608 12:47:07.432473 28116 data_dirs.cc:400] Could only allocate 1 dirs of requested 3 for tablet ce8c34a16edc4583ada5f44604c79c48. 1 dirs total, 0 dirs full, 0 dirs failed
I20260608 12:47:07.433674 28110 data_dirs.cc:400] Could only allocate 1 dirs of requested 3 for tablet d83e7dcae7894aea9d8e3b3df0834534. 1 dirs total, 0 dirs full, 0 dirs failed
I20260608 12:47:07.480657 28173 tablet_bootstrap.cc:492] T c95ed3ebc1da42a9b511caff67d3da5e P 2aadb73c7a784a0bb7c66f8d66d6bddb: Bootstrap starting.
I20260608 12:47:07.506973 28172 tablet_bootstrap.cc:492] T 02b0546d27ea40e1a3e3890c63b2be0a P 5eac86689ec443088482a320ea352a94: Bootstrap starting.
I20260608 12:47:07.517674 28173 tablet_bootstrap.cc:654] T c95ed3ebc1da42a9b511caff67d3da5e P 2aadb73c7a784a0bb7c66f8d66d6bddb: Neither blocks nor log segments found. Creating new log.
I20260608 12:47:07.521308 28172 tablet_bootstrap.cc:654] T 02b0546d27ea40e1a3e3890c63b2be0a P 5eac86689ec443088482a320ea352a94: Neither blocks nor log segments found. Creating new log.
I20260608 12:47:07.529912 28174 tablet_bootstrap.cc:492] T 857e3bd2d4dd4d1aa1c9cb57f84b4e75 P 9c27b080265647e1a005e0e4ea58061d: Bootstrap starting.
I20260608 12:47:07.534659 28173 tablet_bootstrap.cc:492] T c95ed3ebc1da42a9b511caff67d3da5e P 2aadb73c7a784a0bb7c66f8d66d6bddb: No bootstrap required, opened a new log
I20260608 12:47:07.535429 28173 ts_tablet_manager.cc:1403] T c95ed3ebc1da42a9b511caff67d3da5e P 2aadb73c7a784a0bb7c66f8d66d6bddb: Time spent bootstrapping tablet: real 0.055s	user 0.013s	sys 0.011s
I20260608 12:47:07.536875 28174 tablet_bootstrap.cc:654] T 857e3bd2d4dd4d1aa1c9cb57f84b4e75 P 9c27b080265647e1a005e0e4ea58061d: Neither blocks nor log segments found. Creating new log.
I20260608 12:47:07.537866 28172 tablet_bootstrap.cc:492] T 02b0546d27ea40e1a3e3890c63b2be0a P 5eac86689ec443088482a320ea352a94: No bootstrap required, opened a new log
I20260608 12:47:07.538388 28172 ts_tablet_manager.cc:1403] T 02b0546d27ea40e1a3e3890c63b2be0a P 5eac86689ec443088482a320ea352a94: Time spent bootstrapping tablet: real 0.038s	user 0.014s	sys 0.008s
I20260608 12:47:07.538550 28173 raft_consensus.cc:359] T c95ed3ebc1da42a9b511caff67d3da5e P 2aadb73c7a784a0bb7c66f8d66d6bddb [term 0 FOLLOWER]: Replica starting. Triggering 0 pending ops. Active config: opid_index: -1 OBSOLETE_local: false peers { permanent_uuid: "5eac86689ec443088482a320ea352a94" member_type: VOTER last_known_addr { host: "127.24.112.1" port: 34781 } } peers { permanent_uuid: "2aadb73c7a784a0bb7c66f8d66d6bddb" member_type: VOTER last_known_addr { host: "127.24.112.2" port: 39943 } } peers { permanent_uuid: "9c27b080265647e1a005e0e4ea58061d" member_type: VOTER last_known_addr { host: "127.24.112.3" port: 39043 } }
I20260608 12:47:07.539319 28173 raft_consensus.cc:385] T c95ed3ebc1da42a9b511caff67d3da5e P 2aadb73c7a784a0bb7c66f8d66d6bddb [term 0 FOLLOWER]: Consensus starting up: Expiring failure detector timer to make a prompt election more likely
I20260608 12:47:07.539635 28173 raft_consensus.cc:740] T c95ed3ebc1da42a9b511caff67d3da5e P 2aadb73c7a784a0bb7c66f8d66d6bddb [term 0 FOLLOWER]: Becoming Follower/Learner. State: Replica: 2aadb73c7a784a0bb7c66f8d66d6bddb, State: Initialized, Role: FOLLOWER
I20260608 12:47:07.540688 28173 consensus_queue.cc:260] T c95ed3ebc1da42a9b511caff67d3da5e P 2aadb73c7a784a0bb7c66f8d66d6bddb [NON_LEADER]: Queue going to NON_LEADER mode. State: All replicated index: 0, Majority replicated index: 0, Committed index: 0, Last appended: 0.0, Last appended by leader: 0, Current term: 0, Majority size: -1, State: 0, Mode: NON_LEADER, active raft config: opid_index: -1 OBSOLETE_local: false peers { permanent_uuid: "5eac86689ec443088482a320ea352a94" member_type: VOTER last_known_addr { host: "127.24.112.1" port: 34781 } } peers { permanent_uuid: "2aadb73c7a784a0bb7c66f8d66d6bddb" member_type: VOTER last_known_addr { host: "127.24.112.2" port: 39943 } } peers { permanent_uuid: "9c27b080265647e1a005e0e4ea58061d" member_type: VOTER last_known_addr { host: "127.24.112.3" port: 39043 } }
I20260608 12:47:07.542346 28174 tablet_bootstrap.cc:492] T 857e3bd2d4dd4d1aa1c9cb57f84b4e75 P 9c27b080265647e1a005e0e4ea58061d: No bootstrap required, opened a new log
I20260608 12:47:07.541797 28172 raft_consensus.cc:359] T 02b0546d27ea40e1a3e3890c63b2be0a P 5eac86689ec443088482a320ea352a94 [term 0 FOLLOWER]: Replica starting. Triggering 0 pending ops. Active config: opid_index: -1 OBSOLETE_local: false peers { permanent_uuid: "2aadb73c7a784a0bb7c66f8d66d6bddb" member_type: VOTER last_known_addr { host: "127.24.112.2" port: 39943 } } peers { permanent_uuid: "5eac86689ec443088482a320ea352a94" member_type: VOTER last_known_addr { host: "127.24.112.1" port: 34781 } } peers { permanent_uuid: "9c27b080265647e1a005e0e4ea58061d" member_type: VOTER last_known_addr { host: "127.24.112.3" port: 39043 } }
I20260608 12:47:07.542848 28172 raft_consensus.cc:385] T 02b0546d27ea40e1a3e3890c63b2be0a P 5eac86689ec443088482a320ea352a94 [term 0 FOLLOWER]: Consensus starting up: Expiring failure detector timer to make a prompt election more likely
I20260608 12:47:07.543004 28174 ts_tablet_manager.cc:1403] T 857e3bd2d4dd4d1aa1c9cb57f84b4e75 P 9c27b080265647e1a005e0e4ea58061d: Time spent bootstrapping tablet: real 0.013s	user 0.011s	sys 0.000s
I20260608 12:47:07.543226 28172 raft_consensus.cc:740] T 02b0546d27ea40e1a3e3890c63b2be0a P 5eac86689ec443088482a320ea352a94 [term 0 FOLLOWER]: Becoming Follower/Learner. State: Replica: 5eac86689ec443088482a320ea352a94, State: Initialized, Role: FOLLOWER
I20260608 12:47:07.543761 28173 ts_tablet_manager.cc:1434] T c95ed3ebc1da42a9b511caff67d3da5e P 2aadb73c7a784a0bb7c66f8d66d6bddb: Time spent starting tablet: real 0.008s	user 0.006s	sys 0.001s
I20260608 12:47:07.545982 28173 tablet_bootstrap.cc:492] T a2790aa68704418aadfecc84a2fe8130 P 2aadb73c7a784a0bb7c66f8d66d6bddb: Bootstrap starting.
I20260608 12:47:07.545717 28172 consensus_queue.cc:260] T 02b0546d27ea40e1a3e3890c63b2be0a P 5eac86689ec443088482a320ea352a94 [NON_LEADER]: Queue going to NON_LEADER mode. State: All replicated index: 0, Majority replicated index: 0, Committed index: 0, Last appended: 0.0, Last appended by leader: 0, Current term: 0, Majority size: -1, State: 0, Mode: NON_LEADER, active raft config: opid_index: -1 OBSOLETE_local: false peers { permanent_uuid: "2aadb73c7a784a0bb7c66f8d66d6bddb" member_type: VOTER last_known_addr { host: "127.24.112.2" port: 39943 } } peers { permanent_uuid: "5eac86689ec443088482a320ea352a94" member_type: VOTER last_known_addr { host: "127.24.112.1" port: 34781 } } peers { permanent_uuid: "9c27b080265647e1a005e0e4ea58061d" member_type: VOTER last_known_addr { host: "127.24.112.3" port: 39043 } }
I20260608 12:47:07.548395 28174 raft_consensus.cc:359] T 857e3bd2d4dd4d1aa1c9cb57f84b4e75 P 9c27b080265647e1a005e0e4ea58061d [term 0 FOLLOWER]: Replica starting. Triggering 0 pending ops. Active config: opid_index: -1 OBSOLETE_local: false peers { permanent_uuid: "2aadb73c7a784a0bb7c66f8d66d6bddb" member_type: VOTER last_known_addr { host: "127.24.112.2" port: 39943 } } peers { permanent_uuid: "5eac86689ec443088482a320ea352a94" member_type: VOTER last_known_addr { host: "127.24.112.1" port: 34781 } } peers { permanent_uuid: "9c27b080265647e1a005e0e4ea58061d" member_type: VOTER last_known_addr { host: "127.24.112.3" port: 39043 } }
I20260608 12:47:07.549521 28174 raft_consensus.cc:385] T 857e3bd2d4dd4d1aa1c9cb57f84b4e75 P 9c27b080265647e1a005e0e4ea58061d [term 0 FOLLOWER]: Consensus starting up: Expiring failure detector timer to make a prompt election more likely
I20260608 12:47:07.553069 28173 tablet_bootstrap.cc:654] T a2790aa68704418aadfecc84a2fe8130 P 2aadb73c7a784a0bb7c66f8d66d6bddb: Neither blocks nor log segments found. Creating new log.
I20260608 12:47:07.549965 28174 raft_consensus.cc:740] T 857e3bd2d4dd4d1aa1c9cb57f84b4e75 P 9c27b080265647e1a005e0e4ea58061d [term 0 FOLLOWER]: Becoming Follower/Learner. State: Replica: 9c27b080265647e1a005e0e4ea58061d, State: Initialized, Role: FOLLOWER
I20260608 12:47:07.553916 28172 ts_tablet_manager.cc:1434] T 02b0546d27ea40e1a3e3890c63b2be0a P 5eac86689ec443088482a320ea352a94: Time spent starting tablet: real 0.015s	user 0.006s	sys 0.009s
I20260608 12:47:07.555087 28172 tablet_bootstrap.cc:492] T a2790aa68704418aadfecc84a2fe8130 P 5eac86689ec443088482a320ea352a94: Bootstrap starting.
I20260608 12:47:07.554834 28174 consensus_queue.cc:260] T 857e3bd2d4dd4d1aa1c9cb57f84b4e75 P 9c27b080265647e1a005e0e4ea58061d [NON_LEADER]: Queue going to NON_LEADER mode. State: All replicated index: 0, Majority replicated index: 0, Committed index: 0, Last appended: 0.0, Last appended by leader: 0, Current term: 0, Majority size: -1, State: 0, Mode: NON_LEADER, active raft config: opid_index: -1 OBSOLETE_local: false peers { permanent_uuid: "2aadb73c7a784a0bb7c66f8d66d6bddb" member_type: VOTER last_known_addr { host: "127.24.112.2" port: 39943 } } peers { permanent_uuid: "5eac86689ec443088482a320ea352a94" member_type: VOTER last_known_addr { host: "127.24.112.1" port: 34781 } } peers { permanent_uuid: "9c27b080265647e1a005e0e4ea58061d" member_type: VOTER last_known_addr { host: "127.24.112.3" port: 39043 } }
I20260608 12:47:07.564754 28172 tablet_bootstrap.cc:654] T a2790aa68704418aadfecc84a2fe8130 P 5eac86689ec443088482a320ea352a94: Neither blocks nor log segments found. Creating new log.
I20260608 12:47:07.564903 28174 ts_tablet_manager.cc:1434] T 857e3bd2d4dd4d1aa1c9cb57f84b4e75 P 9c27b080265647e1a005e0e4ea58061d: Time spent starting tablet: real 0.020s	user 0.009s	sys 0.006s
I20260608 12:47:07.566174 28173 tablet_bootstrap.cc:492] T a2790aa68704418aadfecc84a2fe8130 P 2aadb73c7a784a0bb7c66f8d66d6bddb: No bootstrap required, opened a new log
I20260608 12:47:07.566749 28173 ts_tablet_manager.cc:1403] T a2790aa68704418aadfecc84a2fe8130 P 2aadb73c7a784a0bb7c66f8d66d6bddb: Time spent bootstrapping tablet: real 0.021s	user 0.010s	sys 0.007s
I20260608 12:47:07.569475 28173 raft_consensus.cc:359] T a2790aa68704418aadfecc84a2fe8130 P 2aadb73c7a784a0bb7c66f8d66d6bddb [term 0 FOLLOWER]: Replica starting. Triggering 0 pending ops. Active config: opid_index: -1 OBSOLETE_local: false peers { permanent_uuid: "2aadb73c7a784a0bb7c66f8d66d6bddb" member_type: VOTER last_known_addr { host: "127.24.112.2" port: 39943 } } peers { permanent_uuid: "5eac86689ec443088482a320ea352a94" member_type: VOTER last_known_addr { host: "127.24.112.1" port: 34781 } } peers { permanent_uuid: "9c27b080265647e1a005e0e4ea58061d" member_type: VOTER last_known_addr { host: "127.24.112.3" port: 39043 } }
I20260608 12:47:07.570055 28173 raft_consensus.cc:385] T a2790aa68704418aadfecc84a2fe8130 P 2aadb73c7a784a0bb7c66f8d66d6bddb [term 0 FOLLOWER]: Consensus starting up: Expiring failure detector timer to make a prompt election more likely
I20260608 12:47:07.570356 28173 raft_consensus.cc:740] T a2790aa68704418aadfecc84a2fe8130 P 2aadb73c7a784a0bb7c66f8d66d6bddb [term 0 FOLLOWER]: Becoming Follower/Learner. State: Replica: 2aadb73c7a784a0bb7c66f8d66d6bddb, State: Initialized, Role: FOLLOWER
I20260608 12:47:07.571213 28173 consensus_queue.cc:260] T a2790aa68704418aadfecc84a2fe8130 P 2aadb73c7a784a0bb7c66f8d66d6bddb [NON_LEADER]: Queue going to NON_LEADER mode. State: All replicated index: 0, Majority replicated index: 0, Committed index: 0, Last appended: 0.0, Last appended by leader: 0, Current term: 0, Majority size: -1, State: 0, Mode: NON_LEADER, active raft config: opid_index: -1 OBSOLETE_local: false peers { permanent_uuid: "2aadb73c7a784a0bb7c66f8d66d6bddb" member_type: VOTER last_known_addr { host: "127.24.112.2" port: 39943 } } peers { permanent_uuid: "5eac86689ec443088482a320ea352a94" member_type: VOTER last_known_addr { host: "127.24.112.1" port: 34781 } } peers { permanent_uuid: "9c27b080265647e1a005e0e4ea58061d" member_type: VOTER last_known_addr { host: "127.24.112.3" port: 39043 } }
I20260608 12:47:07.575466 28174 tablet_bootstrap.cc:492] T a2790aa68704418aadfecc84a2fe8130 P 9c27b080265647e1a005e0e4ea58061d: Bootstrap starting.
I20260608 12:47:07.575704 28172 tablet_bootstrap.cc:492] T a2790aa68704418aadfecc84a2fe8130 P 5eac86689ec443088482a320ea352a94: No bootstrap required, opened a new log
I20260608 12:47:07.576409 28172 ts_tablet_manager.cc:1403] T a2790aa68704418aadfecc84a2fe8130 P 5eac86689ec443088482a320ea352a94: Time spent bootstrapping tablet: real 0.022s	user 0.012s	sys 0.008s
I20260608 12:47:07.577605 28173 ts_tablet_manager.cc:1434] T a2790aa68704418aadfecc84a2fe8130 P 2aadb73c7a784a0bb7c66f8d66d6bddb: Time spent starting tablet: real 0.011s	user 0.007s	sys 0.000s
I20260608 12:47:07.578634 28173 tablet_bootstrap.cc:492] T 2d847c766e9543ecb9f48b83f013cf66 P 2aadb73c7a784a0bb7c66f8d66d6bddb: Bootstrap starting.
I20260608 12:47:07.579625 28172 raft_consensus.cc:359] T a2790aa68704418aadfecc84a2fe8130 P 5eac86689ec443088482a320ea352a94 [term 0 FOLLOWER]: Replica starting. Triggering 0 pending ops. Active config: opid_index: -1 OBSOLETE_local: false peers { permanent_uuid: "2aadb73c7a784a0bb7c66f8d66d6bddb" member_type: VOTER last_known_addr { host: "127.24.112.2" port: 39943 } } peers { permanent_uuid: "5eac86689ec443088482a320ea352a94" member_type: VOTER last_known_addr { host: "127.24.112.1" port: 34781 } } peers { permanent_uuid: "9c27b080265647e1a005e0e4ea58061d" member_type: VOTER last_known_addr { host: "127.24.112.3" port: 39043 } }
I20260608 12:47:07.580467 28172 raft_consensus.cc:385] T a2790aa68704418aadfecc84a2fe8130 P 5eac86689ec443088482a320ea352a94 [term 0 FOLLOWER]: Consensus starting up: Expiring failure detector timer to make a prompt election more likely
I20260608 12:47:07.580823 28172 raft_consensus.cc:740] T a2790aa68704418aadfecc84a2fe8130 P 5eac86689ec443088482a320ea352a94 [term 0 FOLLOWER]: Becoming Follower/Learner. State: Replica: 5eac86689ec443088482a320ea352a94, State: Initialized, Role: FOLLOWER
I20260608 12:47:07.581934 28172 consensus_queue.cc:260] T a2790aa68704418aadfecc84a2fe8130 P 5eac86689ec443088482a320ea352a94 [NON_LEADER]: Queue going to NON_LEADER mode. State: All replicated index: 0, Majority replicated index: 0, Committed index: 0, Last appended: 0.0, Last appended by leader: 0, Current term: 0, Majority size: -1, State: 0, Mode: NON_LEADER, active raft config: opid_index: -1 OBSOLETE_local: false peers { permanent_uuid: "2aadb73c7a784a0bb7c66f8d66d6bddb" member_type: VOTER last_known_addr { host: "127.24.112.2" port: 39943 } } peers { permanent_uuid: "5eac86689ec443088482a320ea352a94" member_type: VOTER last_known_addr { host: "127.24.112.1" port: 34781 } } peers { permanent_uuid: "9c27b080265647e1a005e0e4ea58061d" member_type: VOTER last_known_addr { host: "127.24.112.3" port: 39043 } }
I20260608 12:47:07.583523 28174 tablet_bootstrap.cc:654] T a2790aa68704418aadfecc84a2fe8130 P 9c27b080265647e1a005e0e4ea58061d: Neither blocks nor log segments found. Creating new log.
I20260608 12:47:07.584865 28172 ts_tablet_manager.cc:1434] T a2790aa68704418aadfecc84a2fe8130 P 5eac86689ec443088482a320ea352a94: Time spent starting tablet: real 0.008s	user 0.007s	sys 0.000s
I20260608 12:47:07.585848 28173 tablet_bootstrap.cc:654] T 2d847c766e9543ecb9f48b83f013cf66 P 2aadb73c7a784a0bb7c66f8d66d6bddb: Neither blocks nor log segments found. Creating new log.
I20260608 12:47:07.586026 28172 tablet_bootstrap.cc:492] T c95ed3ebc1da42a9b511caff67d3da5e P 5eac86689ec443088482a320ea352a94: Bootstrap starting.
I20260608 12:47:07.594527 28172 tablet_bootstrap.cc:654] T c95ed3ebc1da42a9b511caff67d3da5e P 5eac86689ec443088482a320ea352a94: Neither blocks nor log segments found. Creating new log.
I20260608 12:47:07.596177 28173 tablet_bootstrap.cc:492] T 2d847c766e9543ecb9f48b83f013cf66 P 2aadb73c7a784a0bb7c66f8d66d6bddb: No bootstrap required, opened a new log
I20260608 12:47:07.596202 28174 tablet_bootstrap.cc:492] T a2790aa68704418aadfecc84a2fe8130 P 9c27b080265647e1a005e0e4ea58061d: No bootstrap required, opened a new log
I20260608 12:47:07.597018 28173 ts_tablet_manager.cc:1403] T 2d847c766e9543ecb9f48b83f013cf66 P 2aadb73c7a784a0bb7c66f8d66d6bddb: Time spent bootstrapping tablet: real 0.019s	user 0.015s	sys 0.000s
I20260608 12:47:07.597148 28174 ts_tablet_manager.cc:1403] T a2790aa68704418aadfecc84a2fe8130 P 9c27b080265647e1a005e0e4ea58061d: Time spent bootstrapping tablet: real 0.022s	user 0.013s	sys 0.008s
I20260608 12:47:07.600492 28173 raft_consensus.cc:359] T 2d847c766e9543ecb9f48b83f013cf66 P 2aadb73c7a784a0bb7c66f8d66d6bddb [term 0 FOLLOWER]: Replica starting. Triggering 0 pending ops. Active config: opid_index: -1 OBSOLETE_local: false peers { permanent_uuid: "5eac86689ec443088482a320ea352a94" member_type: VOTER last_known_addr { host: "127.24.112.1" port: 34781 } } peers { permanent_uuid: "2aadb73c7a784a0bb7c66f8d66d6bddb" member_type: VOTER last_known_addr { host: "127.24.112.2" port: 39943 } } peers { permanent_uuid: "9c27b080265647e1a005e0e4ea58061d" member_type: VOTER last_known_addr { host: "127.24.112.3" port: 39043 } }
I20260608 12:47:07.601323 28173 raft_consensus.cc:385] T 2d847c766e9543ecb9f48b83f013cf66 P 2aadb73c7a784a0bb7c66f8d66d6bddb [term 0 FOLLOWER]: Consensus starting up: Expiring failure detector timer to make a prompt election more likely
I20260608 12:47:07.601665 28173 raft_consensus.cc:740] T 2d847c766e9543ecb9f48b83f013cf66 P 2aadb73c7a784a0bb7c66f8d66d6bddb [term 0 FOLLOWER]: Becoming Follower/Learner. State: Replica: 2aadb73c7a784a0bb7c66f8d66d6bddb, State: Initialized, Role: FOLLOWER
I20260608 12:47:07.601679 28174 raft_consensus.cc:359] T a2790aa68704418aadfecc84a2fe8130 P 9c27b080265647e1a005e0e4ea58061d [term 0 FOLLOWER]: Replica starting. Triggering 0 pending ops. Active config: opid_index: -1 OBSOLETE_local: false peers { permanent_uuid: "2aadb73c7a784a0bb7c66f8d66d6bddb" member_type: VOTER last_known_addr { host: "127.24.112.2" port: 39943 } } peers { permanent_uuid: "5eac86689ec443088482a320ea352a94" member_type: VOTER last_known_addr { host: "127.24.112.1" port: 34781 } } peers { permanent_uuid: "9c27b080265647e1a005e0e4ea58061d" member_type: VOTER last_known_addr { host: "127.24.112.3" port: 39043 } }
I20260608 12:47:07.602756 28173 consensus_queue.cc:260] T 2d847c766e9543ecb9f48b83f013cf66 P 2aadb73c7a784a0bb7c66f8d66d6bddb [NON_LEADER]: Queue going to NON_LEADER mode. State: All replicated index: 0, Majority replicated index: 0, Committed index: 0, Last appended: 0.0, Last appended by leader: 0, Current term: 0, Majority size: -1, State: 0, Mode: NON_LEADER, active raft config: opid_index: -1 OBSOLETE_local: false peers { permanent_uuid: "5eac86689ec443088482a320ea352a94" member_type: VOTER last_known_addr { host: "127.24.112.1" port: 34781 } } peers { permanent_uuid: "2aadb73c7a784a0bb7c66f8d66d6bddb" member_type: VOTER last_known_addr { host: "127.24.112.2" port: 39943 } } peers { permanent_uuid: "9c27b080265647e1a005e0e4ea58061d" member_type: VOTER last_known_addr { host: "127.24.112.3" port: 39043 } }
I20260608 12:47:07.603219 28174 raft_consensus.cc:385] T a2790aa68704418aadfecc84a2fe8130 P 9c27b080265647e1a005e0e4ea58061d [term 0 FOLLOWER]: Consensus starting up: Expiring failure detector timer to make a prompt election more likely
I20260608 12:47:07.603786 28174 raft_consensus.cc:740] T a2790aa68704418aadfecc84a2fe8130 P 9c27b080265647e1a005e0e4ea58061d [term 0 FOLLOWER]: Becoming Follower/Learner. State: Replica: 9c27b080265647e1a005e0e4ea58061d, State: Initialized, Role: FOLLOWER
I20260608 12:47:07.605468 28173 ts_tablet_manager.cc:1434] T 2d847c766e9543ecb9f48b83f013cf66 P 2aadb73c7a784a0bb7c66f8d66d6bddb: Time spent starting tablet: real 0.008s	user 0.009s	sys 0.000s
I20260608 12:47:07.605675 28174 consensus_queue.cc:260] T a2790aa68704418aadfecc84a2fe8130 P 9c27b080265647e1a005e0e4ea58061d [NON_LEADER]: Queue going to NON_LEADER mode. State: All replicated index: 0, Majority replicated index: 0, Committed index: 0, Last appended: 0.0, Last appended by leader: 0, Current term: 0, Majority size: -1, State: 0, Mode: NON_LEADER, active raft config: opid_index: -1 OBSOLETE_local: false peers { permanent_uuid: "2aadb73c7a784a0bb7c66f8d66d6bddb" member_type: VOTER last_known_addr { host: "127.24.112.2" port: 39943 } } peers { permanent_uuid: "5eac86689ec443088482a320ea352a94" member_type: VOTER last_known_addr { host: "127.24.112.1" port: 34781 } } peers { permanent_uuid: "9c27b080265647e1a005e0e4ea58061d" member_type: VOTER last_known_addr { host: "127.24.112.3" port: 39043 } }
I20260608 12:47:07.606667 28173 tablet_bootstrap.cc:492] T 02b0546d27ea40e1a3e3890c63b2be0a P 2aadb73c7a784a0bb7c66f8d66d6bddb: Bootstrap starting.
I20260608 12:47:07.612871 28174 ts_tablet_manager.cc:1434] T a2790aa68704418aadfecc84a2fe8130 P 9c27b080265647e1a005e0e4ea58061d: Time spent starting tablet: real 0.015s	user 0.009s	sys 0.001s
I20260608 12:47:07.614179 28174 tablet_bootstrap.cc:492] T ce8c34a16edc4583ada5f44604c79c48 P 9c27b080265647e1a005e0e4ea58061d: Bootstrap starting.
I20260608 12:47:07.615120 28173 tablet_bootstrap.cc:654] T 02b0546d27ea40e1a3e3890c63b2be0a P 2aadb73c7a784a0bb7c66f8d66d6bddb: Neither blocks nor log segments found. Creating new log.
I20260608 12:47:07.617769 28172 tablet_bootstrap.cc:492] T c95ed3ebc1da42a9b511caff67d3da5e P 5eac86689ec443088482a320ea352a94: No bootstrap required, opened a new log
I20260608 12:47:07.618372 28172 ts_tablet_manager.cc:1403] T c95ed3ebc1da42a9b511caff67d3da5e P 5eac86689ec443088482a320ea352a94: Time spent bootstrapping tablet: real 0.033s	user 0.017s	sys 0.012s
I20260608 12:47:07.620924 28181 raft_consensus.cc:493] T a2790aa68704418aadfecc84a2fe8130 P 9c27b080265647e1a005e0e4ea58061d [term 0 FOLLOWER]: Starting pre-election (no leader contacted us within the election timeout)
I20260608 12:47:07.621510 28181 raft_consensus.cc:515] T a2790aa68704418aadfecc84a2fe8130 P 9c27b080265647e1a005e0e4ea58061d [term 0 FOLLOWER]: Starting pre-election with config: opid_index: -1 OBSOLETE_local: false peers { permanent_uuid: "2aadb73c7a784a0bb7c66f8d66d6bddb" member_type: VOTER last_known_addr { host: "127.24.112.2" port: 39943 } } peers { permanent_uuid: "5eac86689ec443088482a320ea352a94" member_type: VOTER last_known_addr { host: "127.24.112.1" port: 34781 } } peers { permanent_uuid: "9c27b080265647e1a005e0e4ea58061d" member_type: VOTER last_known_addr { host: "127.24.112.3" port: 39043 } }
I20260608 12:47:07.622900 28174 tablet_bootstrap.cc:654] T ce8c34a16edc4583ada5f44604c79c48 P 9c27b080265647e1a005e0e4ea58061d: Neither blocks nor log segments found. Creating new log.
I20260608 12:47:07.626448 28181 leader_election.cc:290] T a2790aa68704418aadfecc84a2fe8130 P 9c27b080265647e1a005e0e4ea58061d [CANDIDATE]: Term 1 pre-election: Requested pre-vote from peers 2aadb73c7a784a0bb7c66f8d66d6bddb (127.24.112.2:39943), 5eac86689ec443088482a320ea352a94 (127.24.112.1:34781)
I20260608 12:47:07.628487 28172 raft_consensus.cc:359] T c95ed3ebc1da42a9b511caff67d3da5e P 5eac86689ec443088482a320ea352a94 [term 0 FOLLOWER]: Replica starting. Triggering 0 pending ops. Active config: opid_index: -1 OBSOLETE_local: false peers { permanent_uuid: "5eac86689ec443088482a320ea352a94" member_type: VOTER last_known_addr { host: "127.24.112.1" port: 34781 } } peers { permanent_uuid: "2aadb73c7a784a0bb7c66f8d66d6bddb" member_type: VOTER last_known_addr { host: "127.24.112.2" port: 39943 } } peers { permanent_uuid: "9c27b080265647e1a005e0e4ea58061d" member_type: VOTER last_known_addr { host: "127.24.112.3" port: 39043 } }
I20260608 12:47:07.629402 28172 raft_consensus.cc:385] T c95ed3ebc1da42a9b511caff67d3da5e P 5eac86689ec443088482a320ea352a94 [term 0 FOLLOWER]: Consensus starting up: Expiring failure detector timer to make a prompt election more likely
I20260608 12:47:07.629801 28172 raft_consensus.cc:740] T c95ed3ebc1da42a9b511caff67d3da5e P 5eac86689ec443088482a320ea352a94 [term 0 FOLLOWER]: Becoming Follower/Learner. State: Replica: 5eac86689ec443088482a320ea352a94, State: Initialized, Role: FOLLOWER
I20260608 12:47:07.631037 28172 consensus_queue.cc:260] T c95ed3ebc1da42a9b511caff67d3da5e P 5eac86689ec443088482a320ea352a94 [NON_LEADER]: Queue going to NON_LEADER mode. State: All replicated index: 0, Majority replicated index: 0, Committed index: 0, Last appended: 0.0, Last appended by leader: 0, Current term: 0, Majority size: -1, State: 0, Mode: NON_LEADER, active raft config: opid_index: -1 OBSOLETE_local: false peers { permanent_uuid: "5eac86689ec443088482a320ea352a94" member_type: VOTER last_known_addr { host: "127.24.112.1" port: 34781 } } peers { permanent_uuid: "2aadb73c7a784a0bb7c66f8d66d6bddb" member_type: VOTER last_known_addr { host: "127.24.112.2" port: 39943 } } peers { permanent_uuid: "9c27b080265647e1a005e0e4ea58061d" member_type: VOTER last_known_addr { host: "127.24.112.3" port: 39043 } }
I20260608 12:47:07.635336 28172 ts_tablet_manager.cc:1434] T c95ed3ebc1da42a9b511caff67d3da5e P 5eac86689ec443088482a320ea352a94: Time spent starting tablet: real 0.017s	user 0.007s	sys 0.000s
I20260608 12:47:07.637441 28172 tablet_bootstrap.cc:492] T d83e7dcae7894aea9d8e3b3df0834534 P 5eac86689ec443088482a320ea352a94: Bootstrap starting.
I20260608 12:47:07.638411 28179 raft_consensus.cc:493] T a2790aa68704418aadfecc84a2fe8130 P 5eac86689ec443088482a320ea352a94 [term 0 FOLLOWER]: Starting pre-election (no leader contacted us within the election timeout)
I20260608 12:47:07.639679 28173 tablet_bootstrap.cc:492] T 02b0546d27ea40e1a3e3890c63b2be0a P 2aadb73c7a784a0bb7c66f8d66d6bddb: No bootstrap required, opened a new log
I20260608 12:47:07.639253 28179 raft_consensus.cc:515] T a2790aa68704418aadfecc84a2fe8130 P 5eac86689ec443088482a320ea352a94 [term 0 FOLLOWER]: Starting pre-election with config: opid_index: -1 OBSOLETE_local: false peers { permanent_uuid: "2aadb73c7a784a0bb7c66f8d66d6bddb" member_type: VOTER last_known_addr { host: "127.24.112.2" port: 39943 } } peers { permanent_uuid: "5eac86689ec443088482a320ea352a94" member_type: VOTER last_known_addr { host: "127.24.112.1" port: 34781 } } peers { permanent_uuid: "9c27b080265647e1a005e0e4ea58061d" member_type: VOTER last_known_addr { host: "127.24.112.3" port: 39043 } }
I20260608 12:47:07.640322 28173 ts_tablet_manager.cc:1403] T 02b0546d27ea40e1a3e3890c63b2be0a P 2aadb73c7a784a0bb7c66f8d66d6bddb: Time spent bootstrapping tablet: real 0.034s	user 0.013s	sys 0.010s
I20260608 12:47:07.643725 28173 raft_consensus.cc:359] T 02b0546d27ea40e1a3e3890c63b2be0a P 2aadb73c7a784a0bb7c66f8d66d6bddb [term 0 FOLLOWER]: Replica starting. Triggering 0 pending ops. Active config: opid_index: -1 OBSOLETE_local: false peers { permanent_uuid: "2aadb73c7a784a0bb7c66f8d66d6bddb" member_type: VOTER last_known_addr { host: "127.24.112.2" port: 39943 } } peers { permanent_uuid: "5eac86689ec443088482a320ea352a94" member_type: VOTER last_known_addr { host: "127.24.112.1" port: 34781 } } peers { permanent_uuid: "9c27b080265647e1a005e0e4ea58061d" member_type: VOTER last_known_addr { host: "127.24.112.3" port: 39043 } }
I20260608 12:47:07.644537 28173 raft_consensus.cc:385] T 02b0546d27ea40e1a3e3890c63b2be0a P 2aadb73c7a784a0bb7c66f8d66d6bddb [term 0 FOLLOWER]: Consensus starting up: Expiring failure detector timer to make a prompt election more likely
I20260608 12:47:07.644888 28173 raft_consensus.cc:740] T 02b0546d27ea40e1a3e3890c63b2be0a P 2aadb73c7a784a0bb7c66f8d66d6bddb [term 0 FOLLOWER]: Becoming Follower/Learner. State: Replica: 2aadb73c7a784a0bb7c66f8d66d6bddb, State: Initialized, Role: FOLLOWER
I20260608 12:47:07.645781 28179 leader_election.cc:290] T a2790aa68704418aadfecc84a2fe8130 P 5eac86689ec443088482a320ea352a94 [CANDIDATE]: Term 1 pre-election: Requested pre-vote from peers 2aadb73c7a784a0bb7c66f8d66d6bddb (127.24.112.2:39943), 9c27b080265647e1a005e0e4ea58061d (127.24.112.3:39043)
I20260608 12:47:07.655689 28174 tablet_bootstrap.cc:492] T ce8c34a16edc4583ada5f44604c79c48 P 9c27b080265647e1a005e0e4ea58061d: No bootstrap required, opened a new log
I20260608 12:47:07.656319 28174 ts_tablet_manager.cc:1403] T ce8c34a16edc4583ada5f44604c79c48 P 9c27b080265647e1a005e0e4ea58061d: Time spent bootstrapping tablet: real 0.042s	user 0.017s	sys 0.003s
I20260608 12:47:07.645798 28173 consensus_queue.cc:260] T 02b0546d27ea40e1a3e3890c63b2be0a P 2aadb73c7a784a0bb7c66f8d66d6bddb [NON_LEADER]: Queue going to NON_LEADER mode. State: All replicated index: 0, Majority replicated index: 0, Committed index: 0, Last appended: 0.0, Last appended by leader: 0, Current term: 0, Majority size: -1, State: 0, Mode: NON_LEADER, active raft config: opid_index: -1 OBSOLETE_local: false peers { permanent_uuid: "2aadb73c7a784a0bb7c66f8d66d6bddb" member_type: VOTER last_known_addr { host: "127.24.112.2" port: 39943 } } peers { permanent_uuid: "5eac86689ec443088482a320ea352a94" member_type: VOTER last_known_addr { host: "127.24.112.1" port: 34781 } } peers { permanent_uuid: "9c27b080265647e1a005e0e4ea58061d" member_type: VOTER last_known_addr { host: "127.24.112.3" port: 39043 } }
I20260608 12:47:07.659402 28174 raft_consensus.cc:359] T ce8c34a16edc4583ada5f44604c79c48 P 9c27b080265647e1a005e0e4ea58061d [term 0 FOLLOWER]: Replica starting. Triggering 0 pending ops. Active config: opid_index: -1 OBSOLETE_local: false peers { permanent_uuid: "5eac86689ec443088482a320ea352a94" member_type: VOTER last_known_addr { host: "127.24.112.1" port: 34781 } } peers { permanent_uuid: "2aadb73c7a784a0bb7c66f8d66d6bddb" member_type: VOTER last_known_addr { host: "127.24.112.2" port: 39943 } } peers { permanent_uuid: "9c27b080265647e1a005e0e4ea58061d" member_type: VOTER last_known_addr { host: "127.24.112.3" port: 39043 } }
I20260608 12:47:07.659955 28173 ts_tablet_manager.cc:1434] T 02b0546d27ea40e1a3e3890c63b2be0a P 2aadb73c7a784a0bb7c66f8d66d6bddb: Time spent starting tablet: real 0.019s	user 0.004s	sys 0.002s
I20260608 12:47:07.660193 28174 raft_consensus.cc:385] T ce8c34a16edc4583ada5f44604c79c48 P 9c27b080265647e1a005e0e4ea58061d [term 0 FOLLOWER]: Consensus starting up: Expiring failure detector timer to make a prompt election more likely
I20260608 12:47:07.660542 28174 raft_consensus.cc:740] T ce8c34a16edc4583ada5f44604c79c48 P 9c27b080265647e1a005e0e4ea58061d [term 0 FOLLOWER]: Becoming Follower/Learner. State: Replica: 9c27b080265647e1a005e0e4ea58061d, State: Initialized, Role: FOLLOWER
I20260608 12:47:07.661882 28172 tablet_bootstrap.cc:654] T d83e7dcae7894aea9d8e3b3df0834534 P 5eac86689ec443088482a320ea352a94: Neither blocks nor log segments found. Creating new log.
I20260608 12:47:07.661499 28174 consensus_queue.cc:260] T ce8c34a16edc4583ada5f44604c79c48 P 9c27b080265647e1a005e0e4ea58061d [NON_LEADER]: Queue going to NON_LEADER mode. State: All replicated index: 0, Majority replicated index: 0, Committed index: 0, Last appended: 0.0, Last appended by leader: 0, Current term: 0, Majority size: -1, State: 0, Mode: NON_LEADER, active raft config: opid_index: -1 OBSOLETE_local: false peers { permanent_uuid: "5eac86689ec443088482a320ea352a94" member_type: VOTER last_known_addr { host: "127.24.112.1" port: 34781 } } peers { permanent_uuid: "2aadb73c7a784a0bb7c66f8d66d6bddb" member_type: VOTER last_known_addr { host: "127.24.112.2" port: 39943 } } peers { permanent_uuid: "9c27b080265647e1a005e0e4ea58061d" member_type: VOTER last_known_addr { host: "127.24.112.3" port: 39043 } }
I20260608 12:47:07.663867 28174 ts_tablet_manager.cc:1434] T ce8c34a16edc4583ada5f44604c79c48 P 9c27b080265647e1a005e0e4ea58061d: Time spent starting tablet: real 0.007s	user 0.001s	sys 0.004s
I20260608 12:47:07.665051 28174 tablet_bootstrap.cc:492] T c95ed3ebc1da42a9b511caff67d3da5e P 9c27b080265647e1a005e0e4ea58061d: Bootstrap starting.
I20260608 12:47:07.673560 28174 tablet_bootstrap.cc:654] T c95ed3ebc1da42a9b511caff67d3da5e P 9c27b080265647e1a005e0e4ea58061d: Neither blocks nor log segments found. Creating new log.
I20260608 12:47:07.680226 28173 tablet_bootstrap.cc:492] T ce8c34a16edc4583ada5f44604c79c48 P 2aadb73c7a784a0bb7c66f8d66d6bddb: Bootstrap starting.
I20260608 12:47:07.690805 28053 tablet_service.cc:1917] Received RequestConsensusVote() RPC: tablet_id: "a2790aa68704418aadfecc84a2fe8130" candidate_uuid: "9c27b080265647e1a005e0e4ea58061d" candidate_term: 1 candidate_status { last_received { term: 0 index: 0 } } ignore_live_leader: false dest_uuid: "2aadb73c7a784a0bb7c66f8d66d6bddb" is_pre_election: true
I20260608 12:47:07.694015 28053 raft_consensus.cc:2468] T a2790aa68704418aadfecc84a2fe8130 P 2aadb73c7a784a0bb7c66f8d66d6bddb [term 0 FOLLOWER]: Leader pre-election vote request: Granting yes vote for candidate 9c27b080265647e1a005e0e4ea58061d in term 0.
I20260608 12:47:07.695801 28174 tablet_bootstrap.cc:492] T c95ed3ebc1da42a9b511caff67d3da5e P 9c27b080265647e1a005e0e4ea58061d: No bootstrap required, opened a new log
I20260608 12:47:07.695804 28092 leader_election.cc:304] T a2790aa68704418aadfecc84a2fe8130 P 9c27b080265647e1a005e0e4ea58061d [CANDIDATE]: Term 1 pre-election: Election decided. Result: candidate won. Election summary: received 2 responses out of 3 voters: 2 yes votes; 0 no votes. yes voters: 2aadb73c7a784a0bb7c66f8d66d6bddb, 9c27b080265647e1a005e0e4ea58061d; no voters: 
I20260608 12:47:07.696158 28173 tablet_bootstrap.cc:654] T ce8c34a16edc4583ada5f44604c79c48 P 2aadb73c7a784a0bb7c66f8d66d6bddb: Neither blocks nor log segments found. Creating new log.
I20260608 12:47:07.696631 28174 ts_tablet_manager.cc:1403] T c95ed3ebc1da42a9b511caff67d3da5e P 9c27b080265647e1a005e0e4ea58061d: Time spent bootstrapping tablet: real 0.032s	user 0.014s	sys 0.012s
I20260608 12:47:07.697036 28181 raft_consensus.cc:2804] T a2790aa68704418aadfecc84a2fe8130 P 9c27b080265647e1a005e0e4ea58061d [term 0 FOLLOWER]: Leader pre-election won for term 1
