I20260608 12:47:07.713538 28627 raft_consensus.cc:1081] T ec0039de162846f48bf0d83944957d52 P 834990c72ebf447d8a3a01737193b858 [term 1 LEADER]: Signalling peer 4e6d8ad340fe4c64b90b5ba35ba11540 to start an election
I20260608 12:47:07.718014 28383 tablet_service.cc:2044] Received Run Leader Election RPC: tablet_id: "ec0039de162846f48bf0d83944957d52"
dest_uuid: "4e6d8ad340fe4c64b90b5ba35ba11540"
 from {username='slave'} at 127.0.0.1:45856
I20260608 12:47:07.719496 28383 raft_consensus.cc:493] T ec0039de162846f48bf0d83944957d52 P 4e6d8ad340fe4c64b90b5ba35ba11540 [term 1 FOLLOWER]: Starting forced leader election (received explicit request)
I20260608 12:47:07.719872 28383 raft_consensus.cc:3060] T ec0039de162846f48bf0d83944957d52 P 4e6d8ad340fe4c64b90b5ba35ba11540 [term 1 FOLLOWER]: Advancing to term 2
I20260608 12:47:07.722218 28384 raft_consensus.cc:2955] T 0c0426692a3843e6a985e649bd7ffd99 P 4e6d8ad340fe4c64b90b5ba35ba11540 [term 1 FOLLOWER]: Committing config change with OpId 1.3: config changed from index 2 to 3, da02522d2d99414f9fe000f2ca96f850 (127.24.131.130) changed from NON_VOTER to VOTER. New config: { opid_index: 3 OBSOLETE_local: false peers { permanent_uuid: "4e6d8ad340fe4c64b90b5ba35ba11540" member_type: VOTER last_known_addr { host: "127.24.131.132" port: 44445 } attrs { replace: true } } peers { permanent_uuid: "61395bf6385446d2be46c6c63284fb09" member_type: VOTER last_known_addr { host: "127.24.131.131" port: 35819 } } peers { permanent_uuid: "834990c72ebf447d8a3a01737193b858" member_type: VOTER last_known_addr { host: "127.24.131.129" port: 33149 } } peers { permanent_uuid: "da02522d2d99414f9fe000f2ca96f850" member_type: VOTER last_known_addr { host: "127.24.131.130" port: 38451 } attrs { promote: false } } }
I20260608 12:47:07.732963 28143 raft_consensus.cc:2955] T 0c0426692a3843e6a985e649bd7ffd99 P da02522d2d99414f9fe000f2ca96f850 [term 1 FOLLOWER]: Committing config change with OpId 1.3: config changed from index 2 to 3, da02522d2d99414f9fe000f2ca96f850 (127.24.131.130) changed from NON_VOTER to VOTER. New config: { opid_index: 3 OBSOLETE_local: false peers { permanent_uuid: "4e6d8ad340fe4c64b90b5ba35ba11540" member_type: VOTER last_known_addr { host: "127.24.131.132" port: 44445 } attrs { replace: true } } peers { permanent_uuid: "61395bf6385446d2be46c6c63284fb09" member_type: VOTER last_known_addr { host: "127.24.131.131" port: 35819 } } peers { permanent_uuid: "834990c72ebf447d8a3a01737193b858" member_type: VOTER last_known_addr { host: "127.24.131.129" port: 33149 } } peers { permanent_uuid: "da02522d2d99414f9fe000f2ca96f850" member_type: VOTER last_known_addr { host: "127.24.131.130" port: 38451 } attrs { promote: false } } }
I20260608 12:47:07.735014 28070 raft_consensus.cc:2955] T 0c0426692a3843e6a985e649bd7ffd99 P 834990c72ebf447d8a3a01737193b858 [term 1 FOLLOWER]: Committing config change with OpId 1.3: config changed from index 2 to 3, da02522d2d99414f9fe000f2ca96f850 (127.24.131.130) changed from NON_VOTER to VOTER. New config: { opid_index: 3 OBSOLETE_local: false peers { permanent_uuid: "4e6d8ad340fe4c64b90b5ba35ba11540" member_type: VOTER last_known_addr { host: "127.24.131.132" port: 44445 } attrs { replace: true } } peers { permanent_uuid: "61395bf6385446d2be46c6c63284fb09" member_type: VOTER last_known_addr { host: "127.24.131.131" port: 35819 } } peers { permanent_uuid: "834990c72ebf447d8a3a01737193b858" member_type: VOTER last_known_addr { host: "127.24.131.129" port: 33149 } } peers { permanent_uuid: "da02522d2d99414f9fe000f2ca96f850" member_type: VOTER last_known_addr { host: "127.24.131.130" port: 38451 } attrs { promote: false } } }
I20260608 12:47:07.760149 27964 catalog_manager.cc:5696] T 0c0426692a3843e6a985e649bd7ffd99 P 61395bf6385446d2be46c6c63284fb09 reported cstate change: config changed from index 2 to 3, da02522d2d99414f9fe000f2ca96f850 (127.24.131.130) changed from NON_VOTER to VOTER. New cstate: current_term: 1 leader_uuid: "61395bf6385446d2be46c6c63284fb09" committed_config { opid_index: 3 OBSOLETE_local: false peers { permanent_uuid: "4e6d8ad340fe4c64b90b5ba35ba11540" member_type: VOTER last_known_addr { host: "127.24.131.132" port: 44445 } attrs { replace: true } health_report { overall_health: HEALTHY } } peers { permanent_uuid: "61395bf6385446d2be46c6c63284fb09" member_type: VOTER last_known_addr { host: "127.24.131.131" port: 35819 } health_report { overall_health: HEALTHY } } peers { permanent_uuid: "834990c72ebf447d8a3a01737193b858" member_type: VOTER last_known_addr { host: "127.24.131.129" port: 33149 } health_report { overall_health: HEALTHY } } peers { permanent_uuid: "da02522d2d99414f9fe000f2ca96f850" member_type: VOTER last_known_addr { host: "127.24.131.130" port: 38451 } attrs { promote: false } health_report { overall_health: HEALTHY } } }
I20260608 12:47:07.772037 28383 raft_consensus.cc:515] T ec0039de162846f48bf0d83944957d52 P 4e6d8ad340fe4c64b90b5ba35ba11540 [term 2 FOLLOWER]: Starting forced leader election with config: opid_index: -1 OBSOLETE_local: false peers { permanent_uuid: "61395bf6385446d2be46c6c63284fb09" member_type: VOTER last_known_addr { host: "127.24.131.131" port: 35819 } } peers { permanent_uuid: "4e6d8ad340fe4c64b90b5ba35ba11540" member_type: VOTER last_known_addr { host: "127.24.131.132" port: 44445 } } peers { permanent_uuid: "834990c72ebf447d8a3a01737193b858" member_type: VOTER last_known_addr { host: "127.24.131.129" port: 33149 } }
I20260608 12:47:07.774802 28383 leader_election.cc:290] T ec0039de162846f48bf0d83944957d52 P 4e6d8ad340fe4c64b90b5ba35ba11540 [CANDIDATE]: Term 2 election: Requested vote from peers 61395bf6385446d2be46c6c63284fb09 (127.24.131.131:35819), 834990c72ebf447d8a3a01737193b858 (127.24.131.129:33149)
I20260608 12:47:07.775327 28219 tablet_service.cc:1917] Received RequestConsensusVote() RPC: tablet_id: "ec0039de162846f48bf0d83944957d52" candidate_uuid: "4e6d8ad340fe4c64b90b5ba35ba11540" candidate_term: 2 candidate_status { last_received { term: 1 index: 1 } } ignore_live_leader: true dest_uuid: "61395bf6385446d2be46c6c63284fb09"
I20260608 12:47:07.776052 28219 raft_consensus.cc:3060] T ec0039de162846f48bf0d83944957d52 P 61395bf6385446d2be46c6c63284fb09 [term 1 FOLLOWER]: Advancing to term 2
I20260608 12:47:07.779994 28070 tablet_service.cc:1917] Received RequestConsensusVote() RPC: tablet_id: "ec0039de162846f48bf0d83944957d52" candidate_uuid: "4e6d8ad340fe4c64b90b5ba35ba11540" candidate_term: 2 candidate_status { last_received { term: 1 index: 1 } } ignore_live_leader: true dest_uuid: "834990c72ebf447d8a3a01737193b858"
I20260608 12:47:07.783967 28219 raft_consensus.cc:2468] T ec0039de162846f48bf0d83944957d52 P 61395bf6385446d2be46c6c63284fb09 [term 2 FOLLOWER]: Leader election vote request: Granting yes vote for candidate 4e6d8ad340fe4c64b90b5ba35ba11540 in term 2.
I20260608 12:47:07.785287 28070 raft_consensus.cc:3055] T ec0039de162846f48bf0d83944957d52 P 834990c72ebf447d8a3a01737193b858 [term 1 LEADER]: Stepping down as leader of term 1
I20260608 12:47:07.785796 28070 raft_consensus.cc:740] T ec0039de162846f48bf0d83944957d52 P 834990c72ebf447d8a3a01737193b858 [term 1 LEADER]: Becoming Follower/Learner. State: Replica: 834990c72ebf447d8a3a01737193b858, State: Running, Role: LEADER
I20260608 12:47:07.785701 28346 leader_election.cc:304] T ec0039de162846f48bf0d83944957d52 P 4e6d8ad340fe4c64b90b5ba35ba11540 [CANDIDATE]: Term 2 election: Election decided. Result: candidate won. Election summary: received 2 responses out of 3 voters: 2 yes votes; 0 no votes. yes voters: 4e6d8ad340fe4c64b90b5ba35ba11540, 61395bf6385446d2be46c6c63284fb09; no voters: 
I20260608 12:47:07.787464 28572 raft_consensus.cc:2804] T ec0039de162846f48bf0d83944957d52 P 4e6d8ad340fe4c64b90b5ba35ba11540 [term 2 FOLLOWER]: Leader election won for term 2
I20260608 12:47:07.788069 28143 consensus_queue.cc:237] T 050890cd75074cdaa0cca68e9cb553c6 P da02522d2d99414f9fe000f2ca96f850 [LEADER]: Queue going to LEADER mode. State: All replicated index: 0, Majority replicated index: 3, Committed index: 3, Last appended: 1.3, Last appended by leader: 0, Current term: 1, Majority size: 2, State: 0, Mode: LEADER, active raft config: opid_index: 4 OBSOLETE_local: false peers { permanent_uuid: "834990c72ebf447d8a3a01737193b858" member_type: VOTER last_known_addr { host: "127.24.131.129" port: 33149 } } peers { permanent_uuid: "da02522d2d99414f9fe000f2ca96f850" member_type: VOTER last_known_addr { host: "127.24.131.130" port: 38451 } } peers { permanent_uuid: "4e6d8ad340fe4c64b90b5ba35ba11540" member_type: VOTER last_known_addr { host: "127.24.131.132" port: 44445 } attrs { promote: false } }
I20260608 12:47:07.788297 28070 consensus_queue.cc:260] T ec0039de162846f48bf0d83944957d52 P 834990c72ebf447d8a3a01737193b858 [NON_LEADER]: Queue going to NON_LEADER mode. State: All replicated index: 0, Majority replicated index: 1, Committed index: 1, Last appended: 1.1, Last appended by leader: 1, Current term: 1, Majority size: -1, State: 0, Mode: NON_LEADER, active raft config: opid_index: -1 OBSOLETE_local: false peers { permanent_uuid: "61395bf6385446d2be46c6c63284fb09" member_type: VOTER last_known_addr { host: "127.24.131.131" port: 35819 } } peers { permanent_uuid: "4e6d8ad340fe4c64b90b5ba35ba11540" member_type: VOTER last_known_addr { host: "127.24.131.132" port: 44445 } } peers { permanent_uuid: "834990c72ebf447d8a3a01737193b858" member_type: VOTER last_known_addr { host: "127.24.131.129" port: 33149 } }
I20260608 12:47:07.789533 28070 raft_consensus.cc:3060] T ec0039de162846f48bf0d83944957d52 P 834990c72ebf447d8a3a01737193b858 [term 1 FOLLOWER]: Advancing to term 2
I20260608 12:47:07.795781 28069 raft_consensus.cc:1275] T 050890cd75074cdaa0cca68e9cb553c6 P 834990c72ebf447d8a3a01737193b858 [term 1 FOLLOWER]: Refusing update from remote peer da02522d2d99414f9fe000f2ca96f850: Log matching property violated. Preceding OpId in replica: term: 1 index: 3. Preceding OpId from leader: term: 1 index: 4. (index mismatch)
I20260608 12:47:07.794624 28384 raft_consensus.cc:1275] T 050890cd75074cdaa0cca68e9cb553c6 P 4e6d8ad340fe4c64b90b5ba35ba11540 [term 1 FOLLOWER]: Refusing update from remote peer da02522d2d99414f9fe000f2ca96f850: Log matching property violated. Preceding OpId in replica: term: 1 index: 3. Preceding OpId from leader: term: 1 index: 4. (index mismatch)
I20260608 12:47:07.797948 28558 consensus_queue.cc:1048] T 050890cd75074cdaa0cca68e9cb553c6 P da02522d2d99414f9fe000f2ca96f850 [LEADER]: Connected to new peer: Peer: permanent_uuid: "834990c72ebf447d8a3a01737193b858" member_type: VOTER last_known_addr { host: "127.24.131.129" port: 33149 }, Status: LMP_MISMATCH, Last received: 0.0, Next index: 4, Last known committed idx: 3, Time since last communication: 0.000s
I20260608 12:47:07.801862 28558 consensus_queue.cc:1048] T 050890cd75074cdaa0cca68e9cb553c6 P da02522d2d99414f9fe000f2ca96f850 [LEADER]: Connected to new peer: Peer: permanent_uuid: "4e6d8ad340fe4c64b90b5ba35ba11540" member_type: VOTER last_known_addr { host: "127.24.131.132" port: 44445 } attrs { promote: false }, Status: LMP_MISMATCH, Last received: 0.0, Next index: 4, Last known committed idx: 3, Time since last communication: 0.001s
I20260608 12:47:07.803043 28572 raft_consensus.cc:697] T ec0039de162846f48bf0d83944957d52 P 4e6d8ad340fe4c64b90b5ba35ba11540 [term 2 LEADER]: Becoming Leader. State: Replica: 4e6d8ad340fe4c64b90b5ba35ba11540, State: Running, Role: LEADER
I20260608 12:47:07.804193 28572 consensus_queue.cc:237] T ec0039de162846f48bf0d83944957d52 P 4e6d8ad340fe4c64b90b5ba35ba11540 [LEADER]: Queue going to LEADER mode. State: All replicated index: 0, Majority replicated index: 1, Committed index: 1, Last appended: 1.1, Last appended by leader: 1, Current term: 2, Majority size: 2, State: 0, Mode: LEADER, active raft config: opid_index: -1 OBSOLETE_local: false peers { permanent_uuid: "61395bf6385446d2be46c6c63284fb09" member_type: VOTER last_known_addr { host: "127.24.131.131" port: 35819 } } peers { permanent_uuid: "4e6d8ad340fe4c64b90b5ba35ba11540" member_type: VOTER last_known_addr { host: "127.24.131.132" port: 44445 } } peers { permanent_uuid: "834990c72ebf447d8a3a01737193b858" member_type: VOTER last_known_addr { host: "127.24.131.129" port: 33149 } }
I20260608 12:47:07.820261 28068 raft_consensus.cc:2955] T 050890cd75074cdaa0cca68e9cb553c6 P 834990c72ebf447d8a3a01737193b858 [term 1 FOLLOWER]: Committing config change with OpId 1.4: config changed from index 3 to 4, VOTER 61395bf6385446d2be46c6c63284fb09 (127.24.131.131) evicted. New config: { opid_index: 4 OBSOLETE_local: false peers { permanent_uuid: "834990c72ebf447d8a3a01737193b858" member_type: VOTER last_known_addr { host: "127.24.131.129" port: 33149 } } peers { permanent_uuid: "da02522d2d99414f9fe000f2ca96f850" member_type: VOTER last_known_addr { host: "127.24.131.130" port: 38451 } } peers { permanent_uuid: "4e6d8ad340fe4c64b90b5ba35ba11540" member_type: VOTER last_known_addr { host: "127.24.131.132" port: 44445 } attrs { promote: false } } }
I20260608 12:47:07.816614 28629 raft_consensus.cc:2955] T 050890cd75074cdaa0cca68e9cb553c6 P da02522d2d99414f9fe000f2ca96f850 [term 1 LEADER]: Committing config change with OpId 1.4: config changed from index 3 to 4, VOTER 61395bf6385446d2be46c6c63284fb09 (127.24.131.131) evicted. New config: { opid_index: 4 OBSOLETE_local: false peers { permanent_uuid: "834990c72ebf447d8a3a01737193b858" member_type: VOTER last_known_addr { host: "127.24.131.129" port: 33149 } } peers { permanent_uuid: "da02522d2d99414f9fe000f2ca96f850" member_type: VOTER last_known_addr { host: "127.24.131.130" port: 38451 } } peers { permanent_uuid: "4e6d8ad340fe4c64b90b5ba35ba11540" member_type: VOTER last_known_addr { host: "127.24.131.132" port: 44445 } attrs { promote: false } } }
I20260608 12:47:07.831110 28382 raft_consensus.cc:2955] T 050890cd75074cdaa0cca68e9cb553c6 P 4e6d8ad340fe4c64b90b5ba35ba11540 [term 1 FOLLOWER]: Committing config change with OpId 1.4: config changed from index 3 to 4, VOTER 61395bf6385446d2be46c6c63284fb09 (127.24.131.131) evicted. New config: { opid_index: 4 OBSOLETE_local: false peers { permanent_uuid: "834990c72ebf447d8a3a01737193b858" member_type: VOTER last_known_addr { host: "127.24.131.129" port: 33149 } } peers { permanent_uuid: "da02522d2d99414f9fe000f2ca96f850" member_type: VOTER last_known_addr { host: "127.24.131.130" port: 38451 } } peers { permanent_uuid: "4e6d8ad340fe4c64b90b5ba35ba11540" member_type: VOTER last_known_addr { host: "127.24.131.132" port: 44445 } attrs { promote: false } } }
I20260608 12:47:07.833979 28219 consensus_queue.cc:237] T 0c0426692a3843e6a985e649bd7ffd99 P 61395bf6385446d2be46c6c63284fb09 [LEADER]: Queue going to LEADER mode. State: All replicated index: 0, Majority replicated index: 3, Committed index: 3, Last appended: 1.3, Last appended by leader: 0, Current term: 1, Majority size: 2, State: 0, Mode: LEADER, active raft config: opid_index: 4 OBSOLETE_local: false peers { permanent_uuid: "61395bf6385446d2be46c6c63284fb09" member_type: VOTER last_known_addr { host: "127.24.131.131" port: 35819 } } peers { permanent_uuid: "834990c72ebf447d8a3a01737193b858" member_type: VOTER last_known_addr { host: "127.24.131.129" port: 33149 } } peers { permanent_uuid: "da02522d2d99414f9fe000f2ca96f850" member_type: VOTER last_known_addr { host: "127.24.131.130" port: 38451 } attrs { promote: false } }
I20260608 12:47:07.830118 28070 raft_consensus.cc:2468] T ec0039de162846f48bf0d83944957d52 P 834990c72ebf447d8a3a01737193b858 [term 2 FOLLOWER]: Leader election vote request: Granting yes vote for candidate 4e6d8ad340fe4c64b90b5ba35ba11540 in term 2.
I20260608 12:47:07.854586 28143 raft_consensus.cc:1275] T 0c0426692a3843e6a985e649bd7ffd99 P da02522d2d99414f9fe000f2ca96f850 [term 1 FOLLOWER]: Refusing update from remote peer 61395bf6385446d2be46c6c63284fb09: Log matching property violated. Preceding OpId in replica: term: 1 index: 3. Preceding OpId from leader: term: 1 index: 4. (index mismatch)
I20260608 12:47:07.856974 28644 consensus_queue.cc:1048] T 0c0426692a3843e6a985e649bd7ffd99 P 61395bf6385446d2be46c6c63284fb09 [LEADER]: Connected to new peer: Peer: permanent_uuid: "da02522d2d99414f9fe000f2ca96f850" member_type: VOTER last_known_addr { host: "127.24.131.130" port: 38451 } attrs { promote: false }, Status: LMP_MISMATCH, Last received: 0.0, Next index: 4, Last known committed idx: 3, Time since last communication: 0.001s
I20260608 12:47:07.869609 27955 catalog_manager.cc:5209] ChangeConfig:REMOVE_PEER RPC for tablet 050890cd75074cdaa0cca68e9cb553c6 with cas_config_opid_index 3: ChangeConfig:REMOVE_PEER succeeded (attempt 1)
I20260608 12:47:07.869347 27968 catalog_manager.cc:5696] T 050890cd75074cdaa0cca68e9cb553c6 P 834990c72ebf447d8a3a01737193b858 reported cstate change: config changed from index 3 to 4, VOTER 61395bf6385446d2be46c6c63284fb09 (127.24.131.131) evicted. New cstate: current_term: 1 leader_uuid: "da02522d2d99414f9fe000f2ca96f850" committed_config { opid_index: 4 OBSOLETE_local: false peers { permanent_uuid: "834990c72ebf447d8a3a01737193b858" member_type: VOTER last_known_addr { host: "127.24.131.129" port: 33149 } } peers { permanent_uuid: "da02522d2d99414f9fe000f2ca96f850" member_type: VOTER last_known_addr { host: "127.24.131.130" port: 38451 } } peers { permanent_uuid: "4e6d8ad340fe4c64b90b5ba35ba11540" member_type: VOTER last_known_addr { host: "127.24.131.132" port: 44445 } attrs { promote: false } } }
I20260608 12:47:07.872859 28625 raft_consensus.cc:2955] T 0c0426692a3843e6a985e649bd7ffd99 P 61395bf6385446d2be46c6c63284fb09 [term 1 LEADER]: Committing config change with OpId 1.4: config changed from index 3 to 4, VOTER 4e6d8ad340fe4c64b90b5ba35ba11540 (127.24.131.132) evicted. New config: { opid_index: 4 OBSOLETE_local: false peers { permanent_uuid: "61395bf6385446d2be46c6c63284fb09" member_type: VOTER last_known_addr { host: "127.24.131.131" port: 35819 } } peers { permanent_uuid: "834990c72ebf447d8a3a01737193b858" member_type: VOTER last_known_addr { host: "127.24.131.129" port: 33149 } } peers { permanent_uuid: "da02522d2d99414f9fe000f2ca96f850" member_type: VOTER last_known_addr { host: "127.24.131.130" port: 38451 } attrs { promote: false } } }
I20260608 12:47:07.875028 28143 raft_consensus.cc:2955] T 0c0426692a3843e6a985e649bd7ffd99 P da02522d2d99414f9fe000f2ca96f850 [term 1 FOLLOWER]: Committing config change with OpId 1.4: config changed from index 3 to 4, VOTER 4e6d8ad340fe4c64b90b5ba35ba11540 (127.24.131.132) evicted. New config: { opid_index: 4 OBSOLETE_local: false peers { permanent_uuid: "61395bf6385446d2be46c6c63284fb09" member_type: VOTER last_known_addr { host: "127.24.131.131" port: 35819 } } peers { permanent_uuid: "834990c72ebf447d8a3a01737193b858" member_type: VOTER last_known_addr { host: "127.24.131.129" port: 33149 } } peers { permanent_uuid: "da02522d2d99414f9fe000f2ca96f850" member_type: VOTER last_known_addr { host: "127.24.131.130" port: 38451 } attrs { promote: false } } }
I20260608 12:47:07.869127 28068 raft_consensus.cc:1275] T 0c0426692a3843e6a985e649bd7ffd99 P 834990c72ebf447d8a3a01737193b858 [term 1 FOLLOWER]: Refusing update from remote peer 61395bf6385446d2be46c6c63284fb09: Log matching property violated. Preceding OpId in replica: term: 1 index: 3. Preceding OpId from leader: term: 1 index: 4. (index mismatch)
I20260608 12:47:07.880976 28644 consensus_queue.cc:1048] T 0c0426692a3843e6a985e649bd7ffd99 P 61395bf6385446d2be46c6c63284fb09 [LEADER]: Connected to new peer: Peer: permanent_uuid: "834990c72ebf447d8a3a01737193b858" member_type: VOTER last_known_addr { host: "127.24.131.129" port: 33149 }, Status: LMP_MISMATCH, Last received: 0.0, Next index: 4, Last known committed idx: 3, Time since last communication: 0.000s
I20260608 12:47:07.884608 27954 catalog_manager.cc:5209] ChangeConfig:REMOVE_PEER RPC for tablet 0c0426692a3843e6a985e649bd7ffd99 with cas_config_opid_index 3: ChangeConfig:REMOVE_PEER succeeded (attempt 1)
I20260608 12:47:07.887753 28070 raft_consensus.cc:2955] T 0c0426692a3843e6a985e649bd7ffd99 P 834990c72ebf447d8a3a01737193b858 [term 1 FOLLOWER]: Committing config change with OpId 1.4: config changed from index 3 to 4, VOTER 4e6d8ad340fe4c64b90b5ba35ba11540 (127.24.131.132) evicted. New config: { opid_index: 4 OBSOLETE_local: false peers { permanent_uuid: "61395bf6385446d2be46c6c63284fb09" member_type: VOTER last_known_addr { host: "127.24.131.131" port: 35819 } } peers { permanent_uuid: "834990c72ebf447d8a3a01737193b858" member_type: VOTER last_known_addr { host: "127.24.131.129" port: 33149 } } peers { permanent_uuid: "da02522d2d99414f9fe000f2ca96f850" member_type: VOTER last_known_addr { host: "127.24.131.130" port: 38451 } attrs { promote: false } } }
I20260608 12:47:07.896344 27964 catalog_manager.cc:5696] T 0c0426692a3843e6a985e649bd7ffd99 P 61395bf6385446d2be46c6c63284fb09 reported cstate change: config changed from index 3 to 4, VOTER 4e6d8ad340fe4c64b90b5ba35ba11540 (127.24.131.132) evicted. New cstate: current_term: 1 leader_uuid: "61395bf6385446d2be46c6c63284fb09" committed_config { opid_index: 4 OBSOLETE_local: false peers { permanent_uuid: "61395bf6385446d2be46c6c63284fb09" member_type: VOTER last_known_addr { host: "127.24.131.131" port: 35819 } health_report { overall_health: HEALTHY } } peers { permanent_uuid: "834990c72ebf447d8a3a01737193b858" member_type: VOTER last_known_addr { host: "127.24.131.129" port: 33149 } health_report { overall_health: UNKNOWN } } peers { permanent_uuid: "da02522d2d99414f9fe000f2ca96f850" member_type: VOTER last_known_addr { host: "127.24.131.130" port: 38451 } attrs { promote: false } health_report { overall_health: HEALTHY } } }
I20260608 12:47:07.899219 28207 tablet_service.cc:1558] Processing DeleteTablet for tablet 050890cd75074cdaa0cca68e9cb553c6 with delete_type TABLET_DATA_TOMBSTONED (TS 61395bf6385446d2be46c6c63284fb09 not found in new config with opid_index 4) from {username='slave'} at 127.0.0.1:58596
I20260608 12:47:07.902448 27965 catalog_manager.cc:5696] T ec0039de162846f48bf0d83944957d52 P 4e6d8ad340fe4c64b90b5ba35ba11540 reported cstate change: term changed from 1 to 2, leader changed from 834990c72ebf447d8a3a01737193b858 (127.24.131.129) to 4e6d8ad340fe4c64b90b5ba35ba11540 (127.24.131.132). New cstate: current_term: 2 leader_uuid: "4e6d8ad340fe4c64b90b5ba35ba11540" committed_config { opid_index: -1 OBSOLETE_local: false peers { permanent_uuid: "61395bf6385446d2be46c6c63284fb09" member_type: VOTER last_known_addr { host: "127.24.131.131" port: 35819 } health_report { overall_health: UNKNOWN } } peers { permanent_uuid: "4e6d8ad340fe4c64b90b5ba35ba11540" member_type: VOTER last_known_addr { host: "127.24.131.132" port: 44445 } health_report { overall_health: HEALTHY } } peers { permanent_uuid: "834990c72ebf447d8a3a01737193b858" member_type: VOTER last_known_addr { host: "127.24.131.129" port: 33149 } health_report { overall_health: UNKNOWN } } }
I20260608 12:47:07.913069 28654 tablet_replica.cc:333] T 050890cd75074cdaa0cca68e9cb553c6 P 61395bf6385446d2be46c6c63284fb09: stopping tablet replica
I20260608 12:47:07.914438 28654 raft_consensus.cc:2243] T 050890cd75074cdaa0cca68e9cb553c6 P 61395bf6385446d2be46c6c63284fb09 [term 1 FOLLOWER]: Raft consensus shutting down.
I20260608 12:47:07.915315 28654 raft_consensus.cc:2272] T 050890cd75074cdaa0cca68e9cb553c6 P 61395bf6385446d2be46c6c63284fb09 [term 1 FOLLOWER]: Raft consensus is shut down!
I20260608 12:47:07.926172 28371 tablet_service.cc:1558] Processing DeleteTablet for tablet 0c0426692a3843e6a985e649bd7ffd99 with delete_type TABLET_DATA_TOMBSTONED (TS 4e6d8ad340fe4c64b90b5ba35ba11540 not found in new config with opid_index 4) from {username='slave'} at 127.0.0.1:45846
I20260608 12:47:07.928013 28654 ts_tablet_manager.cc:1916] T 050890cd75074cdaa0cca68e9cb553c6 P 61395bf6385446d2be46c6c63284fb09: Deleting tablet data with delete state TABLET_DATA_TOMBSTONED
I20260608 12:47:07.928608 28655 tablet_replica.cc:333] T 0c0426692a3843e6a985e649bd7ffd99 P 4e6d8ad340fe4c64b90b5ba35ba11540: stopping tablet replica
I20260608 12:47:07.931684 28655 raft_consensus.cc:2243] T 0c0426692a3843e6a985e649bd7ffd99 P 4e6d8ad340fe4c64b90b5ba35ba11540 [term 1 FOLLOWER]: Raft consensus shutting down.
I20260608 12:47:07.941002 28655 raft_consensus.cc:2272] T 0c0426692a3843e6a985e649bd7ffd99 P 4e6d8ad340fe4c64b90b5ba35ba11540 [term 1 FOLLOWER]: Raft consensus is shut down!
I20260608 12:47:07.945453 28655 ts_tablet_manager.cc:1916] T 0c0426692a3843e6a985e649bd7ffd99 P 4e6d8ad340fe4c64b90b5ba35ba11540: Deleting tablet data with delete state TABLET_DATA_TOMBSTONED
I20260608 12:47:07.946317 28654 ts_tablet_manager.cc:1929] T 050890cd75074cdaa0cca68e9cb553c6 P 61395bf6385446d2be46c6c63284fb09: tablet deleted with delete type TABLET_DATA_TOMBSTONED: last-logged OpId 1.3
I20260608 12:47:07.946825 28654 log.cc:1199] T 050890cd75074cdaa0cca68e9cb553c6 P 61395bf6385446d2be46c6c63284fb09: Deleting WAL directory at /tmp/dist-test-taskYQVwUj/test-tmp/auto_rebalancer-test.0.AutoRebalancerTest.RangeAwareRebalancesNewRangeReplicas.1780922739986201-25102-0/minicluster-data/ts-2-root/wals/050890cd75074cdaa0cca68e9cb553c6
I20260608 12:47:07.948531 27954 catalog_manager.cc:5027] TS 61395bf6385446d2be46c6c63284fb09 (127.24.131.131:35819): tablet 050890cd75074cdaa0cca68e9cb553c6 (table range_aware_rebalance_new_range [id=22e86c8668ba4335942f45ec892da983]) successfully deleted
I20260608 12:47:07.961400 28655 ts_tablet_manager.cc:1929] T 0c0426692a3843e6a985e649bd7ffd99 P 4e6d8ad340fe4c64b90b5ba35ba11540: tablet deleted with delete type TABLET_DATA_TOMBSTONED: last-logged OpId 1.3
I20260608 12:47:07.961930 28655 log.cc:1199] T 0c0426692a3843e6a985e649bd7ffd99 P 4e6d8ad340fe4c64b90b5ba35ba11540: Deleting WAL directory at /tmp/dist-test-taskYQVwUj/test-tmp/auto_rebalancer-test.0.AutoRebalancerTest.RangeAwareRebalancesNewRangeReplicas.1780922739986201-25102-0/minicluster-data/ts-3-root/wals/0c0426692a3843e6a985e649bd7ffd99
I20260608 12:47:07.963578 27954 catalog_manager.cc:5027] TS 4e6d8ad340fe4c64b90b5ba35ba11540 (127.24.131.132:44445): tablet 0c0426692a3843e6a985e649bd7ffd99 (table range_aware_rebalance_new_range [id=22e86c8668ba4335942f45ec892da983]) successfully deleted
I20260608 12:47:08.237980 28216 raft_consensus.cc:1275] T ec0039de162846f48bf0d83944957d52 P 61395bf6385446d2be46c6c63284fb09 [term 2 FOLLOWER]: Refusing update from remote peer 4e6d8ad340fe4c64b90b5ba35ba11540: Log matching property violated. Preceding OpId in replica: term: 1 index: 1. Preceding OpId from leader: term: 2 index: 2. (index mismatch)
I20260608 12:47:08.239552 28572 consensus_queue.cc:1048] T ec0039de162846f48bf0d83944957d52 P 4e6d8ad340fe4c64b90b5ba35ba11540 [LEADER]: Connected to new peer: Peer: permanent_uuid: "61395bf6385446d2be46c6c63284fb09" member_type: VOTER last_known_addr { host: "127.24.131.131" port: 35819 }, Status: LMP_MISMATCH, Last received: 0.0, Next index: 2, Last known committed idx: 1, Time since last communication: 0.000s
I20260608 12:47:08.251541 28070 raft_consensus.cc:1275] T ec0039de162846f48bf0d83944957d52 P 834990c72ebf447d8a3a01737193b858 [term 2 FOLLOWER]: Refusing update from remote peer 4e6d8ad340fe4c64b90b5ba35ba11540: Log matching property violated. Preceding OpId in replica: term: 1 index: 1. Preceding OpId from leader: term: 2 index: 2. (index mismatch)
I20260608 12:47:08.253693 28572 consensus_queue.cc:1048] T ec0039de162846f48bf0d83944957d52 P 4e6d8ad340fe4c64b90b5ba35ba11540 [LEADER]: Connected to new peer: Peer: permanent_uuid: "834990c72ebf447d8a3a01737193b858" member_type: VOTER last_known_addr { host: "127.24.131.129" port: 33149 }, Status: LMP_MISMATCH, Last received: 0.0, Next index: 2, Last known committed idx: 1, Time since last communication: 0.001s
I20260608 12:47:08.965538 28070 consensus_queue.cc:237] T 4d51307548ae46dd803ada9074aa26ad P 834990c72ebf447d8a3a01737193b858 [LEADER]: Queue going to LEADER mode. State: All replicated index: 0, Majority replicated index: 2, Committed index: 2, Last appended: 2.2, Last appended by leader: 1, Current term: 2, Majority size: 2, State: 0, Mode: LEADER, active raft config: opid_index: 3 OBSOLETE_local: false peers { permanent_uuid: "834990c72ebf447d8a3a01737193b858" member_type: VOTER last_known_addr { host: "127.24.131.129" port: 33149 } } peers { permanent_uuid: "da02522d2d99414f9fe000f2ca96f850" member_type: VOTER last_known_addr { host: "127.24.131.130" port: 38451 } attrs { replace: true } } peers { permanent_uuid: "61395bf6385446d2be46c6c63284fb09" member_type: VOTER last_known_addr { host: "127.24.131.131" port: 35819 } } peers { permanent_uuid: "4e6d8ad340fe4c64b90b5ba35ba11540" member_type: NON_VOTER last_known_addr { host: "127.24.131.132" port: 44445 } attrs { promote: true } }
W20260608 12:47:08.974593 28035 consensus_peers.cc:597] T 4d51307548ae46dd803ada9074aa26ad P 834990c72ebf447d8a3a01737193b858 -> Peer 4e6d8ad340fe4c64b90b5ba35ba11540 (127.24.131.132:44445): Couldn't send request to peer 4e6d8ad340fe4c64b90b5ba35ba11540. Error code: TABLET_NOT_FOUND (6). Status: Not found: Tablet not found: 4d51307548ae46dd803ada9074aa26ad. This is attempt 1: this message will repeat every 5th retry.
I20260608 12:47:08.974601 28219 raft_consensus.cc:1275] T 4d51307548ae46dd803ada9074aa26ad P 61395bf6385446d2be46c6c63284fb09 [term 2 FOLLOWER]: Refusing update from remote peer 834990c72ebf447d8a3a01737193b858: Log matching property violated. Preceding OpId in replica: term: 2 index: 2. Preceding OpId from leader: term: 2 index: 3. (index mismatch)
I20260608 12:47:08.975734 28145 raft_consensus.cc:1275] T 4d51307548ae46dd803ada9074aa26ad P da02522d2d99414f9fe000f2ca96f850 [term 2 FOLLOWER]: Refusing update from remote peer 834990c72ebf447d8a3a01737193b858: Log matching property violated. Preceding OpId in replica: term: 2 index: 2. Preceding OpId from leader: term: 2 index: 3. (index mismatch)
I20260608 12:47:08.976543 28664 consensus_queue.cc:1048] T 4d51307548ae46dd803ada9074aa26ad P 834990c72ebf447d8a3a01737193b858 [LEADER]: Connected to new peer: Peer: permanent_uuid: "61395bf6385446d2be46c6c63284fb09" member_type: VOTER last_known_addr { host: "127.24.131.131" port: 35819 }, Status: LMP_MISMATCH, Last received: 0.0, Next index: 3, Last known committed idx: 2, Time since last communication: 0.000s
I20260608 12:47:08.977669 28627 consensus_queue.cc:1048] T 4d51307548ae46dd803ada9074aa26ad P 834990c72ebf447d8a3a01737193b858 [LEADER]: Connected to new peer: Peer: permanent_uuid: "da02522d2d99414f9fe000f2ca96f850" member_type: VOTER last_known_addr { host: "127.24.131.130" port: 38451 } attrs { replace: true }, Status: LMP_MISMATCH, Last received: 0.0, Next index: 3, Last known committed idx: 2, Time since last communication: 0.000s
I20260608 12:47:08.988328 28627 raft_consensus.cc:2955] T 4d51307548ae46dd803ada9074aa26ad P 834990c72ebf447d8a3a01737193b858 [term 2 LEADER]: Committing config change with OpId 2.3: config changed from index -1 to 3, NON_VOTER 4e6d8ad340fe4c64b90b5ba35ba11540 (127.24.131.132) added. New config: { opid_index: 3 OBSOLETE_local: false peers { permanent_uuid: "834990c72ebf447d8a3a01737193b858" member_type: VOTER last_known_addr { host: "127.24.131.129" port: 33149 } } peers { permanent_uuid: "da02522d2d99414f9fe000f2ca96f850" member_type: VOTER last_known_addr { host: "127.24.131.130" port: 38451 } attrs { replace: true } } peers { permanent_uuid: "61395bf6385446d2be46c6c63284fb09" member_type: VOTER last_known_addr { host: "127.24.131.131" port: 35819 } } peers { permanent_uuid: "4e6d8ad340fe4c64b90b5ba35ba11540" member_type: NON_VOTER last_known_addr { host: "127.24.131.132" port: 44445 } attrs { promote: true } } }
I20260608 12:47:08.989799 28219 raft_consensus.cc:2955] T 4d51307548ae46dd803ada9074aa26ad P 61395bf6385446d2be46c6c63284fb09 [term 2 FOLLOWER]: Committing config change with OpId 2.3: config changed from index -1 to 3, NON_VOTER 4e6d8ad340fe4c64b90b5ba35ba11540 (127.24.131.132) added. New config: { opid_index: 3 OBSOLETE_local: false peers { permanent_uuid: "834990c72ebf447d8a3a01737193b858" member_type: VOTER last_known_addr { host: "127.24.131.129" port: 33149 } } peers { permanent_uuid: "da02522d2d99414f9fe000f2ca96f850" member_type: VOTER last_known_addr { host: "127.24.131.130" port: 38451 } attrs { replace: true } } peers { permanent_uuid: "61395bf6385446d2be46c6c63284fb09" member_type: VOTER last_known_addr { host: "127.24.131.131" port: 35819 } } peers { permanent_uuid: "4e6d8ad340fe4c64b90b5ba35ba11540" member_type: NON_VOTER last_known_addr { host: "127.24.131.132" port: 44445 } attrs { promote: true } } }
I20260608 12:47:08.990406 28145 raft_consensus.cc:2955] T 4d51307548ae46dd803ada9074aa26ad P da02522d2d99414f9fe000f2ca96f850 [term 2 FOLLOWER]: Committing config change with OpId 2.3: config changed from index -1 to 3, NON_VOTER 4e6d8ad340fe4c64b90b5ba35ba11540 (127.24.131.132) added. New config: { opid_index: 3 OBSOLETE_local: false peers { permanent_uuid: "834990c72ebf447d8a3a01737193b858" member_type: VOTER last_known_addr { host: "127.24.131.129" port: 33149 } } peers { permanent_uuid: "da02522d2d99414f9fe000f2ca96f850" member_type: VOTER last_known_addr { host: "127.24.131.130" port: 38451 } attrs { replace: true } } peers { permanent_uuid: "61395bf6385446d2be46c6c63284fb09" member_type: VOTER last_known_addr { host: "127.24.131.131" port: 35819 } } peers { permanent_uuid: "4e6d8ad340fe4c64b90b5ba35ba11540" member_type: NON_VOTER last_known_addr { host: "127.24.131.132" port: 44445 } attrs { promote: true } } }
I20260608 12:47:09.003651 27964 catalog_manager.cc:5696] T 4d51307548ae46dd803ada9074aa26ad P 834990c72ebf447d8a3a01737193b858 reported cstate change: config changed from index -1 to 3, NON_VOTER 4e6d8ad340fe4c64b90b5ba35ba11540 (127.24.131.132) added. New cstate: current_term: 2 leader_uuid: "834990c72ebf447d8a3a01737193b858" committed_config { opid_index: 3 OBSOLETE_local: false peers { permanent_uuid: "834990c72ebf447d8a3a01737193b858" member_type: VOTER last_known_addr { host: "127.24.131.129" port: 33149 } health_report { overall_health: HEALTHY } } peers { permanent_uuid: "da02522d2d99414f9fe000f2ca96f850" member_type: VOTER last_known_addr { host: "127.24.131.130" port: 38451 } attrs { replace: true } health_report { overall_health: HEALTHY } } peers { permanent_uuid: "61395bf6385446d2be46c6c63284fb09" member_type: VOTER last_known_addr { host: "127.24.131.131" port: 35819 } health_report { overall_health: HEALTHY } } peers { permanent_uuid: "4e6d8ad340fe4c64b90b5ba35ba11540" member_type: NON_VOTER last_known_addr { host: "127.24.131.132" port: 44445 } attrs { promote: true } health_report { overall_health: UNKNOWN } } }
I20260608 12:47:09.550431 28673 ts_tablet_manager.cc:933] T 4d51307548ae46dd803ada9074aa26ad P 4e6d8ad340fe4c64b90b5ba35ba11540: Initiating tablet copy from peer 834990c72ebf447d8a3a01737193b858 (127.24.131.129:33149)
I20260608 12:47:09.553041 28673 tablet_copy_client.cc:323] T 4d51307548ae46dd803ada9074aa26ad P 4e6d8ad340fe4c64b90b5ba35ba11540: tablet copy: Beginning tablet copy session from remote peer at address 127.24.131.129:33149
I20260608 12:47:09.562608 28080 tablet_copy_service.cc:140] P 834990c72ebf447d8a3a01737193b858: Received BeginTabletCopySession request for tablet 4d51307548ae46dd803ada9074aa26ad from peer 4e6d8ad340fe4c64b90b5ba35ba11540 ({username='slave'} at 127.0.0.1:56542)
I20260608 12:47:09.563398 28080 tablet_copy_service.cc:161] P 834990c72ebf447d8a3a01737193b858: Beginning new tablet copy session on tablet 4d51307548ae46dd803ada9074aa26ad from peer 4e6d8ad340fe4c64b90b5ba35ba11540 at {username='slave'} at 127.0.0.1:56542: session id = 4e6d8ad340fe4c64b90b5ba35ba11540-4d51307548ae46dd803ada9074aa26ad
I20260608 12:47:09.573077 28080 tablet_copy_source_session.cc:215] T 4d51307548ae46dd803ada9074aa26ad P 834990c72ebf447d8a3a01737193b858: Tablet Copy: opened 0 blocks and 1 log segments
I20260608 12:47:09.576480 28673 data_dirs.cc:400] Could only allocate 1 dirs of requested 3 for tablet 4d51307548ae46dd803ada9074aa26ad. 1 dirs total, 0 dirs full, 0 dirs failed
I20260608 12:47:09.589648 28673 tablet_copy_client.cc:806] T 4d51307548ae46dd803ada9074aa26ad P 4e6d8ad340fe4c64b90b5ba35ba11540: tablet copy: Starting download of 0 data blocks...
I20260608 12:47:09.590301 28673 tablet_copy_client.cc:670] T 4d51307548ae46dd803ada9074aa26ad P 4e6d8ad340fe4c64b90b5ba35ba11540: tablet copy: Starting download of 1 WAL segments...
I20260608 12:47:09.594100 28673 tablet_copy_client.cc:538] T 4d51307548ae46dd803ada9074aa26ad P 4e6d8ad340fe4c64b90b5ba35ba11540: tablet copy: Tablet Copy complete. Replacing tablet superblock.
I20260608 12:47:09.605825 28673 tablet_bootstrap.cc:492] T 4d51307548ae46dd803ada9074aa26ad P 4e6d8ad340fe4c64b90b5ba35ba11540: Bootstrap starting.
I20260608 12:47:09.626264 28673 tablet_bootstrap.cc:492] T 4d51307548ae46dd803ada9074aa26ad P 4e6d8ad340fe4c64b90b5ba35ba11540: Bootstrap replayed 1/1 log segments. Stats: ops{read=3 overwritten=0 applied=3 ignored=0} inserts{seen=0 ignored=0} mutations{seen=0 ignored=0} orphaned_commits=0. Pending: 0 replicates
I20260608 12:47:09.627372 28673 tablet_bootstrap.cc:492] T 4d51307548ae46dd803ada9074aa26ad P 4e6d8ad340fe4c64b90b5ba35ba11540: Bootstrap complete.
I20260608 12:47:09.628127 28673 ts_tablet_manager.cc:1403] T 4d51307548ae46dd803ada9074aa26ad P 4e6d8ad340fe4c64b90b5ba35ba11540: Time spent bootstrapping tablet: real 0.023s	user 0.022s	sys 0.000s
I20260608 12:47:09.631425 28673 raft_consensus.cc:359] T 4d51307548ae46dd803ada9074aa26ad P 4e6d8ad340fe4c64b90b5ba35ba11540 [term 2 LEARNER]: Replica starting. Triggering 0 pending ops. Active config: opid_index: 3 OBSOLETE_local: false peers { permanent_uuid: "834990c72ebf447d8a3a01737193b858" member_type: VOTER last_known_addr { host: "127.24.131.129" port: 33149 } } peers { permanent_uuid: "da02522d2d99414f9fe000f2ca96f850" member_type: VOTER last_known_addr { host: "127.24.131.130" port: 38451 } attrs { replace: true } } peers { permanent_uuid: "61395bf6385446d2be46c6c63284fb09" member_type: VOTER last_known_addr { host: "127.24.131.131" port: 35819 } } peers { permanent_uuid: "4e6d8ad340fe4c64b90b5ba35ba11540" member_type: NON_VOTER last_known_addr { host: "127.24.131.132" port: 44445 } attrs { promote: true } }
I20260608 12:47:09.632390 28673 raft_consensus.cc:740] T 4d51307548ae46dd803ada9074aa26ad P 4e6d8ad340fe4c64b90b5ba35ba11540 [term 2 LEARNER]: Becoming Follower/Learner. State: Replica: 4e6d8ad340fe4c64b90b5ba35ba11540, State: Initialized, Role: LEARNER
I20260608 12:47:09.633031 28673 consensus_queue.cc:260] T 4d51307548ae46dd803ada9074aa26ad P 4e6d8ad340fe4c64b90b5ba35ba11540 [NON_LEADER]: Queue going to NON_LEADER mode. State: All replicated index: 0, Majority replicated index: 0, Committed index: 3, Last appended: 2.3, Last appended by leader: 3, Current term: 0, Majority size: -1, State: 0, Mode: NON_LEADER, active raft config: opid_index: 3 OBSOLETE_local: false peers { permanent_uuid: "834990c72ebf447d8a3a01737193b858" member_type: VOTER last_known_addr { host: "127.24.131.129" port: 33149 } } peers { permanent_uuid: "da02522d2d99414f9fe000f2ca96f850" member_type: VOTER last_known_addr { host: "127.24.131.130" port: 38451 } attrs { replace: true } } peers { permanent_uuid: "61395bf6385446d2be46c6c63284fb09" member_type: VOTER last_known_addr { host: "127.24.131.131" port: 35819 } } peers { permanent_uuid: "4e6d8ad340fe4c64b90b5ba35ba11540" member_type: NON_VOTER last_known_addr { host: "127.24.131.132" port: 44445 } attrs { promote: true } }
I20260608 12:47:09.635339 28673 ts_tablet_manager.cc:1434] T 4d51307548ae46dd803ada9074aa26ad P 4e6d8ad340fe4c64b90b5ba35ba11540: Time spent starting tablet: real 0.007s	user 0.004s	sys 0.004s
I20260608 12:47:09.637535 28080 tablet_copy_service.cc:342] P 834990c72ebf447d8a3a01737193b858: Request end of tablet copy session 4e6d8ad340fe4c64b90b5ba35ba11540-4d51307548ae46dd803ada9074aa26ad received from {username='slave'} at 127.0.0.1:56542
I20260608 12:47:09.638126 28080 tablet_copy_service.cc:434] P 834990c72ebf447d8a3a01737193b858: ending tablet copy session 4e6d8ad340fe4c64b90b5ba35ba11540-4d51307548ae46dd803ada9074aa26ad on tablet 4d51307548ae46dd803ada9074aa26ad with peer 4e6d8ad340fe4c64b90b5ba35ba11540
I20260608 12:47:09.648217 28021 auto_leader_rebalancer.cc:140] leader rebalance for table range_aware_rebalance_new_range
I20260608 12:47:09.664727 28021 auto_leader_rebalancer.cc:388] table: range_aware_rebalance_new_range, leader rebalance finish, leader transfer count: 0
I20260608 12:47:09.665514 28021 auto_leader_rebalancer.cc:451] All tables' leader rebalancing finished this round
I20260608 12:47:10.010172 28382 raft_consensus.cc:1217] T 4d51307548ae46dd803ada9074aa26ad P 4e6d8ad340fe4c64b90b5ba35ba11540 [term 2 LEARNER]: Deduplicated request from leader. Original: 2.2->[2.3-2.3]   Dedup: 2.3->[]
I20260608 12:47:10.390239 28664 raft_consensus.cc:1064] T 4d51307548ae46dd803ada9074aa26ad P 834990c72ebf447d8a3a01737193b858: attempting to promote NON_VOTER 4e6d8ad340fe4c64b90b5ba35ba11540 to VOTER
I20260608 12:47:10.393517 28664 consensus_queue.cc:237] T 4d51307548ae46dd803ada9074aa26ad P 834990c72ebf447d8a3a01737193b858 [LEADER]: Queue going to LEADER mode. State: All replicated index: 0, Majority replicated index: 3, Committed index: 3, Last appended: 2.3, Last appended by leader: 1, Current term: 2, Majority size: 3, State: 0, Mode: LEADER, active raft config: opid_index: 4 OBSOLETE_local: false peers { permanent_uuid: "834990c72ebf447d8a3a01737193b858" member_type: VOTER last_known_addr { host: "127.24.131.129" port: 33149 } } peers { permanent_uuid: "da02522d2d99414f9fe000f2ca96f850" member_type: VOTER last_known_addr { host: "127.24.131.130" port: 38451 } attrs { replace: true } } peers { permanent_uuid: "61395bf6385446d2be46c6c63284fb09" member_type: VOTER last_known_addr { host: "127.24.131.131" port: 35819 } } peers { permanent_uuid: "4e6d8ad340fe4c64b90b5ba35ba11540" member_type: VOTER last_known_addr { host: "127.24.131.132" port: 44445 } attrs { promote: false } }
I20260608 12:47:10.401952 28382 raft_consensus.cc:1275] T 4d51307548ae46dd803ada9074aa26ad P 4e6d8ad340fe4c64b90b5ba35ba11540 [term 2 LEARNER]: Refusing update from remote peer 834990c72ebf447d8a3a01737193b858: Log matching property violated. Preceding OpId in replica: term: 2 index: 3. Preceding OpId from leader: term: 2 index: 4. (index mismatch)
I20260608 12:47:10.402846 28219 raft_consensus.cc:1275] T 4d51307548ae46dd803ada9074aa26ad P 61395bf6385446d2be46c6c63284fb09 [term 2 FOLLOWER]: Refusing update from remote peer 834990c72ebf447d8a3a01737193b858: Log matching property violated. Preceding OpId in replica: term: 2 index: 3. Preceding OpId from leader: term: 2 index: 4. (index mismatch)
I20260608 12:47:10.402846 28143 raft_consensus.cc:1275] T 4d51307548ae46dd803ada9074aa26ad P da02522d2d99414f9fe000f2ca96f850 [term 2 FOLLOWER]: Refusing update from remote peer 834990c72ebf447d8a3a01737193b858: Log matching property violated. Preceding OpId in replica: term: 2 index: 3. Preceding OpId from leader: term: 2 index: 4. (index mismatch)
I20260608 12:47:10.404903 28664 consensus_queue.cc:1048] T 4d51307548ae46dd803ada9074aa26ad P 834990c72ebf447d8a3a01737193b858 [LEADER]: Connected to new peer: Peer: permanent_uuid: "4e6d8ad340fe4c64b90b5ba35ba11540" member_type: VOTER last_known_addr { host: "127.24.131.132" port: 44445 } attrs { promote: false }, Status: LMP_MISMATCH, Last received: 0.0, Next index: 4, Last known committed idx: 3, Time since last communication: 0.001s
I20260608 12:47:10.406213 28676 consensus_queue.cc:1048] T 4d51307548ae46dd803ada9074aa26ad P 834990c72ebf447d8a3a01737193b858 [LEADER]: Connected to new peer: Peer: permanent_uuid: "da02522d2d99414f9fe000f2ca96f850" member_type: VOTER last_known_addr { host: "127.24.131.130" port: 38451 } attrs { replace: true }, Status: LMP_MISMATCH, Last received: 0.0, Next index: 4, Last known committed idx: 3, Time since last communication: 0.000s
I20260608 12:47:10.407140 28677 consensus_queue.cc:1048] T 4d51307548ae46dd803ada9074aa26ad P 834990c72ebf447d8a3a01737193b858 [LEADER]: Connected to new peer: Peer: permanent_uuid: "61395bf6385446d2be46c6c63284fb09" member_type: VOTER last_known_addr { host: "127.24.131.131" port: 35819 }, Status: LMP_MISMATCH, Last received: 0.0, Next index: 4, Last known committed idx: 3, Time since last communication: 0.000s
I20260608 12:47:10.422356 28677 raft_consensus.cc:2955] T 4d51307548ae46dd803ada9074aa26ad P 834990c72ebf447d8a3a01737193b858 [term 2 LEADER]: Committing config change with OpId 2.4: config changed from index 3 to 4, 4e6d8ad340fe4c64b90b5ba35ba11540 (127.24.131.132) changed from NON_VOTER to VOTER. New config: { opid_index: 4 OBSOLETE_local: false peers { permanent_uuid: "834990c72ebf447d8a3a01737193b858" member_type: VOTER last_known_addr { host: "127.24.131.129" port: 33149 } } peers { permanent_uuid: "da02522d2d99414f9fe000f2ca96f850" member_type: VOTER last_known_addr { host: "127.24.131.130" port: 38451 } attrs { replace: true } } peers { permanent_uuid: "61395bf6385446d2be46c6c63284fb09" member_type: VOTER last_known_addr { host: "127.24.131.131" port: 35819 } } peers { permanent_uuid: "4e6d8ad340fe4c64b90b5ba35ba11540" member_type: VOTER last_known_addr { host: "127.24.131.132" port: 44445 } attrs { promote: false } } }
I20260608 12:47:10.427466 28384 raft_consensus.cc:2955] T 4d51307548ae46dd803ada9074aa26ad P 4e6d8ad340fe4c64b90b5ba35ba11540 [term 2 FOLLOWER]: Committing config change with OpId 2.4: config changed from index 3 to 4, 4e6d8ad340fe4c64b90b5ba35ba11540 (127.24.131.132) changed from NON_VOTER to VOTER. New config: { opid_index: 4 OBSOLETE_local: false peers { permanent_uuid: "834990c72ebf447d8a3a01737193b858" member_type: VOTER last_known_addr { host: "127.24.131.129" port: 33149 } } peers { permanent_uuid: "da02522d2d99414f9fe000f2ca96f850" member_type: VOTER last_known_addr { host: "127.24.131.130" port: 38451 } attrs { replace: true } } peers { permanent_uuid: "61395bf6385446d2be46c6c63284fb09" member_type: VOTER last_known_addr { host: "127.24.131.131" port: 35819 } } peers { permanent_uuid: "4e6d8ad340fe4c64b90b5ba35ba11540" member_type: VOTER last_known_addr { host: "127.24.131.132" port: 44445 } attrs { promote: false } } }
I20260608 12:47:10.436535 28216 raft_consensus.cc:2955] T 4d51307548ae46dd803ada9074aa26ad P 61395bf6385446d2be46c6c63284fb09 [term 2 FOLLOWER]: Committing config change with OpId 2.4: config changed from index 3 to 4, 4e6d8ad340fe4c64b90b5ba35ba11540 (127.24.131.132) changed from NON_VOTER to VOTER. New config: { opid_index: 4 OBSOLETE_local: false peers { permanent_uuid: "834990c72ebf447d8a3a01737193b858" member_type: VOTER last_known_addr { host: "127.24.131.129" port: 33149 } } peers { permanent_uuid: "da02522d2d99414f9fe000f2ca96f850" member_type: VOTER last_known_addr { host: "127.24.131.130" port: 38451 } attrs { replace: true } } peers { permanent_uuid: "61395bf6385446d2be46c6c63284fb09" member_type: VOTER last_known_addr { host: "127.24.131.131" port: 35819 } } peers { permanent_uuid: "4e6d8ad340fe4c64b90b5ba35ba11540" member_type: VOTER last_known_addr { host: "127.24.131.132" port: 44445 } attrs { promote: false } } }
I20260608 12:47:10.452499 28143 raft_consensus.cc:2955] T 4d51307548ae46dd803ada9074aa26ad P da02522d2d99414f9fe000f2ca96f850 [term 2 FOLLOWER]: Committing config change with OpId 2.4: config changed from index 3 to 4, 4e6d8ad340fe4c64b90b5ba35ba11540 (127.24.131.132) changed from NON_VOTER to VOTER. New config: { opid_index: 4 OBSOLETE_local: false peers { permanent_uuid: "834990c72ebf447d8a3a01737193b858" member_type: VOTER last_known_addr { host: "127.24.131.129" port: 33149 } } peers { permanent_uuid: "da02522d2d99414f9fe000f2ca96f850" member_type: VOTER last_known_addr { host: "127.24.131.130" port: 38451 } attrs { replace: true } } peers { permanent_uuid: "61395bf6385446d2be46c6c63284fb09" member_type: VOTER last_known_addr { host: "127.24.131.131" port: 35819 } } peers { permanent_uuid: "4e6d8ad340fe4c64b90b5ba35ba11540" member_type: VOTER last_known_addr { host: "127.24.131.132" port: 44445 } attrs { promote: false } } }
I20260608 12:47:10.458191 27966 catalog_manager.cc:5696] T 4d51307548ae46dd803ada9074aa26ad P 4e6d8ad340fe4c64b90b5ba35ba11540 reported cstate change: config changed from index 3 to 4, 4e6d8ad340fe4c64b90b5ba35ba11540 (127.24.131.132) changed from NON_VOTER to VOTER. New cstate: current_term: 2 leader_uuid: "834990c72ebf447d8a3a01737193b858" committed_config { opid_index: 4 OBSOLETE_local: false peers { permanent_uuid: "834990c72ebf447d8a3a01737193b858" member_type: VOTER last_known_addr { host: "127.24.131.129" port: 33149 } } peers { permanent_uuid: "da02522d2d99414f9fe000f2ca96f850" member_type: VOTER last_known_addr { host: "127.24.131.130" port: 38451 } attrs { replace: true } } peers { permanent_uuid: "61395bf6385446d2be46c6c63284fb09" member_type: VOTER last_known_addr { host: "127.24.131.131" port: 35819 } } peers { permanent_uuid: "4e6d8ad340fe4c64b90b5ba35ba11540" member_type: VOTER last_known_addr { host: "127.24.131.132" port: 44445 } attrs { promote: false } } }
I20260608 12:47:10.492043 28070 consensus_queue.cc:237] T 4d51307548ae46dd803ada9074aa26ad P 834990c72ebf447d8a3a01737193b858 [LEADER]: Queue going to LEADER mode. State: All replicated index: 0, Majority replicated index: 4, Committed index: 4, Last appended: 2.4, Last appended by leader: 1, Current term: 2, Majority size: 2, State: 0, Mode: LEADER, active raft config: opid_index: 5 OBSOLETE_local: false peers { permanent_uuid: "834990c72ebf447d8a3a01737193b858" member_type: VOTER last_known_addr { host: "127.24.131.129" port: 33149 } } peers { permanent_uuid: "61395bf6385446d2be46c6c63284fb09" member_type: VOTER last_known_addr { host: "127.24.131.131" port: 35819 } } peers { permanent_uuid: "4e6d8ad340fe4c64b90b5ba35ba11540" member_type: VOTER last_known_addr { host: "127.24.131.132" port: 44445 } attrs { promote: false } }
