I20260608 12:45:49.920040 26228 raft_consensus.cc:2955] T 758bd1fb242041b69385363a8ee05e29 P aed9055d60c24fa8988b07e43baa3f29 [term 1 LEADER]: Committing config change with OpId 1.2: config changed from index -1 to 2, NON_VOTER cd9d6713cff545f9b24ab4081d833456 (127.24.148.68) added. New config: { opid_index: 2 OBSOLETE_local: false peers { permanent_uuid: "41735ea9a1754b2d93b09b125a837d91" member_type: VOTER last_known_addr { host: "127.24.148.65" port: 34339 } attrs { replace: true } } peers { permanent_uuid: "aed9055d60c24fa8988b07e43baa3f29" member_type: VOTER last_known_addr { host: "127.24.148.66" port: 42627 } } peers { permanent_uuid: "5816bd7be4c74623ad20d7395ae7bc47" member_type: VOTER last_known_addr { host: "127.24.148.67" port: 40215 } } peers { permanent_uuid: "cd9d6713cff545f9b24ab4081d833456" member_type: NON_VOTER last_known_addr { host: "127.24.148.68" port: 45127 } attrs { promote: true } } }
I20260608 12:45:49.921495 25834 raft_consensus.cc:2955] T 758bd1fb242041b69385363a8ee05e29 P 41735ea9a1754b2d93b09b125a837d91 [term 1 FOLLOWER]: Committing config change with OpId 1.2: config changed from index -1 to 2, NON_VOTER cd9d6713cff545f9b24ab4081d833456 (127.24.148.68) added. New config: { opid_index: 2 OBSOLETE_local: false peers { permanent_uuid: "41735ea9a1754b2d93b09b125a837d91" member_type: VOTER last_known_addr { host: "127.24.148.65" port: 34339 } attrs { replace: true } } peers { permanent_uuid: "aed9055d60c24fa8988b07e43baa3f29" member_type: VOTER last_known_addr { host: "127.24.148.66" port: 42627 } } peers { permanent_uuid: "5816bd7be4c74623ad20d7395ae7bc47" member_type: VOTER last_known_addr { host: "127.24.148.67" port: 40215 } } peers { permanent_uuid: "cd9d6713cff545f9b24ab4081d833456" member_type: NON_VOTER last_known_addr { host: "127.24.148.68" port: 45127 } attrs { promote: true } } }
I20260608 12:45:49.938484 25731 catalog_manager.cc:5696] T 758bd1fb242041b69385363a8ee05e29 P 41735ea9a1754b2d93b09b125a837d91 reported cstate change: config changed from index -1 to 2, NON_VOTER cd9d6713cff545f9b24ab4081d833456 (127.24.148.68) added. New cstate: current_term: 1 leader_uuid: "aed9055d60c24fa8988b07e43baa3f29" committed_config { opid_index: 2 OBSOLETE_local: false peers { permanent_uuid: "41735ea9a1754b2d93b09b125a837d91" member_type: VOTER last_known_addr { host: "127.24.148.65" port: 34339 } attrs { replace: true } } peers { permanent_uuid: "aed9055d60c24fa8988b07e43baa3f29" member_type: VOTER last_known_addr { host: "127.24.148.66" port: 42627 } } peers { permanent_uuid: "5816bd7be4c74623ad20d7395ae7bc47" member_type: VOTER last_known_addr { host: "127.24.148.67" port: 40215 } } peers { permanent_uuid: "cd9d6713cff545f9b24ab4081d833456" member_type: NON_VOTER last_known_addr { host: "127.24.148.68" port: 45127 } attrs { promote: true } } }
I20260608 12:45:49.947666 25985 raft_consensus.cc:2955] T 758bd1fb242041b69385363a8ee05e29 P 5816bd7be4c74623ad20d7395ae7bc47 [term 1 FOLLOWER]: Committing config change with OpId 1.2: config changed from index -1 to 2, NON_VOTER cd9d6713cff545f9b24ab4081d833456 (127.24.148.68) added. New config: { opid_index: 2 OBSOLETE_local: false peers { permanent_uuid: "41735ea9a1754b2d93b09b125a837d91" member_type: VOTER last_known_addr { host: "127.24.148.65" port: 34339 } attrs { replace: true } } peers { permanent_uuid: "aed9055d60c24fa8988b07e43baa3f29" member_type: VOTER last_known_addr { host: "127.24.148.66" port: 42627 } } peers { permanent_uuid: "5816bd7be4c74623ad20d7395ae7bc47" member_type: VOTER last_known_addr { host: "127.24.148.67" port: 40215 } } peers { permanent_uuid: "cd9d6713cff545f9b24ab4081d833456" member_type: NON_VOTER last_known_addr { host: "127.24.148.68" port: 45127 } attrs { promote: true } } }
I20260608 12:45:50.235924 26235 ts_tablet_manager.cc:933] T 1949315cbf8b49edb0739d0ab9721438 P cd9d6713cff545f9b24ab4081d833456: Initiating tablet copy from peer 41735ea9a1754b2d93b09b125a837d91 (127.24.148.65:34339)
I20260608 12:45:50.238485 26235 tablet_copy_client.cc:323] T 1949315cbf8b49edb0739d0ab9721438 P cd9d6713cff545f9b24ab4081d833456: tablet copy: Beginning tablet copy session from remote peer at address 127.24.148.65:34339
I20260608 12:45:50.252164 25846 tablet_copy_service.cc:140] P 41735ea9a1754b2d93b09b125a837d91: Received BeginTabletCopySession request for tablet 1949315cbf8b49edb0739d0ab9721438 from peer cd9d6713cff545f9b24ab4081d833456 ({username='slave'} at 127.0.0.1:47498)
I20260608 12:45:50.252756 25846 tablet_copy_service.cc:161] P 41735ea9a1754b2d93b09b125a837d91: Beginning new tablet copy session on tablet 1949315cbf8b49edb0739d0ab9721438 from peer cd9d6713cff545f9b24ab4081d833456 at {username='slave'} at 127.0.0.1:47498: session id = cd9d6713cff545f9b24ab4081d833456-1949315cbf8b49edb0739d0ab9721438
I20260608 12:45:50.259074 25846 tablet_copy_source_session.cc:215] T 1949315cbf8b49edb0739d0ab9721438 P 41735ea9a1754b2d93b09b125a837d91: Tablet Copy: opened 0 blocks and 1 log segments
I20260608 12:45:50.263098 26235 data_dirs.cc:400] Could only allocate 1 dirs of requested 3 for tablet 1949315cbf8b49edb0739d0ab9721438. 1 dirs total, 0 dirs full, 0 dirs failed
I20260608 12:45:50.267409 26239 ts_tablet_manager.cc:933] T 806c52d9f05340b19d02e90312a5443d P cd9d6713cff545f9b24ab4081d833456: Initiating tablet copy from peer 41735ea9a1754b2d93b09b125a837d91 (127.24.148.65:34339)
I20260608 12:45:50.275432 26239 tablet_copy_client.cc:323] T 806c52d9f05340b19d02e90312a5443d P cd9d6713cff545f9b24ab4081d833456: tablet copy: Beginning tablet copy session from remote peer at address 127.24.148.65:34339
I20260608 12:45:50.277026 25846 tablet_copy_service.cc:140] P 41735ea9a1754b2d93b09b125a837d91: Received BeginTabletCopySession request for tablet 806c52d9f05340b19d02e90312a5443d from peer cd9d6713cff545f9b24ab4081d833456 ({username='slave'} at 127.0.0.1:47498)
I20260608 12:45:50.277513 25846 tablet_copy_service.cc:161] P 41735ea9a1754b2d93b09b125a837d91: Beginning new tablet copy session on tablet 806c52d9f05340b19d02e90312a5443d from peer cd9d6713cff545f9b24ab4081d833456 at {username='slave'} at 127.0.0.1:47498: session id = cd9d6713cff545f9b24ab4081d833456-806c52d9f05340b19d02e90312a5443d
I20260608 12:45:50.281556 26235 tablet_copy_client.cc:806] T 1949315cbf8b49edb0739d0ab9721438 P cd9d6713cff545f9b24ab4081d833456: tablet copy: Starting download of 0 data blocks...
I20260608 12:45:50.282333 26235 tablet_copy_client.cc:670] T 1949315cbf8b49edb0739d0ab9721438 P cd9d6713cff545f9b24ab4081d833456: tablet copy: Starting download of 1 WAL segments...
I20260608 12:45:50.284857 25846 tablet_copy_source_session.cc:215] T 806c52d9f05340b19d02e90312a5443d P 41735ea9a1754b2d93b09b125a837d91: Tablet Copy: opened 0 blocks and 1 log segments
I20260608 12:45:50.288321 26239 data_dirs.cc:400] Could only allocate 1 dirs of requested 3 for tablet 806c52d9f05340b19d02e90312a5443d. 1 dirs total, 0 dirs full, 0 dirs failed
I20260608 12:45:50.288748 26235 tablet_copy_client.cc:538] T 1949315cbf8b49edb0739d0ab9721438 P cd9d6713cff545f9b24ab4081d833456: tablet copy: Tablet Copy complete. Replacing tablet superblock.
I20260608 12:45:50.298581 26235 tablet_bootstrap.cc:492] T 1949315cbf8b49edb0739d0ab9721438 P cd9d6713cff545f9b24ab4081d833456: Bootstrap starting.
I20260608 12:45:50.306725 26239 tablet_copy_client.cc:806] T 806c52d9f05340b19d02e90312a5443d P cd9d6713cff545f9b24ab4081d833456: tablet copy: Starting download of 0 data blocks...
I20260608 12:45:50.311717 26239 tablet_copy_client.cc:670] T 806c52d9f05340b19d02e90312a5443d P cd9d6713cff545f9b24ab4081d833456: tablet copy: Starting download of 1 WAL segments...
I20260608 12:45:50.318750 26239 tablet_copy_client.cc:538] T 806c52d9f05340b19d02e90312a5443d P cd9d6713cff545f9b24ab4081d833456: tablet copy: Tablet Copy complete. Replacing tablet superblock.
I20260608 12:45:50.324662 26235 tablet_bootstrap.cc:492] T 1949315cbf8b49edb0739d0ab9721438 P cd9d6713cff545f9b24ab4081d833456: Bootstrap replayed 1/1 log segments. Stats: ops{read=2 overwritten=0 applied=2 ignored=0} inserts{seen=0 ignored=0} mutations{seen=0 ignored=0} orphaned_commits=0. Pending: 0 replicates
I20260608 12:45:50.325649 26235 tablet_bootstrap.cc:492] T 1949315cbf8b49edb0739d0ab9721438 P cd9d6713cff545f9b24ab4081d833456: Bootstrap complete.
I20260608 12:45:50.326345 26235 ts_tablet_manager.cc:1403] T 1949315cbf8b49edb0739d0ab9721438 P cd9d6713cff545f9b24ab4081d833456: Time spent bootstrapping tablet: real 0.028s	user 0.018s	sys 0.008s
I20260608 12:45:50.328899 26239 tablet_bootstrap.cc:492] T 806c52d9f05340b19d02e90312a5443d P cd9d6713cff545f9b24ab4081d833456: Bootstrap starting.
I20260608 12:45:50.329306 26235 raft_consensus.cc:359] T 1949315cbf8b49edb0739d0ab9721438 P cd9d6713cff545f9b24ab4081d833456 [term 1 LEARNER]: Replica starting. Triggering 0 pending ops. Active config: opid_index: 2 OBSOLETE_local: false peers { permanent_uuid: "41735ea9a1754b2d93b09b125a837d91" member_type: VOTER last_known_addr { host: "127.24.148.65" port: 34339 } } peers { permanent_uuid: "aed9055d60c24fa8988b07e43baa3f29" member_type: VOTER last_known_addr { host: "127.24.148.66" port: 42627 } attrs { replace: true } } peers { permanent_uuid: "5816bd7be4c74623ad20d7395ae7bc47" member_type: VOTER last_known_addr { host: "127.24.148.67" port: 40215 } } peers { permanent_uuid: "cd9d6713cff545f9b24ab4081d833456" member_type: NON_VOTER last_known_addr { host: "127.24.148.68" port: 45127 } attrs { promote: true } }
I20260608 12:45:50.330168 26235 raft_consensus.cc:740] T 1949315cbf8b49edb0739d0ab9721438 P cd9d6713cff545f9b24ab4081d833456 [term 1 LEARNER]: Becoming Follower/Learner. State: Replica: cd9d6713cff545f9b24ab4081d833456, State: Initialized, Role: LEARNER
I20260608 12:45:50.330828 26235 consensus_queue.cc:260] T 1949315cbf8b49edb0739d0ab9721438 P cd9d6713cff545f9b24ab4081d833456 [NON_LEADER]: Queue going to NON_LEADER mode. State: All replicated index: 0, Majority replicated index: 0, Committed index: 2, Last appended: 1.2, Last appended by leader: 2, Current term: 0, Majority size: -1, State: 0, Mode: NON_LEADER, active raft config: opid_index: 2 OBSOLETE_local: false peers { permanent_uuid: "41735ea9a1754b2d93b09b125a837d91" member_type: VOTER last_known_addr { host: "127.24.148.65" port: 34339 } } peers { permanent_uuid: "aed9055d60c24fa8988b07e43baa3f29" member_type: VOTER last_known_addr { host: "127.24.148.66" port: 42627 } attrs { replace: true } } peers { permanent_uuid: "5816bd7be4c74623ad20d7395ae7bc47" member_type: VOTER last_known_addr { host: "127.24.148.67" port: 40215 } } peers { permanent_uuid: "cd9d6713cff545f9b24ab4081d833456" member_type: NON_VOTER last_known_addr { host: "127.24.148.68" port: 45127 } attrs { promote: true } }
I20260608 12:45:50.354775 26243 ts_tablet_manager.cc:933] T 50119d8942804893ac9b84a5139ed690 P cd9d6713cff545f9b24ab4081d833456: Initiating tablet copy from peer aed9055d60c24fa8988b07e43baa3f29 (127.24.148.66:42627)
I20260608 12:45:50.358770 26235 ts_tablet_manager.cc:1434] T 1949315cbf8b49edb0739d0ab9721438 P cd9d6713cff545f9b24ab4081d833456: Time spent starting tablet: real 0.032s	user 0.024s	sys 0.007s
I20260608 12:45:50.361105 25845 tablet_copy_service.cc:342] P 41735ea9a1754b2d93b09b125a837d91: Request end of tablet copy session cd9d6713cff545f9b24ab4081d833456-1949315cbf8b49edb0739d0ab9721438 received from {username='slave'} at 127.0.0.1:47498
I20260608 12:45:50.361620 25845 tablet_copy_service.cc:434] P 41735ea9a1754b2d93b09b125a837d91: ending tablet copy session cd9d6713cff545f9b24ab4081d833456-1949315cbf8b49edb0739d0ab9721438 on tablet 1949315cbf8b49edb0739d0ab9721438 with peer cd9d6713cff545f9b24ab4081d833456
I20260608 12:45:50.367304 26243 tablet_copy_client.cc:323] T 50119d8942804893ac9b84a5139ed690 P cd9d6713cff545f9b24ab4081d833456: tablet copy: Beginning tablet copy session from remote peer at address 127.24.148.66:42627
I20260608 12:45:50.369271 25169 tablet_server.cc:179] TabletServer@127.24.148.65:0 shutting down...
I20260608 12:45:50.376097 26239 tablet_bootstrap.cc:492] T 806c52d9f05340b19d02e90312a5443d P cd9d6713cff545f9b24ab4081d833456: Bootstrap replayed 1/1 log segments. Stats: ops{read=2 overwritten=0 applied=2 ignored=0} inserts{seen=0 ignored=0} mutations{seen=0 ignored=0} orphaned_commits=0. Pending: 0 replicates
I20260608 12:45:50.377246 26239 tablet_bootstrap.cc:492] T 806c52d9f05340b19d02e90312a5443d P cd9d6713cff545f9b24ab4081d833456: Bootstrap complete.
I20260608 12:45:50.378072 26239 ts_tablet_manager.cc:1403] T 806c52d9f05340b19d02e90312a5443d P cd9d6713cff545f9b24ab4081d833456: Time spent bootstrapping tablet: real 0.049s	user 0.017s	sys 0.027s
I20260608 12:45:50.381517 26239 raft_consensus.cc:359] T 806c52d9f05340b19d02e90312a5443d P cd9d6713cff545f9b24ab4081d833456 [term 1 LEARNER]: Replica starting. Triggering 0 pending ops. Active config: opid_index: 2 OBSOLETE_local: false peers { permanent_uuid: "41735ea9a1754b2d93b09b125a837d91" member_type: VOTER last_known_addr { host: "127.24.148.65" port: 34339 } } peers { permanent_uuid: "aed9055d60c24fa8988b07e43baa3f29" member_type: VOTER last_known_addr { host: "127.24.148.66" port: 42627 } } peers { permanent_uuid: "5816bd7be4c74623ad20d7395ae7bc47" member_type: VOTER last_known_addr { host: "127.24.148.67" port: 40215 } attrs { replace: true } } peers { permanent_uuid: "cd9d6713cff545f9b24ab4081d833456" member_type: NON_VOTER last_known_addr { host: "127.24.148.68" port: 45127 } attrs { promote: true } }
I20260608 12:45:50.382479 26239 raft_consensus.cc:740] T 806c52d9f05340b19d02e90312a5443d P cd9d6713cff545f9b24ab4081d833456 [term 1 LEARNER]: Becoming Follower/Learner. State: Replica: cd9d6713cff545f9b24ab4081d833456, State: Initialized, Role: LEARNER
I20260608 12:45:50.383302 26239 consensus_queue.cc:260] T 806c52d9f05340b19d02e90312a5443d P cd9d6713cff545f9b24ab4081d833456 [NON_LEADER]: Queue going to NON_LEADER mode. State: All replicated index: 0, Majority replicated index: 0, Committed index: 2, Last appended: 1.2, Last appended by leader: 2, Current term: 0, Majority size: -1, State: 0, Mode: NON_LEADER, active raft config: opid_index: 2 OBSOLETE_local: false peers { permanent_uuid: "41735ea9a1754b2d93b09b125a837d91" member_type: VOTER last_known_addr { host: "127.24.148.65" port: 34339 } } peers { permanent_uuid: "aed9055d60c24fa8988b07e43baa3f29" member_type: VOTER last_known_addr { host: "127.24.148.66" port: 42627 } } peers { permanent_uuid: "5816bd7be4c74623ad20d7395ae7bc47" member_type: VOTER last_known_addr { host: "127.24.148.67" port: 40215 } attrs { replace: true } } peers { permanent_uuid: "cd9d6713cff545f9b24ab4081d833456" member_type: NON_VOTER last_known_addr { host: "127.24.148.68" port: 45127 } attrs { promote: true } }
I20260608 12:45:50.385787 26239 ts_tablet_manager.cc:1434] T 806c52d9f05340b19d02e90312a5443d P cd9d6713cff545f9b24ab4081d833456: Time spent starting tablet: real 0.007s	user 0.006s	sys 0.000s
I20260608 12:45:50.393828 25169 tablet_copy_service.cc:362] P 41735ea9a1754b2d93b09b125a837d91: Destroying tablet copy session cd9d6713cff545f9b24ab4081d833456-806c52d9f05340b19d02e90312a5443d due to service shutdown
I20260608 12:45:50.394624 25169 tablet_copy_service.cc:434] P 41735ea9a1754b2d93b09b125a837d91: ending tablet copy session cd9d6713cff545f9b24ab4081d833456-806c52d9f05340b19d02e90312a5443d on tablet 806c52d9f05340b19d02e90312a5443d with peer cd9d6713cff545f9b24ab4081d833456
I20260608 12:45:50.416369 25921 tablet_copy_service.cc:140] P aed9055d60c24fa8988b07e43baa3f29: Received BeginTabletCopySession request for tablet 50119d8942804893ac9b84a5139ed690 from peer cd9d6713cff545f9b24ab4081d833456 ({username='slave'} at 127.0.0.1:36090)
I20260608 12:45:50.417124 25921 tablet_copy_service.cc:161] P aed9055d60c24fa8988b07e43baa3f29: Beginning new tablet copy session on tablet 50119d8942804893ac9b84a5139ed690 from peer cd9d6713cff545f9b24ab4081d833456 at {username='slave'} at 127.0.0.1:36090: session id = cd9d6713cff545f9b24ab4081d833456-50119d8942804893ac9b84a5139ed690
W20260608 12:45:50.417398 25948 proxy.cc:239] Call had error, refreshing address and retrying: Remote error: Service unavailable: service kudu.consensus.ConsensusService not registered on TabletServer [suppressed 5 similar messages]
W20260608 12:45:50.423547 25948 consensus_peers.cc:597] T ce6c34f5bba442698899b8645d1e9f94 P 5816bd7be4c74623ad20d7395ae7bc47 -> Peer 41735ea9a1754b2d93b09b125a837d91 (127.24.148.65:34339): Couldn't send request to peer 41735ea9a1754b2d93b09b125a837d91. Status: Remote error: Service unavailable: service kudu.consensus.ConsensusService not registered on TabletServer. This is attempt 1: this message will repeat every 5th retry.
I20260608 12:45:50.427881 25921 tablet_copy_source_session.cc:215] T 50119d8942804893ac9b84a5139ed690 P aed9055d60c24fa8988b07e43baa3f29: Tablet Copy: opened 0 blocks and 1 log segments
I20260608 12:45:50.428500 25169 ts_tablet_manager.cc:1507] Shutting down tablet manager...
I20260608 12:45:50.429500 25169 tablet_replica.cc:333] T ce6c34f5bba442698899b8645d1e9f94 P 41735ea9a1754b2d93b09b125a837d91: stopping tablet replica
I20260608 12:45:50.430436 25169 raft_consensus.cc:2243] T ce6c34f5bba442698899b8645d1e9f94 P 41735ea9a1754b2d93b09b125a837d91 [term 1 FOLLOWER]: Raft consensus shutting down.
I20260608 12:45:50.431020 25169 raft_consensus.cc:2272] T ce6c34f5bba442698899b8645d1e9f94 P 41735ea9a1754b2d93b09b125a837d91 [term 1 FOLLOWER]: Raft consensus is shut down!
I20260608 12:45:50.431521 26243 data_dirs.cc:400] Could only allocate 1 dirs of requested 3 for tablet 50119d8942804893ac9b84a5139ed690. 1 dirs total, 0 dirs full, 0 dirs failed
I20260608 12:45:50.433993 25169 tablet_replica.cc:333] T 758bd1fb242041b69385363a8ee05e29 P 41735ea9a1754b2d93b09b125a837d91: stopping tablet replica
I20260608 12:45:50.435151 25169 raft_consensus.cc:2243] T 758bd1fb242041b69385363a8ee05e29 P 41735ea9a1754b2d93b09b125a837d91 [term 1 FOLLOWER]: Raft consensus shutting down.
I20260608 12:45:50.435802 25169 raft_consensus.cc:2272] T 758bd1fb242041b69385363a8ee05e29 P 41735ea9a1754b2d93b09b125a837d91 [term 1 FOLLOWER]: Raft consensus is shut down!
I20260608 12:45:50.441843 25169 tablet_replica.cc:333] T 50119d8942804893ac9b84a5139ed690 P 41735ea9a1754b2d93b09b125a837d91: stopping tablet replica
I20260608 12:45:50.442771 25169 raft_consensus.cc:2243] T 50119d8942804893ac9b84a5139ed690 P 41735ea9a1754b2d93b09b125a837d91 [term 1 FOLLOWER]: Raft consensus shutting down.
I20260608 12:45:50.443500 25169 raft_consensus.cc:2272] T 50119d8942804893ac9b84a5139ed690 P 41735ea9a1754b2d93b09b125a837d91 [term 1 FOLLOWER]: Raft consensus is shut down!
I20260608 12:45:50.455283 25169 tablet_replica.cc:333] T 4818868632ff4e088173a84095b412a9 P 41735ea9a1754b2d93b09b125a837d91: stopping tablet replica
W20260608 12:45:50.456212 25874 consensus_peers.cc:597] T a0310fab5827493c95c888b284b8181e P aed9055d60c24fa8988b07e43baa3f29 -> Peer 41735ea9a1754b2d93b09b125a837d91 (127.24.148.65:34339): Couldn't send request to peer 41735ea9a1754b2d93b09b125a837d91. Status: Remote error: Service unavailable: service kudu.consensus.ConsensusService not registered on TabletServer. This is attempt 1: this message will repeat every 5th retry.
I20260608 12:45:50.456598 25169 raft_consensus.cc:2243] T 4818868632ff4e088173a84095b412a9 P 41735ea9a1754b2d93b09b125a837d91 [term 1 LEADER]: Raft consensus shutting down.
I20260608 12:45:50.457559 26243 tablet_copy_client.cc:806] T 50119d8942804893ac9b84a5139ed690 P cd9d6713cff545f9b24ab4081d833456: tablet copy: Starting download of 0 data blocks...
I20260608 12:45:50.457748 25169 raft_consensus.cc:2272] T 4818868632ff4e088173a84095b412a9 P 41735ea9a1754b2d93b09b125a837d91 [term 1 FOLLOWER]: Raft consensus is shut down!
I20260608 12:45:50.458243 26243 tablet_copy_client.cc:670] T 50119d8942804893ac9b84a5139ed690 P cd9d6713cff545f9b24ab4081d833456: tablet copy: Starting download of 1 WAL segments...
I20260608 12:45:50.460316 25169 tablet_replica.cc:333] T a0310fab5827493c95c888b284b8181e P 41735ea9a1754b2d93b09b125a837d91: stopping tablet replica
I20260608 12:45:50.460920 25169 raft_consensus.cc:2243] T a0310fab5827493c95c888b284b8181e P 41735ea9a1754b2d93b09b125a837d91 [term 2 FOLLOWER]: Raft consensus shutting down.
I20260608 12:45:50.461385 25169 raft_consensus.cc:2272] T a0310fab5827493c95c888b284b8181e P 41735ea9a1754b2d93b09b125a837d91 [term 2 FOLLOWER]: Raft consensus is shut down!
I20260608 12:45:50.463470 26243 tablet_copy_client.cc:538] T 50119d8942804893ac9b84a5139ed690 P cd9d6713cff545f9b24ab4081d833456: tablet copy: Tablet Copy complete. Replacing tablet superblock.
I20260608 12:45:50.464003 25169 tablet_replica.cc:333] T 806c52d9f05340b19d02e90312a5443d P 41735ea9a1754b2d93b09b125a837d91: stopping tablet replica
I20260608 12:45:50.464824 25169 raft_consensus.cc:2243] T 806c52d9f05340b19d02e90312a5443d P 41735ea9a1754b2d93b09b125a837d91 [term 1 LEADER]: Raft consensus shutting down.
I20260608 12:45:50.466037 25169 raft_consensus.cc:2272] T 806c52d9f05340b19d02e90312a5443d P 41735ea9a1754b2d93b09b125a837d91 [term 1 FOLLOWER]: Raft consensus is shut down!
I20260608 12:45:50.468462 25169 tablet_replica.cc:333] T 617c441621634190ac34466e98649aed P 41735ea9a1754b2d93b09b125a837d91: stopping tablet replica
I20260608 12:45:50.469089 25169 raft_consensus.cc:2243] T 617c441621634190ac34466e98649aed P 41735ea9a1754b2d93b09b125a837d91 [term 1 FOLLOWER]: Raft consensus shutting down.
I20260608 12:45:50.469533 25169 raft_consensus.cc:2272] T 617c441621634190ac34466e98649aed P 41735ea9a1754b2d93b09b125a837d91 [term 1 FOLLOWER]: Raft consensus is shut down!
I20260608 12:45:50.471545 25169 tablet_replica.cc:333] T 1949315cbf8b49edb0739d0ab9721438 P 41735ea9a1754b2d93b09b125a837d91: stopping tablet replica
I20260608 12:45:50.472036 25169 raft_consensus.cc:2243] T 1949315cbf8b49edb0739d0ab9721438 P 41735ea9a1754b2d93b09b125a837d91 [term 1 LEADER]: Raft consensus shutting down.
I20260608 12:45:50.472987 25169 raft_consensus.cc:2272] T 1949315cbf8b49edb0739d0ab9721438 P 41735ea9a1754b2d93b09b125a837d91 [term 1 FOLLOWER]: Raft consensus is shut down!
I20260608 12:45:50.473362 26243 tablet_bootstrap.cc:492] T 50119d8942804893ac9b84a5139ed690 P cd9d6713cff545f9b24ab4081d833456: Bootstrap starting.
I20260608 12:45:50.498299 25169 tablet_server.cc:196] TabletServer@127.24.148.65:0 shutdown complete.
I20260608 12:45:50.502260 26243 tablet_bootstrap.cc:492] T 50119d8942804893ac9b84a5139ed690 P cd9d6713cff545f9b24ab4081d833456: Bootstrap replayed 1/1 log segments. Stats: ops{read=2 overwritten=0 applied=2 ignored=0} inserts{seen=0 ignored=0} mutations{seen=0 ignored=0} orphaned_commits=0. Pending: 0 replicates
I20260608 12:45:50.503270 26243 tablet_bootstrap.cc:492] T 50119d8942804893ac9b84a5139ed690 P cd9d6713cff545f9b24ab4081d833456: Bootstrap complete.
I20260608 12:45:50.504068 26243 ts_tablet_manager.cc:1403] T 50119d8942804893ac9b84a5139ed690 P cd9d6713cff545f9b24ab4081d833456: Time spent bootstrapping tablet: real 0.031s	user 0.028s	sys 0.001s
I20260608 12:45:50.507455 26243 raft_consensus.cc:359] T 50119d8942804893ac9b84a5139ed690 P cd9d6713cff545f9b24ab4081d833456 [term 1 LEARNER]: Replica starting. Triggering 0 pending ops. Active config: opid_index: 2 OBSOLETE_local: false peers { permanent_uuid: "aed9055d60c24fa8988b07e43baa3f29" member_type: VOTER last_known_addr { host: "127.24.148.66" port: 42627 } } peers { permanent_uuid: "5816bd7be4c74623ad20d7395ae7bc47" member_type: VOTER last_known_addr { host: "127.24.148.67" port: 40215 } } peers { permanent_uuid: "41735ea9a1754b2d93b09b125a837d91" member_type: VOTER last_known_addr { host: "127.24.148.65" port: 34339 } attrs { replace: true } } peers { permanent_uuid: "cd9d6713cff545f9b24ab4081d833456" member_type: NON_VOTER last_known_addr { host: "127.24.148.68" port: 45127 } attrs { promote: true } }
I20260608 12:45:50.508329 26243 raft_consensus.cc:740] T 50119d8942804893ac9b84a5139ed690 P cd9d6713cff545f9b24ab4081d833456 [term 1 LEARNER]: Becoming Follower/Learner. State: Replica: cd9d6713cff545f9b24ab4081d833456, State: Initialized, Role: LEARNER
I20260608 12:45:50.509073 26243 consensus_queue.cc:260] T 50119d8942804893ac9b84a5139ed690 P cd9d6713cff545f9b24ab4081d833456 [NON_LEADER]: Queue going to NON_LEADER mode. State: All replicated index: 0, Majority replicated index: 0, Committed index: 2, Last appended: 1.2, Last appended by leader: 2, Current term: 0, Majority size: -1, State: 0, Mode: NON_LEADER, active raft config: opid_index: 2 OBSOLETE_local: false peers { permanent_uuid: "aed9055d60c24fa8988b07e43baa3f29" member_type: VOTER last_known_addr { host: "127.24.148.66" port: 42627 } } peers { permanent_uuid: "5816bd7be4c74623ad20d7395ae7bc47" member_type: VOTER last_known_addr { host: "127.24.148.67" port: 40215 } } peers { permanent_uuid: "41735ea9a1754b2d93b09b125a837d91" member_type: VOTER last_known_addr { host: "127.24.148.65" port: 34339 } attrs { replace: true } } peers { permanent_uuid: "cd9d6713cff545f9b24ab4081d833456" member_type: NON_VOTER last_known_addr { host: "127.24.148.68" port: 45127 } attrs { promote: true } }
I20260608 12:45:50.511842 26243 ts_tablet_manager.cc:1434] T 50119d8942804893ac9b84a5139ed690 P cd9d6713cff545f9b24ab4081d833456: Time spent starting tablet: real 0.007s	user 0.004s	sys 0.004s
I20260608 12:45:50.513867 25921 tablet_copy_service.cc:342] P aed9055d60c24fa8988b07e43baa3f29: Request end of tablet copy session cd9d6713cff545f9b24ab4081d833456-50119d8942804893ac9b84a5139ed690 received from {username='slave'} at 127.0.0.1:36090
I20260608 12:45:50.514364 25921 tablet_copy_service.cc:434] P aed9055d60c24fa8988b07e43baa3f29: ending tablet copy session cd9d6713cff545f9b24ab4081d833456-50119d8942804893ac9b84a5139ed690 on tablet 50119d8942804893ac9b84a5139ed690 with peer cd9d6713cff545f9b24ab4081d833456
I20260608 12:45:50.518380 26235 ts_tablet_manager.cc:933] T 758bd1fb242041b69385363a8ee05e29 P cd9d6713cff545f9b24ab4081d833456: Initiating tablet copy from peer aed9055d60c24fa8988b07e43baa3f29 (127.24.148.66:42627)
I20260608 12:45:50.530092 26235 tablet_copy_client.cc:323] T 758bd1fb242041b69385363a8ee05e29 P cd9d6713cff545f9b24ab4081d833456: tablet copy: Beginning tablet copy session from remote peer at address 127.24.148.66:42627
I20260608 12:45:50.531096 25169 tablet_server.cc:179] TabletServer@127.24.148.66:0 shutting down...
I20260608 12:45:50.564219 25169 ts_tablet_manager.cc:1507] Shutting down tablet manager...
I20260608 12:45:50.565115 25169 tablet_replica.cc:333] T ce6c34f5bba442698899b8645d1e9f94 P aed9055d60c24fa8988b07e43baa3f29: stopping tablet replica
I20260608 12:45:50.565824 25169 raft_consensus.cc:2243] T ce6c34f5bba442698899b8645d1e9f94 P aed9055d60c24fa8988b07e43baa3f29 [term 1 FOLLOWER]: Raft consensus shutting down.
I20260608 12:45:50.566309 25169 raft_consensus.cc:2272] T ce6c34f5bba442698899b8645d1e9f94 P aed9055d60c24fa8988b07e43baa3f29 [term 1 FOLLOWER]: Raft consensus is shut down!
I20260608 12:45:50.568369 25169 tablet_replica.cc:333] T 758bd1fb242041b69385363a8ee05e29 P aed9055d60c24fa8988b07e43baa3f29: stopping tablet replica
I20260608 12:45:50.569068 25169 raft_consensus.cc:2243] T 758bd1fb242041b69385363a8ee05e29 P aed9055d60c24fa8988b07e43baa3f29 [term 1 LEADER]: Raft consensus shutting down.
I20260608 12:45:50.570001 25169 raft_consensus.cc:2272] T 758bd1fb242041b69385363a8ee05e29 P aed9055d60c24fa8988b07e43baa3f29 [term 1 FOLLOWER]: Raft consensus is shut down!
I20260608 12:45:50.572626 25169 tablet_replica.cc:333] T 617c441621634190ac34466e98649aed P aed9055d60c24fa8988b07e43baa3f29: stopping tablet replica
I20260608 12:45:50.573202 25169 raft_consensus.cc:2243] T 617c441621634190ac34466e98649aed P aed9055d60c24fa8988b07e43baa3f29 [term 1 FOLLOWER]: Raft consensus shutting down.
I20260608 12:45:50.573642 25169 raft_consensus.cc:2272] T 617c441621634190ac34466e98649aed P aed9055d60c24fa8988b07e43baa3f29 [term 1 FOLLOWER]: Raft consensus is shut down!
I20260608 12:45:50.575582 25169 tablet_replica.cc:333] T 1949315cbf8b49edb0739d0ab9721438 P aed9055d60c24fa8988b07e43baa3f29: stopping tablet replica
I20260608 12:45:50.576105 25169 raft_consensus.cc:2243] T 1949315cbf8b49edb0739d0ab9721438 P aed9055d60c24fa8988b07e43baa3f29 [term 1 FOLLOWER]: Raft consensus shutting down.
I20260608 12:45:50.576581 25169 raft_consensus.cc:2272] T 1949315cbf8b49edb0739d0ab9721438 P aed9055d60c24fa8988b07e43baa3f29 [term 1 FOLLOWER]: Raft consensus is shut down!
I20260608 12:45:50.579022 25169 tablet_replica.cc:333] T 806c52d9f05340b19d02e90312a5443d P aed9055d60c24fa8988b07e43baa3f29: stopping tablet replica
I20260608 12:45:50.579807 25169 raft_consensus.cc:2243] T 806c52d9f05340b19d02e90312a5443d P aed9055d60c24fa8988b07e43baa3f29 [term 1 FOLLOWER]: Raft consensus shutting down.
I20260608 12:45:50.580418 25169 raft_consensus.cc:2272] T 806c52d9f05340b19d02e90312a5443d P aed9055d60c24fa8988b07e43baa3f29 [term 1 FOLLOWER]: Raft consensus is shut down!
I20260608 12:45:50.582827 25169 tablet_replica.cc:333] T 4818868632ff4e088173a84095b412a9 P aed9055d60c24fa8988b07e43baa3f29: stopping tablet replica
I20260608 12:45:50.583424 25169 raft_consensus.cc:2243] T 4818868632ff4e088173a84095b412a9 P aed9055d60c24fa8988b07e43baa3f29 [term 1 FOLLOWER]: Raft consensus shutting down.
I20260608 12:45:50.583855 25169 raft_consensus.cc:2272] T 4818868632ff4e088173a84095b412a9 P aed9055d60c24fa8988b07e43baa3f29 [term 1 FOLLOWER]: Raft consensus is shut down!
I20260608 12:45:50.585770 25169 tablet_replica.cc:333] T a0310fab5827493c95c888b284b8181e P aed9055d60c24fa8988b07e43baa3f29: stopping tablet replica
I20260608 12:45:50.586468 25169 raft_consensus.cc:2243] T a0310fab5827493c95c888b284b8181e P aed9055d60c24fa8988b07e43baa3f29 [term 2 LEADER]: Raft consensus shutting down.
I20260608 12:45:50.587304 25169 raft_consensus.cc:2272] T a0310fab5827493c95c888b284b8181e P aed9055d60c24fa8988b07e43baa3f29 [term 2 FOLLOWER]: Raft consensus is shut down!
I20260608 12:45:50.589217 25169 tablet_replica.cc:333] T 50119d8942804893ac9b84a5139ed690 P aed9055d60c24fa8988b07e43baa3f29: stopping tablet replica
I20260608 12:45:50.589720 25169 raft_consensus.cc:2243] T 50119d8942804893ac9b84a5139ed690 P aed9055d60c24fa8988b07e43baa3f29 [term 1 LEADER]: Raft consensus shutting down.
I20260608 12:45:50.590699 25169 raft_consensus.cc:2272] T 50119d8942804893ac9b84a5139ed690 P aed9055d60c24fa8988b07e43baa3f29 [term 1 FOLLOWER]: Raft consensus is shut down!
W20260608 12:45:50.616462 26239 tablet_copy_client.cc:1131] T 806c52d9f05340b19d02e90312a5443d P cd9d6713cff545f9b24ab4081d833456: tablet copy: Unable to close tablet copy session: Network error: failure ending tablet copy session: Client connection negotiation failed: client connection to 127.24.148.65:34339: connect: Connection refused (error 111)
I20260608 12:45:50.621088 25169 tablet_server.cc:196] TabletServer@127.24.148.66:0 shutdown complete.
I20260608 12:45:50.641780 25169 tablet_server.cc:179] TabletServer@127.24.148.67:0 shutting down...
W20260608 12:45:50.670876 26103 connection.cc:466] server connection from 127.0.0.1:58868 torn down before Call kudu.consensus.ConsensusService.StartTabletCopy from 127.0.0.1:58868 (request call id 3) could send its response
I20260608 12:45:50.687501 25169 ts_tablet_manager.cc:1507] Shutting down tablet manager...
I20260608 12:45:50.688405 25169 tablet_replica.cc:333] T a0310fab5827493c95c888b284b8181e P 5816bd7be4c74623ad20d7395ae7bc47: stopping tablet replica
I20260608 12:45:50.689152 25169 raft_consensus.cc:2243] T a0310fab5827493c95c888b284b8181e P 5816bd7be4c74623ad20d7395ae7bc47 [term 2 FOLLOWER]: Raft consensus shutting down.
I20260608 12:45:50.689555 25169 raft_consensus.cc:2272] T a0310fab5827493c95c888b284b8181e P 5816bd7be4c74623ad20d7395ae7bc47 [term 2 FOLLOWER]: Raft consensus is shut down!
I20260608 12:45:50.691521 25169 tablet_replica.cc:333] T 4818868632ff4e088173a84095b412a9 P 5816bd7be4c74623ad20d7395ae7bc47: stopping tablet replica
I20260608 12:45:50.692101 25169 raft_consensus.cc:2243] T 4818868632ff4e088173a84095b412a9 P 5816bd7be4c74623ad20d7395ae7bc47 [term 1 FOLLOWER]: Raft consensus shutting down.
I20260608 12:45:50.692564 25169 raft_consensus.cc:2272] T 4818868632ff4e088173a84095b412a9 P 5816bd7be4c74623ad20d7395ae7bc47 [term 1 FOLLOWER]: Raft consensus is shut down!
I20260608 12:45:50.694690 25169 tablet_replica.cc:333] T ce6c34f5bba442698899b8645d1e9f94 P 5816bd7be4c74623ad20d7395ae7bc47: stopping tablet replica
I20260608 12:45:50.695233 25169 raft_consensus.cc:2243] T ce6c34f5bba442698899b8645d1e9f94 P 5816bd7be4c74623ad20d7395ae7bc47 [term 1 LEADER]: Raft consensus shutting down.
I20260608 12:45:50.696152 25169 raft_consensus.cc:2272] T ce6c34f5bba442698899b8645d1e9f94 P 5816bd7be4c74623ad20d7395ae7bc47 [term 1 FOLLOWER]: Raft consensus is shut down!
I20260608 12:45:50.698072 25169 tablet_replica.cc:333] T 758bd1fb242041b69385363a8ee05e29 P 5816bd7be4c74623ad20d7395ae7bc47: stopping tablet replica
I20260608 12:45:50.698604 25169 raft_consensus.cc:2243] T 758bd1fb242041b69385363a8ee05e29 P 5816bd7be4c74623ad20d7395ae7bc47 [term 1 FOLLOWER]: Raft consensus shutting down.
I20260608 12:45:50.699054 25169 raft_consensus.cc:2272] T 758bd1fb242041b69385363a8ee05e29 P 5816bd7be4c74623ad20d7395ae7bc47 [term 1 FOLLOWER]: Raft consensus is shut down!
I20260608 12:45:50.701834 25169 tablet_replica.cc:333] T 50119d8942804893ac9b84a5139ed690 P 5816bd7be4c74623ad20d7395ae7bc47: stopping tablet replica
I20260608 12:45:50.702373 25169 raft_consensus.cc:2243] T 50119d8942804893ac9b84a5139ed690 P 5816bd7be4c74623ad20d7395ae7bc47 [term 1 FOLLOWER]: Raft consensus shutting down.
I20260608 12:45:50.702864 25169 raft_consensus.cc:2272] T 50119d8942804893ac9b84a5139ed690 P 5816bd7be4c74623ad20d7395ae7bc47 [term 1 FOLLOWER]: Raft consensus is shut down!
I20260608 12:45:50.705327 25169 tablet_replica.cc:333] T 1949315cbf8b49edb0739d0ab9721438 P 5816bd7be4c74623ad20d7395ae7bc47: stopping tablet replica
I20260608 12:45:50.705953 25169 raft_consensus.cc:2243] T 1949315cbf8b49edb0739d0ab9721438 P 5816bd7be4c74623ad20d7395ae7bc47 [term 1 FOLLOWER]: Raft consensus shutting down.
I20260608 12:45:50.706485 25169 raft_consensus.cc:2272] T 1949315cbf8b49edb0739d0ab9721438 P 5816bd7be4c74623ad20d7395ae7bc47 [term 1 FOLLOWER]: Raft consensus is shut down!
I20260608 12:45:50.709088 25169 tablet_replica.cc:333] T 617c441621634190ac34466e98649aed P 5816bd7be4c74623ad20d7395ae7bc47: stopping tablet replica
I20260608 12:45:50.709628 25169 raft_consensus.cc:2243] T 617c441621634190ac34466e98649aed P 5816bd7be4c74623ad20d7395ae7bc47 [term 1 LEADER]: Raft consensus shutting down.
I20260608 12:45:50.710546 25169 raft_consensus.cc:2272] T 617c441621634190ac34466e98649aed P 5816bd7be4c74623ad20d7395ae7bc47 [term 1 FOLLOWER]: Raft consensus is shut down!
I20260608 12:45:50.712767 25169 tablet_replica.cc:333] T 806c52d9f05340b19d02e90312a5443d P 5816bd7be4c74623ad20d7395ae7bc47: stopping tablet replica
I20260608 12:45:50.713227 25169 raft_consensus.cc:2243] T 806c52d9f05340b19d02e90312a5443d P 5816bd7be4c74623ad20d7395ae7bc47 [term 1 FOLLOWER]: Raft consensus shutting down.
I20260608 12:45:50.713711 25169 raft_consensus.cc:2272] T 806c52d9f05340b19d02e90312a5443d P 5816bd7be4c74623ad20d7395ae7bc47 [term 1 FOLLOWER]: Raft consensus is shut down!
I20260608 12:45:50.742125 25169 tablet_server.cc:196] TabletServer@127.24.148.67:0 shutdown complete.
I20260608 12:45:50.766624 25169 tablet_server.cc:179] TabletServer@127.24.148.68:0 shutting down...
I20260608 12:45:50.799189 25169 ts_tablet_manager.cc:1507] Shutting down tablet manager...
I20260608 12:45:50.801218 25169 tablet_replica.cc:333] T 50119d8942804893ac9b84a5139ed690 P cd9d6713cff545f9b24ab4081d833456: stopping tablet replica
I20260608 12:45:50.801982 25169 raft_consensus.cc:2243] T 50119d8942804893ac9b84a5139ed690 P cd9d6713cff545f9b24ab4081d833456 [term 1 LEARNER]: Raft consensus shutting down.
I20260608 12:45:50.802464 25169 raft_consensus.cc:2272] T 50119d8942804893ac9b84a5139ed690 P cd9d6713cff545f9b24ab4081d833456 [term 1 LEARNER]: Raft consensus is shut down!
I20260608 12:45:50.805219 25169 tablet_replica.cc:333] T 806c52d9f05340b19d02e90312a5443d P cd9d6713cff545f9b24ab4081d833456: stopping tablet replica
I20260608 12:45:50.805925 25169 raft_consensus.cc:2243] T 806c52d9f05340b19d02e90312a5443d P cd9d6713cff545f9b24ab4081d833456 [term 1 LEARNER]: Raft consensus shutting down.
I20260608 12:45:50.806391 25169 raft_consensus.cc:2272] T 806c52d9f05340b19d02e90312a5443d P cd9d6713cff545f9b24ab4081d833456 [term 1 LEARNER]: Raft consensus is shut down!
I20260608 12:45:50.808975 25169 tablet_replica.cc:333] T 1949315cbf8b49edb0739d0ab9721438 P cd9d6713cff545f9b24ab4081d833456: stopping tablet replica
I20260608 12:45:50.809614 25169 raft_consensus.cc:2243] T 1949315cbf8b49edb0739d0ab9721438 P cd9d6713cff545f9b24ab4081d833456 [term 1 LEARNER]: Raft consensus shutting down.
I20260608 12:45:50.810076 25169 raft_consensus.cc:2272] T 1949315cbf8b49edb0739d0ab9721438 P cd9d6713cff545f9b24ab4081d833456 [term 1 LEARNER]: Raft consensus is shut down!
I20260608 12:45:50.842417 25787 auto_leader_rebalancer.cc:140] leader rebalance for table test-workload
I20260608 12:45:50.850668 25787 auto_leader_rebalancer.cc:388] table: test-workload, leader rebalance finish, leader transfer count: 0
I20260608 12:45:50.851163 25787 auto_leader_rebalancer.cc:451] All tables' leader rebalancing finished this round
I20260608 12:45:50.864792 25169 tablet_server.cc:196] TabletServer@127.24.148.68:0 shutdown complete.
I20260608 12:45:50.879158 25169 master.cc:562] Master@127.24.148.126:41599 shutting down...
W20260608 12:45:50.901024 25782 auto_rebalancer.cc:835] Removing replace marker failed: Catalog manager is not initialized. State: Closing
W20260608 12:45:50.901329 25782 auto_rebalancer.cc:863] Could not move replica: Service unavailable: Catalog manager is not initialized. State: Closing
W20260608 12:45:50.901538 25782 auto_rebalancer.cc:301] scheduled replica move failed to complete: Service unavailable: Catalog manager is not initialized. State: Closing
I20260608 12:45:50.902779 25169 raft_consensus.cc:2243] T 00000000000000000000000000000000 P 85a4fce318e244afb634ff094623fd45 [term 1 LEADER]: Raft consensus shutting down.
I20260608 12:45:50.903550 25169 raft_consensus.cc:2272] T 00000000000000000000000000000000 P 85a4fce318e244afb634ff094623fd45 [term 1 FOLLOWER]: Raft consensus is shut down!
I20260608 12:45:50.903923 25169 tablet_replica.cc:333] T 00000000000000000000000000000000 P 85a4fce318e244afb634ff094623fd45: stopping tablet replica
I20260608 12:45:50.924757 25169 master.cc:584] Master@127.24.148.126:41599 shutdown complete.
[       OK ] AutoRebalancerTest.AutoRebalancingTurnOffAndOn (10316 ms)
[ RUN      ] AutoRebalancerTest.NextLeaderResumesAutoRebalancing
I20260608 12:45:50.965507 25169 internal_mini_cluster.cc:156] Creating distributed mini masters. Addrs: 127.24.148.126:40497,127.24.148.125:36485,127.24.148.124:33583
I20260608 12:45:50.966969 25169 file_cache.cc:492] Constructed file cache file cache with capacity 419430
W20260608 12:45:50.973752 26251 instance_detector.cc:116] could not retrieve AWS instance metadata: Network error: curl error: HTTP response code said error: The requested URL returned error: 404
W20260608 12:45:50.973809 26252 instance_detector.cc:116] could not retrieve Azure instance metadata: Network error: curl error: HTTP response code said error: The requested URL returned error: 404
I20260608 12:45:50.974273 25169 server_base.cc:1061] running on GCE node
W20260608 12:45:50.974105 26254 instance_detector.cc:116] could not retrieve OpenStack instance metadata: Network error: curl error: HTTP response code said error: The requested URL returned error: 404
I20260608 12:45:50.976207 25169 hybrid_clock.cc:584] initializing the hybrid clock with 'system_unsync' time source
W20260608 12:45:50.976447 25169 system_unsync_time.cc:38] NTP support is disabled. Clock error bounds will not be accurate. This configuration is not suitable for distributed clusters.
I20260608 12:45:50.976630 25169 hybrid_clock.cc:648] HybridClock initialized: now 1780922750976613 us; error 0 us; skew 500 ppm
I20260608 12:45:50.977312 25169 server_base.cc:861] Flag tcmalloc_max_total_thread_cache_bytes is not working since tcmalloc is not enabled.
I20260608 12:45:50.980006 25169 webserver.cc:533] Webserver started at http://127.24.148.126:46385/ using document root <none> and password file <none>
I20260608 12:45:50.980568 25169 fs_manager.cc:362] Metadata directory not provided
I20260608 12:45:50.980783 25169 fs_manager.cc:368] Using write-ahead log directory (fs_wal_dir) as metadata directory
I20260608 12:45:50.981070 25169 server_base.cc:909] This appears to be a new deployment of Kudu; creating new FS layout
I20260608 12:45:50.982208 25169 fs_manager.cc:1068] Generated new instance metadata in path /tmp/dist-test-taskWgOpgX/test-tmp/auto_rebalancer-test.0.AutoRebalancerTest.NextLeaderResumesAutoRebalancing.1780922735510044-25169-0/minicluster-data/master-0-root/instance:
uuid: "896c7ac1e48c4307b6dc39541f8b0434"
format_stamp: "Formatted at 2026-06-08 12:45:50 on dist-test-slave-mlsq"
I20260608 12:45:50.987027 25169 fs_manager.cc:696] Time spent creating directory manager: real 0.004s	user 0.004s	sys 0.003s
I20260608 12:45:50.990767 26259 log_block_manager.cc:4031] Time spent loading block containers with low live blocks: real 0.000s	user 0.000s	sys 0.000s
I20260608 12:45:50.991900 25169 fs_manager.cc:730] Time spent opening block manager: real 0.003s	user 0.003s	sys 0.000s
I20260608 12:45:50.992281 25169 fs_manager.cc:647] Opened local filesystem: /tmp/dist-test-taskWgOpgX/test-tmp/auto_rebalancer-test.0.AutoRebalancerTest.NextLeaderResumesAutoRebalancing.1780922735510044-25169-0/minicluster-data/master-0-root
uuid: "896c7ac1e48c4307b6dc39541f8b0434"
format_stamp: "Formatted at 2026-06-08 12:45:50 on dist-test-slave-mlsq"
I20260608 12:45:50.992584 25169 fs_report.cc:389] FS layout report
--------------------
wal directory: /tmp/dist-test-taskWgOpgX/test-tmp/auto_rebalancer-test.0.AutoRebalancerTest.NextLeaderResumesAutoRebalancing.1780922735510044-25169-0/minicluster-data/master-0-root
metadata directory: /tmp/dist-test-taskWgOpgX/test-tmp/auto_rebalancer-test.0.AutoRebalancerTest.NextLeaderResumesAutoRebalancing.1780922735510044-25169-0/minicluster-data/master-0-root
1 data directories: /tmp/dist-test-taskWgOpgX/test-tmp/auto_rebalancer-test.0.AutoRebalancerTest.NextLeaderResumesAutoRebalancing.1780922735510044-25169-0/minicluster-data/master-0-root/data
Total live blocks: 0
Total live bytes: 0
Total live bytes (after alignment): 0
Total number of LBM containers: 0 (0 full)
Did not check for missing blocks
Did not check for orphaned blocks
Total full LBM containers with extra space: 0 (0 repaired)
Total full LBM container extra space in bytes: 0 (0 repaired)
Total incomplete LBM containers: 0 (0 repaired)
Total LBM partial records: 0 (0 repaired)
Total corrupted LBM metadata records in RocksDB: 0 (0 repaired)
I20260608 12:45:51.005110 25169 rpc_server.cc:225] running with OpenSSL 1.1.1  11 Sep 2018
I20260608 12:45:51.006408 25169 kserver.cc:163] Server-wide thread pool size limit: 3276
I20260608 12:45:51.046754 25169 rpc_server.cc:307] RPC server started. Bound to: 127.24.148.126:40497
I20260608 12:45:51.046911 26310 acceptor_pool.cc:272] collecting diagnostics on the listening RPC socket 127.24.148.126:40497 every 8 connection(s)
I20260608 12:45:51.051028 26311 data_dirs.cc:400] Could only allocate 1 dirs of requested 3 for tablet 00000000000000000000000000000000. 1 dirs total, 0 dirs full, 0 dirs failed
I20260608 12:45:51.051065 25169 file_cache.cc:492] Constructed file cache file cache with capacity 419430
W20260608 12:45:51.056559 26313 instance_detector.cc:116] could not retrieve AWS instance metadata: Network error: curl error: HTTP response code said error: The requested URL returned error: 404
W20260608 12:45:51.057462 26314 instance_detector.cc:116] could not retrieve Azure instance metadata: Network error: curl error: HTTP response code said error: The requested URL returned error: 404
I20260608 12:45:51.060845 26311 sys_catalog.cc:422] member_type: VOTER last_known_addr { host: "127.24.148.126" port: 40497 } has no permanent_uuid. Determining permanent_uuid...
W20260608 12:45:51.060926 26316 instance_detector.cc:116] could not retrieve OpenStack instance metadata: Network error: curl error: HTTP response code said error: The requested URL returned error: 404
I20260608 12:45:51.060961 25169 server_base.cc:1061] running on GCE node
I20260608 12:45:51.062188 25169 hybrid_clock.cc:584] initializing the hybrid clock with 'system_unsync' time source
W20260608 12:45:51.062454 25169 system_unsync_time.cc:38] NTP support is disabled. Clock error bounds will not be accurate. This configuration is not suitable for distributed clusters.
I20260608 12:45:51.062636 25169 hybrid_clock.cc:648] HybridClock initialized: now 1780922751062613 us; error 0 us; skew 500 ppm
I20260608 12:45:51.063519 25169 server_base.cc:861] Flag tcmalloc_max_total_thread_cache_bytes is not working since tcmalloc is not enabled.
I20260608 12:45:51.067077 25169 webserver.cc:533] Webserver started at http://127.24.148.125:35929/ using document root <none> and password file <none>
I20260608 12:45:51.067694 25169 fs_manager.cc:362] Metadata directory not provided
I20260608 12:45:51.067916 25169 fs_manager.cc:368] Using write-ahead log directory (fs_wal_dir) as metadata directory
I20260608 12:45:51.068270 25169 server_base.cc:909] This appears to be a new deployment of Kudu; creating new FS layout
I20260608 12:45:51.069711 25169 fs_manager.cc:1068] Generated new instance metadata in path /tmp/dist-test-taskWgOpgX/test-tmp/auto_rebalancer-test.0.AutoRebalancerTest.NextLeaderResumesAutoRebalancing.1780922735510044-25169-0/minicluster-data/master-1-root/instance:
uuid: "c373dfc77e52467fb705dd4fed4f6921"
format_stamp: "Formatted at 2026-06-08 12:45:51 on dist-test-slave-mlsq"
I20260608 12:45:51.076041 26311 sys_catalog.cc:422] member_type: VOTER last_known_addr { host: "127.24.148.125" port: 36485 } has no permanent_uuid. Determining permanent_uuid...
I20260608 12:45:51.076172 25169 fs_manager.cc:696] Time spent creating directory manager: real 0.006s	user 0.007s	sys 0.001s
I20260608 12:45:51.080597 26324 log_block_manager.cc:4031] Time spent loading block containers with low live blocks: real 0.000s	user 0.000s	sys 0.000s
I20260608 12:45:51.081547 25169 fs_manager.cc:730] Time spent opening block manager: real 0.003s	user 0.002s	sys 0.003s
I20260608 12:45:51.081863 25169 fs_manager.cc:647] Opened local filesystem: /tmp/dist-test-taskWgOpgX/test-tmp/auto_rebalancer-test.0.AutoRebalancerTest.NextLeaderResumesAutoRebalancing.1780922735510044-25169-0/minicluster-data/master-1-root
uuid: "c373dfc77e52467fb705dd4fed4f6921"
format_stamp: "Formatted at 2026-06-08 12:45:51 on dist-test-slave-mlsq"
I20260608 12:45:51.082165 25169 fs_report.cc:389] FS layout report
--------------------
wal directory: /tmp/dist-test-taskWgOpgX/test-tmp/auto_rebalancer-test.0.AutoRebalancerTest.NextLeaderResumesAutoRebalancing.1780922735510044-25169-0/minicluster-data/master-1-root
metadata directory: /tmp/dist-test-taskWgOpgX/test-tmp/auto_rebalancer-test.0.AutoRebalancerTest.NextLeaderResumesAutoRebalancing.1780922735510044-25169-0/minicluster-data/master-1-root
1 data directories: /tmp/dist-test-taskWgOpgX/test-tmp/auto_rebalancer-test.0.AutoRebalancerTest.NextLeaderResumesAutoRebalancing.1780922735510044-25169-0/minicluster-data/master-1-root/data
Total live blocks: 0
Total live bytes: 0
Total live bytes (after alignment): 0
Total number of LBM containers: 0 (0 full)
Did not check for missing blocks
Did not check for orphaned blocks
Total full LBM containers with extra space: 0 (0 repaired)
Total full LBM container extra space in bytes: 0 (0 repaired)
Total incomplete LBM containers: 0 (0 repaired)
Total LBM partial records: 0 (0 repaired)
Total corrupted LBM metadata records in RocksDB: 0 (0 repaired)
W20260608 12:45:51.082571 26311 consensus_peers.cc:760] Error getting permanent uuid from config peer 127.24.148.125:36485: Network error: Client connection negotiation failed: client connection to 127.24.148.125:36485: connect: Connection refused (error 111)
I20260608 12:45:51.112170 25169 rpc_server.cc:225] running with OpenSSL 1.1.1  11 Sep 2018
I20260608 12:45:51.113543 25169 kserver.cc:163] Server-wide thread pool size limit: 3276
I20260608 12:45:51.119036 26311 consensus_peers.cc:770] Retrying to get permanent uuid for remote peer: member_type: VOTER last_known_addr { host: "127.24.148.125" port: 36485 } attempt: 1
W20260608 12:45:51.124207 26311 consensus_peers.cc:760] Error getting permanent uuid from config peer 127.24.148.125:36485: Network error: Client connection negotiation failed: client connection to 127.24.148.125:36485: connect: Connection refused (error 111)
I20260608 12:45:51.155133 25169 rpc_server.cc:307] RPC server started. Bound to: 127.24.148.125:36485
I20260608 12:45:51.155265 26375 acceptor_pool.cc:272] collecting diagnostics on the listening RPC socket 127.24.148.125:36485 every 8 connection(s)
I20260608 12:45:51.159684 25169 file_cache.cc:492] Constructed file cache file cache with capacity 419430
I20260608 12:45:51.159889 26376 data_dirs.cc:400] Could only allocate 1 dirs of requested 3 for tablet 00000000000000000000000000000000. 1 dirs total, 0 dirs full, 0 dirs failed
W20260608 12:45:51.165624 26378 instance_detector.cc:116] could not retrieve AWS instance metadata: Network error: curl error: HTTP response code said error: The requested URL returned error: 404
W20260608 12:45:51.166217 26379 instance_detector.cc:116] could not retrieve Azure instance metadata: Network error: curl error: HTTP response code said error: The requested URL returned error: 404
