I20260608 12:47:35.390615 29846 raft_consensus.cc:359] T 134a898b7dce426f9f28a3888fe7ca98 P 8b025a60cc16484681031ab8d900cadf [term 0 FOLLOWER]: Replica starting. Triggering 0 pending ops. Active config: opid_index: -1 OBSOLETE_local: false peers { permanent_uuid: "91ecd5eae9f344ba897686dde8d4e685" member_type: VOTER last_known_addr { host: "127.24.148.65" port: 46287 } } peers { permanent_uuid: "045df9e1e36e4ebead9b12c1c1538987" member_type: VOTER last_known_addr { host: "127.24.148.66" port: 42427 } } peers { permanent_uuid: "8b025a60cc16484681031ab8d900cadf" member_type: VOTER last_known_addr { host: "127.24.148.67" port: 45759 } }
I20260608 12:47:35.391512 29846 raft_consensus.cc:385] T 134a898b7dce426f9f28a3888fe7ca98 P 8b025a60cc16484681031ab8d900cadf [term 0 FOLLOWER]: Consensus starting up: Expiring failure detector timer to make a prompt election more likely
I20260608 12:47:35.391852 29846 raft_consensus.cc:740] T 134a898b7dce426f9f28a3888fe7ca98 P 8b025a60cc16484681031ab8d900cadf [term 0 FOLLOWER]: Becoming Follower/Learner. State: Replica: 8b025a60cc16484681031ab8d900cadf, State: Initialized, Role: FOLLOWER
I20260608 12:47:35.392892 29846 consensus_queue.cc:260] T 134a898b7dce426f9f28a3888fe7ca98 P 8b025a60cc16484681031ab8d900cadf [NON_LEADER]: Queue going to NON_LEADER mode. State: All replicated index: 0, Majority replicated index: 0, Committed index: 0, Last appended: 0.0, Last appended by leader: 0, Current term: 0, Majority size: -1, State: 0, Mode: NON_LEADER, active raft config: opid_index: -1 OBSOLETE_local: false peers { permanent_uuid: "91ecd5eae9f344ba897686dde8d4e685" member_type: VOTER last_known_addr { host: "127.24.148.65" port: 46287 } } peers { permanent_uuid: "045df9e1e36e4ebead9b12c1c1538987" member_type: VOTER last_known_addr { host: "127.24.148.66" port: 42427 } } peers { permanent_uuid: "8b025a60cc16484681031ab8d900cadf" member_type: VOTER last_known_addr { host: "127.24.148.67" port: 45759 } }
I20260608 12:47:35.395377 29846 ts_tablet_manager.cc:1434] T 134a898b7dce426f9f28a3888fe7ca98 P 8b025a60cc16484681031ab8d900cadf: Time spent starting tablet: real 0.009s	user 0.008s	sys 0.000s
I20260608 12:47:35.396533 29846 tablet_bootstrap.cc:492] T cd31b78b39074d859e18ff139cac37b8 P 8b025a60cc16484681031ab8d900cadf: Bootstrap starting.
I20260608 12:47:35.397590 29650 raft_consensus.cc:2468] T 9f2bf614a9944cf6b300f8ff352e82a7 P 91ecd5eae9f344ba897686dde8d4e685 [term 1 FOLLOWER]: Leader election vote request: Granting yes vote for candidate 045df9e1e36e4ebead9b12c1c1538987 in term 1.
I20260608 12:47:35.399093 29689 leader_election.cc:304] T 9f2bf614a9944cf6b300f8ff352e82a7 P 045df9e1e36e4ebead9b12c1c1538987 [CANDIDATE]: Term 1 election: Election decided. Result: candidate won. Election summary: received 2 responses out of 3 voters: 2 yes votes; 0 no votes. yes voters: 045df9e1e36e4ebead9b12c1c1538987, 91ecd5eae9f344ba897686dde8d4e685; no voters: 
I20260608 12:47:35.400234 29863 raft_consensus.cc:2804] T 9f2bf614a9944cf6b300f8ff352e82a7 P 045df9e1e36e4ebead9b12c1c1538987 [term 1 FOLLOWER]: Leader election won for term 1
I20260608 12:47:35.400782 29863 raft_consensus.cc:697] T 9f2bf614a9944cf6b300f8ff352e82a7 P 045df9e1e36e4ebead9b12c1c1538987 [term 1 LEADER]: Becoming Leader. State: Replica: 045df9e1e36e4ebead9b12c1c1538987, State: Running, Role: LEADER
I20260608 12:47:35.400691 29546 catalog_manager.cc:5696] T ffb0f77058014685bb4891e58ee0c87e P 91ecd5eae9f344ba897686dde8d4e685 reported cstate change: term changed from 0 to 1, leader changed from <none> to 91ecd5eae9f344ba897686dde8d4e685 (127.24.148.65). New cstate: current_term: 1 leader_uuid: "91ecd5eae9f344ba897686dde8d4e685" committed_config { opid_index: -1 OBSOLETE_local: false peers { permanent_uuid: "91ecd5eae9f344ba897686dde8d4e685" member_type: VOTER last_known_addr { host: "127.24.148.65" port: 46287 } health_report { overall_health: HEALTHY } } peers { permanent_uuid: "045df9e1e36e4ebead9b12c1c1538987" member_type: VOTER last_known_addr { host: "127.24.148.66" port: 42427 } health_report { overall_health: UNKNOWN } } peers { permanent_uuid: "8b025a60cc16484681031ab8d900cadf" member_type: VOTER last_known_addr { host: "127.24.148.67" port: 45759 } health_report { overall_health: UNKNOWN } } }
I20260608 12:47:35.401904 29863 consensus_queue.cc:237] T 9f2bf614a9944cf6b300f8ff352e82a7 P 045df9e1e36e4ebead9b12c1c1538987 [LEADER]: Queue going to LEADER mode. State: All replicated index: 0, Majority replicated index: 0, Committed index: 0, Last appended: 0.0, Last appended by leader: 0, Current term: 1, Majority size: 2, State: 0, Mode: LEADER, active raft config: opid_index: -1 OBSOLETE_local: false peers { permanent_uuid: "91ecd5eae9f344ba897686dde8d4e685" member_type: VOTER last_known_addr { host: "127.24.148.65" port: 46287 } } peers { permanent_uuid: "045df9e1e36e4ebead9b12c1c1538987" member_type: VOTER last_known_addr { host: "127.24.148.66" port: 42427 } } peers { permanent_uuid: "8b025a60cc16484681031ab8d900cadf" member_type: VOTER last_known_addr { host: "127.24.148.67" port: 45759 } }
I20260608 12:47:35.403738 29849 tablet_bootstrap.cc:492] T a9af5882cbce49ee9d7c5cf330c5bfba P 91ecd5eae9f344ba897686dde8d4e685: No bootstrap required, opened a new log
I20260608 12:47:35.404798 29850 leader_election.cc:290] T 9f2bf614a9944cf6b300f8ff352e82a7 P 045df9e1e36e4ebead9b12c1c1538987 [CANDIDATE]: Term 1 election: Requested vote from peers 91ecd5eae9f344ba897686dde8d4e685 (127.24.148.65:46287), 8b025a60cc16484681031ab8d900cadf (127.24.148.67:45759)
I20260608 12:47:35.405547 29849 ts_tablet_manager.cc:1403] T a9af5882cbce49ee9d7c5cf330c5bfba P 91ecd5eae9f344ba897686dde8d4e685: Time spent bootstrapping tablet: real 0.118s	user 0.051s	sys 0.047s
I20260608 12:47:35.407044 29846 tablet_bootstrap.cc:654] T cd31b78b39074d859e18ff139cac37b8 P 8b025a60cc16484681031ab8d900cadf: Neither blocks nor log segments found. Creating new log.
I20260608 12:47:35.406808 29798 tablet_service.cc:1917] Received RequestConsensusVote() RPC: tablet_id: "9f2bf614a9944cf6b300f8ff352e82a7" candidate_uuid: "045df9e1e36e4ebead9b12c1c1538987" candidate_term: 1 candidate_status { last_received { term: 0 index: 0 } } ignore_live_leader: false dest_uuid: "8b025a60cc16484681031ab8d900cadf"
I20260608 12:47:35.407567 29798 raft_consensus.cc:3060] T 9f2bf614a9944cf6b300f8ff352e82a7 P 8b025a60cc16484681031ab8d900cadf [term 0 FOLLOWER]: Advancing to term 1
I20260608 12:47:35.410358 29849 raft_consensus.cc:359] T a9af5882cbce49ee9d7c5cf330c5bfba P 91ecd5eae9f344ba897686dde8d4e685 [term 0 FOLLOWER]: Replica starting. Triggering 0 pending ops. Active config: opid_index: -1 OBSOLETE_local: false peers { permanent_uuid: "91ecd5eae9f344ba897686dde8d4e685" member_type: VOTER last_known_addr { host: "127.24.148.65" port: 46287 } } peers { permanent_uuid: "045df9e1e36e4ebead9b12c1c1538987" member_type: VOTER last_known_addr { host: "127.24.148.66" port: 42427 } } peers { permanent_uuid: "8b025a60cc16484681031ab8d900cadf" member_type: VOTER last_known_addr { host: "127.24.148.67" port: 45759 } }
I20260608 12:47:35.413623 29849 raft_consensus.cc:385] T a9af5882cbce49ee9d7c5cf330c5bfba P 91ecd5eae9f344ba897686dde8d4e685 [term 0 FOLLOWER]: Consensus starting up: Expiring failure detector timer to make a prompt election more likely
I20260608 12:47:35.414386 29849 raft_consensus.cc:740] T a9af5882cbce49ee9d7c5cf330c5bfba P 91ecd5eae9f344ba897686dde8d4e685 [term 0 FOLLOWER]: Becoming Follower/Learner. State: Replica: 91ecd5eae9f344ba897686dde8d4e685, State: Initialized, Role: FOLLOWER
I20260608 12:47:35.415988 29849 consensus_queue.cc:260] T a9af5882cbce49ee9d7c5cf330c5bfba P 91ecd5eae9f344ba897686dde8d4e685 [NON_LEADER]: Queue going to NON_LEADER mode. State: All replicated index: 0, Majority replicated index: 0, Committed index: 0, Last appended: 0.0, Last appended by leader: 0, Current term: 0, Majority size: -1, State: 0, Mode: NON_LEADER, active raft config: opid_index: -1 OBSOLETE_local: false peers { permanent_uuid: "91ecd5eae9f344ba897686dde8d4e685" member_type: VOTER last_known_addr { host: "127.24.148.65" port: 46287 } } peers { permanent_uuid: "045df9e1e36e4ebead9b12c1c1538987" member_type: VOTER last_known_addr { host: "127.24.148.66" port: 42427 } } peers { permanent_uuid: "8b025a60cc16484681031ab8d900cadf" member_type: VOTER last_known_addr { host: "127.24.148.67" port: 45759 } }
I20260608 12:47:35.418107 29798 raft_consensus.cc:2468] T 9f2bf614a9944cf6b300f8ff352e82a7 P 8b025a60cc16484681031ab8d900cadf [term 1 FOLLOWER]: Leader election vote request: Granting yes vote for candidate 045df9e1e36e4ebead9b12c1c1538987 in term 1.
I20260608 12:47:35.420120 29849 ts_tablet_manager.cc:1434] T a9af5882cbce49ee9d7c5cf330c5bfba P 91ecd5eae9f344ba897686dde8d4e685: Time spent starting tablet: real 0.014s	user 0.004s	sys 0.002s
I20260608 12:47:35.422458 29849 tablet_bootstrap.cc:492] T 134a898b7dce426f9f28a3888fe7ca98 P 91ecd5eae9f344ba897686dde8d4e685: Bootstrap starting.
I20260608 12:47:35.429828 29849 tablet_bootstrap.cc:654] T 134a898b7dce426f9f28a3888fe7ca98 P 91ecd5eae9f344ba897686dde8d4e685: Neither blocks nor log segments found. Creating new log.
I20260608 12:47:35.441742 29845 tablet_bootstrap.cc:492] T 420e6deb269e4169a1acc796e0bb9264 P 045df9e1e36e4ebead9b12c1c1538987: No bootstrap required, opened a new log
I20260608 12:47:35.442451 29845 ts_tablet_manager.cc:1403] T 420e6deb269e4169a1acc796e0bb9264 P 045df9e1e36e4ebead9b12c1c1538987: Time spent bootstrapping tablet: real 0.181s	user 0.028s	sys 0.015s
I20260608 12:47:35.447777 29849 tablet_bootstrap.cc:492] T 134a898b7dce426f9f28a3888fe7ca98 P 91ecd5eae9f344ba897686dde8d4e685: No bootstrap required, opened a new log
I20260608 12:47:35.448391 29849 ts_tablet_manager.cc:1403] T 134a898b7dce426f9f28a3888fe7ca98 P 91ecd5eae9f344ba897686dde8d4e685: Time spent bootstrapping tablet: real 0.026s	user 0.010s	sys 0.002s
I20260608 12:47:35.448184 29845 raft_consensus.cc:359] T 420e6deb269e4169a1acc796e0bb9264 P 045df9e1e36e4ebead9b12c1c1538987 [term 0 FOLLOWER]: Replica starting. Triggering 0 pending ops. Active config: opid_index: -1 OBSOLETE_local: false peers { permanent_uuid: "91ecd5eae9f344ba897686dde8d4e685" member_type: VOTER last_known_addr { host: "127.24.148.65" port: 46287 } } peers { permanent_uuid: "045df9e1e36e4ebead9b12c1c1538987" member_type: VOTER last_known_addr { host: "127.24.148.66" port: 42427 } } peers { permanent_uuid: "8b025a60cc16484681031ab8d900cadf" member_type: VOTER last_known_addr { host: "127.24.148.67" port: 45759 } }
I20260608 12:47:35.449215 29845 raft_consensus.cc:385] T 420e6deb269e4169a1acc796e0bb9264 P 045df9e1e36e4ebead9b12c1c1538987 [term 0 FOLLOWER]: Consensus starting up: Expiring failure detector timer to make a prompt election more likely
I20260608 12:47:35.449599 29845 raft_consensus.cc:740] T 420e6deb269e4169a1acc796e0bb9264 P 045df9e1e36e4ebead9b12c1c1538987 [term 0 FOLLOWER]: Becoming Follower/Learner. State: Replica: 045df9e1e36e4ebead9b12c1c1538987, State: Initialized, Role: FOLLOWER
I20260608 12:47:35.450707 29845 consensus_queue.cc:260] T 420e6deb269e4169a1acc796e0bb9264 P 045df9e1e36e4ebead9b12c1c1538987 [NON_LEADER]: Queue going to NON_LEADER mode. State: All replicated index: 0, Majority replicated index: 0, Committed index: 0, Last appended: 0.0, Last appended by leader: 0, Current term: 0, Majority size: -1, State: 0, Mode: NON_LEADER, active raft config: opid_index: -1 OBSOLETE_local: false peers { permanent_uuid: "91ecd5eae9f344ba897686dde8d4e685" member_type: VOTER last_known_addr { host: "127.24.148.65" port: 46287 } } peers { permanent_uuid: "045df9e1e36e4ebead9b12c1c1538987" member_type: VOTER last_known_addr { host: "127.24.148.66" port: 42427 } } peers { permanent_uuid: "8b025a60cc16484681031ab8d900cadf" member_type: VOTER last_known_addr { host: "127.24.148.67" port: 45759 } }
I20260608 12:47:35.451799 29849 raft_consensus.cc:359] T 134a898b7dce426f9f28a3888fe7ca98 P 91ecd5eae9f344ba897686dde8d4e685 [term 0 FOLLOWER]: Replica starting. Triggering 0 pending ops. Active config: opid_index: -1 OBSOLETE_local: false peers { permanent_uuid: "91ecd5eae9f344ba897686dde8d4e685" member_type: VOTER last_known_addr { host: "127.24.148.65" port: 46287 } } peers { permanent_uuid: "045df9e1e36e4ebead9b12c1c1538987" member_type: VOTER last_known_addr { host: "127.24.148.66" port: 42427 } } peers { permanent_uuid: "8b025a60cc16484681031ab8d900cadf" member_type: VOTER last_known_addr { host: "127.24.148.67" port: 45759 } }
I20260608 12:47:35.452672 29849 raft_consensus.cc:385] T 134a898b7dce426f9f28a3888fe7ca98 P 91ecd5eae9f344ba897686dde8d4e685 [term 0 FOLLOWER]: Consensus starting up: Expiring failure detector timer to make a prompt election more likely
I20260608 12:47:35.453008 29849 raft_consensus.cc:740] T 134a898b7dce426f9f28a3888fe7ca98 P 91ecd5eae9f344ba897686dde8d4e685 [term 0 FOLLOWER]: Becoming Follower/Learner. State: Replica: 91ecd5eae9f344ba897686dde8d4e685, State: Initialized, Role: FOLLOWER
I20260608 12:47:35.453806 29849 consensus_queue.cc:260] T 134a898b7dce426f9f28a3888fe7ca98 P 91ecd5eae9f344ba897686dde8d4e685 [NON_LEADER]: Queue going to NON_LEADER mode. State: All replicated index: 0, Majority replicated index: 0, Committed index: 0, Last appended: 0.0, Last appended by leader: 0, Current term: 0, Majority size: -1, State: 0, Mode: NON_LEADER, active raft config: opid_index: -1 OBSOLETE_local: false peers { permanent_uuid: "91ecd5eae9f344ba897686dde8d4e685" member_type: VOTER last_known_addr { host: "127.24.148.65" port: 46287 } } peers { permanent_uuid: "045df9e1e36e4ebead9b12c1c1538987" member_type: VOTER last_known_addr { host: "127.24.148.66" port: 42427 } } peers { permanent_uuid: "8b025a60cc16484681031ab8d900cadf" member_type: VOTER last_known_addr { host: "127.24.148.67" port: 45759 } }
I20260608 12:47:35.456019 29849 ts_tablet_manager.cc:1434] T 134a898b7dce426f9f28a3888fe7ca98 P 91ecd5eae9f344ba897686dde8d4e685: Time spent starting tablet: real 0.007s	user 0.006s	sys 0.000s
I20260608 12:47:35.457099 29849 tablet_bootstrap.cc:492] T b2af61b3efb94ae1b3000f2448c6944d P 91ecd5eae9f344ba897686dde8d4e685: Bootstrap starting.
I20260608 12:47:35.459228 29845 ts_tablet_manager.cc:1434] T 420e6deb269e4169a1acc796e0bb9264 P 045df9e1e36e4ebead9b12c1c1538987: Time spent starting tablet: real 0.016s	user 0.007s	sys 0.003s
I20260608 12:47:35.460965 29845 tablet_bootstrap.cc:492] T 134a898b7dce426f9f28a3888fe7ca98 P 045df9e1e36e4ebead9b12c1c1538987: Bootstrap starting.
I20260608 12:47:35.463634 29849 tablet_bootstrap.cc:654] T b2af61b3efb94ae1b3000f2448c6944d P 91ecd5eae9f344ba897686dde8d4e685: Neither blocks nor log segments found. Creating new log.
I20260608 12:47:35.469072 29845 tablet_bootstrap.cc:654] T 134a898b7dce426f9f28a3888fe7ca98 P 045df9e1e36e4ebead9b12c1c1538987: Neither blocks nor log segments found. Creating new log.
I20260608 12:47:35.483232 29855 raft_consensus.cc:493] T 420e6deb269e4169a1acc796e0bb9264 P 91ecd5eae9f344ba897686dde8d4e685 [term 0 FOLLOWER]: Starting pre-election (no leader contacted us within the election timeout)
I20260608 12:47:35.484042 29855 raft_consensus.cc:515] T 420e6deb269e4169a1acc796e0bb9264 P 91ecd5eae9f344ba897686dde8d4e685 [term 0 FOLLOWER]: Starting pre-election with config: opid_index: -1 OBSOLETE_local: false peers { permanent_uuid: "91ecd5eae9f344ba897686dde8d4e685" member_type: VOTER last_known_addr { host: "127.24.148.65" port: 46287 } } peers { permanent_uuid: "045df9e1e36e4ebead9b12c1c1538987" member_type: VOTER last_known_addr { host: "127.24.148.66" port: 42427 } } peers { permanent_uuid: "8b025a60cc16484681031ab8d900cadf" member_type: VOTER last_known_addr { host: "127.24.148.67" port: 45759 } }
I20260608 12:47:35.488574 29855 leader_election.cc:290] T 420e6deb269e4169a1acc796e0bb9264 P 91ecd5eae9f344ba897686dde8d4e685 [CANDIDATE]: Term 1 pre-election: Requested pre-vote from peers 045df9e1e36e4ebead9b12c1c1538987 (127.24.148.66:42427), 8b025a60cc16484681031ab8d900cadf (127.24.148.67:45759)
I20260608 12:47:35.488364 29724 tablet_service.cc:1917] Received RequestConsensusVote() RPC: tablet_id: "420e6deb269e4169a1acc796e0bb9264" candidate_uuid: "91ecd5eae9f344ba897686dde8d4e685" candidate_term: 1 candidate_status { last_received { term: 0 index: 0 } } ignore_live_leader: false dest_uuid: "045df9e1e36e4ebead9b12c1c1538987" is_pre_election: true
I20260608 12:47:35.488813 29800 tablet_service.cc:1917] Received RequestConsensusVote() RPC: tablet_id: "420e6deb269e4169a1acc796e0bb9264" candidate_uuid: "91ecd5eae9f344ba897686dde8d4e685" candidate_term: 1 candidate_status { last_received { term: 0 index: 0 } } ignore_live_leader: false dest_uuid: "8b025a60cc16484681031ab8d900cadf" is_pre_election: true
I20260608 12:47:35.489382 29724 raft_consensus.cc:2468] T 420e6deb269e4169a1acc796e0bb9264 P 045df9e1e36e4ebead9b12c1c1538987 [term 0 FOLLOWER]: Leader pre-election vote request: Granting yes vote for candidate 91ecd5eae9f344ba897686dde8d4e685 in term 0.
W20260608 12:47:35.490170 29614 leader_election.cc:343] T 420e6deb269e4169a1acc796e0bb9264 P 91ecd5eae9f344ba897686dde8d4e685 [CANDIDATE]: Term 1 pre-election: Tablet error from VoteRequest() call to peer 8b025a60cc16484681031ab8d900cadf (127.24.148.67:45759): Illegal state: must be running to vote when last-logged opid is not known
I20260608 12:47:35.491266 29617 leader_election.cc:304] T 420e6deb269e4169a1acc796e0bb9264 P 91ecd5eae9f344ba897686dde8d4e685 [CANDIDATE]: Term 1 pre-election: Election decided. Result: candidate won. Election summary: received 3 responses out of 3 voters: 2 yes votes; 1 no votes. yes voters: 045df9e1e36e4ebead9b12c1c1538987, 91ecd5eae9f344ba897686dde8d4e685; no voters: 8b025a60cc16484681031ab8d900cadf
I20260608 12:47:35.492970 29855 raft_consensus.cc:2804] T 420e6deb269e4169a1acc796e0bb9264 P 91ecd5eae9f344ba897686dde8d4e685 [term 0 FOLLOWER]: Leader pre-election won for term 1
I20260608 12:47:35.493530 29855 raft_consensus.cc:493] T 420e6deb269e4169a1acc796e0bb9264 P 91ecd5eae9f344ba897686dde8d4e685 [term 0 FOLLOWER]: Starting leader election (no leader contacted us within the election timeout)
I20260608 12:47:35.494014 29855 raft_consensus.cc:3060] T 420e6deb269e4169a1acc796e0bb9264 P 91ecd5eae9f344ba897686dde8d4e685 [term 0 FOLLOWER]: Advancing to term 1
I20260608 12:47:35.506641 29845 tablet_bootstrap.cc:492] T 134a898b7dce426f9f28a3888fe7ca98 P 045df9e1e36e4ebead9b12c1c1538987: No bootstrap required, opened a new log
I20260608 12:47:35.507462 29845 ts_tablet_manager.cc:1403] T 134a898b7dce426f9f28a3888fe7ca98 P 045df9e1e36e4ebead9b12c1c1538987: Time spent bootstrapping tablet: real 0.047s	user 0.021s	sys 0.000s
I20260608 12:47:35.506680 29855 raft_consensus.cc:515] T 420e6deb269e4169a1acc796e0bb9264 P 91ecd5eae9f344ba897686dde8d4e685 [term 1 FOLLOWER]: Starting leader election with config: opid_index: -1 OBSOLETE_local: false peers { permanent_uuid: "91ecd5eae9f344ba897686dde8d4e685" member_type: VOTER last_known_addr { host: "127.24.148.65" port: 46287 } } peers { permanent_uuid: "045df9e1e36e4ebead9b12c1c1538987" member_type: VOTER last_known_addr { host: "127.24.148.66" port: 42427 } } peers { permanent_uuid: "8b025a60cc16484681031ab8d900cadf" member_type: VOTER last_known_addr { host: "127.24.148.67" port: 45759 } }
I20260608 12:47:35.511482 29724 tablet_service.cc:1917] Received RequestConsensusVote() RPC: tablet_id: "420e6deb269e4169a1acc796e0bb9264" candidate_uuid: "91ecd5eae9f344ba897686dde8d4e685" candidate_term: 1 candidate_status { last_received { term: 0 index: 0 } } ignore_live_leader: false dest_uuid: "045df9e1e36e4ebead9b12c1c1538987"
I20260608 12:47:35.511422 29845 raft_consensus.cc:359] T 134a898b7dce426f9f28a3888fe7ca98 P 045df9e1e36e4ebead9b12c1c1538987 [term 0 FOLLOWER]: Replica starting. Triggering 0 pending ops. Active config: opid_index: -1 OBSOLETE_local: false peers { permanent_uuid: "91ecd5eae9f344ba897686dde8d4e685" member_type: VOTER last_known_addr { host: "127.24.148.65" port: 46287 } } peers { permanent_uuid: "045df9e1e36e4ebead9b12c1c1538987" member_type: VOTER last_known_addr { host: "127.24.148.66" port: 42427 } } peers { permanent_uuid: "8b025a60cc16484681031ab8d900cadf" member_type: VOTER last_known_addr { host: "127.24.148.67" port: 45759 } }
I20260608 12:47:35.512578 29724 raft_consensus.cc:3060] T 420e6deb269e4169a1acc796e0bb9264 P 045df9e1e36e4ebead9b12c1c1538987 [term 0 FOLLOWER]: Advancing to term 1
I20260608 12:47:35.512809 29845 raft_consensus.cc:385] T 134a898b7dce426f9f28a3888fe7ca98 P 045df9e1e36e4ebead9b12c1c1538987 [term 0 FOLLOWER]: Consensus starting up: Expiring failure detector timer to make a prompt election more likely
I20260608 12:47:35.513316 29845 raft_consensus.cc:740] T 134a898b7dce426f9f28a3888fe7ca98 P 045df9e1e36e4ebead9b12c1c1538987 [term 0 FOLLOWER]: Becoming Follower/Learner. State: Replica: 045df9e1e36e4ebead9b12c1c1538987, State: Initialized, Role: FOLLOWER
I20260608 12:47:35.514439 29845 consensus_queue.cc:260] T 134a898b7dce426f9f28a3888fe7ca98 P 045df9e1e36e4ebead9b12c1c1538987 [NON_LEADER]: Queue going to NON_LEADER mode. State: All replicated index: 0, Majority replicated index: 0, Committed index: 0, Last appended: 0.0, Last appended by leader: 0, Current term: 0, Majority size: -1, State: 0, Mode: NON_LEADER, active raft config: opid_index: -1 OBSOLETE_local: false peers { permanent_uuid: "91ecd5eae9f344ba897686dde8d4e685" member_type: VOTER last_known_addr { host: "127.24.148.65" port: 46287 } } peers { permanent_uuid: "045df9e1e36e4ebead9b12c1c1538987" member_type: VOTER last_known_addr { host: "127.24.148.66" port: 42427 } } peers { permanent_uuid: "8b025a60cc16484681031ab8d900cadf" member_type: VOTER last_known_addr { host: "127.24.148.67" port: 45759 } }
I20260608 12:47:35.517717 29845 ts_tablet_manager.cc:1434] T 134a898b7dce426f9f28a3888fe7ca98 P 045df9e1e36e4ebead9b12c1c1538987: Time spent starting tablet: real 0.010s	user 0.004s	sys 0.004s
I20260608 12:47:35.519038 29845 tablet_bootstrap.cc:492] T 2400cf49993d45a9a0103c3873707a4b P 045df9e1e36e4ebead9b12c1c1538987: Bootstrap starting.
I20260608 12:47:35.522583 29724 raft_consensus.cc:2468] T 420e6deb269e4169a1acc796e0bb9264 P 045df9e1e36e4ebead9b12c1c1538987 [term 1 FOLLOWER]: Leader election vote request: Granting yes vote for candidate 91ecd5eae9f344ba897686dde8d4e685 in term 1.
I20260608 12:47:35.502401 29546 catalog_manager.cc:5696] T 9f2bf614a9944cf6b300f8ff352e82a7 P 045df9e1e36e4ebead9b12c1c1538987 reported cstate change: term changed from 0 to 1, leader changed from <none> to 045df9e1e36e4ebead9b12c1c1538987 (127.24.148.66). New cstate: current_term: 1 leader_uuid: "045df9e1e36e4ebead9b12c1c1538987" committed_config { opid_index: -1 OBSOLETE_local: false peers { permanent_uuid: "91ecd5eae9f344ba897686dde8d4e685" member_type: VOTER last_known_addr { host: "127.24.148.65" port: 46287 } health_report { overall_health: UNKNOWN } } peers { permanent_uuid: "045df9e1e36e4ebead9b12c1c1538987" member_type: VOTER last_known_addr { host: "127.24.148.66" port: 42427 } health_report { overall_health: HEALTHY } } peers { permanent_uuid: "8b025a60cc16484681031ab8d900cadf" member_type: VOTER last_known_addr { host: "127.24.148.67" port: 45759 } health_report { overall_health: UNKNOWN } } }
I20260608 12:47:35.523793 29800 tablet_service.cc:1917] Received RequestConsensusVote() RPC: tablet_id: "420e6deb269e4169a1acc796e0bb9264" candidate_uuid: "91ecd5eae9f344ba897686dde8d4e685" candidate_term: 1 candidate_status { last_received { term: 0 index: 0 } } ignore_live_leader: false dest_uuid: "8b025a60cc16484681031ab8d900cadf"
I20260608 12:47:35.523933 29617 leader_election.cc:304] T 420e6deb269e4169a1acc796e0bb9264 P 91ecd5eae9f344ba897686dde8d4e685 [CANDIDATE]: Term 1 election: Election decided. Result: candidate won. Election summary: received 2 responses out of 3 voters: 2 yes votes; 0 no votes. yes voters: 045df9e1e36e4ebead9b12c1c1538987, 91ecd5eae9f344ba897686dde8d4e685; no voters: 
I20260608 12:47:35.524927 29875 raft_consensus.cc:2804] T 420e6deb269e4169a1acc796e0bb9264 P 91ecd5eae9f344ba897686dde8d4e685 [term 1 FOLLOWER]: Leader election won for term 1
I20260608 12:47:35.522157 29855 leader_election.cc:290] T 420e6deb269e4169a1acc796e0bb9264 P 91ecd5eae9f344ba897686dde8d4e685 [CANDIDATE]: Term 1 election: Requested vote from peers 045df9e1e36e4ebead9b12c1c1538987 (127.24.148.66:42427), 8b025a60cc16484681031ab8d900cadf (127.24.148.67:45759)
W20260608 12:47:35.525383 29614 leader_election.cc:343] T 420e6deb269e4169a1acc796e0bb9264 P 91ecd5eae9f344ba897686dde8d4e685 [CANDIDATE]: Term 1 election: Tablet error from VoteRequest() call to peer 8b025a60cc16484681031ab8d900cadf (127.24.148.67:45759): Illegal state: must be running to vote when last-logged opid is not known
I20260608 12:47:35.525432 29875 raft_consensus.cc:697] T 420e6deb269e4169a1acc796e0bb9264 P 91ecd5eae9f344ba897686dde8d4e685 [term 1 LEADER]: Becoming Leader. State: Replica: 91ecd5eae9f344ba897686dde8d4e685, State: Running, Role: LEADER
I20260608 12:47:35.526906 29875 consensus_queue.cc:237] T 420e6deb269e4169a1acc796e0bb9264 P 91ecd5eae9f344ba897686dde8d4e685 [LEADER]: Queue going to LEADER mode. State: All replicated index: 0, Majority replicated index: 0, Committed index: 0, Last appended: 0.0, Last appended by leader: 0, Current term: 1, Majority size: 2, State: 0, Mode: LEADER, active raft config: opid_index: -1 OBSOLETE_local: false peers { permanent_uuid: "91ecd5eae9f344ba897686dde8d4e685" member_type: VOTER last_known_addr { host: "127.24.148.65" port: 46287 } } peers { permanent_uuid: "045df9e1e36e4ebead9b12c1c1538987" member_type: VOTER last_known_addr { host: "127.24.148.66" port: 42427 } } peers { permanent_uuid: "8b025a60cc16484681031ab8d900cadf" member_type: VOTER last_known_addr { host: "127.24.148.67" port: 45759 } }
I20260608 12:47:35.530546 29863 raft_consensus.cc:493] T f1014e15aa5547a785f87a55b627eab0 P 045df9e1e36e4ebead9b12c1c1538987 [term 0 FOLLOWER]: Starting pre-election (no leader contacted us within the election timeout)
I20260608 12:47:35.530865 29845 tablet_bootstrap.cc:654] T 2400cf49993d45a9a0103c3873707a4b P 045df9e1e36e4ebead9b12c1c1538987: Neither blocks nor log segments found. Creating new log.
I20260608 12:47:35.531080 29863 raft_consensus.cc:515] T f1014e15aa5547a785f87a55b627eab0 P 045df9e1e36e4ebead9b12c1c1538987 [term 0 FOLLOWER]: Starting pre-election with config: opid_index: -1 OBSOLETE_local: false peers { permanent_uuid: "91ecd5eae9f344ba897686dde8d4e685" member_type: VOTER last_known_addr { host: "127.24.148.65" port: 46287 } } peers { permanent_uuid: "045df9e1e36e4ebead9b12c1c1538987" member_type: VOTER last_known_addr { host: "127.24.148.66" port: 42427 } } peers { permanent_uuid: "8b025a60cc16484681031ab8d900cadf" member_type: VOTER last_known_addr { host: "127.24.148.67" port: 45759 } }
I20260608 12:47:35.533452 29863 leader_election.cc:290] T f1014e15aa5547a785f87a55b627eab0 P 045df9e1e36e4ebead9b12c1c1538987 [CANDIDATE]: Term 1 pre-election: Requested pre-vote from peers 91ecd5eae9f344ba897686dde8d4e685 (127.24.148.65:46287), 8b025a60cc16484681031ab8d900cadf (127.24.148.67:45759)
I20260608 12:47:35.534026 29849 tablet_bootstrap.cc:492] T b2af61b3efb94ae1b3000f2448c6944d P 91ecd5eae9f344ba897686dde8d4e685: No bootstrap required, opened a new log
I20260608 12:47:35.534508 29849 ts_tablet_manager.cc:1403] T b2af61b3efb94ae1b3000f2448c6944d P 91ecd5eae9f344ba897686dde8d4e685: Time spent bootstrapping tablet: real 0.078s	user 0.031s	sys 0.035s
I20260608 12:47:35.537357 29650 tablet_service.cc:1917] Received RequestConsensusVote() RPC: tablet_id: "f1014e15aa5547a785f87a55b627eab0" candidate_uuid: "045df9e1e36e4ebead9b12c1c1538987" candidate_term: 1 candidate_status { last_received { term: 0 index: 0 } } ignore_live_leader: false dest_uuid: "91ecd5eae9f344ba897686dde8d4e685" is_pre_election: true
I20260608 12:47:35.537489 29849 raft_consensus.cc:359] T b2af61b3efb94ae1b3000f2448c6944d P 91ecd5eae9f344ba897686dde8d4e685 [term 0 FOLLOWER]: Replica starting. Triggering 0 pending ops. Active config: opid_index: -1 OBSOLETE_local: false peers { permanent_uuid: "91ecd5eae9f344ba897686dde8d4e685" member_type: VOTER last_known_addr { host: "127.24.148.65" port: 46287 } } peers { permanent_uuid: "045df9e1e36e4ebead9b12c1c1538987" member_type: VOTER last_known_addr { host: "127.24.148.66" port: 42427 } } peers { permanent_uuid: "8b025a60cc16484681031ab8d900cadf" member_type: VOTER last_known_addr { host: "127.24.148.67" port: 45759 } }
I20260608 12:47:35.538184 29849 raft_consensus.cc:385] T b2af61b3efb94ae1b3000f2448c6944d P 91ecd5eae9f344ba897686dde8d4e685 [term 0 FOLLOWER]: Consensus starting up: Expiring failure detector timer to make a prompt election more likely
I20260608 12:47:35.538234 29650 raft_consensus.cc:2393] T f1014e15aa5547a785f87a55b627eab0 P 91ecd5eae9f344ba897686dde8d4e685 [term 1 FOLLOWER]: Leader pre-election vote request: Denying vote to candidate 045df9e1e36e4ebead9b12c1c1538987 in current term 1: Already voted for candidate 8b025a60cc16484681031ab8d900cadf in this term.
I20260608 12:47:35.538866 29800 tablet_service.cc:1917] Received RequestConsensusVote() RPC: tablet_id: "f1014e15aa5547a785f87a55b627eab0" candidate_uuid: "045df9e1e36e4ebead9b12c1c1538987" candidate_term: 1 candidate_status { last_received { term: 0 index: 0 } } ignore_live_leader: false dest_uuid: "8b025a60cc16484681031ab8d900cadf" is_pre_election: true
I20260608 12:47:35.539887 29849 raft_consensus.cc:740] T b2af61b3efb94ae1b3000f2448c6944d P 91ecd5eae9f344ba897686dde8d4e685 [term 0 FOLLOWER]: Becoming Follower/Learner. State: Replica: 91ecd5eae9f344ba897686dde8d4e685, State: Initialized, Role: FOLLOWER
I20260608 12:47:35.540556 29689 leader_election.cc:304] T f1014e15aa5547a785f87a55b627eab0 P 045df9e1e36e4ebead9b12c1c1538987 [CANDIDATE]: Term 1 pre-election: Election decided. Result: candidate lost. Election summary: received 3 responses out of 3 voters: 1 yes votes; 2 no votes. yes voters: 045df9e1e36e4ebead9b12c1c1538987; no voters: 8b025a60cc16484681031ab8d900cadf, 91ecd5eae9f344ba897686dde8d4e685
I20260608 12:47:35.540793 29849 consensus_queue.cc:260] T b2af61b3efb94ae1b3000f2448c6944d P 91ecd5eae9f344ba897686dde8d4e685 [NON_LEADER]: Queue going to NON_LEADER mode. State: All replicated index: 0, Majority replicated index: 0, Committed index: 0, Last appended: 0.0, Last appended by leader: 0, Current term: 0, Majority size: -1, State: 0, Mode: NON_LEADER, active raft config: opid_index: -1 OBSOLETE_local: false peers { permanent_uuid: "91ecd5eae9f344ba897686dde8d4e685" member_type: VOTER last_known_addr { host: "127.24.148.65" port: 46287 } } peers { permanent_uuid: "045df9e1e36e4ebead9b12c1c1538987" member_type: VOTER last_known_addr { host: "127.24.148.66" port: 42427 } } peers { permanent_uuid: "8b025a60cc16484681031ab8d900cadf" member_type: VOTER last_known_addr { host: "127.24.148.67" port: 45759 } }
I20260608 12:47:35.542595 29863 raft_consensus.cc:3060] T f1014e15aa5547a785f87a55b627eab0 P 045df9e1e36e4ebead9b12c1c1538987 [term 0 FOLLOWER]: Advancing to term 1
I20260608 12:47:35.543331 29849 ts_tablet_manager.cc:1434] T b2af61b3efb94ae1b3000f2448c6944d P 91ecd5eae9f344ba897686dde8d4e685: Time spent starting tablet: real 0.009s	user 0.004s	sys 0.001s
I20260608 12:47:35.543236 29885 raft_consensus.cc:493] T cd31b78b39074d859e18ff139cac37b8 P 91ecd5eae9f344ba897686dde8d4e685 [term 0 FOLLOWER]: Starting pre-election (no leader contacted us within the election timeout)
I20260608 12:47:35.544580 29849 tablet_bootstrap.cc:492] T 2400cf49993d45a9a0103c3873707a4b P 91ecd5eae9f344ba897686dde8d4e685: Bootstrap starting.
I20260608 12:47:35.544111 29885 raft_consensus.cc:515] T cd31b78b39074d859e18ff139cac37b8 P 91ecd5eae9f344ba897686dde8d4e685 [term 0 FOLLOWER]: Starting pre-election with config: opid_index: -1 OBSOLETE_local: false peers { permanent_uuid: "91ecd5eae9f344ba897686dde8d4e685" member_type: VOTER last_known_addr { host: "127.24.148.65" port: 46287 } } peers { permanent_uuid: "045df9e1e36e4ebead9b12c1c1538987" member_type: VOTER last_known_addr { host: "127.24.148.66" port: 42427 } } peers { permanent_uuid: "8b025a60cc16484681031ab8d900cadf" member_type: VOTER last_known_addr { host: "127.24.148.67" port: 45759 } }
I20260608 12:47:35.548753 29885 leader_election.cc:290] T cd31b78b39074d859e18ff139cac37b8 P 91ecd5eae9f344ba897686dde8d4e685 [CANDIDATE]: Term 1 pre-election: Requested pre-vote from peers 045df9e1e36e4ebead9b12c1c1538987 (127.24.148.66:42427), 8b025a60cc16484681031ab8d900cadf (127.24.148.67:45759)
I20260608 12:47:35.550216 29845 tablet_bootstrap.cc:492] T 2400cf49993d45a9a0103c3873707a4b P 045df9e1e36e4ebead9b12c1c1538987: No bootstrap required, opened a new log
I20260608 12:47:35.550447 29800 tablet_service.cc:1917] Received RequestConsensusVote() RPC: tablet_id: "cd31b78b39074d859e18ff139cac37b8" candidate_uuid: "91ecd5eae9f344ba897686dde8d4e685" candidate_term: 1 candidate_status { last_received { term: 0 index: 0 } } ignore_live_leader: false dest_uuid: "8b025a60cc16484681031ab8d900cadf" is_pre_election: true
W20260608 12:47:35.552325 29614 leader_election.cc:343] T cd31b78b39074d859e18ff139cac37b8 P 91ecd5eae9f344ba897686dde8d4e685 [CANDIDATE]: Term 1 pre-election: Tablet error from VoteRequest() call to peer 8b025a60cc16484681031ab8d900cadf (127.24.148.67:45759): Illegal state: must be running to vote when last-logged opid is not known
I20260608 12:47:35.552862 29724 tablet_service.cc:1917] Received RequestConsensusVote() RPC: tablet_id: "cd31b78b39074d859e18ff139cac37b8" candidate_uuid: "91ecd5eae9f344ba897686dde8d4e685" candidate_term: 1 candidate_status { last_received { term: 0 index: 0 } } ignore_live_leader: false dest_uuid: "045df9e1e36e4ebead9b12c1c1538987" is_pre_election: true
I20260608 12:47:35.553540 29724 raft_consensus.cc:2468] T cd31b78b39074d859e18ff139cac37b8 P 045df9e1e36e4ebead9b12c1c1538987 [term 0 FOLLOWER]: Leader pre-election vote request: Granting yes vote for candidate 91ecd5eae9f344ba897686dde8d4e685 in term 0.
I20260608 12:47:35.554768 29849 tablet_bootstrap.cc:654] T 2400cf49993d45a9a0103c3873707a4b P 91ecd5eae9f344ba897686dde8d4e685: Neither blocks nor log segments found. Creating new log.
I20260608 12:47:35.556422 29886 raft_consensus.cc:493] T 2400cf49993d45a9a0103c3873707a4b P 8b025a60cc16484681031ab8d900cadf [term 0 FOLLOWER]: Starting pre-election (no leader contacted us within the election timeout)
I20260608 12:47:35.555824 29549 catalog_manager.cc:5696] T 420e6deb269e4169a1acc796e0bb9264 P 91ecd5eae9f344ba897686dde8d4e685 reported cstate change: term changed from 0 to 1, leader changed from <none> to 91ecd5eae9f344ba897686dde8d4e685 (127.24.148.65). New cstate: current_term: 1 leader_uuid: "91ecd5eae9f344ba897686dde8d4e685" committed_config { opid_index: -1 OBSOLETE_local: false peers { permanent_uuid: "91ecd5eae9f344ba897686dde8d4e685" member_type: VOTER last_known_addr { host: "127.24.148.65" port: 46287 } health_report { overall_health: HEALTHY } } peers { permanent_uuid: "045df9e1e36e4ebead9b12c1c1538987" member_type: VOTER last_known_addr { host: "127.24.148.66" port: 42427 } health_report { overall_health: UNKNOWN } } peers { permanent_uuid: "8b025a60cc16484681031ab8d900cadf" member_type: VOTER last_known_addr { host: "127.24.148.67" port: 45759 } health_report { overall_health: UNKNOWN } } }
I20260608 12:47:35.556915 29886 raft_consensus.cc:515] T 2400cf49993d45a9a0103c3873707a4b P 8b025a60cc16484681031ab8d900cadf [term 0 FOLLOWER]: Starting pre-election with config: opid_index: -1 OBSOLETE_local: false peers { permanent_uuid: "91ecd5eae9f344ba897686dde8d4e685" member_type: VOTER last_known_addr { host: "127.24.148.65" port: 46287 } } peers { permanent_uuid: "045df9e1e36e4ebead9b12c1c1538987" member_type: VOTER last_known_addr { host: "127.24.148.66" port: 42427 } } peers { permanent_uuid: "8b025a60cc16484681031ab8d900cadf" member_type: VOTER last_known_addr { host: "127.24.148.67" port: 45759 } }
I20260608 12:47:35.550719 29845 ts_tablet_manager.cc:1403] T 2400cf49993d45a9a0103c3873707a4b P 045df9e1e36e4ebead9b12c1c1538987: Time spent bootstrapping tablet: real 0.032s	user 0.019s	sys 0.005s
I20260608 12:47:35.560604 29650 tablet_service.cc:1917] Received RequestConsensusVote() RPC: tablet_id: "2400cf49993d45a9a0103c3873707a4b" candidate_uuid: "8b025a60cc16484681031ab8d900cadf" candidate_term: 1 candidate_status { last_received { term: 0 index: 0 } } ignore_live_leader: false dest_uuid: "91ecd5eae9f344ba897686dde8d4e685" is_pre_election: true
I20260608 12:47:35.561728 29845 raft_consensus.cc:359] T 2400cf49993d45a9a0103c3873707a4b P 045df9e1e36e4ebead9b12c1c1538987 [term 0 FOLLOWER]: Replica starting. Triggering 0 pending ops. Active config: opid_index: -1 OBSOLETE_local: false peers { permanent_uuid: "91ecd5eae9f344ba897686dde8d4e685" member_type: VOTER last_known_addr { host: "127.24.148.65" port: 46287 } } peers { permanent_uuid: "045df9e1e36e4ebead9b12c1c1538987" member_type: VOTER last_known_addr { host: "127.24.148.66" port: 42427 } } peers { permanent_uuid: "8b025a60cc16484681031ab8d900cadf" member_type: VOTER last_known_addr { host: "127.24.148.67" port: 45759 } }
W20260608 12:47:35.562202 29763 leader_election.cc:343] T 2400cf49993d45a9a0103c3873707a4b P 8b025a60cc16484681031ab8d900cadf [CANDIDATE]: Term 1 pre-election: Tablet error from VoteRequest() call to peer 91ecd5eae9f344ba897686dde8d4e685 (127.24.148.65:46287): Illegal state: must be running to vote when last-logged opid is not known
I20260608 12:47:35.562429 29845 raft_consensus.cc:385] T 2400cf49993d45a9a0103c3873707a4b P 045df9e1e36e4ebead9b12c1c1538987 [term 0 FOLLOWER]: Consensus starting up: Expiring failure detector timer to make a prompt election more likely
I20260608 12:47:35.562728 29845 raft_consensus.cc:740] T 2400cf49993d45a9a0103c3873707a4b P 045df9e1e36e4ebead9b12c1c1538987 [term 0 FOLLOWER]: Becoming Follower/Learner. State: Replica: 045df9e1e36e4ebead9b12c1c1538987, State: Initialized, Role: FOLLOWER
I20260608 12:47:35.563499 29845 consensus_queue.cc:260] T 2400cf49993d45a9a0103c3873707a4b P 045df9e1e36e4ebead9b12c1c1538987 [NON_LEADER]: Queue going to NON_LEADER mode. State: All replicated index: 0, Majority replicated index: 0, Committed index: 0, Last appended: 0.0, Last appended by leader: 0, Current term: 0, Majority size: -1, State: 0, Mode: NON_LEADER, active raft config: opid_index: -1 OBSOLETE_local: false peers { permanent_uuid: "91ecd5eae9f344ba897686dde8d4e685" member_type: VOTER last_known_addr { host: "127.24.148.65" port: 46287 } } peers { permanent_uuid: "045df9e1e36e4ebead9b12c1c1538987" member_type: VOTER last_known_addr { host: "127.24.148.66" port: 42427 } } peers { permanent_uuid: "8b025a60cc16484681031ab8d900cadf" member_type: VOTER last_known_addr { host: "127.24.148.67" port: 45759 } }
I20260608 12:47:35.564121 29724 tablet_service.cc:1917] Received RequestConsensusVote() RPC: tablet_id: "2400cf49993d45a9a0103c3873707a4b" candidate_uuid: "8b025a60cc16484681031ab8d900cadf" candidate_term: 1 candidate_status { last_received { term: 0 index: 0 } } ignore_live_leader: false dest_uuid: "045df9e1e36e4ebead9b12c1c1538987" is_pre_election: true
I20260608 12:47:35.564772 29724 raft_consensus.cc:2468] T 2400cf49993d45a9a0103c3873707a4b P 045df9e1e36e4ebead9b12c1c1538987 [term 0 FOLLOWER]: Leader pre-election vote request: Granting yes vote for candidate 8b025a60cc16484681031ab8d900cadf in term 0.
I20260608 12:47:35.565923 29845 ts_tablet_manager.cc:1434] T 2400cf49993d45a9a0103c3873707a4b P 045df9e1e36e4ebead9b12c1c1538987: Time spent starting tablet: real 0.007s	user 0.005s	sys 0.000s
I20260608 12:47:35.566184 29766 leader_election.cc:304] T 2400cf49993d45a9a0103c3873707a4b P 8b025a60cc16484681031ab8d900cadf [CANDIDATE]: Term 1 pre-election: Election decided. Result: candidate won. Election summary: received 3 responses out of 3 voters: 2 yes votes; 1 no votes. yes voters: 045df9e1e36e4ebead9b12c1c1538987, 8b025a60cc16484681031ab8d900cadf; no voters: 91ecd5eae9f344ba897686dde8d4e685
I20260608 12:47:35.566905 29845 tablet_bootstrap.cc:492] T a9af5882cbce49ee9d7c5cf330c5bfba P 045df9e1e36e4ebead9b12c1c1538987: Bootstrap starting.
I20260608 12:47:35.567070 29883 raft_consensus.cc:2804] T 2400cf49993d45a9a0103c3873707a4b P 8b025a60cc16484681031ab8d900cadf [term 0 FOLLOWER]: Leader pre-election won for term 1
I20260608 12:47:35.567462 29883 raft_consensus.cc:493] T 2400cf49993d45a9a0103c3873707a4b P 8b025a60cc16484681031ab8d900cadf [term 0 FOLLOWER]: Starting leader election (no leader contacted us within the election timeout)
I20260608 12:47:35.567806 29883 raft_consensus.cc:3060] T 2400cf49993d45a9a0103c3873707a4b P 8b025a60cc16484681031ab8d900cadf [term 0 FOLLOWER]: Advancing to term 1
I20260608 12:47:35.573691 29845 tablet_bootstrap.cc:654] T a9af5882cbce49ee9d7c5cf330c5bfba P 045df9e1e36e4ebead9b12c1c1538987: Neither blocks nor log segments found. Creating new log.
I20260608 12:47:35.577471 29846 tablet_bootstrap.cc:492] T cd31b78b39074d859e18ff139cac37b8 P 8b025a60cc16484681031ab8d900cadf: No bootstrap required, opened a new log
I20260608 12:47:35.577634 29863 raft_consensus.cc:2749] T f1014e15aa5547a785f87a55b627eab0 P 045df9e1e36e4ebead9b12c1c1538987 [term 1 FOLLOWER]: Leader pre-election lost for term 1. Reason: could not achieve majority
I20260608 12:47:35.578056 29846 ts_tablet_manager.cc:1403] T cd31b78b39074d859e18ff139cac37b8 P 8b025a60cc16484681031ab8d900cadf: Time spent bootstrapping tablet: real 0.182s	user 0.062s	sys 0.053s
I20260608 12:47:35.559326 29886 leader_election.cc:290] T 2400cf49993d45a9a0103c3873707a4b P 8b025a60cc16484681031ab8d900cadf [CANDIDATE]: Term 1 pre-election: Requested pre-vote from peers 91ecd5eae9f344ba897686dde8d4e685 (127.24.148.65:46287), 045df9e1e36e4ebead9b12c1c1538987 (127.24.148.66:42427)
I20260608 12:47:35.580886 29846 raft_consensus.cc:359] T cd31b78b39074d859e18ff139cac37b8 P 8b025a60cc16484681031ab8d900cadf [term 0 FOLLOWER]: Replica starting. Triggering 0 pending ops. Active config: opid_index: -1 OBSOLETE_local: false peers { permanent_uuid: "91ecd5eae9f344ba897686dde8d4e685" member_type: VOTER last_known_addr { host: "127.24.148.65" port: 46287 } } peers { permanent_uuid: "045df9e1e36e4ebead9b12c1c1538987" member_type: VOTER last_known_addr { host: "127.24.148.66" port: 42427 } } peers { permanent_uuid: "8b025a60cc16484681031ab8d900cadf" member_type: VOTER last_known_addr { host: "127.24.148.67" port: 45759 } }
I20260608 12:47:35.581570 29846 raft_consensus.cc:385] T cd31b78b39074d859e18ff139cac37b8 P 8b025a60cc16484681031ab8d900cadf [term 0 FOLLOWER]: Consensus starting up: Expiring failure detector timer to make a prompt election more likely
I20260608 12:47:35.581830 29846 raft_consensus.cc:740] T cd31b78b39074d859e18ff139cac37b8 P 8b025a60cc16484681031ab8d900cadf [term 0 FOLLOWER]: Becoming Follower/Learner. State: Replica: 8b025a60cc16484681031ab8d900cadf, State: Initialized, Role: FOLLOWER
I20260608 12:47:35.554852 29617 leader_election.cc:304] T cd31b78b39074d859e18ff139cac37b8 P 91ecd5eae9f344ba897686dde8d4e685 [CANDIDATE]: Term 1 pre-election: Election decided. Result: candidate won. Election summary: received 3 responses out of 3 voters: 2 yes votes; 1 no votes. yes voters: 045df9e1e36e4ebead9b12c1c1538987, 91ecd5eae9f344ba897686dde8d4e685; no voters: 8b025a60cc16484681031ab8d900cadf
I20260608 12:47:35.582592 29846 consensus_queue.cc:260] T cd31b78b39074d859e18ff139cac37b8 P 8b025a60cc16484681031ab8d900cadf [NON_LEADER]: Queue going to NON_LEADER mode. State: All replicated index: 0, Majority replicated index: 0, Committed index: 0, Last appended: 0.0, Last appended by leader: 0, Current term: 0, Majority size: -1, State: 0, Mode: NON_LEADER, active raft config: opid_index: -1 OBSOLETE_local: false peers { permanent_uuid: "91ecd5eae9f344ba897686dde8d4e685" member_type: VOTER last_known_addr { host: "127.24.148.65" port: 46287 } } peers { permanent_uuid: "045df9e1e36e4ebead9b12c1c1538987" member_type: VOTER last_known_addr { host: "127.24.148.66" port: 42427 } } peers { permanent_uuid: "8b025a60cc16484681031ab8d900cadf" member_type: VOTER last_known_addr { host: "127.24.148.67" port: 45759 } }
I20260608 12:47:35.584733 29846 ts_tablet_manager.cc:1434] T cd31b78b39074d859e18ff139cac37b8 P 8b025a60cc16484681031ab8d900cadf: Time spent starting tablet: real 0.006s	user 0.008s	sys 0.000s
I20260608 12:47:35.586858 29846 tablet_bootstrap.cc:492] T 420e6deb269e4169a1acc796e0bb9264 P 8b025a60cc16484681031ab8d900cadf: Bootstrap starting.
I20260608 12:47:35.587834 29855 raft_consensus.cc:2804] T cd31b78b39074d859e18ff139cac37b8 P 91ecd5eae9f344ba897686dde8d4e685 [term 0 FOLLOWER]: Leader pre-election won for term 1
I20260608 12:47:35.588654 29885 consensus_queue.cc:1048] T 58c9edbddbb94897aa17c4524ee7f322 P 91ecd5eae9f344ba897686dde8d4e685 [LEADER]: Connected to new peer: Peer: permanent_uuid: "8b025a60cc16484681031ab8d900cadf" member_type: VOTER last_known_addr { host: "127.24.148.67" port: 45759 }, Status: LMP_MISMATCH, Last received: 0.0, Next index: 1, Last known committed idx: 0, Time since last communication: 0.000s
I20260608 12:47:35.593132 29855 raft_consensus.cc:493] T cd31b78b39074d859e18ff139cac37b8 P 91ecd5eae9f344ba897686dde8d4e685 [term 0 FOLLOWER]: Starting leader election (no leader contacted us within the election timeout)
I20260608 12:47:35.593714 29855 raft_consensus.cc:3060] T cd31b78b39074d859e18ff139cac37b8 P 91ecd5eae9f344ba897686dde8d4e685 [term 0 FOLLOWER]: Advancing to term 1
I20260608 12:47:35.598258 29845 tablet_bootstrap.cc:492] T a9af5882cbce49ee9d7c5cf330c5bfba P 045df9e1e36e4ebead9b12c1c1538987: No bootstrap required, opened a new log
I20260608 12:47:35.598768 29845 ts_tablet_manager.cc:1403] T a9af5882cbce49ee9d7c5cf330c5bfba P 045df9e1e36e4ebead9b12c1c1538987: Time spent bootstrapping tablet: real 0.032s	user 0.008s	sys 0.004s
I20260608 12:47:35.600981 29883 raft_consensus.cc:515] T 2400cf49993d45a9a0103c3873707a4b P 8b025a60cc16484681031ab8d900cadf [term 1 FOLLOWER]: Starting leader election with config: opid_index: -1 OBSOLETE_local: false peers { permanent_uuid: "91ecd5eae9f344ba897686dde8d4e685" member_type: VOTER last_known_addr { host: "127.24.148.65" port: 46287 } } peers { permanent_uuid: "045df9e1e36e4ebead9b12c1c1538987" member_type: VOTER last_known_addr { host: "127.24.148.66" port: 42427 } } peers { permanent_uuid: "8b025a60cc16484681031ab8d900cadf" member_type: VOTER last_known_addr { host: "127.24.148.67" port: 45759 } }
I20260608 12:47:35.601784 29845 raft_consensus.cc:359] T a9af5882cbce49ee9d7c5cf330c5bfba P 045df9e1e36e4ebead9b12c1c1538987 [term 0 FOLLOWER]: Replica starting. Triggering 0 pending ops. Active config: opid_index: -1 OBSOLETE_local: false peers { permanent_uuid: "91ecd5eae9f344ba897686dde8d4e685" member_type: VOTER last_known_addr { host: "127.24.148.65" port: 46287 } } peers { permanent_uuid: "045df9e1e36e4ebead9b12c1c1538987" member_type: VOTER last_known_addr { host: "127.24.148.66" port: 42427 } } peers { permanent_uuid: "8b025a60cc16484681031ab8d900cadf" member_type: VOTER last_known_addr { host: "127.24.148.67" port: 45759 } }
I20260608 12:47:35.608884 29845 raft_consensus.cc:385] T a9af5882cbce49ee9d7c5cf330c5bfba P 045df9e1e36e4ebead9b12c1c1538987 [term 0 FOLLOWER]: Consensus starting up: Expiring failure detector timer to make a prompt election more likely
I20260608 12:47:35.609226 29845 raft_consensus.cc:740] T a9af5882cbce49ee9d7c5cf330c5bfba P 045df9e1e36e4ebead9b12c1c1538987 [term 0 FOLLOWER]: Becoming Follower/Learner. State: Replica: 045df9e1e36e4ebead9b12c1c1538987, State: Initialized, Role: FOLLOWER
I20260608 12:47:35.609968 29845 consensus_queue.cc:260] T a9af5882cbce49ee9d7c5cf330c5bfba P 045df9e1e36e4ebead9b12c1c1538987 [NON_LEADER]: Queue going to NON_LEADER mode. State: All replicated index: 0, Majority replicated index: 0, Committed index: 0, Last appended: 0.0, Last appended by leader: 0, Current term: 0, Majority size: -1, State: 0, Mode: NON_LEADER, active raft config: opid_index: -1 OBSOLETE_local: false peers { permanent_uuid: "91ecd5eae9f344ba897686dde8d4e685" member_type: VOTER last_known_addr { host: "127.24.148.65" port: 46287 } } peers { permanent_uuid: "045df9e1e36e4ebead9b12c1c1538987" member_type: VOTER last_known_addr { host: "127.24.148.66" port: 42427 } } peers { permanent_uuid: "8b025a60cc16484681031ab8d900cadf" member_type: VOTER last_known_addr { host: "127.24.148.67" port: 45759 } }
I20260608 12:47:35.610610 29650 tablet_service.cc:1917] Received RequestConsensusVote() RPC: tablet_id: "2400cf49993d45a9a0103c3873707a4b" candidate_uuid: "8b025a60cc16484681031ab8d900cadf" candidate_term: 1 candidate_status { last_received { term: 0 index: 0 } } ignore_live_leader: false dest_uuid: "91ecd5eae9f344ba897686dde8d4e685"
I20260608 12:47:35.610894 29724 tablet_service.cc:1917] Received RequestConsensusVote() RPC: tablet_id: "2400cf49993d45a9a0103c3873707a4b" candidate_uuid: "8b025a60cc16484681031ab8d900cadf" candidate_term: 1 candidate_status { last_received { term: 0 index: 0 } } ignore_live_leader: false dest_uuid: "045df9e1e36e4ebead9b12c1c1538987"
I20260608 12:47:35.611532 29724 raft_consensus.cc:3060] T 2400cf49993d45a9a0103c3873707a4b P 045df9e1e36e4ebead9b12c1c1538987 [term 0 FOLLOWER]: Advancing to term 1
I20260608 12:47:35.612160 29845 ts_tablet_manager.cc:1434] T a9af5882cbce49ee9d7c5cf330c5bfba P 045df9e1e36e4ebead9b12c1c1538987: Time spent starting tablet: real 0.013s	user 0.008s	sys 0.000s
W20260608 12:47:35.612699 29763 leader_election.cc:343] T 2400cf49993d45a9a0103c3873707a4b P 8b025a60cc16484681031ab8d900cadf [CANDIDATE]: Term 1 election: Tablet error from VoteRequest() call to peer 91ecd5eae9f344ba897686dde8d4e685 (127.24.148.65:46287): Illegal state: must be running to vote when last-logged opid is not known
