I20260608 12:46:51.352761 27894 leader_election.cc:304] T 2d47d124d2764bc8aff63b54fa152cab P ef718986e9d54f3e861d410a1f59fa99 [CANDIDATE]: Term 1 election: Election decided. Result: candidate won. Election summary: received 3 responses out of 3 voters: 2 yes votes; 1 no votes. yes voters: 519e74fbd0f24537b53b1c8144c4f449, ef718986e9d54f3e861d410a1f59fa99; no voters: 7780a0b300234296922e3229bc9f2b48
I20260608 12:46:51.347525 28004 tablet_service.cc:1917] Received RequestConsensusVote() RPC: tablet_id: "0e4f234deb274873b8e9e0d27cfd1308" candidate_uuid: "ef718986e9d54f3e861d410a1f59fa99" candidate_term: 1 candidate_status { last_received { term: 0 index: 0 } } ignore_live_leader: false dest_uuid: "7780a0b300234296922e3229bc9f2b48" is_pre_election: true
I20260608 12:46:51.353899 28125 ts_tablet_manager.cc:1434] T e84bd3b8e5394d698c0486fd2cc2e7eb P 519e74fbd0f24537b53b1c8144c4f449: Time spent starting tablet: real 0.007s	user 0.008s	sys 0.000s
I20260608 12:46:51.354310 28004 raft_consensus.cc:2468] T 0e4f234deb274873b8e9e0d27cfd1308 P 7780a0b300234296922e3229bc9f2b48 [term 0 FOLLOWER]: Leader pre-election vote request: Granting yes vote for candidate ef718986e9d54f3e861d410a1f59fa99 in term 0.
I20260608 12:46:51.354934 28125 tablet_bootstrap.cc:492] T 412a74672b5a4674bbf5c6394a37d226 P 519e74fbd0f24537b53b1c8144c4f449: Bootstrap starting.
I20260608 12:46:51.355623 27894 leader_election.cc:304] T 0e4f234deb274873b8e9e0d27cfd1308 P ef718986e9d54f3e861d410a1f59fa99 [CANDIDATE]: Term 1 pre-election: Election decided. Result: candidate won. Election summary: received 2 responses out of 3 voters: 2 yes votes; 0 no votes. yes voters: 7780a0b300234296922e3229bc9f2b48, ef718986e9d54f3e861d410a1f59fa99; no voters: 
I20260608 12:46:51.357388 28149 raft_consensus.cc:2804] T 0e4f234deb274873b8e9e0d27cfd1308 P 7780a0b300234296922e3229bc9f2b48 [term 0 FOLLOWER]: Leader pre-election won for term 1
I20260608 12:46:51.357824 28149 raft_consensus.cc:493] T 0e4f234deb274873b8e9e0d27cfd1308 P 7780a0b300234296922e3229bc9f2b48 [term 0 FOLLOWER]: Starting leader election (no leader contacted us within the election timeout)
I20260608 12:46:51.358232 28149 raft_consensus.cc:3060] T 0e4f234deb274873b8e9e0d27cfd1308 P 7780a0b300234296922e3229bc9f2b48 [term 0 FOLLOWER]: Advancing to term 1
I20260608 12:46:51.363809 28131 raft_consensus.cc:493] T 412a74672b5a4674bbf5c6394a37d226 P 7780a0b300234296922e3229bc9f2b48 [term 0 FOLLOWER]: Starting pre-election (no leader contacted us within the election timeout)
I20260608 12:46:51.364312 28131 raft_consensus.cc:515] T 412a74672b5a4674bbf5c6394a37d226 P 7780a0b300234296922e3229bc9f2b48 [term 0 FOLLOWER]: Starting pre-election with config: opid_index: -1 OBSOLETE_local: false peers { permanent_uuid: "ef718986e9d54f3e861d410a1f59fa99" member_type: VOTER last_known_addr { host: "127.24.87.129" port: 34961 } } peers { permanent_uuid: "7780a0b300234296922e3229bc9f2b48" member_type: VOTER last_known_addr { host: "127.24.87.130" port: 39841 } } peers { permanent_uuid: "519e74fbd0f24537b53b1c8144c4f449" member_type: VOTER last_known_addr { host: "127.24.87.131" port: 35167 } }
I20260608 12:46:51.364634 28078 tablet_service.cc:1917] Received RequestConsensusVote() RPC: tablet_id: "33f26f68e2ba496e95db75e8b874fc44" candidate_uuid: "ef718986e9d54f3e861d410a1f59fa99" candidate_term: 1 candidate_status { last_received { term: 0 index: 0 } } ignore_live_leader: false dest_uuid: "519e74fbd0f24537b53b1c8144c4f449" is_pre_election: true
I20260608 12:46:51.365515 28078 raft_consensus.cc:2468] T 33f26f68e2ba496e95db75e8b874fc44 P 519e74fbd0f24537b53b1c8144c4f449 [term 0 FOLLOWER]: Leader pre-election vote request: Granting yes vote for candidate ef718986e9d54f3e861d410a1f59fa99 in term 0.
I20260608 12:46:51.366628 28131 leader_election.cc:290] T 412a74672b5a4674bbf5c6394a37d226 P 7780a0b300234296922e3229bc9f2b48 [CANDIDATE]: Term 1 pre-election: Requested pre-vote from peers ef718986e9d54f3e861d410a1f59fa99 (127.24.87.129:34961), 519e74fbd0f24537b53b1c8144c4f449 (127.24.87.131:35167)
I20260608 12:46:51.367126 28151 raft_consensus.cc:2804] T 2d47d124d2764bc8aff63b54fa152cab P ef718986e9d54f3e861d410a1f59fa99 [term 1 FOLLOWER]: Leader election won for term 1
I20260608 12:46:51.349654 28152 raft_consensus.cc:493] T 33f26f68e2ba496e95db75e8b874fc44 P ef718986e9d54f3e861d410a1f59fa99 [term 0 FOLLOWER]: Starting leader election (no leader contacted us within the election timeout)
I20260608 12:46:51.367993 27929 tablet_service.cc:1917] Received RequestConsensusVote() RPC: tablet_id: "33f26f68e2ba496e95db75e8b874fc44" candidate_uuid: "519e74fbd0f24537b53b1c8144c4f449" candidate_term: 1 candidate_status { last_received { term: 0 index: 0 } } ignore_live_leader: false dest_uuid: "ef718986e9d54f3e861d410a1f59fa99" is_pre_election: true
I20260608 12:46:51.369313 28152 raft_consensus.cc:3060] T 33f26f68e2ba496e95db75e8b874fc44 P ef718986e9d54f3e861d410a1f59fa99 [term 0 FOLLOWER]: Advancing to term 1
I20260608 12:46:51.369486 28077 tablet_service.cc:1917] Received RequestConsensusVote() RPC: tablet_id: "0e4f234deb274873b8e9e0d27cfd1308" candidate_uuid: "7780a0b300234296922e3229bc9f2b48" candidate_term: 1 candidate_status { last_received { term: 0 index: 0 } } ignore_live_leader: false dest_uuid: "519e74fbd0f24537b53b1c8144c4f449" is_pre_election: true
I20260608 12:46:51.367849 28124 tablet_bootstrap.cc:654] T 412a74672b5a4674bbf5c6394a37d226 P ef718986e9d54f3e861d410a1f59fa99: Neither blocks nor log segments found. Creating new log.
I20260608 12:46:51.372036 27928 tablet_service.cc:1917] Received RequestConsensusVote() RPC: tablet_id: "412a74672b5a4674bbf5c6394a37d226" candidate_uuid: "7780a0b300234296922e3229bc9f2b48" candidate_term: 1 candidate_status { last_received { term: 0 index: 0 } } ignore_live_leader: false dest_uuid: "ef718986e9d54f3e861d410a1f59fa99" is_pre_election: true
I20260608 12:46:51.372232 28078 tablet_service.cc:1917] Received RequestConsensusVote() RPC: tablet_id: "412a74672b5a4674bbf5c6394a37d226" candidate_uuid: "7780a0b300234296922e3229bc9f2b48" candidate_term: 1 candidate_status { last_received { term: 0 index: 0 } } ignore_live_leader: false dest_uuid: "519e74fbd0f24537b53b1c8144c4f449" is_pre_election: true
I20260608 12:46:51.380971 28132 leader_election.cc:290] T 0e4f234deb274873b8e9e0d27cfd1308 P ef718986e9d54f3e861d410a1f59fa99 [CANDIDATE]: Term 1 pre-election: Requested pre-vote from peers 7780a0b300234296922e3229bc9f2b48 (127.24.87.130:39841), 519e74fbd0f24537b53b1c8144c4f449 (127.24.87.131:35167)
I20260608 12:46:51.381814 28132 raft_consensus.cc:2804] T 0e4f234deb274873b8e9e0d27cfd1308 P ef718986e9d54f3e861d410a1f59fa99 [term 0 FOLLOWER]: Leader pre-election won for term 1
I20260608 12:46:51.382345 28132 raft_consensus.cc:493] T 0e4f234deb274873b8e9e0d27cfd1308 P ef718986e9d54f3e861d410a1f59fa99 [term 0 FOLLOWER]: Starting leader election (no leader contacted us within the election timeout)
I20260608 12:46:51.370968 28126 tablet_bootstrap.cc:492] T 2d47d124d2764bc8aff63b54fa152cab P 7780a0b300234296922e3229bc9f2b48: Bootstrap starting.
I20260608 12:46:51.382797 28132 raft_consensus.cc:3060] T 0e4f234deb274873b8e9e0d27cfd1308 P ef718986e9d54f3e861d410a1f59fa99 [term 0 FOLLOWER]: Advancing to term 1
I20260608 12:46:51.373402 28077 raft_consensus.cc:2468] T 0e4f234deb274873b8e9e0d27cfd1308 P 519e74fbd0f24537b53b1c8144c4f449 [term 0 FOLLOWER]: Leader pre-election vote request: Granting yes vote for candidate 7780a0b300234296922e3229bc9f2b48 in term 0.
W20260608 12:46:51.386103 27969 leader_election.cc:343] T 412a74672b5a4674bbf5c6394a37d226 P 7780a0b300234296922e3229bc9f2b48 [CANDIDATE]: Term 1 pre-election: Tablet error from VoteRequest() call to peer 519e74fbd0f24537b53b1c8144c4f449 (127.24.87.131:35167): Illegal state: must be running to vote when last-logged opid is not known
I20260608 12:46:51.386580 28078 tablet_service.cc:1917] Received RequestConsensusVote() RPC: tablet_id: "0e4f234deb274873b8e9e0d27cfd1308" candidate_uuid: "ef718986e9d54f3e861d410a1f59fa99" candidate_term: 1 candidate_status { last_received { term: 0 index: 0 } } ignore_live_leader: false dest_uuid: "519e74fbd0f24537b53b1c8144c4f449" is_pre_election: true
I20260608 12:46:51.386716 28151 raft_consensus.cc:697] T 2d47d124d2764bc8aff63b54fa152cab P ef718986e9d54f3e861d410a1f59fa99 [term 1 LEADER]: Becoming Leader. State: Replica: ef718986e9d54f3e861d410a1f59fa99, State: Running, Role: LEADER
I20260608 12:46:51.387784 28151 consensus_queue.cc:237] T 2d47d124d2764bc8aff63b54fa152cab P ef718986e9d54f3e861d410a1f59fa99 [LEADER]: Queue going to LEADER mode. State: All replicated index: 0, Majority replicated index: 0, Committed index: 0, Last appended: 0.0, Last appended by leader: 0, Current term: 1, Majority size: 2, State: 0, Mode: LEADER, active raft config: opid_index: -1 OBSOLETE_local: false peers { permanent_uuid: "ef718986e9d54f3e861d410a1f59fa99" member_type: VOTER last_known_addr { host: "127.24.87.129" port: 34961 } } peers { permanent_uuid: "519e74fbd0f24537b53b1c8144c4f449" member_type: VOTER last_known_addr { host: "127.24.87.131" port: 35167 } } peers { permanent_uuid: "7780a0b300234296922e3229bc9f2b48" member_type: VOTER last_known_addr { host: "127.24.87.130" port: 39841 } }
I20260608 12:46:51.389514 28147 raft_consensus.cc:493] T e84bd3b8e5394d698c0486fd2cc2e7eb P 7780a0b300234296922e3229bc9f2b48 [term 0 FOLLOWER]: Starting pre-election (no leader contacted us within the election timeout)
I20260608 12:46:51.390008 28147 raft_consensus.cc:515] T e84bd3b8e5394d698c0486fd2cc2e7eb P 7780a0b300234296922e3229bc9f2b48 [term 0 FOLLOWER]: Starting pre-election with config: opid_index: -1 OBSOLETE_local: false peers { permanent_uuid: "ef718986e9d54f3e861d410a1f59fa99" member_type: VOTER last_known_addr { host: "127.24.87.129" port: 34961 } } peers { permanent_uuid: "7780a0b300234296922e3229bc9f2b48" member_type: VOTER last_known_addr { host: "127.24.87.130" port: 39841 } } peers { permanent_uuid: "519e74fbd0f24537b53b1c8144c4f449" member_type: VOTER last_known_addr { host: "127.24.87.131" port: 35167 } }
I20260608 12:46:51.391268 28125 tablet_bootstrap.cc:654] T 412a74672b5a4674bbf5c6394a37d226 P 519e74fbd0f24537b53b1c8144c4f449: Neither blocks nor log segments found. Creating new log.
W20260608 12:46:51.393441 27968 leader_election.cc:343] T 412a74672b5a4674bbf5c6394a37d226 P 7780a0b300234296922e3229bc9f2b48 [CANDIDATE]: Term 1 pre-election: Tablet error from VoteRequest() call to peer ef718986e9d54f3e861d410a1f59fa99 (127.24.87.129:34961): Illegal state: must be running to vote when last-logged opid is not known
I20260608 12:46:51.394007 28147 leader_election.cc:290] T e84bd3b8e5394d698c0486fd2cc2e7eb P 7780a0b300234296922e3229bc9f2b48 [CANDIDATE]: Term 1 pre-election: Requested pre-vote from peers ef718986e9d54f3e861d410a1f59fa99 (127.24.87.129:34961), 519e74fbd0f24537b53b1c8144c4f449 (127.24.87.131:35167)
I20260608 12:46:51.393913 27968 leader_election.cc:304] T 412a74672b5a4674bbf5c6394a37d226 P 7780a0b300234296922e3229bc9f2b48 [CANDIDATE]: Term 1 pre-election: Election decided. Result: candidate lost. Election summary: received 3 responses out of 3 voters: 1 yes votes; 2 no votes. yes voters: 7780a0b300234296922e3229bc9f2b48; no voters: 519e74fbd0f24537b53b1c8144c4f449, ef718986e9d54f3e861d410a1f59fa99
I20260608 12:46:51.390630 27827 catalog_manager.cc:5696] T f65ad8caf0644daeaae105539e1024d1 P 7780a0b300234296922e3229bc9f2b48 reported cstate change: term changed from 0 to 1, leader changed from <none> to 7780a0b300234296922e3229bc9f2b48 (127.24.87.130). New cstate: current_term: 1 leader_uuid: "7780a0b300234296922e3229bc9f2b48" committed_config { opid_index: -1 OBSOLETE_local: false peers { permanent_uuid: "ef718986e9d54f3e861d410a1f59fa99" member_type: VOTER last_known_addr { host: "127.24.87.129" port: 34961 } health_report { overall_health: UNKNOWN } } peers { permanent_uuid: "7780a0b300234296922e3229bc9f2b48" member_type: VOTER last_known_addr { host: "127.24.87.130" port: 39841 } health_report { overall_health: HEALTHY } } peers { permanent_uuid: "519e74fbd0f24537b53b1c8144c4f449" member_type: VOTER last_known_addr { host: "127.24.87.131" port: 35167 } health_report { overall_health: UNKNOWN } } }
I20260608 12:46:51.395217 28078 tablet_service.cc:1917] Received RequestConsensusVote() RPC: tablet_id: "e84bd3b8e5394d698c0486fd2cc2e7eb" candidate_uuid: "7780a0b300234296922e3229bc9f2b48" candidate_term: 1 candidate_status { last_received { term: 0 index: 0 } } ignore_live_leader: false dest_uuid: "519e74fbd0f24537b53b1c8144c4f449" is_pre_election: true
I20260608 12:46:51.395886 28078 raft_consensus.cc:2468] T e84bd3b8e5394d698c0486fd2cc2e7eb P 519e74fbd0f24537b53b1c8144c4f449 [term 0 FOLLOWER]: Leader pre-election vote request: Granting yes vote for candidate 7780a0b300234296922e3229bc9f2b48 in term 0.
I20260608 12:46:51.398053 27969 leader_election.cc:304] T e84bd3b8e5394d698c0486fd2cc2e7eb P 7780a0b300234296922e3229bc9f2b48 [CANDIDATE]: Term 1 pre-election: Election decided. Result: candidate won. Election summary: received 2 responses out of 3 voters: 2 yes votes; 0 no votes. yes voters: 519e74fbd0f24537b53b1c8144c4f449, 7780a0b300234296922e3229bc9f2b48; no voters: 
I20260608 12:46:51.398897 28131 raft_consensus.cc:2804] T e84bd3b8e5394d698c0486fd2cc2e7eb P 7780a0b300234296922e3229bc9f2b48 [term 0 FOLLOWER]: Leader pre-election won for term 1
I20260608 12:46:51.399277 28131 raft_consensus.cc:493] T e84bd3b8e5394d698c0486fd2cc2e7eb P 7780a0b300234296922e3229bc9f2b48 [term 0 FOLLOWER]: Starting leader election (no leader contacted us within the election timeout)
I20260608 12:46:51.399260 27928 tablet_service.cc:1917] Received RequestConsensusVote() RPC: tablet_id: "e84bd3b8e5394d698c0486fd2cc2e7eb" candidate_uuid: "7780a0b300234296922e3229bc9f2b48" candidate_term: 1 candidate_status { last_received { term: 0 index: 0 } } ignore_live_leader: false dest_uuid: "ef718986e9d54f3e861d410a1f59fa99" is_pre_election: true
I20260608 12:46:51.399730 28156 raft_consensus.cc:493] T e84bd3b8e5394d698c0486fd2cc2e7eb P ef718986e9d54f3e861d410a1f59fa99 [term 0 FOLLOWER]: Starting pre-election (no leader contacted us within the election timeout)
I20260608 12:46:51.412106 28130 raft_consensus.cc:493] T 0440b4837fa44f9a9c7cb308a619aa3f P 519e74fbd0f24537b53b1c8144c4f449 [term 0 FOLLOWER]: Starting pre-election (no leader contacted us within the election timeout)
I20260608 12:46:51.411728 28004 tablet_service.cc:1917] Received RequestConsensusVote() RPC: tablet_id: "33f26f68e2ba496e95db75e8b874fc44" candidate_uuid: "519e74fbd0f24537b53b1c8144c4f449" candidate_term: 1 candidate_status { last_received { term: 0 index: 0 } } ignore_live_leader: false dest_uuid: "7780a0b300234296922e3229bc9f2b48" is_pre_election: true
I20260608 12:46:51.415520 28130 raft_consensus.cc:515] T 0440b4837fa44f9a9c7cb308a619aa3f P 519e74fbd0f24537b53b1c8144c4f449 [term 0 FOLLOWER]: Starting pre-election with config: opid_index: -1 OBSOLETE_local: false peers { permanent_uuid: "ef718986e9d54f3e861d410a1f59fa99" member_type: VOTER last_known_addr { host: "127.24.87.129" port: 34961 } } peers { permanent_uuid: "7780a0b300234296922e3229bc9f2b48" member_type: VOTER last_known_addr { host: "127.24.87.130" port: 39841 } } peers { permanent_uuid: "519e74fbd0f24537b53b1c8144c4f449" member_type: VOTER last_known_addr { host: "127.24.87.131" port: 35167 } }
I20260608 12:46:51.418618 28130 leader_election.cc:290] T 0440b4837fa44f9a9c7cb308a619aa3f P 519e74fbd0f24537b53b1c8144c4f449 [CANDIDATE]: Term 1 pre-election: Requested pre-vote from peers ef718986e9d54f3e861d410a1f59fa99 (127.24.87.129:34961), 7780a0b300234296922e3229bc9f2b48 (127.24.87.130:39841)
I20260608 12:46:51.415799 28004 raft_consensus.cc:2468] T 33f26f68e2ba496e95db75e8b874fc44 P 7780a0b300234296922e3229bc9f2b48 [term 0 FOLLOWER]: Leader pre-election vote request: Granting yes vote for candidate 519e74fbd0f24537b53b1c8144c4f449 in term 0.
I20260608 12:46:51.419108 27927 tablet_service.cc:1917] Received RequestConsensusVote() RPC: tablet_id: "0440b4837fa44f9a9c7cb308a619aa3f" candidate_uuid: "519e74fbd0f24537b53b1c8144c4f449" candidate_term: 1 candidate_status { last_received { term: 0 index: 0 } } ignore_live_leader: false dest_uuid: "ef718986e9d54f3e861d410a1f59fa99" is_pre_election: true
I20260608 12:46:51.397512 28147 raft_consensus.cc:2749] T 412a74672b5a4674bbf5c6394a37d226 P 7780a0b300234296922e3229bc9f2b48 [term 0 FOLLOWER]: Leader pre-election lost for term 1. Reason: could not achieve majority
I20260608 12:46:51.414772 28131 raft_consensus.cc:3060] T e84bd3b8e5394d698c0486fd2cc2e7eb P 7780a0b300234296922e3229bc9f2b48 [term 0 FOLLOWER]: Advancing to term 1
W20260608 12:46:51.422204 28042 leader_election.cc:343] T 0440b4837fa44f9a9c7cb308a619aa3f P 519e74fbd0f24537b53b1c8144c4f449 [CANDIDATE]: Term 1 pre-election: Tablet error from VoteRequest() call to peer ef718986e9d54f3e861d410a1f59fa99 (127.24.87.129:34961): Illegal state: must be running to vote when last-logged opid is not known
I20260608 12:46:51.422231 28004 tablet_service.cc:1917] Received RequestConsensusVote() RPC: tablet_id: "0440b4837fa44f9a9c7cb308a619aa3f" candidate_uuid: "519e74fbd0f24537b53b1c8144c4f449" candidate_term: 1 candidate_status { last_received { term: 0 index: 0 } } ignore_live_leader: false dest_uuid: "7780a0b300234296922e3229bc9f2b48" is_pre_election: true
I20260608 12:46:51.422451 28043 leader_election.cc:304] T 33f26f68e2ba496e95db75e8b874fc44 P 519e74fbd0f24537b53b1c8144c4f449 [CANDIDATE]: Term 1 pre-election: Election decided. Result: candidate won. Election summary: received 2 responses out of 3 voters: 2 yes votes; 0 no votes. yes voters: 519e74fbd0f24537b53b1c8144c4f449, 7780a0b300234296922e3229bc9f2b48; no voters: 
I20260608 12:46:51.403954 28126 tablet_bootstrap.cc:654] T 2d47d124d2764bc8aff63b54fa152cab P 7780a0b300234296922e3229bc9f2b48: Neither blocks nor log segments found. Creating new log.
W20260608 12:46:51.424701 28043 leader_election.cc:343] T 0440b4837fa44f9a9c7cb308a619aa3f P 519e74fbd0f24537b53b1c8144c4f449 [CANDIDATE]: Term 1 pre-election: Tablet error from VoteRequest() call to peer 7780a0b300234296922e3229bc9f2b48 (127.24.87.130:39841): Illegal state: must be running to vote when last-logged opid is not known
I20260608 12:46:51.414520 28149 raft_consensus.cc:515] T 0e4f234deb274873b8e9e0d27cfd1308 P 7780a0b300234296922e3229bc9f2b48 [term 1 FOLLOWER]: Starting leader election with config: opid_index: -1 OBSOLETE_local: false peers { permanent_uuid: "ef718986e9d54f3e861d410a1f59fa99" member_type: VOTER last_known_addr { host: "127.24.87.129" port: 34961 } } peers { permanent_uuid: "7780a0b300234296922e3229bc9f2b48" member_type: VOTER last_known_addr { host: "127.24.87.130" port: 39841 } } peers { permanent_uuid: "519e74fbd0f24537b53b1c8144c4f449" member_type: VOTER last_known_addr { host: "127.24.87.131" port: 35167 } }
I20260608 12:46:51.420620 28156 raft_consensus.cc:515] T e84bd3b8e5394d698c0486fd2cc2e7eb P ef718986e9d54f3e861d410a1f59fa99 [term 0 FOLLOWER]: Starting pre-election with config: opid_index: -1 OBSOLETE_local: false peers { permanent_uuid: "ef718986e9d54f3e861d410a1f59fa99" member_type: VOTER last_known_addr { host: "127.24.87.129" port: 34961 } } peers { permanent_uuid: "7780a0b300234296922e3229bc9f2b48" member_type: VOTER last_known_addr { host: "127.24.87.130" port: 39841 } } peers { permanent_uuid: "519e74fbd0f24537b53b1c8144c4f449" member_type: VOTER last_known_addr { host: "127.24.87.131" port: 35167 } }
I20260608 12:46:51.428505 28043 leader_election.cc:304] T 0440b4837fa44f9a9c7cb308a619aa3f P 519e74fbd0f24537b53b1c8144c4f449 [CANDIDATE]: Term 1 pre-election: Election decided. Result: candidate lost. Election summary: received 3 responses out of 3 voters: 1 yes votes; 2 no votes. yes voters: 519e74fbd0f24537b53b1c8144c4f449; no voters: 7780a0b300234296922e3229bc9f2b48, ef718986e9d54f3e861d410a1f59fa99
I20260608 12:46:51.425343 28130 raft_consensus.cc:2804] T 33f26f68e2ba496e95db75e8b874fc44 P 519e74fbd0f24537b53b1c8144c4f449 [term 0 FOLLOWER]: Leader pre-election won for term 1
I20260608 12:46:51.434473 28130 raft_consensus.cc:493] T 33f26f68e2ba496e95db75e8b874fc44 P 519e74fbd0f24537b53b1c8144c4f449 [term 0 FOLLOWER]: Starting leader election (no leader contacted us within the election timeout)
I20260608 12:46:51.441032 28130 raft_consensus.cc:3060] T 33f26f68e2ba496e95db75e8b874fc44 P 519e74fbd0f24537b53b1c8144c4f449 [term 0 FOLLOWER]: Advancing to term 1
I20260608 12:46:51.444701 27928 raft_consensus.cc:2468] T e84bd3b8e5394d698c0486fd2cc2e7eb P ef718986e9d54f3e861d410a1f59fa99 [term 0 FOLLOWER]: Leader pre-election vote request: Granting yes vote for candidate 7780a0b300234296922e3229bc9f2b48 in term 0.
I20260608 12:46:51.449223 28132 raft_consensus.cc:515] T 0e4f234deb274873b8e9e0d27cfd1308 P ef718986e9d54f3e861d410a1f59fa99 [term 1 FOLLOWER]: Starting leader election with config: opid_index: -1 OBSOLETE_local: false peers { permanent_uuid: "ef718986e9d54f3e861d410a1f59fa99" member_type: VOTER last_known_addr { host: "127.24.87.129" port: 34961 } } peers { permanent_uuid: "7780a0b300234296922e3229bc9f2b48" member_type: VOTER last_known_addr { host: "127.24.87.130" port: 39841 } } peers { permanent_uuid: "519e74fbd0f24537b53b1c8144c4f449" member_type: VOTER last_known_addr { host: "127.24.87.131" port: 35167 } }
I20260608 12:46:51.452543 28004 tablet_service.cc:1917] Received RequestConsensusVote() RPC: tablet_id: "0e4f234deb274873b8e9e0d27cfd1308" candidate_uuid: "ef718986e9d54f3e861d410a1f59fa99" candidate_term: 1 candidate_status { last_received { term: 0 index: 0 } } ignore_live_leader: false dest_uuid: "7780a0b300234296922e3229bc9f2b48"
I20260608 12:46:51.453454 28004 raft_consensus.cc:2393] T 0e4f234deb274873b8e9e0d27cfd1308 P 7780a0b300234296922e3229bc9f2b48 [term 1 FOLLOWER]: Leader election vote request: Denying vote to candidate ef718986e9d54f3e861d410a1f59fa99 in current term 1: Already voted for candidate 7780a0b300234296922e3229bc9f2b48 in this term.
I20260608 12:46:51.454490 28156 leader_election.cc:290] T e84bd3b8e5394d698c0486fd2cc2e7eb P ef718986e9d54f3e861d410a1f59fa99 [CANDIDATE]: Term 1 pre-election: Requested pre-vote from peers 7780a0b300234296922e3229bc9f2b48 (127.24.87.130:39841), 519e74fbd0f24537b53b1c8144c4f449 (127.24.87.131:35167)
I20260608 12:46:51.453640 27824 catalog_manager.cc:5696] T 2d47d124d2764bc8aff63b54fa152cab P ef718986e9d54f3e861d410a1f59fa99 reported cstate change: term changed from 0 to 1, leader changed from <none> to ef718986e9d54f3e861d410a1f59fa99 (127.24.87.129). New cstate: current_term: 1 leader_uuid: "ef718986e9d54f3e861d410a1f59fa99" committed_config { opid_index: -1 OBSOLETE_local: false peers { permanent_uuid: "ef718986e9d54f3e861d410a1f59fa99" member_type: VOTER last_known_addr { host: "127.24.87.129" port: 34961 } health_report { overall_health: HEALTHY } } peers { permanent_uuid: "519e74fbd0f24537b53b1c8144c4f449" member_type: VOTER last_known_addr { host: "127.24.87.131" port: 35167 } health_report { overall_health: UNKNOWN } } peers { permanent_uuid: "7780a0b300234296922e3229bc9f2b48" member_type: VOTER last_known_addr { host: "127.24.87.130" port: 39841 } health_report { overall_health: UNKNOWN } } }
I20260608 12:46:51.437256 28152 raft_consensus.cc:515] T 33f26f68e2ba496e95db75e8b874fc44 P ef718986e9d54f3e861d410a1f59fa99 [term 1 FOLLOWER]: Starting leader election with config: opid_index: -1 OBSOLETE_local: false peers { permanent_uuid: "ef718986e9d54f3e861d410a1f59fa99" member_type: VOTER last_known_addr { host: "127.24.87.129" port: 34961 } } peers { permanent_uuid: "7780a0b300234296922e3229bc9f2b48" member_type: VOTER last_known_addr { host: "127.24.87.130" port: 39841 } } peers { permanent_uuid: "519e74fbd0f24537b53b1c8144c4f449" member_type: VOTER last_known_addr { host: "127.24.87.131" port: 35167 } }
I20260608 12:46:51.456566 28004 tablet_service.cc:1917] Received RequestConsensusVote() RPC: tablet_id: "e84bd3b8e5394d698c0486fd2cc2e7eb" candidate_uuid: "ef718986e9d54f3e861d410a1f59fa99" candidate_term: 1 candidate_status { last_received { term: 0 index: 0 } } ignore_live_leader: false dest_uuid: "7780a0b300234296922e3229bc9f2b48" is_pre_election: true
I20260608 12:46:51.457063 27929 raft_consensus.cc:2393] T 33f26f68e2ba496e95db75e8b874fc44 P ef718986e9d54f3e861d410a1f59fa99 [term 1 FOLLOWER]: Leader pre-election vote request: Denying vote to candidate 519e74fbd0f24537b53b1c8144c4f449 in current term 1: Already voted for candidate ef718986e9d54f3e861d410a1f59fa99 in this term.
I20260608 12:46:51.457170 28152 leader_election.cc:290] T 33f26f68e2ba496e95db75e8b874fc44 P ef718986e9d54f3e861d410a1f59fa99 [CANDIDATE]: Term 1 election: Requested vote from peers 7780a0b300234296922e3229bc9f2b48 (127.24.87.130:39841), 519e74fbd0f24537b53b1c8144c4f449 (127.24.87.131:35167)
I20260608 12:46:51.459226 28149 leader_election.cc:290] T 0e4f234deb274873b8e9e0d27cfd1308 P 7780a0b300234296922e3229bc9f2b48 [CANDIDATE]: Term 1 election: Requested vote from peers ef718986e9d54f3e861d410a1f59fa99 (127.24.87.129:34961), 519e74fbd0f24537b53b1c8144c4f449 (127.24.87.131:35167)
I20260608 12:46:51.459601 28003 tablet_service.cc:1917] Received RequestConsensusVote() RPC: tablet_id: "33f26f68e2ba496e95db75e8b874fc44" candidate_uuid: "ef718986e9d54f3e861d410a1f59fa99" candidate_term: 1 candidate_status { last_received { term: 0 index: 0 } } ignore_live_leader: false dest_uuid: "7780a0b300234296922e3229bc9f2b48"
I20260608 12:46:51.462360 27929 tablet_service.cc:1917] Received RequestConsensusVote() RPC: tablet_id: "0e4f234deb274873b8e9e0d27cfd1308" candidate_uuid: "7780a0b300234296922e3229bc9f2b48" candidate_term: 1 candidate_status { last_received { term: 0 index: 0 } } ignore_live_leader: false dest_uuid: "ef718986e9d54f3e861d410a1f59fa99"
I20260608 12:46:51.463452 27929 raft_consensus.cc:2393] T 0e4f234deb274873b8e9e0d27cfd1308 P ef718986e9d54f3e861d410a1f59fa99 [term 1 FOLLOWER]: Leader election vote request: Denying vote to candidate 7780a0b300234296922e3229bc9f2b48 in current term 1: Already voted for candidate ef718986e9d54f3e861d410a1f59fa99 in this term.
I20260608 12:46:51.463251 28131 raft_consensus.cc:515] T e84bd3b8e5394d698c0486fd2cc2e7eb P 7780a0b300234296922e3229bc9f2b48 [term 1 FOLLOWER]: Starting leader election with config: opid_index: -1 OBSOLETE_local: false peers { permanent_uuid: "ef718986e9d54f3e861d410a1f59fa99" member_type: VOTER last_known_addr { host: "127.24.87.129" port: 34961 } } peers { permanent_uuid: "7780a0b300234296922e3229bc9f2b48" member_type: VOTER last_known_addr { host: "127.24.87.130" port: 39841 } } peers { permanent_uuid: "519e74fbd0f24537b53b1c8144c4f449" member_type: VOTER last_known_addr { host: "127.24.87.131" port: 35167 } }
I20260608 12:46:51.464522 28124 tablet_bootstrap.cc:492] T 412a74672b5a4674bbf5c6394a37d226 P ef718986e9d54f3e861d410a1f59fa99: No bootstrap required, opened a new log
I20260608 12:46:51.465143 28124 ts_tablet_manager.cc:1403] T 412a74672b5a4674bbf5c6394a37d226 P ef718986e9d54f3e861d410a1f59fa99: Time spent bootstrapping tablet: real 0.130s	user 0.015s	sys 0.016s
I20260608 12:46:51.465087 28077 tablet_service.cc:1917] Received RequestConsensusVote() RPC: tablet_id: "0e4f234deb274873b8e9e0d27cfd1308" candidate_uuid: "7780a0b300234296922e3229bc9f2b48" candidate_term: 1 candidate_status { last_received { term: 0 index: 0 } } ignore_live_leader: false dest_uuid: "519e74fbd0f24537b53b1c8144c4f449"
I20260608 12:46:51.466054 28077 raft_consensus.cc:3060] T 0e4f234deb274873b8e9e0d27cfd1308 P 519e74fbd0f24537b53b1c8144c4f449 [term 0 FOLLOWER]: Advancing to term 1
I20260608 12:46:51.466967 28078 tablet_service.cc:1917] Received RequestConsensusVote() RPC: tablet_id: "e84bd3b8e5394d698c0486fd2cc2e7eb" candidate_uuid: "7780a0b300234296922e3229bc9f2b48" candidate_term: 1 candidate_status { last_received { term: 0 index: 0 } } ignore_live_leader: false dest_uuid: "519e74fbd0f24537b53b1c8144c4f449"
I20260608 12:46:51.467602 28078 raft_consensus.cc:3060] T e84bd3b8e5394d698c0486fd2cc2e7eb P 519e74fbd0f24537b53b1c8144c4f449 [term 0 FOLLOWER]: Advancing to term 1
I20260608 12:46:51.469172 28004 raft_consensus.cc:2393] T e84bd3b8e5394d698c0486fd2cc2e7eb P 7780a0b300234296922e3229bc9f2b48 [term 1 FOLLOWER]: Leader pre-election vote request: Denying vote to candidate ef718986e9d54f3e861d410a1f59fa99 in current term 1: Already voted for candidate 7780a0b300234296922e3229bc9f2b48 in this term.
I20260608 12:46:51.460482 28003 raft_consensus.cc:3060] T 33f26f68e2ba496e95db75e8b874fc44 P 7780a0b300234296922e3229bc9f2b48 [term 0 FOLLOWER]: Advancing to term 1
I20260608 12:46:51.471287 28124 raft_consensus.cc:359] T 412a74672b5a4674bbf5c6394a37d226 P ef718986e9d54f3e861d410a1f59fa99 [term 0 FOLLOWER]: Replica starting. Triggering 0 pending ops. Active config: opid_index: -1 OBSOLETE_local: false peers { permanent_uuid: "ef718986e9d54f3e861d410a1f59fa99" member_type: VOTER last_known_addr { host: "127.24.87.129" port: 34961 } } peers { permanent_uuid: "7780a0b300234296922e3229bc9f2b48" member_type: VOTER last_known_addr { host: "127.24.87.130" port: 39841 } } peers { permanent_uuid: "519e74fbd0f24537b53b1c8144c4f449" member_type: VOTER last_known_addr { host: "127.24.87.131" port: 35167 } }
I20260608 12:46:51.472391 28124 raft_consensus.cc:385] T 412a74672b5a4674bbf5c6394a37d226 P ef718986e9d54f3e861d410a1f59fa99 [term 0 FOLLOWER]: Consensus starting up: Expiring failure detector timer to make a prompt election more likely
I20260608 12:46:51.473493 28130 raft_consensus.cc:515] T 33f26f68e2ba496e95db75e8b874fc44 P 519e74fbd0f24537b53b1c8144c4f449 [term 1 FOLLOWER]: Starting leader election with config: opid_index: -1 OBSOLETE_local: false peers { permanent_uuid: "ef718986e9d54f3e861d410a1f59fa99" member_type: VOTER last_known_addr { host: "127.24.87.129" port: 34961 } } peers { permanent_uuid: "7780a0b300234296922e3229bc9f2b48" member_type: VOTER last_known_addr { host: "127.24.87.130" port: 39841 } } peers { permanent_uuid: "519e74fbd0f24537b53b1c8144c4f449" member_type: VOTER last_known_addr { host: "127.24.87.131" port: 35167 } }
I20260608 12:46:51.475889 28130 leader_election.cc:290] T 33f26f68e2ba496e95db75e8b874fc44 P 519e74fbd0f24537b53b1c8144c4f449 [CANDIDATE]: Term 1 election: Requested vote from peers ef718986e9d54f3e861d410a1f59fa99 (127.24.87.129:34961), 7780a0b300234296922e3229bc9f2b48 (127.24.87.130:39841)
I20260608 12:46:51.476789 28124 raft_consensus.cc:740] T 412a74672b5a4674bbf5c6394a37d226 P ef718986e9d54f3e861d410a1f59fa99 [term 0 FOLLOWER]: Becoming Follower/Learner. State: Replica: ef718986e9d54f3e861d410a1f59fa99, State: Initialized, Role: FOLLOWER
I20260608 12:46:51.476928 27928 tablet_service.cc:1917] Received RequestConsensusVote() RPC: tablet_id: "33f26f68e2ba496e95db75e8b874fc44" candidate_uuid: "519e74fbd0f24537b53b1c8144c4f449" candidate_term: 1 candidate_status { last_received { term: 0 index: 0 } } ignore_live_leader: false dest_uuid: "ef718986e9d54f3e861d410a1f59fa99"
I20260608 12:46:51.478291 27928 raft_consensus.cc:2393] T 33f26f68e2ba496e95db75e8b874fc44 P ef718986e9d54f3e861d410a1f59fa99 [term 1 FOLLOWER]: Leader election vote request: Denying vote to candidate 519e74fbd0f24537b53b1c8144c4f449 in current term 1: Already voted for candidate ef718986e9d54f3e861d410a1f59fa99 in this term.
I20260608 12:46:51.461373 28132 leader_election.cc:290] T 0e4f234deb274873b8e9e0d27cfd1308 P ef718986e9d54f3e861d410a1f59fa99 [CANDIDATE]: Term 1 election: Requested vote from peers 7780a0b300234296922e3229bc9f2b48 (127.24.87.130:39841), 519e74fbd0f24537b53b1c8144c4f449 (127.24.87.131:35167)
I20260608 12:46:51.477733 27929 tablet_service.cc:1917] Received RequestConsensusVote() RPC: tablet_id: "e84bd3b8e5394d698c0486fd2cc2e7eb" candidate_uuid: "7780a0b300234296922e3229bc9f2b48" candidate_term: 1 candidate_status { last_received { term: 0 index: 0 } } ignore_live_leader: false dest_uuid: "ef718986e9d54f3e861d410a1f59fa99"
I20260608 12:46:51.477758 28124 consensus_queue.cc:260] T 412a74672b5a4674bbf5c6394a37d226 P ef718986e9d54f3e861d410a1f59fa99 [NON_LEADER]: Queue going to NON_LEADER mode. State: All replicated index: 0, Majority replicated index: 0, Committed index: 0, Last appended: 0.0, Last appended by leader: 0, Current term: 0, Majority size: -1, State: 0, Mode: NON_LEADER, active raft config: opid_index: -1 OBSOLETE_local: false peers { permanent_uuid: "ef718986e9d54f3e861d410a1f59fa99" member_type: VOTER last_known_addr { host: "127.24.87.129" port: 34961 } } peers { permanent_uuid: "7780a0b300234296922e3229bc9f2b48" member_type: VOTER last_known_addr { host: "127.24.87.130" port: 39841 } } peers { permanent_uuid: "519e74fbd0f24537b53b1c8144c4f449" member_type: VOTER last_known_addr { host: "127.24.87.131" port: 35167 } }
I20260608 12:46:51.486310 27929 raft_consensus.cc:3060] T e84bd3b8e5394d698c0486fd2cc2e7eb P ef718986e9d54f3e861d410a1f59fa99 [term 0 FOLLOWER]: Advancing to term 1
I20260608 12:46:51.489128 28124 ts_tablet_manager.cc:1434] T 412a74672b5a4674bbf5c6394a37d226 P ef718986e9d54f3e861d410a1f59fa99: Time spent starting tablet: real 0.023s	user 0.009s	sys 0.001s
I20260608 12:46:51.490658 28124 tablet_bootstrap.cc:492] T d11d8efc8cb04251bbb882a58b4744f6 P ef718986e9d54f3e861d410a1f59fa99: Bootstrap starting.
I20260608 12:46:51.476487 28130 raft_consensus.cc:2749] T 0440b4837fa44f9a9c7cb308a619aa3f P 519e74fbd0f24537b53b1c8144c4f449 [term 0 FOLLOWER]: Leader pre-election lost for term 1. Reason: could not achieve majority
I20260608 12:46:51.476279 28078 raft_consensus.cc:2468] T e84bd3b8e5394d698c0486fd2cc2e7eb P 519e74fbd0f24537b53b1c8144c4f449 [term 1 FOLLOWER]: Leader election vote request: Granting yes vote for candidate 7780a0b300234296922e3229bc9f2b48 in term 1.
I20260608 12:46:51.503163 28124 tablet_bootstrap.cc:654] T d11d8efc8cb04251bbb882a58b4744f6 P ef718986e9d54f3e861d410a1f59fa99: Neither blocks nor log segments found. Creating new log.
I20260608 12:46:51.484057 28131 leader_election.cc:290] T e84bd3b8e5394d698c0486fd2cc2e7eb P 7780a0b300234296922e3229bc9f2b48 [CANDIDATE]: Term 1 election: Requested vote from peers ef718986e9d54f3e861d410a1f59fa99 (127.24.87.129:34961), 519e74fbd0f24537b53b1c8144c4f449 (127.24.87.131:35167)
I20260608 12:46:51.505932 27969 leader_election.cc:304] T e84bd3b8e5394d698c0486fd2cc2e7eb P 7780a0b300234296922e3229bc9f2b48 [CANDIDATE]: Term 1 election: Election decided. Result: candidate won. Election summary: received 2 responses out of 3 voters: 2 yes votes; 0 no votes. yes voters: 519e74fbd0f24537b53b1c8144c4f449, 7780a0b300234296922e3229bc9f2b48; no voters: 
I20260608 12:46:51.507817 28149 raft_consensus.cc:2804] T e84bd3b8e5394d698c0486fd2cc2e7eb P 7780a0b300234296922e3229bc9f2b48 [term 1 FOLLOWER]: Leader election won for term 1
W20260608 12:46:51.507244 28043 outbound_call.cc:321] RPC callback for RPC call kudu.consensus.ConsensusService.RequestConsensusVote -> {remote=127.24.87.130:39841, user_credentials={real_user=slave}} blocked reactor thread for 82577.8us
I20260608 12:46:51.508849 28149 raft_consensus.cc:697] T e84bd3b8e5394d698c0486fd2cc2e7eb P 7780a0b300234296922e3229bc9f2b48 [term 1 LEADER]: Becoming Leader. State: Replica: 7780a0b300234296922e3229bc9f2b48, State: Running, Role: LEADER
I20260608 12:46:51.510195 28004 tablet_service.cc:1917] Received RequestConsensusVote() RPC: tablet_id: "33f26f68e2ba496e95db75e8b874fc44" candidate_uuid: "519e74fbd0f24537b53b1c8144c4f449" candidate_term: 1 candidate_status { last_received { term: 0 index: 0 } } ignore_live_leader: false dest_uuid: "7780a0b300234296922e3229bc9f2b48"
I20260608 12:46:51.510145 28149 consensus_queue.cc:237] T e84bd3b8e5394d698c0486fd2cc2e7eb P 7780a0b300234296922e3229bc9f2b48 [LEADER]: Queue going to LEADER mode. State: All replicated index: 0, Majority replicated index: 0, Committed index: 0, Last appended: 0.0, Last appended by leader: 0, Current term: 1, Majority size: 2, State: 0, Mode: LEADER, active raft config: opid_index: -1 OBSOLETE_local: false peers { permanent_uuid: "ef718986e9d54f3e861d410a1f59fa99" member_type: VOTER last_known_addr { host: "127.24.87.129" port: 34961 } } peers { permanent_uuid: "7780a0b300234296922e3229bc9f2b48" member_type: VOTER last_known_addr { host: "127.24.87.130" port: 39841 } } peers { permanent_uuid: "519e74fbd0f24537b53b1c8144c4f449" member_type: VOTER last_known_addr { host: "127.24.87.131" port: 35167 } }
I20260608 12:46:51.511457 28076 tablet_service.cc:1917] Received RequestConsensusVote() RPC: tablet_id: "33f26f68e2ba496e95db75e8b874fc44" candidate_uuid: "ef718986e9d54f3e861d410a1f59fa99" candidate_term: 1 candidate_status { last_received { term: 0 index: 0 } } ignore_live_leader: false dest_uuid: "519e74fbd0f24537b53b1c8144c4f449"
I20260608 12:46:51.511884 28078 tablet_service.cc:1917] Received RequestConsensusVote() RPC: tablet_id: "e84bd3b8e5394d698c0486fd2cc2e7eb" candidate_uuid: "ef718986e9d54f3e861d410a1f59fa99" candidate_term: 1 candidate_status { last_received { term: 0 index: 0 } } ignore_live_leader: false dest_uuid: "519e74fbd0f24537b53b1c8144c4f449" is_pre_election: true
I20260608 12:46:51.512099 28043 leader_election.cc:304] T 33f26f68e2ba496e95db75e8b874fc44 P 519e74fbd0f24537b53b1c8144c4f449 [CANDIDATE]: Term 1 election: Election decided. Result: candidate lost. Election summary: received 3 responses out of 3 voters: 1 yes votes; 2 no votes. yes voters: 519e74fbd0f24537b53b1c8144c4f449; no voters: 7780a0b300234296922e3229bc9f2b48, ef718986e9d54f3e861d410a1f59fa99
I20260608 12:46:51.512638 28078 raft_consensus.cc:2393] T e84bd3b8e5394d698c0486fd2cc2e7eb P 519e74fbd0f24537b53b1c8144c4f449 [term 1 FOLLOWER]: Leader pre-election vote request: Denying vote to candidate ef718986e9d54f3e861d410a1f59fa99 in current term 1: Already voted for candidate 7780a0b300234296922e3229bc9f2b48 in this term.
I20260608 12:46:51.513312 28075 tablet_service.cc:1917] Received RequestConsensusVote() RPC: tablet_id: "0e4f234deb274873b8e9e0d27cfd1308" candidate_uuid: "ef718986e9d54f3e861d410a1f59fa99" candidate_term: 1 candidate_status { last_received { term: 0 index: 0 } } ignore_live_leader: false dest_uuid: "519e74fbd0f24537b53b1c8144c4f449"
I20260608 12:46:51.513777 27894 leader_election.cc:304] T e84bd3b8e5394d698c0486fd2cc2e7eb P ef718986e9d54f3e861d410a1f59fa99 [CANDIDATE]: Term 1 pre-election: Election decided. Result: candidate lost. Election summary: received 3 responses out of 3 voters: 1 yes votes; 2 no votes. yes voters: ef718986e9d54f3e861d410a1f59fa99; no voters: 519e74fbd0f24537b53b1c8144c4f449, 7780a0b300234296922e3229bc9f2b48
I20260608 12:46:51.512367 28076 raft_consensus.cc:2393] T 33f26f68e2ba496e95db75e8b874fc44 P 519e74fbd0f24537b53b1c8144c4f449 [term 1 FOLLOWER]: Leader election vote request: Denying vote to candidate ef718986e9d54f3e861d410a1f59fa99 in current term 1: Already voted for candidate 519e74fbd0f24537b53b1c8144c4f449 in this term.
I20260608 12:46:51.518551 27894 leader_election.cc:304] T 0e4f234deb274873b8e9e0d27cfd1308 P ef718986e9d54f3e861d410a1f59fa99 [CANDIDATE]: Term 1 election: Election decided. Result: candidate lost. Election summary: received 3 responses out of 3 voters: 1 yes votes; 2 no votes. yes voters: ef718986e9d54f3e861d410a1f59fa99; no voters: 519e74fbd0f24537b53b1c8144c4f449, 7780a0b300234296922e3229bc9f2b48
I20260608 12:46:51.519686 28152 raft_consensus.cc:2749] T 0e4f234deb274873b8e9e0d27cfd1308 P ef718986e9d54f3e861d410a1f59fa99 [term 1 FOLLOWER]: Leader election lost for term 1. Reason: could not achieve majority
I20260608 12:46:51.515134 28130 raft_consensus.cc:2749] T 33f26f68e2ba496e95db75e8b874fc44 P 519e74fbd0f24537b53b1c8144c4f449 [term 1 FOLLOWER]: Leader election lost for term 1. Reason: could not achieve majority
I20260608 12:46:51.526394 28125 tablet_bootstrap.cc:492] T 412a74672b5a4674bbf5c6394a37d226 P 519e74fbd0f24537b53b1c8144c4f449: No bootstrap required, opened a new log
I20260608 12:46:51.527205 28125 ts_tablet_manager.cc:1403] T 412a74672b5a4674bbf5c6394a37d226 P 519e74fbd0f24537b53b1c8144c4f449: Time spent bootstrapping tablet: real 0.172s	user 0.011s	sys 0.008s
I20260608 12:46:51.531621 28125 raft_consensus.cc:359] T 412a74672b5a4674bbf5c6394a37d226 P 519e74fbd0f24537b53b1c8144c4f449 [term 0 FOLLOWER]: Replica starting. Triggering 0 pending ops. Active config: opid_index: -1 OBSOLETE_local: false peers { permanent_uuid: "ef718986e9d54f3e861d410a1f59fa99" member_type: VOTER last_known_addr { host: "127.24.87.129" port: 34961 } } peers { permanent_uuid: "7780a0b300234296922e3229bc9f2b48" member_type: VOTER last_known_addr { host: "127.24.87.130" port: 39841 } } peers { permanent_uuid: "519e74fbd0f24537b53b1c8144c4f449" member_type: VOTER last_known_addr { host: "127.24.87.131" port: 35167 } }
I20260608 12:46:51.532562 28125 raft_consensus.cc:385] T 412a74672b5a4674bbf5c6394a37d226 P 519e74fbd0f24537b53b1c8144c4f449 [term 0 FOLLOWER]: Consensus starting up: Expiring failure detector timer to make a prompt election more likely
I20260608 12:46:51.532864 28126 tablet_bootstrap.cc:492] T 2d47d124d2764bc8aff63b54fa152cab P 7780a0b300234296922e3229bc9f2b48: No bootstrap required, opened a new log
I20260608 12:46:51.533015 28125 raft_consensus.cc:740] T 412a74672b5a4674bbf5c6394a37d226 P 519e74fbd0f24537b53b1c8144c4f449 [term 0 FOLLOWER]: Becoming Follower/Learner. State: Replica: 519e74fbd0f24537b53b1c8144c4f449, State: Initialized, Role: FOLLOWER
I20260608 12:46:51.533715 28126 ts_tablet_manager.cc:1403] T 2d47d124d2764bc8aff63b54fa152cab P 7780a0b300234296922e3229bc9f2b48: Time spent bootstrapping tablet: real 0.177s	user 0.018s	sys 0.021s
I20260608 12:46:51.533835 28077 raft_consensus.cc:2468] T 0e4f234deb274873b8e9e0d27cfd1308 P 519e74fbd0f24537b53b1c8144c4f449 [term 1 FOLLOWER]: Leader election vote request: Granting yes vote for candidate 7780a0b300234296922e3229bc9f2b48 in term 1.
I20260608 12:46:51.534358 28125 consensus_queue.cc:260] T 412a74672b5a4674bbf5c6394a37d226 P 519e74fbd0f24537b53b1c8144c4f449 [NON_LEADER]: Queue going to NON_LEADER mode. State: All replicated index: 0, Majority replicated index: 0, Committed index: 0, Last appended: 0.0, Last appended by leader: 0, Current term: 0, Majority size: -1, State: 0, Mode: NON_LEADER, active raft config: opid_index: -1 OBSOLETE_local: false peers { permanent_uuid: "ef718986e9d54f3e861d410a1f59fa99" member_type: VOTER last_known_addr { host: "127.24.87.129" port: 34961 } } peers { permanent_uuid: "7780a0b300234296922e3229bc9f2b48" member_type: VOTER last_known_addr { host: "127.24.87.130" port: 39841 } } peers { permanent_uuid: "519e74fbd0f24537b53b1c8144c4f449" member_type: VOTER last_known_addr { host: "127.24.87.131" port: 35167 } }
I20260608 12:46:51.537415 28125 ts_tablet_manager.cc:1434] T 412a74672b5a4674bbf5c6394a37d226 P 519e74fbd0f24537b53b1c8144c4f449: Time spent starting tablet: real 0.010s	user 0.011s	sys 0.000s
I20260608 12:46:51.537186 28126 raft_consensus.cc:359] T 2d47d124d2764bc8aff63b54fa152cab P 7780a0b300234296922e3229bc9f2b48 [term 0 FOLLOWER]: Replica starting. Triggering 0 pending ops. Active config: opid_index: -1 OBSOLETE_local: false peers { permanent_uuid: "ef718986e9d54f3e861d410a1f59fa99" member_type: VOTER last_known_addr { host: "127.24.87.129" port: 34961 } } peers { permanent_uuid: "519e74fbd0f24537b53b1c8144c4f449" member_type: VOTER last_known_addr { host: "127.24.87.131" port: 35167 } } peers { permanent_uuid: "7780a0b300234296922e3229bc9f2b48" member_type: VOTER last_known_addr { host: "127.24.87.130" port: 39841 } }
I20260608 12:46:51.537930 28126 raft_consensus.cc:385] T 2d47d124d2764bc8aff63b54fa152cab P 7780a0b300234296922e3229bc9f2b48 [term 0 FOLLOWER]: Consensus starting up: Expiring failure detector timer to make a prompt election more likely
I20260608 12:46:51.537822 27969 leader_election.cc:304] T 0e4f234deb274873b8e9e0d27cfd1308 P 7780a0b300234296922e3229bc9f2b48 [CANDIDATE]: Term 1 election: Election decided. Result: candidate won. Election summary: received 3 responses out of 3 voters: 2 yes votes; 1 no votes. yes voters: 519e74fbd0f24537b53b1c8144c4f449, 7780a0b300234296922e3229bc9f2b48; no voters: ef718986e9d54f3e861d410a1f59fa99
I20260608 12:46:51.538280 28126 raft_consensus.cc:740] T 2d47d124d2764bc8aff63b54fa152cab P 7780a0b300234296922e3229bc9f2b48 [term 0 FOLLOWER]: Becoming Follower/Learner. State: Replica: 7780a0b300234296922e3229bc9f2b48, State: Initialized, Role: FOLLOWER
I20260608 12:46:51.538520 28125 tablet_bootstrap.cc:492] T d11d8efc8cb04251bbb882a58b4744f6 P 519e74fbd0f24537b53b1c8144c4f449: Bootstrap starting.
I20260608 12:46:51.539549 28124 tablet_bootstrap.cc:492] T d11d8efc8cb04251bbb882a58b4744f6 P ef718986e9d54f3e861d410a1f59fa99: No bootstrap required, opened a new log
I20260608 12:46:51.539198 28126 consensus_queue.cc:260] T 2d47d124d2764bc8aff63b54fa152cab P 7780a0b300234296922e3229bc9f2b48 [NON_LEADER]: Queue going to NON_LEADER mode. State: All replicated index: 0, Majority replicated index: 0, Committed index: 0, Last appended: 0.0, Last appended by leader: 0, Current term: 0, Majority size: -1, State: 0, Mode: NON_LEADER, active raft config: opid_index: -1 OBSOLETE_local: false peers { permanent_uuid: "ef718986e9d54f3e861d410a1f59fa99" member_type: VOTER last_known_addr { host: "127.24.87.129" port: 34961 } } peers { permanent_uuid: "519e74fbd0f24537b53b1c8144c4f449" member_type: VOTER last_known_addr { host: "127.24.87.131" port: 35167 } } peers { permanent_uuid: "7780a0b300234296922e3229bc9f2b48" member_type: VOTER last_known_addr { host: "127.24.87.130" port: 39841 } }
I20260608 12:46:51.540082 28124 ts_tablet_manager.cc:1403] T d11d8efc8cb04251bbb882a58b4744f6 P ef718986e9d54f3e861d410a1f59fa99: Time spent bootstrapping tablet: real 0.050s	user 0.009s	sys 0.020s
I20260608 12:46:51.540272 28131 raft_consensus.cc:2804] T 0e4f234deb274873b8e9e0d27cfd1308 P 7780a0b300234296922e3229bc9f2b48 [term 1 FOLLOWER]: Leader election won for term 1
I20260608 12:46:51.540844 28131 raft_consensus.cc:697] T 0e4f234deb274873b8e9e0d27cfd1308 P 7780a0b300234296922e3229bc9f2b48 [term 1 LEADER]: Becoming Leader. State: Replica: 7780a0b300234296922e3229bc9f2b48, State: Running, Role: LEADER
I20260608 12:46:51.541659 28131 consensus_queue.cc:237] T 0e4f234deb274873b8e9e0d27cfd1308 P 7780a0b300234296922e3229bc9f2b48 [LEADER]: Queue going to LEADER mode. State: All replicated index: 0, Majority replicated index: 0, Committed index: 0, Last appended: 0.0, Last appended by leader: 0, Current term: 1, Majority size: 2, State: 0, Mode: LEADER, active raft config: opid_index: -1 OBSOLETE_local: false peers { permanent_uuid: "ef718986e9d54f3e861d410a1f59fa99" member_type: VOTER last_known_addr { host: "127.24.87.129" port: 34961 } } peers { permanent_uuid: "7780a0b300234296922e3229bc9f2b48" member_type: VOTER last_known_addr { host: "127.24.87.130" port: 39841 } } peers { permanent_uuid: "519e74fbd0f24537b53b1c8144c4f449" member_type: VOTER last_known_addr { host: "127.24.87.131" port: 35167 } }
I20260608 12:46:51.545599 28125 tablet_bootstrap.cc:654] T d11d8efc8cb04251bbb882a58b4744f6 P 519e74fbd0f24537b53b1c8144c4f449: Neither blocks nor log segments found. Creating new log.
I20260608 12:46:51.547531 27929 raft_consensus.cc:2468] T e84bd3b8e5394d698c0486fd2cc2e7eb P ef718986e9d54f3e861d410a1f59fa99 [term 1 FOLLOWER]: Leader election vote request: Granting yes vote for candidate 7780a0b300234296922e3229bc9f2b48 in term 1.
I20260608 12:46:51.549747 28132 raft_consensus.cc:2749] T e84bd3b8e5394d698c0486fd2cc2e7eb P ef718986e9d54f3e861d410a1f59fa99 [term 1 FOLLOWER]: Leader pre-election lost for term 1. Reason: could not achieve majority
I20260608 12:46:51.549979 28124 raft_consensus.cc:359] T d11d8efc8cb04251bbb882a58b4744f6 P ef718986e9d54f3e861d410a1f59fa99 [term 0 FOLLOWER]: Replica starting. Triggering 0 pending ops. Active config: opid_index: -1 OBSOLETE_local: false peers { permanent_uuid: "ef718986e9d54f3e861d410a1f59fa99" member_type: VOTER last_known_addr { host: "127.24.87.129" port: 34961 } } peers { permanent_uuid: "7780a0b300234296922e3229bc9f2b48" member_type: VOTER last_known_addr { host: "127.24.87.130" port: 39841 } } peers { permanent_uuid: "519e74fbd0f24537b53b1c8144c4f449" member_type: VOTER last_known_addr { host: "127.24.87.131" port: 35167 } }
I20260608 12:46:51.550571 28003 raft_consensus.cc:2468] T 33f26f68e2ba496e95db75e8b874fc44 P 7780a0b300234296922e3229bc9f2b48 [term 1 FOLLOWER]: Leader election vote request: Granting yes vote for candidate ef718986e9d54f3e861d410a1f59fa99 in term 1.
I20260608 12:46:51.550853 28124 raft_consensus.cc:385] T d11d8efc8cb04251bbb882a58b4744f6 P ef718986e9d54f3e861d410a1f59fa99 [term 0 FOLLOWER]: Consensus starting up: Expiring failure detector timer to make a prompt election more likely
I20260608 12:46:51.551271 28124 raft_consensus.cc:740] T d11d8efc8cb04251bbb882a58b4744f6 P ef718986e9d54f3e861d410a1f59fa99 [term 0 FOLLOWER]: Becoming Follower/Learner. State: Replica: ef718986e9d54f3e861d410a1f59fa99, State: Initialized, Role: FOLLOWER
I20260608 12:46:51.552062 27894 leader_election.cc:304] T 33f26f68e2ba496e95db75e8b874fc44 P ef718986e9d54f3e861d410a1f59fa99 [CANDIDATE]: Term 1 election: Election decided. Result: candidate won. Election summary: received 3 responses out of 3 voters: 2 yes votes; 1 no votes. yes voters: 7780a0b300234296922e3229bc9f2b48, ef718986e9d54f3e861d410a1f59fa99; no voters: 519e74fbd0f24537b53b1c8144c4f449
