I20260608 12:46:50.851958 27747 tablet_service.cc:1511] Processing CreateTablet for tablet 8802e41243eb47bda52db5d9bccaadd5 (DEFAULT_TABLE table=range_aware_rebalance_new_range [id=aed108e610f544c8acdaaed23b881fee]), partition=HASH (key) PARTITION 5, RANGE (key) PARTITION 0 <= VALUES < 10
I20260608 12:46:50.853986 27747 data_dirs.cc:400] Could only allocate 1 dirs of requested 3 for tablet 8802e41243eb47bda52db5d9bccaadd5. 1 dirs total, 0 dirs full, 0 dirs failed
I20260608 12:46:50.855994 27745 tablet_service.cc:1511] Processing CreateTablet for tablet fbaf2e009906491f94f48af06635a45c (DEFAULT_TABLE table=range_aware_rebalance_new_range [id=aed108e610f544c8acdaaed23b881fee]), partition=HASH (key) PARTITION 7, RANGE (key) PARTITION 0 <= VALUES < 10
I20260608 12:46:50.861495 27822 tablet_service.cc:1511] Processing CreateTablet for tablet 839f3a90218a4187ac60c311138f28b5 (DEFAULT_TABLE table=range_aware_rebalance_new_range [id=aed108e610f544c8acdaaed23b881fee]), partition=HASH (key) PARTITION 6, RANGE (key) PARTITION 0 <= VALUES < 10
I20260608 12:46:50.862324 27827 tablet_service.cc:1511] Processing CreateTablet for tablet 8802e41243eb47bda52db5d9bccaadd5 (DEFAULT_TABLE table=range_aware_rebalance_new_range [id=aed108e610f544c8acdaaed23b881fee]), partition=HASH (key) PARTITION 5, RANGE (key) PARTITION 0 <= VALUES < 10
I20260608 12:46:50.863643 27822 data_dirs.cc:400] Could only allocate 1 dirs of requested 3 for tablet 839f3a90218a4187ac60c311138f28b5. 1 dirs total, 0 dirs full, 0 dirs failed
I20260608 12:46:50.863513 27748 tablet_service.cc:1511] Processing CreateTablet for tablet c1c6d2d10a0f4633aa0a3b7f295b68c9 (DEFAULT_TABLE table=range_aware_rebalance_new_range [id=aed108e610f544c8acdaaed23b881fee]), partition=HASH (key) PARTITION 4, RANGE (key) PARTITION 0 <= VALUES < 10
I20260608 12:46:50.865813 27827 data_dirs.cc:400] Could only allocate 1 dirs of requested 3 for tablet 8802e41243eb47bda52db5d9bccaadd5. 1 dirs total, 0 dirs full, 0 dirs failed
I20260608 12:46:50.873248 27821 tablet_service.cc:1511] Processing CreateTablet for tablet fbaf2e009906491f94f48af06635a45c (DEFAULT_TABLE table=range_aware_rebalance_new_range [id=aed108e610f544c8acdaaed23b881fee]), partition=HASH (key) PARTITION 7, RANGE (key) PARTITION 0 <= VALUES < 10
I20260608 12:46:50.875321 27821 data_dirs.cc:400] Could only allocate 1 dirs of requested 3 for tablet fbaf2e009906491f94f48af06635a45c. 1 dirs total, 0 dirs full, 0 dirs failed
I20260608 12:46:50.876401 27746 data_dirs.cc:400] Could only allocate 1 dirs of requested 3 for tablet 839f3a90218a4187ac60c311138f28b5. 1 dirs total, 0 dirs full, 0 dirs failed
I20260608 12:46:50.877135 27751 data_dirs.cc:400] Could only allocate 1 dirs of requested 3 for tablet cdee26a4cb1449d8af58cfec5d6b75f2. 1 dirs total, 0 dirs full, 0 dirs failed
I20260608 12:46:50.879165 27901 tablet_service.cc:1511] Processing CreateTablet for tablet a54ece21d7444c16b5fcf9251f455804 (DEFAULT_TABLE table=range_aware_rebalance_new_range [id=aed108e610f544c8acdaaed23b881fee]), partition=HASH (key) PARTITION 0, RANGE (key) PARTITION 0 <= VALUES < 10
I20260608 12:46:50.881371 27901 data_dirs.cc:400] Could only allocate 1 dirs of requested 3 for tablet a54ece21d7444c16b5fcf9251f455804. 1 dirs total, 0 dirs full, 0 dirs failed
I20260608 12:46:50.883658 27894 tablet_service.cc:1511] Processing CreateTablet for tablet fbaf2e009906491f94f48af06635a45c (DEFAULT_TABLE table=range_aware_rebalance_new_range [id=aed108e610f544c8acdaaed23b881fee]), partition=HASH (key) PARTITION 7, RANGE (key) PARTITION 0 <= VALUES < 10
I20260608 12:46:50.883951 27900 tablet_service.cc:1511] Processing CreateTablet for tablet cdee26a4cb1449d8af58cfec5d6b75f2 (DEFAULT_TABLE table=range_aware_rebalance_new_range [id=aed108e610f544c8acdaaed23b881fee]), partition=HASH (key) PARTITION 1, RANGE (key) PARTITION 0 <= VALUES < 10
I20260608 12:46:50.885155 27894 data_dirs.cc:400] Could only allocate 1 dirs of requested 3 for tablet fbaf2e009906491f94f48af06635a45c. 1 dirs total, 0 dirs full, 0 dirs failed
I20260608 12:46:50.885907 27900 data_dirs.cc:400] Could only allocate 1 dirs of requested 3 for tablet cdee26a4cb1449d8af58cfec5d6b75f2. 1 dirs total, 0 dirs full, 0 dirs failed
I20260608 12:46:50.881779 27896 tablet_service.cc:1511] Processing CreateTablet for tablet 8802e41243eb47bda52db5d9bccaadd5 (DEFAULT_TABLE table=range_aware_rebalance_new_range [id=aed108e610f544c8acdaaed23b881fee]), partition=HASH (key) PARTITION 5, RANGE (key) PARTITION 0 <= VALUES < 10
I20260608 12:46:50.887917 27899 tablet_service.cc:1511] Processing CreateTablet for tablet a9da75ecaf594fc495e57a870f20b3c3 (DEFAULT_TABLE table=range_aware_rebalance_new_range [id=aed108e610f544c8acdaaed23b881fee]), partition=HASH (key) PARTITION 2, RANGE (key) PARTITION 0 <= VALUES < 10
I20260608 12:46:50.892248 27897 tablet_service.cc:1511] Processing CreateTablet for tablet c1c6d2d10a0f4633aa0a3b7f295b68c9 (DEFAULT_TABLE table=range_aware_rebalance_new_range [id=aed108e610f544c8acdaaed23b881fee]), partition=HASH (key) PARTITION 4, RANGE (key) PARTITION 0 <= VALUES < 10
I20260608 12:46:50.895666 27895 tablet_service.cc:1511] Processing CreateTablet for tablet 839f3a90218a4187ac60c311138f28b5 (DEFAULT_TABLE table=range_aware_rebalance_new_range [id=aed108e610f544c8acdaaed23b881fee]), partition=HASH (key) PARTITION 6, RANGE (key) PARTITION 0 <= VALUES < 10
I20260608 12:46:50.898599 27898 tablet_service.cc:1511] Processing CreateTablet for tablet 841550e0202844d5a05232740cecbfcb (DEFAULT_TABLE table=range_aware_rebalance_new_range [id=aed108e610f544c8acdaaed23b881fee]), partition=HASH (key) PARTITION 3, RANGE (key) PARTITION 0 <= VALUES < 10
I20260608 12:46:50.902000 27745 data_dirs.cc:400] Could only allocate 1 dirs of requested 3 for tablet fbaf2e009906491f94f48af06635a45c. 1 dirs total, 0 dirs full, 0 dirs failed
I20260608 12:46:50.914795 27749 data_dirs.cc:400] Could only allocate 1 dirs of requested 3 for tablet 841550e0202844d5a05232740cecbfcb. 1 dirs total, 0 dirs full, 0 dirs failed
I20260608 12:46:50.915958 27748 data_dirs.cc:400] Could only allocate 1 dirs of requested 3 for tablet c1c6d2d10a0f4633aa0a3b7f295b68c9. 1 dirs total, 0 dirs full, 0 dirs failed
I20260608 12:46:50.918838 27895 data_dirs.cc:400] Could only allocate 1 dirs of requested 3 for tablet 839f3a90218a4187ac60c311138f28b5. 1 dirs total, 0 dirs full, 0 dirs failed
I20260608 12:46:50.922777 27896 data_dirs.cc:400] Could only allocate 1 dirs of requested 3 for tablet 8802e41243eb47bda52db5d9bccaadd5. 1 dirs total, 0 dirs full, 0 dirs failed
I20260608 12:46:50.926748 27899 data_dirs.cc:400] Could only allocate 1 dirs of requested 3 for tablet a9da75ecaf594fc495e57a870f20b3c3. 1 dirs total, 0 dirs full, 0 dirs failed
I20260608 12:46:50.930775 27897 data_dirs.cc:400] Could only allocate 1 dirs of requested 3 for tablet c1c6d2d10a0f4633aa0a3b7f295b68c9. 1 dirs total, 0 dirs full, 0 dirs failed
I20260608 12:46:50.934772 27898 data_dirs.cc:400] Could only allocate 1 dirs of requested 3 for tablet 841550e0202844d5a05232740cecbfcb. 1 dirs total, 0 dirs full, 0 dirs failed
I20260608 12:46:50.935756 27957 tablet_bootstrap.cc:492] T cdee26a4cb1449d8af58cfec5d6b75f2 P d5a38e0cab804151b47fdab480a5eef0: Bootstrap starting.
I20260608 12:46:50.949122 27957 tablet_bootstrap.cc:654] T cdee26a4cb1449d8af58cfec5d6b75f2 P d5a38e0cab804151b47fdab480a5eef0: Neither blocks nor log segments found. Creating new log.
I20260608 12:46:50.962122 27960 tablet_bootstrap.cc:492] T 841550e0202844d5a05232740cecbfcb P 0d0bd55a170d4411a26e6d758b49034e: Bootstrap starting.
I20260608 12:46:50.952477 27958 tablet_bootstrap.cc:492] T a54ece21d7444c16b5fcf9251f455804 P 76629c0f0b03415a965aaec706830ee6: Bootstrap starting.
I20260608 12:46:50.969712 27960 tablet_bootstrap.cc:654] T 841550e0202844d5a05232740cecbfcb P 0d0bd55a170d4411a26e6d758b49034e: Neither blocks nor log segments found. Creating new log.
I20260608 12:46:50.972077 27957 tablet_bootstrap.cc:492] T cdee26a4cb1449d8af58cfec5d6b75f2 P d5a38e0cab804151b47fdab480a5eef0: No bootstrap required, opened a new log
I20260608 12:46:50.972612 27957 ts_tablet_manager.cc:1403] T cdee26a4cb1449d8af58cfec5d6b75f2 P d5a38e0cab804151b47fdab480a5eef0: Time spent bootstrapping tablet: real 0.037s	user 0.011s	sys 0.008s
I20260608 12:46:50.976214 27957 raft_consensus.cc:359] T cdee26a4cb1449d8af58cfec5d6b75f2 P d5a38e0cab804151b47fdab480a5eef0 [term 0 FOLLOWER]: Replica starting. Triggering 0 pending ops. Active config: opid_index: -1 OBSOLETE_local: false peers { permanent_uuid: "76629c0f0b03415a965aaec706830ee6" member_type: VOTER last_known_addr { host: "127.24.50.1" port: 38463 } } peers { permanent_uuid: "d5a38e0cab804151b47fdab480a5eef0" member_type: VOTER last_known_addr { host: "127.24.50.2" port: 34089 } } peers { permanent_uuid: "0d0bd55a170d4411a26e6d758b49034e" member_type: VOTER last_known_addr { host: "127.24.50.3" port: 38253 } }
I20260608 12:46:50.977140 27957 raft_consensus.cc:385] T cdee26a4cb1449d8af58cfec5d6b75f2 P d5a38e0cab804151b47fdab480a5eef0 [term 0 FOLLOWER]: Consensus starting up: Expiring failure detector timer to make a prompt election more likely
I20260608 12:46:50.977455 27957 raft_consensus.cc:740] T cdee26a4cb1449d8af58cfec5d6b75f2 P d5a38e0cab804151b47fdab480a5eef0 [term 0 FOLLOWER]: Becoming Follower/Learner. State: Replica: d5a38e0cab804151b47fdab480a5eef0, State: Initialized, Role: FOLLOWER
I20260608 12:46:50.978538 27957 consensus_queue.cc:260] T cdee26a4cb1449d8af58cfec5d6b75f2 P d5a38e0cab804151b47fdab480a5eef0 [NON_LEADER]: Queue going to NON_LEADER mode. State: All replicated index: 0, Majority replicated index: 0, Committed index: 0, Last appended: 0.0, Last appended by leader: 0, Current term: 0, Majority size: -1, State: 0, Mode: NON_LEADER, active raft config: opid_index: -1 OBSOLETE_local: false peers { permanent_uuid: "76629c0f0b03415a965aaec706830ee6" member_type: VOTER last_known_addr { host: "127.24.50.1" port: 38463 } } peers { permanent_uuid: "d5a38e0cab804151b47fdab480a5eef0" member_type: VOTER last_known_addr { host: "127.24.50.2" port: 34089 } } peers { permanent_uuid: "0d0bd55a170d4411a26e6d758b49034e" member_type: VOTER last_known_addr { host: "127.24.50.3" port: 38253 } }
I20260608 12:46:50.986194 27958 tablet_bootstrap.cc:654] T a54ece21d7444c16b5fcf9251f455804 P 76629c0f0b03415a965aaec706830ee6: Neither blocks nor log segments found. Creating new log.
I20260608 12:46:51.010950 27960 tablet_bootstrap.cc:492] T 841550e0202844d5a05232740cecbfcb P 0d0bd55a170d4411a26e6d758b49034e: No bootstrap required, opened a new log
I20260608 12:46:51.011477 27960 ts_tablet_manager.cc:1403] T 841550e0202844d5a05232740cecbfcb P 0d0bd55a170d4411a26e6d758b49034e: Time spent bootstrapping tablet: real 0.050s	user 0.009s	sys 0.004s
I20260608 12:46:51.014605 27960 raft_consensus.cc:359] T 841550e0202844d5a05232740cecbfcb P 0d0bd55a170d4411a26e6d758b49034e [term 0 FOLLOWER]: Replica starting. Triggering 0 pending ops. Active config: opid_index: -1 OBSOLETE_local: false peers { permanent_uuid: "76629c0f0b03415a965aaec706830ee6" member_type: VOTER last_known_addr { host: "127.24.50.1" port: 38463 } } peers { permanent_uuid: "d5a38e0cab804151b47fdab480a5eef0" member_type: VOTER last_known_addr { host: "127.24.50.2" port: 34089 } } peers { permanent_uuid: "0d0bd55a170d4411a26e6d758b49034e" member_type: VOTER last_known_addr { host: "127.24.50.3" port: 38253 } }
I20260608 12:46:51.015395 27960 raft_consensus.cc:385] T 841550e0202844d5a05232740cecbfcb P 0d0bd55a170d4411a26e6d758b49034e [term 0 FOLLOWER]: Consensus starting up: Expiring failure detector timer to make a prompt election more likely
I20260608 12:46:51.015717 27960 raft_consensus.cc:740] T 841550e0202844d5a05232740cecbfcb P 0d0bd55a170d4411a26e6d758b49034e [term 0 FOLLOWER]: Becoming Follower/Learner. State: Replica: 0d0bd55a170d4411a26e6d758b49034e, State: Initialized, Role: FOLLOWER
I20260608 12:46:51.016673 27960 consensus_queue.cc:260] T 841550e0202844d5a05232740cecbfcb P 0d0bd55a170d4411a26e6d758b49034e [NON_LEADER]: Queue going to NON_LEADER mode. State: All replicated index: 0, Majority replicated index: 0, Committed index: 0, Last appended: 0.0, Last appended by leader: 0, Current term: 0, Majority size: -1, State: 0, Mode: NON_LEADER, active raft config: opid_index: -1 OBSOLETE_local: false peers { permanent_uuid: "76629c0f0b03415a965aaec706830ee6" member_type: VOTER last_known_addr { host: "127.24.50.1" port: 38463 } } peers { permanent_uuid: "d5a38e0cab804151b47fdab480a5eef0" member_type: VOTER last_known_addr { host: "127.24.50.2" port: 34089 } } peers { permanent_uuid: "0d0bd55a170d4411a26e6d758b49034e" member_type: VOTER last_known_addr { host: "127.24.50.3" port: 38253 } }
I20260608 12:46:51.030736 27957 ts_tablet_manager.cc:1434] T cdee26a4cb1449d8af58cfec5d6b75f2 P d5a38e0cab804151b47fdab480a5eef0: Time spent starting tablet: real 0.058s	user 0.015s	sys 0.007s
I20260608 12:46:51.032074 27957 tablet_bootstrap.cc:492] T a54ece21d7444c16b5fcf9251f455804 P d5a38e0cab804151b47fdab480a5eef0: Bootstrap starting.
I20260608 12:46:51.032794 27960 ts_tablet_manager.cc:1434] T 841550e0202844d5a05232740cecbfcb P 0d0bd55a170d4411a26e6d758b49034e: Time spent starting tablet: real 0.021s	user 0.011s	sys 0.000s
I20260608 12:46:51.033841 27960 tablet_bootstrap.cc:492] T fbaf2e009906491f94f48af06635a45c P 0d0bd55a170d4411a26e6d758b49034e: Bootstrap starting.
I20260608 12:46:51.039219 27957 tablet_bootstrap.cc:654] T a54ece21d7444c16b5fcf9251f455804 P d5a38e0cab804151b47fdab480a5eef0: Neither blocks nor log segments found. Creating new log.
I20260608 12:46:51.040501 27958 tablet_bootstrap.cc:492] T a54ece21d7444c16b5fcf9251f455804 P 76629c0f0b03415a965aaec706830ee6: No bootstrap required, opened a new log
I20260608 12:46:51.041013 27958 ts_tablet_manager.cc:1403] T a54ece21d7444c16b5fcf9251f455804 P 76629c0f0b03415a965aaec706830ee6: Time spent bootstrapping tablet: real 0.089s	user 0.008s	sys 0.006s
I20260608 12:46:51.041139 27960 tablet_bootstrap.cc:654] T fbaf2e009906491f94f48af06635a45c P 0d0bd55a170d4411a26e6d758b49034e: Neither blocks nor log segments found. Creating new log.
I20260608 12:46:51.045023 27957 tablet_bootstrap.cc:492] T a54ece21d7444c16b5fcf9251f455804 P d5a38e0cab804151b47fdab480a5eef0: No bootstrap required, opened a new log
I20260608 12:46:51.045524 27957 ts_tablet_manager.cc:1403] T a54ece21d7444c16b5fcf9251f455804 P d5a38e0cab804151b47fdab480a5eef0: Time spent bootstrapping tablet: real 0.014s	user 0.006s	sys 0.005s
I20260608 12:46:51.045145 27958 raft_consensus.cc:359] T a54ece21d7444c16b5fcf9251f455804 P 76629c0f0b03415a965aaec706830ee6 [term 0 FOLLOWER]: Replica starting. Triggering 0 pending ops. Active config: opid_index: -1 OBSOLETE_local: false peers { permanent_uuid: "d5a38e0cab804151b47fdab480a5eef0" member_type: VOTER last_known_addr { host: "127.24.50.2" port: 34089 } } peers { permanent_uuid: "0d0bd55a170d4411a26e6d758b49034e" member_type: VOTER last_known_addr { host: "127.24.50.3" port: 38253 } } peers { permanent_uuid: "76629c0f0b03415a965aaec706830ee6" member_type: VOTER last_known_addr { host: "127.24.50.1" port: 38463 } }
I20260608 12:46:51.046162 27958 raft_consensus.cc:385] T a54ece21d7444c16b5fcf9251f455804 P 76629c0f0b03415a965aaec706830ee6 [term 0 FOLLOWER]: Consensus starting up: Expiring failure detector timer to make a prompt election more likely
I20260608 12:46:51.046592 27958 raft_consensus.cc:740] T a54ece21d7444c16b5fcf9251f455804 P 76629c0f0b03415a965aaec706830ee6 [term 0 FOLLOWER]: Becoming Follower/Learner. State: Replica: 76629c0f0b03415a965aaec706830ee6, State: Initialized, Role: FOLLOWER
I20260608 12:46:51.048161 27957 raft_consensus.cc:359] T a54ece21d7444c16b5fcf9251f455804 P d5a38e0cab804151b47fdab480a5eef0 [term 0 FOLLOWER]: Replica starting. Triggering 0 pending ops. Active config: opid_index: -1 OBSOLETE_local: false peers { permanent_uuid: "d5a38e0cab804151b47fdab480a5eef0" member_type: VOTER last_known_addr { host: "127.24.50.2" port: 34089 } } peers { permanent_uuid: "0d0bd55a170d4411a26e6d758b49034e" member_type: VOTER last_known_addr { host: "127.24.50.3" port: 38253 } } peers { permanent_uuid: "76629c0f0b03415a965aaec706830ee6" member_type: VOTER last_known_addr { host: "127.24.50.1" port: 38463 } }
I20260608 12:46:51.047691 27958 consensus_queue.cc:260] T a54ece21d7444c16b5fcf9251f455804 P 76629c0f0b03415a965aaec706830ee6 [NON_LEADER]: Queue going to NON_LEADER mode. State: All replicated index: 0, Majority replicated index: 0, Committed index: 0, Last appended: 0.0, Last appended by leader: 0, Current term: 0, Majority size: -1, State: 0, Mode: NON_LEADER, active raft config: opid_index: -1 OBSOLETE_local: false peers { permanent_uuid: "d5a38e0cab804151b47fdab480a5eef0" member_type: VOTER last_known_addr { host: "127.24.50.2" port: 34089 } } peers { permanent_uuid: "0d0bd55a170d4411a26e6d758b49034e" member_type: VOTER last_known_addr { host: "127.24.50.3" port: 38253 } } peers { permanent_uuid: "76629c0f0b03415a965aaec706830ee6" member_type: VOTER last_known_addr { host: "127.24.50.1" port: 38463 } }
I20260608 12:46:51.048715 27957 raft_consensus.cc:385] T a54ece21d7444c16b5fcf9251f455804 P d5a38e0cab804151b47fdab480a5eef0 [term 0 FOLLOWER]: Consensus starting up: Expiring failure detector timer to make a prompt election more likely
I20260608 12:46:51.049054 27957 raft_consensus.cc:740] T a54ece21d7444c16b5fcf9251f455804 P d5a38e0cab804151b47fdab480a5eef0 [term 0 FOLLOWER]: Becoming Follower/Learner. State: Replica: d5a38e0cab804151b47fdab480a5eef0, State: Initialized, Role: FOLLOWER
I20260608 12:46:51.049751 27957 consensus_queue.cc:260] T a54ece21d7444c16b5fcf9251f455804 P d5a38e0cab804151b47fdab480a5eef0 [NON_LEADER]: Queue going to NON_LEADER mode. State: All replicated index: 0, Majority replicated index: 0, Committed index: 0, Last appended: 0.0, Last appended by leader: 0, Current term: 0, Majority size: -1, State: 0, Mode: NON_LEADER, active raft config: opid_index: -1 OBSOLETE_local: false peers { permanent_uuid: "d5a38e0cab804151b47fdab480a5eef0" member_type: VOTER last_known_addr { host: "127.24.50.2" port: 34089 } } peers { permanent_uuid: "0d0bd55a170d4411a26e6d758b49034e" member_type: VOTER last_known_addr { host: "127.24.50.3" port: 38253 } } peers { permanent_uuid: "76629c0f0b03415a965aaec706830ee6" member_type: VOTER last_known_addr { host: "127.24.50.1" port: 38463 } }
I20260608 12:46:51.051776 27957 ts_tablet_manager.cc:1434] T a54ece21d7444c16b5fcf9251f455804 P d5a38e0cab804151b47fdab480a5eef0: Time spent starting tablet: real 0.006s	user 0.007s	sys 0.000s
I20260608 12:46:51.051867 27958 ts_tablet_manager.cc:1434] T a54ece21d7444c16b5fcf9251f455804 P 76629c0f0b03415a965aaec706830ee6: Time spent starting tablet: real 0.011s	user 0.010s	sys 0.000s
I20260608 12:46:51.052816 27957 tablet_bootstrap.cc:492] T c1c6d2d10a0f4633aa0a3b7f295b68c9 P d5a38e0cab804151b47fdab480a5eef0: Bootstrap starting.
I20260608 12:46:51.059811 27957 tablet_bootstrap.cc:654] T c1c6d2d10a0f4633aa0a3b7f295b68c9 P d5a38e0cab804151b47fdab480a5eef0: Neither blocks nor log segments found. Creating new log.
I20260608 12:46:51.069434 27958 tablet_bootstrap.cc:492] T a9da75ecaf594fc495e57a870f20b3c3 P 76629c0f0b03415a965aaec706830ee6: Bootstrap starting.
I20260608 12:46:51.072718 27960 tablet_bootstrap.cc:492] T fbaf2e009906491f94f48af06635a45c P 0d0bd55a170d4411a26e6d758b49034e: No bootstrap required, opened a new log
I20260608 12:46:51.073216 27957 tablet_bootstrap.cc:492] T c1c6d2d10a0f4633aa0a3b7f295b68c9 P d5a38e0cab804151b47fdab480a5eef0: No bootstrap required, opened a new log
I20260608 12:46:51.073287 27960 ts_tablet_manager.cc:1403] T fbaf2e009906491f94f48af06635a45c P 0d0bd55a170d4411a26e6d758b49034e: Time spent bootstrapping tablet: real 0.040s	user 0.012s	sys 0.024s
I20260608 12:46:51.074025 27957 ts_tablet_manager.cc:1403] T c1c6d2d10a0f4633aa0a3b7f295b68c9 P d5a38e0cab804151b47fdab480a5eef0: Time spent bootstrapping tablet: real 0.021s	user 0.016s	sys 0.004s
I20260608 12:46:51.076428 27957 raft_consensus.cc:359] T c1c6d2d10a0f4633aa0a3b7f295b68c9 P d5a38e0cab804151b47fdab480a5eef0 [term 0 FOLLOWER]: Replica starting. Triggering 0 pending ops. Active config: opid_index: -1 OBSOLETE_local: false peers { permanent_uuid: "76629c0f0b03415a965aaec706830ee6" member_type: VOTER last_known_addr { host: "127.24.50.1" port: 38463 } } peers { permanent_uuid: "d5a38e0cab804151b47fdab480a5eef0" member_type: VOTER last_known_addr { host: "127.24.50.2" port: 34089 } } peers { permanent_uuid: "0d0bd55a170d4411a26e6d758b49034e" member_type: VOTER last_known_addr { host: "127.24.50.3" port: 38253 } }
I20260608 12:46:51.077001 27957 raft_consensus.cc:385] T c1c6d2d10a0f4633aa0a3b7f295b68c9 P d5a38e0cab804151b47fdab480a5eef0 [term 0 FOLLOWER]: Consensus starting up: Expiring failure detector timer to make a prompt election more likely
I20260608 12:46:51.077400 27957 raft_consensus.cc:740] T c1c6d2d10a0f4633aa0a3b7f295b68c9 P d5a38e0cab804151b47fdab480a5eef0 [term 0 FOLLOWER]: Becoming Follower/Learner. State: Replica: d5a38e0cab804151b47fdab480a5eef0, State: Initialized, Role: FOLLOWER
I20260608 12:46:51.077014 27960 raft_consensus.cc:359] T fbaf2e009906491f94f48af06635a45c P 0d0bd55a170d4411a26e6d758b49034e [term 0 FOLLOWER]: Replica starting. Triggering 0 pending ops. Active config: opid_index: -1 OBSOLETE_local: false peers { permanent_uuid: "76629c0f0b03415a965aaec706830ee6" member_type: VOTER last_known_addr { host: "127.24.50.1" port: 38463 } } peers { permanent_uuid: "d5a38e0cab804151b47fdab480a5eef0" member_type: VOTER last_known_addr { host: "127.24.50.2" port: 34089 } } peers { permanent_uuid: "0d0bd55a170d4411a26e6d758b49034e" member_type: VOTER last_known_addr { host: "127.24.50.3" port: 38253 } }
I20260608 12:46:51.077896 27960 raft_consensus.cc:385] T fbaf2e009906491f94f48af06635a45c P 0d0bd55a170d4411a26e6d758b49034e [term 0 FOLLOWER]: Consensus starting up: Expiring failure detector timer to make a prompt election more likely
I20260608 12:46:51.078218 27960 raft_consensus.cc:740] T fbaf2e009906491f94f48af06635a45c P 0d0bd55a170d4411a26e6d758b49034e [term 0 FOLLOWER]: Becoming Follower/Learner. State: Replica: 0d0bd55a170d4411a26e6d758b49034e, State: Initialized, Role: FOLLOWER
I20260608 12:46:51.078809 27958 tablet_bootstrap.cc:654] T a9da75ecaf594fc495e57a870f20b3c3 P 76629c0f0b03415a965aaec706830ee6: Neither blocks nor log segments found. Creating new log.
I20260608 12:46:51.078248 27957 consensus_queue.cc:260] T c1c6d2d10a0f4633aa0a3b7f295b68c9 P d5a38e0cab804151b47fdab480a5eef0 [NON_LEADER]: Queue going to NON_LEADER mode. State: All replicated index: 0, Majority replicated index: 0, Committed index: 0, Last appended: 0.0, Last appended by leader: 0, Current term: 0, Majority size: -1, State: 0, Mode: NON_LEADER, active raft config: opid_index: -1 OBSOLETE_local: false peers { permanent_uuid: "76629c0f0b03415a965aaec706830ee6" member_type: VOTER last_known_addr { host: "127.24.50.1" port: 38463 } } peers { permanent_uuid: "d5a38e0cab804151b47fdab480a5eef0" member_type: VOTER last_known_addr { host: "127.24.50.2" port: 34089 } } peers { permanent_uuid: "0d0bd55a170d4411a26e6d758b49034e" member_type: VOTER last_known_addr { host: "127.24.50.3" port: 38253 } }
I20260608 12:46:51.079223 27960 consensus_queue.cc:260] T fbaf2e009906491f94f48af06635a45c P 0d0bd55a170d4411a26e6d758b49034e [NON_LEADER]: Queue going to NON_LEADER mode. State: All replicated index: 0, Majority replicated index: 0, Committed index: 0, Last appended: 0.0, Last appended by leader: 0, Current term: 0, Majority size: -1, State: 0, Mode: NON_LEADER, active raft config: opid_index: -1 OBSOLETE_local: false peers { permanent_uuid: "76629c0f0b03415a965aaec706830ee6" member_type: VOTER last_known_addr { host: "127.24.50.1" port: 38463 } } peers { permanent_uuid: "d5a38e0cab804151b47fdab480a5eef0" member_type: VOTER last_known_addr { host: "127.24.50.2" port: 34089 } } peers { permanent_uuid: "0d0bd55a170d4411a26e6d758b49034e" member_type: VOTER last_known_addr { host: "127.24.50.3" port: 38253 } }
I20260608 12:46:51.080742 27957 ts_tablet_manager.cc:1434] T c1c6d2d10a0f4633aa0a3b7f295b68c9 P d5a38e0cab804151b47fdab480a5eef0: Time spent starting tablet: real 0.006s	user 0.002s	sys 0.002s
I20260608 12:46:51.081835 27957 tablet_bootstrap.cc:492] T a9da75ecaf594fc495e57a870f20b3c3 P d5a38e0cab804151b47fdab480a5eef0: Bootstrap starting.
I20260608 12:46:51.087033 27960 ts_tablet_manager.cc:1434] T fbaf2e009906491f94f48af06635a45c P 0d0bd55a170d4411a26e6d758b49034e: Time spent starting tablet: real 0.013s	user 0.004s	sys 0.003s
I20260608 12:46:51.088390 27960 tablet_bootstrap.cc:492] T cdee26a4cb1449d8af58cfec5d6b75f2 P 0d0bd55a170d4411a26e6d758b49034e: Bootstrap starting.
I20260608 12:46:51.089146 27957 tablet_bootstrap.cc:654] T a9da75ecaf594fc495e57a870f20b3c3 P d5a38e0cab804151b47fdab480a5eef0: Neither blocks nor log segments found. Creating new log.
I20260608 12:46:51.097754 27960 tablet_bootstrap.cc:654] T cdee26a4cb1449d8af58cfec5d6b75f2 P 0d0bd55a170d4411a26e6d758b49034e: Neither blocks nor log segments found. Creating new log.
I20260608 12:46:51.101086 27958 tablet_bootstrap.cc:492] T a9da75ecaf594fc495e57a870f20b3c3 P 76629c0f0b03415a965aaec706830ee6: No bootstrap required, opened a new log
I20260608 12:46:51.101231 27957 tablet_bootstrap.cc:492] T a9da75ecaf594fc495e57a870f20b3c3 P d5a38e0cab804151b47fdab480a5eef0: No bootstrap required, opened a new log
I20260608 12:46:51.101704 27958 ts_tablet_manager.cc:1403] T a9da75ecaf594fc495e57a870f20b3c3 P 76629c0f0b03415a965aaec706830ee6: Time spent bootstrapping tablet: real 0.033s	user 0.013s	sys 0.011s
I20260608 12:46:51.101845 27957 ts_tablet_manager.cc:1403] T a9da75ecaf594fc495e57a870f20b3c3 P d5a38e0cab804151b47fdab480a5eef0: Time spent bootstrapping tablet: real 0.020s	user 0.010s	sys 0.009s
I20260608 12:46:51.105293 27958 raft_consensus.cc:359] T a9da75ecaf594fc495e57a870f20b3c3 P 76629c0f0b03415a965aaec706830ee6 [term 0 FOLLOWER]: Replica starting. Triggering 0 pending ops. Active config: opid_index: -1 OBSOLETE_local: false peers { permanent_uuid: "d5a38e0cab804151b47fdab480a5eef0" member_type: VOTER last_known_addr { host: "127.24.50.2" port: 34089 } } peers { permanent_uuid: "76629c0f0b03415a965aaec706830ee6" member_type: VOTER last_known_addr { host: "127.24.50.1" port: 38463 } } peers { permanent_uuid: "0d0bd55a170d4411a26e6d758b49034e" member_type: VOTER last_known_addr { host: "127.24.50.3" port: 38253 } }
I20260608 12:46:51.105293 27957 raft_consensus.cc:359] T a9da75ecaf594fc495e57a870f20b3c3 P d5a38e0cab804151b47fdab480a5eef0 [term 0 FOLLOWER]: Replica starting. Triggering 0 pending ops. Active config: opid_index: -1 OBSOLETE_local: false peers { permanent_uuid: "d5a38e0cab804151b47fdab480a5eef0" member_type: VOTER last_known_addr { host: "127.24.50.2" port: 34089 } } peers { permanent_uuid: "76629c0f0b03415a965aaec706830ee6" member_type: VOTER last_known_addr { host: "127.24.50.1" port: 38463 } } peers { permanent_uuid: "0d0bd55a170d4411a26e6d758b49034e" member_type: VOTER last_known_addr { host: "127.24.50.3" port: 38253 } }
I20260608 12:46:51.106359 27957 raft_consensus.cc:385] T a9da75ecaf594fc495e57a870f20b3c3 P d5a38e0cab804151b47fdab480a5eef0 [term 0 FOLLOWER]: Consensus starting up: Expiring failure detector timer to make a prompt election more likely
I20260608 12:46:51.106318 27958 raft_consensus.cc:385] T a9da75ecaf594fc495e57a870f20b3c3 P 76629c0f0b03415a965aaec706830ee6 [term 0 FOLLOWER]: Consensus starting up: Expiring failure detector timer to make a prompt election more likely
I20260608 12:46:51.106859 27957 raft_consensus.cc:740] T a9da75ecaf594fc495e57a870f20b3c3 P d5a38e0cab804151b47fdab480a5eef0 [term 0 FOLLOWER]: Becoming Follower/Learner. State: Replica: d5a38e0cab804151b47fdab480a5eef0, State: Initialized, Role: FOLLOWER
I20260608 12:46:51.106897 27958 raft_consensus.cc:740] T a9da75ecaf594fc495e57a870f20b3c3 P 76629c0f0b03415a965aaec706830ee6 [term 0 FOLLOWER]: Becoming Follower/Learner. State: Replica: 76629c0f0b03415a965aaec706830ee6, State: Initialized, Role: FOLLOWER
I20260608 12:46:51.108027 27957 consensus_queue.cc:260] T a9da75ecaf594fc495e57a870f20b3c3 P d5a38e0cab804151b47fdab480a5eef0 [NON_LEADER]: Queue going to NON_LEADER mode. State: All replicated index: 0, Majority replicated index: 0, Committed index: 0, Last appended: 0.0, Last appended by leader: 0, Current term: 0, Majority size: -1, State: 0, Mode: NON_LEADER, active raft config: opid_index: -1 OBSOLETE_local: false peers { permanent_uuid: "d5a38e0cab804151b47fdab480a5eef0" member_type: VOTER last_known_addr { host: "127.24.50.2" port: 34089 } } peers { permanent_uuid: "76629c0f0b03415a965aaec706830ee6" member_type: VOTER last_known_addr { host: "127.24.50.1" port: 38463 } } peers { permanent_uuid: "0d0bd55a170d4411a26e6d758b49034e" member_type: VOTER last_known_addr { host: "127.24.50.3" port: 38253 } }
I20260608 12:46:51.108139 27958 consensus_queue.cc:260] T a9da75ecaf594fc495e57a870f20b3c3 P 76629c0f0b03415a965aaec706830ee6 [NON_LEADER]: Queue going to NON_LEADER mode. State: All replicated index: 0, Majority replicated index: 0, Committed index: 0, Last appended: 0.0, Last appended by leader: 0, Current term: 0, Majority size: -1, State: 0, Mode: NON_LEADER, active raft config: opid_index: -1 OBSOLETE_local: false peers { permanent_uuid: "d5a38e0cab804151b47fdab480a5eef0" member_type: VOTER last_known_addr { host: "127.24.50.2" port: 34089 } } peers { permanent_uuid: "76629c0f0b03415a965aaec706830ee6" member_type: VOTER last_known_addr { host: "127.24.50.1" port: 38463 } } peers { permanent_uuid: "0d0bd55a170d4411a26e6d758b49034e" member_type: VOTER last_known_addr { host: "127.24.50.3" port: 38253 } }
I20260608 12:46:51.110041 27960 tablet_bootstrap.cc:492] T cdee26a4cb1449d8af58cfec5d6b75f2 P 0d0bd55a170d4411a26e6d758b49034e: No bootstrap required, opened a new log
I20260608 12:46:51.110505 27957 ts_tablet_manager.cc:1434] T a9da75ecaf594fc495e57a870f20b3c3 P d5a38e0cab804151b47fdab480a5eef0: Time spent starting tablet: real 0.008s	user 0.008s	sys 0.000s
I20260608 12:46:51.110546 27958 ts_tablet_manager.cc:1434] T a9da75ecaf594fc495e57a870f20b3c3 P 76629c0f0b03415a965aaec706830ee6: Time spent starting tablet: real 0.008s	user 0.007s	sys 0.004s
I20260608 12:46:51.110615 27960 ts_tablet_manager.cc:1403] T cdee26a4cb1449d8af58cfec5d6b75f2 P 0d0bd55a170d4411a26e6d758b49034e: Time spent bootstrapping tablet: real 0.023s	user 0.017s	sys 0.002s
I20260608 12:46:51.112048 27958 tablet_bootstrap.cc:492] T 839f3a90218a4187ac60c311138f28b5 P 76629c0f0b03415a965aaec706830ee6: Bootstrap starting.
I20260608 12:46:51.113106 27957 tablet_bootstrap.cc:492] T 841550e0202844d5a05232740cecbfcb P d5a38e0cab804151b47fdab480a5eef0: Bootstrap starting.
I20260608 12:46:51.114148 27960 raft_consensus.cc:359] T cdee26a4cb1449d8af58cfec5d6b75f2 P 0d0bd55a170d4411a26e6d758b49034e [term 0 FOLLOWER]: Replica starting. Triggering 0 pending ops. Active config: opid_index: -1 OBSOLETE_local: false peers { permanent_uuid: "76629c0f0b03415a965aaec706830ee6" member_type: VOTER last_known_addr { host: "127.24.50.1" port: 38463 } } peers { permanent_uuid: "d5a38e0cab804151b47fdab480a5eef0" member_type: VOTER last_known_addr { host: "127.24.50.2" port: 34089 } } peers { permanent_uuid: "0d0bd55a170d4411a26e6d758b49034e" member_type: VOTER last_known_addr { host: "127.24.50.3" port: 38253 } }
I20260608 12:46:51.114940 27960 raft_consensus.cc:385] T cdee26a4cb1449d8af58cfec5d6b75f2 P 0d0bd55a170d4411a26e6d758b49034e [term 0 FOLLOWER]: Consensus starting up: Expiring failure detector timer to make a prompt election more likely
I20260608 12:46:51.115231 27960 raft_consensus.cc:740] T cdee26a4cb1449d8af58cfec5d6b75f2 P 0d0bd55a170d4411a26e6d758b49034e [term 0 FOLLOWER]: Becoming Follower/Learner. State: Replica: 0d0bd55a170d4411a26e6d758b49034e, State: Initialized, Role: FOLLOWER
I20260608 12:46:51.116106 27960 consensus_queue.cc:260] T cdee26a4cb1449d8af58cfec5d6b75f2 P 0d0bd55a170d4411a26e6d758b49034e [NON_LEADER]: Queue going to NON_LEADER mode. State: All replicated index: 0, Majority replicated index: 0, Committed index: 0, Last appended: 0.0, Last appended by leader: 0, Current term: 0, Majority size: -1, State: 0, Mode: NON_LEADER, active raft config: opid_index: -1 OBSOLETE_local: false peers { permanent_uuid: "76629c0f0b03415a965aaec706830ee6" member_type: VOTER last_known_addr { host: "127.24.50.1" port: 38463 } } peers { permanent_uuid: "d5a38e0cab804151b47fdab480a5eef0" member_type: VOTER last_known_addr { host: "127.24.50.2" port: 34089 } } peers { permanent_uuid: "0d0bd55a170d4411a26e6d758b49034e" member_type: VOTER last_known_addr { host: "127.24.50.3" port: 38253 } }
I20260608 12:46:51.118527 27960 ts_tablet_manager.cc:1434] T cdee26a4cb1449d8af58cfec5d6b75f2 P 0d0bd55a170d4411a26e6d758b49034e: Time spent starting tablet: real 0.007s	user 0.007s	sys 0.000s
I20260608 12:46:51.119480 27958 tablet_bootstrap.cc:654] T 839f3a90218a4187ac60c311138f28b5 P 76629c0f0b03415a965aaec706830ee6: Neither blocks nor log segments found. Creating new log.
I20260608 12:46:51.119555 27960 tablet_bootstrap.cc:492] T 839f3a90218a4187ac60c311138f28b5 P 0d0bd55a170d4411a26e6d758b49034e: Bootstrap starting.
I20260608 12:46:51.120824 27957 tablet_bootstrap.cc:654] T 841550e0202844d5a05232740cecbfcb P d5a38e0cab804151b47fdab480a5eef0: Neither blocks nor log segments found. Creating new log.
I20260608 12:46:51.123307 27961 raft_consensus.cc:493] T a54ece21d7444c16b5fcf9251f455804 P d5a38e0cab804151b47fdab480a5eef0 [term 0 FOLLOWER]: Starting pre-election (no leader contacted us within the election timeout)
I20260608 12:46:51.124013 27961 raft_consensus.cc:515] T a54ece21d7444c16b5fcf9251f455804 P d5a38e0cab804151b47fdab480a5eef0 [term 0 FOLLOWER]: Starting pre-election with config: opid_index: -1 OBSOLETE_local: false peers { permanent_uuid: "d5a38e0cab804151b47fdab480a5eef0" member_type: VOTER last_known_addr { host: "127.24.50.2" port: 34089 } } peers { permanent_uuid: "0d0bd55a170d4411a26e6d758b49034e" member_type: VOTER last_known_addr { host: "127.24.50.3" port: 38253 } } peers { permanent_uuid: "76629c0f0b03415a965aaec706830ee6" member_type: VOTER last_known_addr { host: "127.24.50.1" port: 38463 } }
I20260608 12:46:51.133574 27960 tablet_bootstrap.cc:654] T 839f3a90218a4187ac60c311138f28b5 P 0d0bd55a170d4411a26e6d758b49034e: Neither blocks nor log segments found. Creating new log.
I20260608 12:46:51.140015 27961 leader_election.cc:290] T a54ece21d7444c16b5fcf9251f455804 P d5a38e0cab804151b47fdab480a5eef0 [CANDIDATE]: Term 1 pre-election: Requested pre-vote from peers 0d0bd55a170d4411a26e6d758b49034e (127.24.50.3:38253), 76629c0f0b03415a965aaec706830ee6 (127.24.50.1:38463)
I20260608 12:46:51.178488 27961 raft_consensus.cc:493] T c1c6d2d10a0f4633aa0a3b7f295b68c9 P d5a38e0cab804151b47fdab480a5eef0 [term 0 FOLLOWER]: Starting pre-election (no leader contacted us within the election timeout)
I20260608 12:46:51.179311 27961 raft_consensus.cc:515] T c1c6d2d10a0f4633aa0a3b7f295b68c9 P d5a38e0cab804151b47fdab480a5eef0 [term 0 FOLLOWER]: Starting pre-election with config: opid_index: -1 OBSOLETE_local: false peers { permanent_uuid: "76629c0f0b03415a965aaec706830ee6" member_type: VOTER last_known_addr { host: "127.24.50.1" port: 38463 } } peers { permanent_uuid: "d5a38e0cab804151b47fdab480a5eef0" member_type: VOTER last_known_addr { host: "127.24.50.2" port: 34089 } } peers { permanent_uuid: "0d0bd55a170d4411a26e6d758b49034e" member_type: VOTER last_known_addr { host: "127.24.50.3" port: 38253 } }
I20260608 12:46:51.192102 27961 leader_election.cc:290] T c1c6d2d10a0f4633aa0a3b7f295b68c9 P d5a38e0cab804151b47fdab480a5eef0 [CANDIDATE]: Term 1 pre-election: Requested pre-vote from peers 76629c0f0b03415a965aaec706830ee6 (127.24.50.1:38463), 0d0bd55a170d4411a26e6d758b49034e (127.24.50.3:38253)
I20260608 12:46:51.235581 27958 tablet_bootstrap.cc:492] T 839f3a90218a4187ac60c311138f28b5 P 76629c0f0b03415a965aaec706830ee6: No bootstrap required, opened a new log
I20260608 12:46:51.235878 27964 raft_consensus.cc:493] T cdee26a4cb1449d8af58cfec5d6b75f2 P 0d0bd55a170d4411a26e6d758b49034e [term 0 FOLLOWER]: Starting pre-election (no leader contacted us within the election timeout)
I20260608 12:46:51.236382 27958 ts_tablet_manager.cc:1403] T 839f3a90218a4187ac60c311138f28b5 P 76629c0f0b03415a965aaec706830ee6: Time spent bootstrapping tablet: real 0.125s	user 0.048s	sys 0.072s
I20260608 12:46:51.236500 27964 raft_consensus.cc:515] T cdee26a4cb1449d8af58cfec5d6b75f2 P 0d0bd55a170d4411a26e6d758b49034e [term 0 FOLLOWER]: Starting pre-election with config: opid_index: -1 OBSOLETE_local: false peers { permanent_uuid: "76629c0f0b03415a965aaec706830ee6" member_type: VOTER last_known_addr { host: "127.24.50.1" port: 38463 } } peers { permanent_uuid: "d5a38e0cab804151b47fdab480a5eef0" member_type: VOTER last_known_addr { host: "127.24.50.2" port: 34089 } } peers { permanent_uuid: "0d0bd55a170d4411a26e6d758b49034e" member_type: VOTER last_known_addr { host: "127.24.50.3" port: 38253 } }
I20260608 12:46:51.239905 27960 tablet_bootstrap.cc:492] T 839f3a90218a4187ac60c311138f28b5 P 0d0bd55a170d4411a26e6d758b49034e: No bootstrap required, opened a new log
I20260608 12:46:51.239894 27958 raft_consensus.cc:359] T 839f3a90218a4187ac60c311138f28b5 P 76629c0f0b03415a965aaec706830ee6 [term 0 FOLLOWER]: Replica starting. Triggering 0 pending ops. Active config: opid_index: -1 OBSOLETE_local: false peers { permanent_uuid: "76629c0f0b03415a965aaec706830ee6" member_type: VOTER last_known_addr { host: "127.24.50.1" port: 38463 } } peers { permanent_uuid: "d5a38e0cab804151b47fdab480a5eef0" member_type: VOTER last_known_addr { host: "127.24.50.2" port: 34089 } } peers { permanent_uuid: "0d0bd55a170d4411a26e6d758b49034e" member_type: VOTER last_known_addr { host: "127.24.50.3" port: 38253 } }
I20260608 12:46:51.240620 27960 ts_tablet_manager.cc:1403] T 839f3a90218a4187ac60c311138f28b5 P 0d0bd55a170d4411a26e6d758b49034e: Time spent bootstrapping tablet: real 0.121s	user 0.034s	sys 0.076s
I20260608 12:46:51.240871 27958 raft_consensus.cc:385] T 839f3a90218a4187ac60c311138f28b5 P 76629c0f0b03415a965aaec706830ee6 [term 0 FOLLOWER]: Consensus starting up: Expiring failure detector timer to make a prompt election more likely
I20260608 12:46:51.241186 27958 raft_consensus.cc:740] T 839f3a90218a4187ac60c311138f28b5 P 76629c0f0b03415a965aaec706830ee6 [term 0 FOLLOWER]: Becoming Follower/Learner. State: Replica: 76629c0f0b03415a965aaec706830ee6, State: Initialized, Role: FOLLOWER
I20260608 12:46:51.239887 27957 tablet_bootstrap.cc:492] T 841550e0202844d5a05232740cecbfcb P d5a38e0cab804151b47fdab480a5eef0: No bootstrap required, opened a new log
I20260608 12:46:51.242024 27958 consensus_queue.cc:260] T 839f3a90218a4187ac60c311138f28b5 P 76629c0f0b03415a965aaec706830ee6 [NON_LEADER]: Queue going to NON_LEADER mode. State: All replicated index: 0, Majority replicated index: 0, Committed index: 0, Last appended: 0.0, Last appended by leader: 0, Current term: 0, Majority size: -1, State: 0, Mode: NON_LEADER, active raft config: opid_index: -1 OBSOLETE_local: false peers { permanent_uuid: "76629c0f0b03415a965aaec706830ee6" member_type: VOTER last_known_addr { host: "127.24.50.1" port: 38463 } } peers { permanent_uuid: "d5a38e0cab804151b47fdab480a5eef0" member_type: VOTER last_known_addr { host: "127.24.50.2" port: 34089 } } peers { permanent_uuid: "0d0bd55a170d4411a26e6d758b49034e" member_type: VOTER last_known_addr { host: "127.24.50.3" port: 38253 } }
I20260608 12:46:51.242864 27957 ts_tablet_manager.cc:1403] T 841550e0202844d5a05232740cecbfcb P d5a38e0cab804151b47fdab480a5eef0: Time spent bootstrapping tablet: real 0.130s	user 0.054s	sys 0.067s
I20260608 12:46:51.243921 27960 raft_consensus.cc:359] T 839f3a90218a4187ac60c311138f28b5 P 0d0bd55a170d4411a26e6d758b49034e [term 0 FOLLOWER]: Replica starting. Triggering 0 pending ops. Active config: opid_index: -1 OBSOLETE_local: false peers { permanent_uuid: "76629c0f0b03415a965aaec706830ee6" member_type: VOTER last_known_addr { host: "127.24.50.1" port: 38463 } } peers { permanent_uuid: "d5a38e0cab804151b47fdab480a5eef0" member_type: VOTER last_known_addr { host: "127.24.50.2" port: 34089 } } peers { permanent_uuid: "0d0bd55a170d4411a26e6d758b49034e" member_type: VOTER last_known_addr { host: "127.24.50.3" port: 38253 } }
I20260608 12:46:51.244453 27958 ts_tablet_manager.cc:1434] T 839f3a90218a4187ac60c311138f28b5 P 76629c0f0b03415a965aaec706830ee6: Time spent starting tablet: real 0.008s	user 0.009s	sys 0.000s
I20260608 12:46:51.244678 27960 raft_consensus.cc:385] T 839f3a90218a4187ac60c311138f28b5 P 0d0bd55a170d4411a26e6d758b49034e [term 0 FOLLOWER]: Consensus starting up: Expiring failure detector timer to make a prompt election more likely
I20260608 12:46:51.245025 27960 raft_consensus.cc:740] T 839f3a90218a4187ac60c311138f28b5 P 0d0bd55a170d4411a26e6d758b49034e [term 0 FOLLOWER]: Becoming Follower/Learner. State: Replica: 0d0bd55a170d4411a26e6d758b49034e, State: Initialized, Role: FOLLOWER
I20260608 12:46:51.245776 27960 consensus_queue.cc:260] T 839f3a90218a4187ac60c311138f28b5 P 0d0bd55a170d4411a26e6d758b49034e [NON_LEADER]: Queue going to NON_LEADER mode. State: All replicated index: 0, Majority replicated index: 0, Committed index: 0, Last appended: 0.0, Last appended by leader: 0, Current term: 0, Majority size: -1, State: 0, Mode: NON_LEADER, active raft config: opid_index: -1 OBSOLETE_local: false peers { permanent_uuid: "76629c0f0b03415a965aaec706830ee6" member_type: VOTER last_known_addr { host: "127.24.50.1" port: 38463 } } peers { permanent_uuid: "d5a38e0cab804151b47fdab480a5eef0" member_type: VOTER last_known_addr { host: "127.24.50.2" port: 34089 } } peers { permanent_uuid: "0d0bd55a170d4411a26e6d758b49034e" member_type: VOTER last_known_addr { host: "127.24.50.3" port: 38253 } }
I20260608 12:46:51.245895 27957 raft_consensus.cc:359] T 841550e0202844d5a05232740cecbfcb P d5a38e0cab804151b47fdab480a5eef0 [term 0 FOLLOWER]: Replica starting. Triggering 0 pending ops. Active config: opid_index: -1 OBSOLETE_local: false peers { permanent_uuid: "76629c0f0b03415a965aaec706830ee6" member_type: VOTER last_known_addr { host: "127.24.50.1" port: 38463 } } peers { permanent_uuid: "d5a38e0cab804151b47fdab480a5eef0" member_type: VOTER last_known_addr { host: "127.24.50.2" port: 34089 } } peers { permanent_uuid: "0d0bd55a170d4411a26e6d758b49034e" member_type: VOTER last_known_addr { host: "127.24.50.3" port: 38253 } }
I20260608 12:46:51.246709 27957 raft_consensus.cc:385] T 841550e0202844d5a05232740cecbfcb P d5a38e0cab804151b47fdab480a5eef0 [term 0 FOLLOWER]: Consensus starting up: Expiring failure detector timer to make a prompt election more likely
I20260608 12:46:51.247043 27957 raft_consensus.cc:740] T 841550e0202844d5a05232740cecbfcb P d5a38e0cab804151b47fdab480a5eef0 [term 0 FOLLOWER]: Becoming Follower/Learner. State: Replica: d5a38e0cab804151b47fdab480a5eef0, State: Initialized, Role: FOLLOWER
I20260608 12:46:51.247768 27957 consensus_queue.cc:260] T 841550e0202844d5a05232740cecbfcb P d5a38e0cab804151b47fdab480a5eef0 [NON_LEADER]: Queue going to NON_LEADER mode. State: All replicated index: 0, Majority replicated index: 0, Committed index: 0, Last appended: 0.0, Last appended by leader: 0, Current term: 0, Majority size: -1, State: 0, Mode: NON_LEADER, active raft config: opid_index: -1 OBSOLETE_local: false peers { permanent_uuid: "76629c0f0b03415a965aaec706830ee6" member_type: VOTER last_known_addr { host: "127.24.50.1" port: 38463 } } peers { permanent_uuid: "d5a38e0cab804151b47fdab480a5eef0" member_type: VOTER last_known_addr { host: "127.24.50.2" port: 34089 } } peers { permanent_uuid: "0d0bd55a170d4411a26e6d758b49034e" member_type: VOTER last_known_addr { host: "127.24.50.3" port: 38253 } }
I20260608 12:46:51.249441 27958 tablet_bootstrap.cc:492] T c1c6d2d10a0f4633aa0a3b7f295b68c9 P 76629c0f0b03415a965aaec706830ee6: Bootstrap starting.
I20260608 12:46:51.250195 27957 ts_tablet_manager.cc:1434] T 841550e0202844d5a05232740cecbfcb P d5a38e0cab804151b47fdab480a5eef0: Time spent starting tablet: real 0.007s	user 0.004s	sys 0.000s
I20260608 12:46:51.250087 27911 tablet_service.cc:1917] Received RequestConsensusVote() RPC: tablet_id: "a54ece21d7444c16b5fcf9251f455804" candidate_uuid: "d5a38e0cab804151b47fdab480a5eef0" candidate_term: 1 candidate_status { last_received { term: 0 index: 0 } } ignore_live_leader: false dest_uuid: "0d0bd55a170d4411a26e6d758b49034e" is_pre_election: true
I20260608 12:46:51.251351 27957 tablet_bootstrap.cc:492] T 8802e41243eb47bda52db5d9bccaadd5 P d5a38e0cab804151b47fdab480a5eef0: Bootstrap starting.
I20260608 12:46:51.251936 27910 tablet_service.cc:1917] Received RequestConsensusVote() RPC: tablet_id: "c1c6d2d10a0f4633aa0a3b7f295b68c9" candidate_uuid: "d5a38e0cab804151b47fdab480a5eef0" candidate_term: 1 candidate_status { last_received { term: 0 index: 0 } } ignore_live_leader: false dest_uuid: "0d0bd55a170d4411a26e6d758b49034e" is_pre_election: true
I20260608 12:46:51.255430 27960 ts_tablet_manager.cc:1434] T 839f3a90218a4187ac60c311138f28b5 P 0d0bd55a170d4411a26e6d758b49034e: Time spent starting tablet: real 0.014s	user 0.008s	sys 0.007s
W20260608 12:46:51.255990 27803 leader_election.cc:343] T a54ece21d7444c16b5fcf9251f455804 P d5a38e0cab804151b47fdab480a5eef0 [CANDIDATE]: Term 1 pre-election: Tablet error from VoteRequest() call to peer 0d0bd55a170d4411a26e6d758b49034e (127.24.50.3:38253): Illegal state: must be running to vote when last-logged opid is not known
W20260608 12:46:51.256865 27803 leader_election.cc:343] T c1c6d2d10a0f4633aa0a3b7f295b68c9 P d5a38e0cab804151b47fdab480a5eef0 [CANDIDATE]: Term 1 pre-election: Tablet error from VoteRequest() call to peer 0d0bd55a170d4411a26e6d758b49034e (127.24.50.3:38253): Illegal state: must be running to vote when last-logged opid is not known
I20260608 12:46:51.258308 27960 tablet_bootstrap.cc:492] T a54ece21d7444c16b5fcf9251f455804 P 0d0bd55a170d4411a26e6d758b49034e: Bootstrap starting.
I20260608 12:46:51.258502 27958 tablet_bootstrap.cc:654] T c1c6d2d10a0f4633aa0a3b7f295b68c9 P 76629c0f0b03415a965aaec706830ee6: Neither blocks nor log segments found. Creating new log.
I20260608 12:46:51.258692 27957 tablet_bootstrap.cc:654] T 8802e41243eb47bda52db5d9bccaadd5 P d5a38e0cab804151b47fdab480a5eef0: Neither blocks nor log segments found. Creating new log.
I20260608 12:46:51.259384 27762 tablet_service.cc:1917] Received RequestConsensusVote() RPC: tablet_id: "a54ece21d7444c16b5fcf9251f455804" candidate_uuid: "d5a38e0cab804151b47fdab480a5eef0" candidate_term: 1 candidate_status { last_received { term: 0 index: 0 } } ignore_live_leader: false dest_uuid: "76629c0f0b03415a965aaec706830ee6" is_pre_election: true
I20260608 12:46:51.260152 27762 raft_consensus.cc:2468] T a54ece21d7444c16b5fcf9251f455804 P 76629c0f0b03415a965aaec706830ee6 [term 0 FOLLOWER]: Leader pre-election vote request: Granting yes vote for candidate d5a38e0cab804151b47fdab480a5eef0 in term 0.
I20260608 12:46:51.266687 27960 tablet_bootstrap.cc:654] T a54ece21d7444c16b5fcf9251f455804 P 0d0bd55a170d4411a26e6d758b49034e: Neither blocks nor log segments found. Creating new log.
I20260608 12:46:51.268123 27958 tablet_bootstrap.cc:492] T c1c6d2d10a0f4633aa0a3b7f295b68c9 P 76629c0f0b03415a965aaec706830ee6: No bootstrap required, opened a new log
I20260608 12:46:51.268784 27958 ts_tablet_manager.cc:1403] T c1c6d2d10a0f4633aa0a3b7f295b68c9 P 76629c0f0b03415a965aaec706830ee6: Time spent bootstrapping tablet: real 0.020s	user 0.009s	sys 0.008s
I20260608 12:46:51.268515 27801 leader_election.cc:304] T a54ece21d7444c16b5fcf9251f455804 P d5a38e0cab804151b47fdab480a5eef0 [CANDIDATE]: Term 1 pre-election: Election decided. Result: candidate won. Election summary: received 3 responses out of 3 voters: 2 yes votes; 1 no votes. yes voters: 76629c0f0b03415a965aaec706830ee6, d5a38e0cab804151b47fdab480a5eef0; no voters: 0d0bd55a170d4411a26e6d758b49034e
I20260608 12:46:51.272406 27958 raft_consensus.cc:359] T c1c6d2d10a0f4633aa0a3b7f295b68c9 P 76629c0f0b03415a965aaec706830ee6 [term 0 FOLLOWER]: Replica starting. Triggering 0 pending ops. Active config: opid_index: -1 OBSOLETE_local: false peers { permanent_uuid: "76629c0f0b03415a965aaec706830ee6" member_type: VOTER last_known_addr { host: "127.24.50.1" port: 38463 } } peers { permanent_uuid: "d5a38e0cab804151b47fdab480a5eef0" member_type: VOTER last_known_addr { host: "127.24.50.2" port: 34089 } } peers { permanent_uuid: "0d0bd55a170d4411a26e6d758b49034e" member_type: VOTER last_known_addr { host: "127.24.50.3" port: 38253 } }
I20260608 12:46:51.274427 27978 raft_consensus.cc:493] T 839f3a90218a4187ac60c311138f28b5 P 0d0bd55a170d4411a26e6d758b49034e [term 0 FOLLOWER]: Starting pre-election (no leader contacted us within the election timeout)
I20260608 12:46:51.274823 27964 leader_election.cc:290] T cdee26a4cb1449d8af58cfec5d6b75f2 P 0d0bd55a170d4411a26e6d758b49034e [CANDIDATE]: Term 1 pre-election: Requested pre-vote from peers 76629c0f0b03415a965aaec706830ee6 (127.24.50.1:38463), d5a38e0cab804151b47fdab480a5eef0 (127.24.50.2:34089)
I20260608 12:46:51.274995 27978 raft_consensus.cc:515] T 839f3a90218a4187ac60c311138f28b5 P 0d0bd55a170d4411a26e6d758b49034e [term 0 FOLLOWER]: Starting pre-election with config: opid_index: -1 OBSOLETE_local: false peers { permanent_uuid: "76629c0f0b03415a965aaec706830ee6" member_type: VOTER last_known_addr { host: "127.24.50.1" port: 38463 } } peers { permanent_uuid: "d5a38e0cab804151b47fdab480a5eef0" member_type: VOTER last_known_addr { host: "127.24.50.2" port: 34089 } } peers { permanent_uuid: "0d0bd55a170d4411a26e6d758b49034e" member_type: VOTER last_known_addr { host: "127.24.50.3" port: 38253 } }
