I20260608 12:37:25.192726   431 fs_manager.cc:1068] Generated new instance metadata in path /tmp/dist-test-taskM7hpHn/test-tmp/auto_rebalancer-test.0.AutoRebalancerTest.MovesScheduledIfAddTserver.1780922218396525-431-0/minicluster-data/ts-1-root/instance:
uuid: "74b556e2ad024d65a2b72015781efda4"
format_stamp: "Formatted at 2026-06-08 12:37:25 on dist-test-slave-5t9v"
I20260608 12:37:25.193274  2277 heartbeater.cc:344] Connected to a master server at 127.0.107.254:40513
I20260608 12:37:25.193711  2277 heartbeater.cc:461] Registering TS with master...
I20260608 12:37:25.194684  2277 heartbeater.cc:507] Master 127.0.107.254:40513 requested a full tablet report, sending...
I20260608 12:37:25.197019  2150 ts_manager.cc:194] Registered new tserver with Master: 94da57e0fb9e4dfd83016a79064f64fb (127.0.107.193:42385)
I20260608 12:37:25.198400   431 fs_manager.cc:696] Time spent creating directory manager: real 0.005s	user 0.002s	sys 0.004s
I20260608 12:37:25.199241  2150 master_service.cc:502] Signed X509 certificate for tserver {username='slave'} at 127.0.0.1:56042
I20260608 12:37:25.202369  2289 log_block_manager.cc:4031] Time spent loading block containers with low live blocks: real 0.000s	user 0.000s	sys 0.000s
I20260608 12:37:25.203192   431 fs_manager.cc:730] Time spent opening block manager: real 0.003s	user 0.002s	sys 0.001s
I20260608 12:37:25.203438   431 fs_manager.cc:647] Opened local filesystem: /tmp/dist-test-taskM7hpHn/test-tmp/auto_rebalancer-test.0.AutoRebalancerTest.MovesScheduledIfAddTserver.1780922218396525-431-0/minicluster-data/ts-1-root
uuid: "74b556e2ad024d65a2b72015781efda4"
format_stamp: "Formatted at 2026-06-08 12:37:25 on dist-test-slave-5t9v"
I20260608 12:37:25.203682   431 fs_report.cc:389] FS layout report
--------------------
wal directory: /tmp/dist-test-taskM7hpHn/test-tmp/auto_rebalancer-test.0.AutoRebalancerTest.MovesScheduledIfAddTserver.1780922218396525-431-0/minicluster-data/ts-1-root
metadata directory: /tmp/dist-test-taskM7hpHn/test-tmp/auto_rebalancer-test.0.AutoRebalancerTest.MovesScheduledIfAddTserver.1780922218396525-431-0/minicluster-data/ts-1-root
1 data directories: /tmp/dist-test-taskM7hpHn/test-tmp/auto_rebalancer-test.0.AutoRebalancerTest.MovesScheduledIfAddTserver.1780922218396525-431-0/minicluster-data/ts-1-root/data
Total live blocks: 0
Total live bytes: 0
Total live bytes (after alignment): 0
Total number of LBM containers: 0 (0 full)
Did not check for missing blocks
Did not check for orphaned blocks
Total full LBM containers with extra space: 0 (0 repaired)
Total full LBM container extra space in bytes: 0 (0 repaired)
Total incomplete LBM containers: 0 (0 repaired)
Total LBM partial records: 0 (0 repaired)
Total corrupted LBM metadata records in RocksDB: 0 (0 repaired)
I20260608 12:37:25.225236   431 rpc_server.cc:225] running with OpenSSL 1.1.1  11 Sep 2018
I20260608 12:37:25.226428   431 kserver.cc:163] Server-wide thread pool size limit: 3276
I20260608 12:37:25.228475   431 txn_system_client.cc:432] TxnSystemClient initialization is disabled...
I20260608 12:37:25.231774   431 ts_tablet_manager.cc:585] Loaded tablet metadata (0 total tablets, 0 live tablets)
I20260608 12:37:25.232072   431 ts_tablet_manager.cc:531] Time spent load tablet metadata: real 0.000s	user 0.000s	sys 0.000s
I20260608 12:37:25.232362   431 ts_tablet_manager.cc:616] Registered 0 tablets
I20260608 12:37:25.232585   431 ts_tablet_manager.cc:595] Time spent register tablets: real 0.000s	user 0.000s	sys 0.000s
I20260608 12:37:25.270543   431 rpc_server.cc:307] RPC server started. Bound to: 127.0.107.194:33231
I20260608 12:37:25.270668  2351 acceptor_pool.cc:272] collecting diagnostics on the listening RPC socket 127.0.107.194:33231 every 8 connection(s)
I20260608 12:37:25.275362   431 file_cache.cc:492] Constructed file cache file cache with capacity 419430
W20260608 12:37:25.282804  2355 instance_detector.cc:116] could not retrieve AWS instance metadata: Network error: curl error: HTTP response code said error: The requested URL returned error: 404
W20260608 12:37:25.283574  2356 instance_detector.cc:116] could not retrieve Azure instance metadata: Network error: curl error: HTTP response code said error: The requested URL returned error: 404
I20260608 12:37:25.286289   431 server_base.cc:1061] running on GCE node
W20260608 12:37:25.286867  2358 instance_detector.cc:116] could not retrieve OpenStack instance metadata: Network error: curl error: HTTP response code said error: The requested URL returned error: 404
I20260608 12:37:25.287600  2352 heartbeater.cc:344] Connected to a master server at 127.0.107.254:40513
I20260608 12:37:25.287772   431 hybrid_clock.cc:584] initializing the hybrid clock with 'system_unsync' time source
I20260608 12:37:25.287940  2352 heartbeater.cc:461] Registering TS with master...
W20260608 12:37:25.288036   431 system_unsync_time.cc:38] NTP support is disabled. Clock error bounds will not be accurate. This configuration is not suitable for distributed clusters.
I20260608 12:37:25.288290   431 hybrid_clock.cc:648] HybridClock initialized: now 1780922245288274 us; error 0 us; skew 500 ppm
I20260608 12:37:25.288762  2352 heartbeater.cc:507] Master 127.0.107.254:40513 requested a full tablet report, sending...
I20260608 12:37:25.288892   431 server_base.cc:861] Flag tcmalloc_max_total_thread_cache_bytes is not working since tcmalloc is not enabled.
I20260608 12:37:25.291105  2150 ts_manager.cc:194] Registered new tserver with Master: 74b556e2ad024d65a2b72015781efda4 (127.0.107.194:33231)
I20260608 12:37:25.291563   431 webserver.cc:533] Webserver started at http://127.0.107.195:38899/ using document root <none> and password file <none>
I20260608 12:37:25.292248   431 fs_manager.cc:362] Metadata directory not provided
I20260608 12:37:25.292493   431 fs_manager.cc:368] Using write-ahead log directory (fs_wal_dir) as metadata directory
I20260608 12:37:25.292819   431 server_base.cc:909] This appears to be a new deployment of Kudu; creating new FS layout
I20260608 12:37:25.292994  2150 master_service.cc:502] Signed X509 certificate for tserver {username='slave'} at 127.0.0.1:56058
I20260608 12:37:25.294234   431 fs_manager.cc:1068] Generated new instance metadata in path /tmp/dist-test-taskM7hpHn/test-tmp/auto_rebalancer-test.0.AutoRebalancerTest.MovesScheduledIfAddTserver.1780922218396525-431-0/minicluster-data/ts-2-root/instance:
uuid: "97467377f8534e36ad504586c8fb7203"
format_stamp: "Formatted at 2026-06-08 12:37:25 on dist-test-slave-5t9v"
I20260608 12:37:25.298659   431 fs_manager.cc:696] Time spent creating directory manager: real 0.004s	user 0.003s	sys 0.001s
I20260608 12:37:25.302096  2363 log_block_manager.cc:4031] Time spent loading block containers with low live blocks: real 0.000s	user 0.000s	sys 0.000s
I20260608 12:37:25.302836   431 fs_manager.cc:730] Time spent opening block manager: real 0.002s	user 0.003s	sys 0.000s
I20260608 12:37:25.303131   431 fs_manager.cc:647] Opened local filesystem: /tmp/dist-test-taskM7hpHn/test-tmp/auto_rebalancer-test.0.AutoRebalancerTest.MovesScheduledIfAddTserver.1780922218396525-431-0/minicluster-data/ts-2-root
uuid: "97467377f8534e36ad504586c8fb7203"
format_stamp: "Formatted at 2026-06-08 12:37:25 on dist-test-slave-5t9v"
I20260608 12:37:25.303438   431 fs_report.cc:389] FS layout report
--------------------
wal directory: /tmp/dist-test-taskM7hpHn/test-tmp/auto_rebalancer-test.0.AutoRebalancerTest.MovesScheduledIfAddTserver.1780922218396525-431-0/minicluster-data/ts-2-root
metadata directory: /tmp/dist-test-taskM7hpHn/test-tmp/auto_rebalancer-test.0.AutoRebalancerTest.MovesScheduledIfAddTserver.1780922218396525-431-0/minicluster-data/ts-2-root
1 data directories: /tmp/dist-test-taskM7hpHn/test-tmp/auto_rebalancer-test.0.AutoRebalancerTest.MovesScheduledIfAddTserver.1780922218396525-431-0/minicluster-data/ts-2-root/data
Total live blocks: 0
Total live bytes: 0
Total live bytes (after alignment): 0
Total number of LBM containers: 0 (0 full)
Did not check for missing blocks
Did not check for orphaned blocks
Total full LBM containers with extra space: 0 (0 repaired)
Total full LBM container extra space in bytes: 0 (0 repaired)
Total incomplete LBM containers: 0 (0 repaired)
Total LBM partial records: 0 (0 repaired)
Total corrupted LBM metadata records in RocksDB: 0 (0 repaired)
I20260608 12:37:25.332497   431 rpc_server.cc:225] running with OpenSSL 1.1.1  11 Sep 2018
I20260608 12:37:25.333612   431 kserver.cc:163] Server-wide thread pool size limit: 3276
I20260608 12:37:25.335045   431 txn_system_client.cc:432] TxnSystemClient initialization is disabled...
I20260608 12:37:25.337523   431 ts_tablet_manager.cc:585] Loaded tablet metadata (0 total tablets, 0 live tablets)
I20260608 12:37:25.337757   431 ts_tablet_manager.cc:531] Time spent load tablet metadata: real 0.000s	user 0.000s	sys 0.000s
I20260608 12:37:25.338016   431 ts_tablet_manager.cc:616] Registered 0 tablets
I20260608 12:37:25.338181   431 ts_tablet_manager.cc:595] Time spent register tablets: real 0.000s	user 0.000s	sys 0.000s
I20260608 12:37:25.375259   431 rpc_server.cc:307] RPC server started. Bound to: 127.0.107.195:35925
I20260608 12:37:25.375362  2425 acceptor_pool.cc:272] collecting diagnostics on the listening RPC socket 127.0.107.195:35925 every 8 connection(s)
I20260608 12:37:25.390301  2426 heartbeater.cc:344] Connected to a master server at 127.0.107.254:40513
I20260608 12:37:25.390762  2426 heartbeater.cc:461] Registering TS with master...
I20260608 12:37:25.391511  2426 heartbeater.cc:507] Master 127.0.107.254:40513 requested a full tablet report, sending...
I20260608 12:37:25.393664  2150 ts_manager.cc:194] Registered new tserver with Master: 97467377f8534e36ad504586c8fb7203 (127.0.107.195:35925)
I20260608 12:37:25.394253   431 internal_mini_cluster.cc:371] 3 TS(s) registered with all masters after 0.014997235s
I20260608 12:37:25.395138  2150 master_service.cc:502] Signed X509 certificate for tserver {username='slave'} at 127.0.0.1:56066
I20260608 12:37:26.201982  2277 heartbeater.cc:499] Master 127.0.107.254:40513 was elected leader, sending a full tablet report...
I20260608 12:37:26.295727  2352 heartbeater.cc:499] Master 127.0.107.254:40513 was elected leader, sending a full tablet report...
I20260608 12:37:26.397746  2426 heartbeater.cc:499] Master 127.0.107.254:40513 was elected leader, sending a full tablet report...
I20260608 12:37:26.448869  2150 catalog_manager.cc:2282] Servicing CreateTable request from {username='slave'} at 127.0.0.1:56080:
name: "test-workload"
schema {
  columns {
    name: "key"
    type: INT32
    is_key: true
    is_nullable: false
    encoding: AUTO_ENCODING
    compression: DEFAULT_COMPRESSION
    cfile_block_size: 0
    immutable: false
  }
  columns {
    name: "int_val"
    type: INT32
    is_key: false
    is_nullable: false
    encoding: AUTO_ENCODING
    compression: DEFAULT_COMPRESSION
    cfile_block_size: 0
    immutable: false
  }
  columns {
    name: "string_val"
    type: STRING
    is_key: false
    is_nullable: true
    encoding: AUTO_ENCODING
    compression: DEFAULT_COMPRESSION
    cfile_block_size: 0
    immutable: false
  }
}
num_replicas: 3
split_rows_range_bounds {
  rows: "\004\001\000\377\377\377?""\004\001\000\377\377\377?"
  indirect_data: """"
}
partition_schema {
  range_schema {
    columns {
      name: "key"
    }
  }
}
W20260608 12:37:26.450881  2150 catalog_manager.cc:7076] The number of live tablet servers is not enough to re-replicate a tablet replica of the newly created table test-workload in case of a server failure: 4 tablet servers would be needed, 3 are available. Consider bringing up more tablet servers.
I20260608 12:37:26.494819  2317 tablet_service.cc:1511] Processing CreateTablet for tablet 4d5cbb5124104fcaa70e6d4191b9b367 (DEFAULT_TABLE table=test-workload [id=2bd8ac617e344934bf2202c588c2f886]), partition=RANGE (key) PARTITION VALUES < 1073741823
I20260608 12:37:26.496366  2317 data_dirs.cc:400] Could only allocate 1 dirs of requested 3 for tablet 4d5cbb5124104fcaa70e6d4191b9b367. 1 dirs total, 0 dirs full, 0 dirs failed
I20260608 12:37:26.499135  2316 tablet_service.cc:1511] Processing CreateTablet for tablet 48a1ad7aa31b427b9c3c66ee651e7dac (DEFAULT_TABLE table=test-workload [id=2bd8ac617e344934bf2202c588c2f886]), partition=RANGE (key) PARTITION 1073741823 <= VALUES
I20260608 12:37:26.500507  2316 data_dirs.cc:400] Could only allocate 1 dirs of requested 3 for tablet 48a1ad7aa31b427b9c3c66ee651e7dac. 1 dirs total, 0 dirs full, 0 dirs failed
I20260608 12:37:26.513307  2242 tablet_service.cc:1511] Processing CreateTablet for tablet 4d5cbb5124104fcaa70e6d4191b9b367 (DEFAULT_TABLE table=test-workload [id=2bd8ac617e344934bf2202c588c2f886]), partition=RANGE (key) PARTITION VALUES < 1073741823
I20260608 12:37:26.514976  2242 data_dirs.cc:400] Could only allocate 1 dirs of requested 3 for tablet 4d5cbb5124104fcaa70e6d4191b9b367. 1 dirs total, 0 dirs full, 0 dirs failed
I20260608 12:37:26.514717  2390 tablet_service.cc:1511] Processing CreateTablet for tablet 48a1ad7aa31b427b9c3c66ee651e7dac (DEFAULT_TABLE table=test-workload [id=2bd8ac617e344934bf2202c588c2f886]), partition=RANGE (key) PARTITION 1073741823 <= VALUES
I20260608 12:37:26.516062  2390 data_dirs.cc:400] Could only allocate 1 dirs of requested 3 for tablet 48a1ad7aa31b427b9c3c66ee651e7dac. 1 dirs total, 0 dirs full, 0 dirs failed
I20260608 12:37:26.513401  2391 tablet_service.cc:1511] Processing CreateTablet for tablet 4d5cbb5124104fcaa70e6d4191b9b367 (DEFAULT_TABLE table=test-workload [id=2bd8ac617e344934bf2202c588c2f886]), partition=RANGE (key) PARTITION VALUES < 1073741823
I20260608 12:37:26.519234  2241 tablet_service.cc:1511] Processing CreateTablet for tablet 48a1ad7aa31b427b9c3c66ee651e7dac (DEFAULT_TABLE table=test-workload [id=2bd8ac617e344934bf2202c588c2f886]), partition=RANGE (key) PARTITION 1073741823 <= VALUES
I20260608 12:37:26.520723  2241 data_dirs.cc:400] Could only allocate 1 dirs of requested 3 for tablet 48a1ad7aa31b427b9c3c66ee651e7dac. 1 dirs total, 0 dirs full, 0 dirs failed
I20260608 12:37:26.519318  2391 data_dirs.cc:400] Could only allocate 1 dirs of requested 3 for tablet 4d5cbb5124104fcaa70e6d4191b9b367. 1 dirs total, 0 dirs full, 0 dirs failed
I20260608 12:37:26.547987  2447 tablet_bootstrap.cc:492] T 48a1ad7aa31b427b9c3c66ee651e7dac P 97467377f8534e36ad504586c8fb7203: Bootstrap starting.
I20260608 12:37:26.548884  2446 tablet_bootstrap.cc:492] T 4d5cbb5124104fcaa70e6d4191b9b367 P 74b556e2ad024d65a2b72015781efda4: Bootstrap starting.
I20260608 12:37:26.550537  2448 tablet_bootstrap.cc:492] T 48a1ad7aa31b427b9c3c66ee651e7dac P 94da57e0fb9e4dfd83016a79064f64fb: Bootstrap starting.
I20260608 12:37:26.555784  2446 tablet_bootstrap.cc:654] T 4d5cbb5124104fcaa70e6d4191b9b367 P 74b556e2ad024d65a2b72015781efda4: Neither blocks nor log segments found. Creating new log.
I20260608 12:37:26.555955  2448 tablet_bootstrap.cc:654] T 48a1ad7aa31b427b9c3c66ee651e7dac P 94da57e0fb9e4dfd83016a79064f64fb: Neither blocks nor log segments found. Creating new log.
I20260608 12:37:26.557314  2447 tablet_bootstrap.cc:654] T 48a1ad7aa31b427b9c3c66ee651e7dac P 97467377f8534e36ad504586c8fb7203: Neither blocks nor log segments found. Creating new log.
I20260608 12:37:26.561030  2448 tablet_bootstrap.cc:492] T 48a1ad7aa31b427b9c3c66ee651e7dac P 94da57e0fb9e4dfd83016a79064f64fb: No bootstrap required, opened a new log
I20260608 12:37:26.561111  2446 tablet_bootstrap.cc:492] T 4d5cbb5124104fcaa70e6d4191b9b367 P 74b556e2ad024d65a2b72015781efda4: No bootstrap required, opened a new log
I20260608 12:37:26.561723  2448 ts_tablet_manager.cc:1403] T 48a1ad7aa31b427b9c3c66ee651e7dac P 94da57e0fb9e4dfd83016a79064f64fb: Time spent bootstrapping tablet: real 0.011s	user 0.003s	sys 0.008s
I20260608 12:37:26.562014  2446 ts_tablet_manager.cc:1403] T 4d5cbb5124104fcaa70e6d4191b9b367 P 74b556e2ad024d65a2b72015781efda4: Time spent bootstrapping tablet: real 0.013s	user 0.013s	sys 0.000s
I20260608 12:37:26.563174  2447 tablet_bootstrap.cc:492] T 48a1ad7aa31b427b9c3c66ee651e7dac P 97467377f8534e36ad504586c8fb7203: No bootstrap required, opened a new log
I20260608 12:37:26.563798  2447 ts_tablet_manager.cc:1403] T 48a1ad7aa31b427b9c3c66ee651e7dac P 97467377f8534e36ad504586c8fb7203: Time spent bootstrapping tablet: real 0.016s	user 0.010s	sys 0.000s
I20260608 12:37:26.564599  2446 raft_consensus.cc:359] T 4d5cbb5124104fcaa70e6d4191b9b367 P 74b556e2ad024d65a2b72015781efda4 [term 0 FOLLOWER]: Replica starting. Triggering 0 pending ops. Active config: opid_index: -1 OBSOLETE_local: false peers { permanent_uuid: "74b556e2ad024d65a2b72015781efda4" member_type: VOTER last_known_addr { host: "127.0.107.194" port: 33231 } } peers { permanent_uuid: "94da57e0fb9e4dfd83016a79064f64fb" member_type: VOTER last_known_addr { host: "127.0.107.193" port: 42385 } } peers { permanent_uuid: "97467377f8534e36ad504586c8fb7203" member_type: VOTER last_known_addr { host: "127.0.107.195" port: 35925 } }
I20260608 12:37:26.565361  2446 raft_consensus.cc:385] T 4d5cbb5124104fcaa70e6d4191b9b367 P 74b556e2ad024d65a2b72015781efda4 [term 0 FOLLOWER]: Consensus starting up: Expiring failure detector timer to make a prompt election more likely
I20260608 12:37:26.565646  2446 raft_consensus.cc:740] T 4d5cbb5124104fcaa70e6d4191b9b367 P 74b556e2ad024d65a2b72015781efda4 [term 0 FOLLOWER]: Becoming Follower/Learner. State: Replica: 74b556e2ad024d65a2b72015781efda4, State: Initialized, Role: FOLLOWER
I20260608 12:37:26.565408  2448 raft_consensus.cc:359] T 48a1ad7aa31b427b9c3c66ee651e7dac P 94da57e0fb9e4dfd83016a79064f64fb [term 0 FOLLOWER]: Replica starting. Triggering 0 pending ops. Active config: opid_index: -1 OBSOLETE_local: false peers { permanent_uuid: "94da57e0fb9e4dfd83016a79064f64fb" member_type: VOTER last_known_addr { host: "127.0.107.193" port: 42385 } } peers { permanent_uuid: "74b556e2ad024d65a2b72015781efda4" member_type: VOTER last_known_addr { host: "127.0.107.194" port: 33231 } } peers { permanent_uuid: "97467377f8534e36ad504586c8fb7203" member_type: VOTER last_known_addr { host: "127.0.107.195" port: 35925 } }
I20260608 12:37:26.566341  2448 raft_consensus.cc:385] T 48a1ad7aa31b427b9c3c66ee651e7dac P 94da57e0fb9e4dfd83016a79064f64fb [term 0 FOLLOWER]: Consensus starting up: Expiring failure detector timer to make a prompt election more likely
I20260608 12:37:26.566745  2448 raft_consensus.cc:740] T 48a1ad7aa31b427b9c3c66ee651e7dac P 94da57e0fb9e4dfd83016a79064f64fb [term 0 FOLLOWER]: Becoming Follower/Learner. State: Replica: 94da57e0fb9e4dfd83016a79064f64fb, State: Initialized, Role: FOLLOWER
I20260608 12:37:26.566352  2446 consensus_queue.cc:260] T 4d5cbb5124104fcaa70e6d4191b9b367 P 74b556e2ad024d65a2b72015781efda4 [NON_LEADER]: Queue going to NON_LEADER mode. State: All replicated index: 0, Majority replicated index: 0, Committed index: 0, Last appended: 0.0, Last appended by leader: 0, Current term: 0, Majority size: -1, State: 0, Mode: NON_LEADER, active raft config: opid_index: -1 OBSOLETE_local: false peers { permanent_uuid: "74b556e2ad024d65a2b72015781efda4" member_type: VOTER last_known_addr { host: "127.0.107.194" port: 33231 } } peers { permanent_uuid: "94da57e0fb9e4dfd83016a79064f64fb" member_type: VOTER last_known_addr { host: "127.0.107.193" port: 42385 } } peers { permanent_uuid: "97467377f8534e36ad504586c8fb7203" member_type: VOTER last_known_addr { host: "127.0.107.195" port: 35925 } }
I20260608 12:37:26.567610  2448 consensus_queue.cc:260] T 48a1ad7aa31b427b9c3c66ee651e7dac P 94da57e0fb9e4dfd83016a79064f64fb [NON_LEADER]: Queue going to NON_LEADER mode. State: All replicated index: 0, Majority replicated index: 0, Committed index: 0, Last appended: 0.0, Last appended by leader: 0, Current term: 0, Majority size: -1, State: 0, Mode: NON_LEADER, active raft config: opid_index: -1 OBSOLETE_local: false peers { permanent_uuid: "94da57e0fb9e4dfd83016a79064f64fb" member_type: VOTER last_known_addr { host: "127.0.107.193" port: 42385 } } peers { permanent_uuid: "74b556e2ad024d65a2b72015781efda4" member_type: VOTER last_known_addr { host: "127.0.107.194" port: 33231 } } peers { permanent_uuid: "97467377f8534e36ad504586c8fb7203" member_type: VOTER last_known_addr { host: "127.0.107.195" port: 35925 } }
I20260608 12:37:26.567979  2447 raft_consensus.cc:359] T 48a1ad7aa31b427b9c3c66ee651e7dac P 97467377f8534e36ad504586c8fb7203 [term 0 FOLLOWER]: Replica starting. Triggering 0 pending ops. Active config: opid_index: -1 OBSOLETE_local: false peers { permanent_uuid: "94da57e0fb9e4dfd83016a79064f64fb" member_type: VOTER last_known_addr { host: "127.0.107.193" port: 42385 } } peers { permanent_uuid: "74b556e2ad024d65a2b72015781efda4" member_type: VOTER last_known_addr { host: "127.0.107.194" port: 33231 } } peers { permanent_uuid: "97467377f8534e36ad504586c8fb7203" member_type: VOTER last_known_addr { host: "127.0.107.195" port: 35925 } }
I20260608 12:37:26.568809  2447 raft_consensus.cc:385] T 48a1ad7aa31b427b9c3c66ee651e7dac P 97467377f8534e36ad504586c8fb7203 [term 0 FOLLOWER]: Consensus starting up: Expiring failure detector timer to make a prompt election more likely
I20260608 12:37:26.569150  2447 raft_consensus.cc:740] T 48a1ad7aa31b427b9c3c66ee651e7dac P 97467377f8534e36ad504586c8fb7203 [term 0 FOLLOWER]: Becoming Follower/Learner. State: Replica: 97467377f8534e36ad504586c8fb7203, State: Initialized, Role: FOLLOWER
I20260608 12:37:26.569753  2446 ts_tablet_manager.cc:1434] T 4d5cbb5124104fcaa70e6d4191b9b367 P 74b556e2ad024d65a2b72015781efda4: Time spent starting tablet: real 0.007s	user 0.002s	sys 0.004s
I20260608 12:37:26.570114  2447 consensus_queue.cc:260] T 48a1ad7aa31b427b9c3c66ee651e7dac P 97467377f8534e36ad504586c8fb7203 [NON_LEADER]: Queue going to NON_LEADER mode. State: All replicated index: 0, Majority replicated index: 0, Committed index: 0, Last appended: 0.0, Last appended by leader: 0, Current term: 0, Majority size: -1, State: 0, Mode: NON_LEADER, active raft config: opid_index: -1 OBSOLETE_local: false peers { permanent_uuid: "94da57e0fb9e4dfd83016a79064f64fb" member_type: VOTER last_known_addr { host: "127.0.107.193" port: 42385 } } peers { permanent_uuid: "74b556e2ad024d65a2b72015781efda4" member_type: VOTER last_known_addr { host: "127.0.107.194" port: 33231 } } peers { permanent_uuid: "97467377f8534e36ad504586c8fb7203" member_type: VOTER last_known_addr { host: "127.0.107.195" port: 35925 } }
I20260608 12:37:26.571247  2446 tablet_bootstrap.cc:492] T 48a1ad7aa31b427b9c3c66ee651e7dac P 74b556e2ad024d65a2b72015781efda4: Bootstrap starting.
I20260608 12:37:26.579447  2446 tablet_bootstrap.cc:654] T 48a1ad7aa31b427b9c3c66ee651e7dac P 74b556e2ad024d65a2b72015781efda4: Neither blocks nor log segments found. Creating new log.
I20260608 12:37:26.580796  2447 ts_tablet_manager.cc:1434] T 48a1ad7aa31b427b9c3c66ee651e7dac P 97467377f8534e36ad504586c8fb7203: Time spent starting tablet: real 0.017s	user 0.008s	sys 0.004s
I20260608 12:37:26.583372  2447 tablet_bootstrap.cc:492] T 4d5cbb5124104fcaa70e6d4191b9b367 P 97467377f8534e36ad504586c8fb7203: Bootstrap starting.
I20260608 12:37:26.581547  2448 ts_tablet_manager.cc:1434] T 48a1ad7aa31b427b9c3c66ee651e7dac P 94da57e0fb9e4dfd83016a79064f64fb: Time spent starting tablet: real 0.019s	user 0.007s	sys 0.011s
I20260608 12:37:26.589378  2448 tablet_bootstrap.cc:492] T 4d5cbb5124104fcaa70e6d4191b9b367 P 94da57e0fb9e4dfd83016a79064f64fb: Bootstrap starting.
I20260608 12:37:26.589844  2447 tablet_bootstrap.cc:654] T 4d5cbb5124104fcaa70e6d4191b9b367 P 97467377f8534e36ad504586c8fb7203: Neither blocks nor log segments found. Creating new log.
I20260608 12:37:26.590758  2446 tablet_bootstrap.cc:492] T 48a1ad7aa31b427b9c3c66ee651e7dac P 74b556e2ad024d65a2b72015781efda4: No bootstrap required, opened a new log
I20260608 12:37:26.591324  2446 ts_tablet_manager.cc:1403] T 48a1ad7aa31b427b9c3c66ee651e7dac P 74b556e2ad024d65a2b72015781efda4: Time spent bootstrapping tablet: real 0.021s	user 0.017s	sys 0.000s
I20260608 12:37:26.594548  2446 raft_consensus.cc:359] T 48a1ad7aa31b427b9c3c66ee651e7dac P 74b556e2ad024d65a2b72015781efda4 [term 0 FOLLOWER]: Replica starting. Triggering 0 pending ops. Active config: opid_index: -1 OBSOLETE_local: false peers { permanent_uuid: "94da57e0fb9e4dfd83016a79064f64fb" member_type: VOTER last_known_addr { host: "127.0.107.193" port: 42385 } } peers { permanent_uuid: "74b556e2ad024d65a2b72015781efda4" member_type: VOTER last_known_addr { host: "127.0.107.194" port: 33231 } } peers { permanent_uuid: "97467377f8534e36ad504586c8fb7203" member_type: VOTER last_known_addr { host: "127.0.107.195" port: 35925 } }
I20260608 12:37:26.595378  2446 raft_consensus.cc:385] T 48a1ad7aa31b427b9c3c66ee651e7dac P 74b556e2ad024d65a2b72015781efda4 [term 0 FOLLOWER]: Consensus starting up: Expiring failure detector timer to make a prompt election more likely
I20260608 12:37:26.595798  2446 raft_consensus.cc:740] T 48a1ad7aa31b427b9c3c66ee651e7dac P 74b556e2ad024d65a2b72015781efda4 [term 0 FOLLOWER]: Becoming Follower/Learner. State: Replica: 74b556e2ad024d65a2b72015781efda4, State: Initialized, Role: FOLLOWER
I20260608 12:37:26.596836  2448 tablet_bootstrap.cc:654] T 4d5cbb5124104fcaa70e6d4191b9b367 P 94da57e0fb9e4dfd83016a79064f64fb: Neither blocks nor log segments found. Creating new log.
I20260608 12:37:26.596638  2446 consensus_queue.cc:260] T 48a1ad7aa31b427b9c3c66ee651e7dac P 74b556e2ad024d65a2b72015781efda4 [NON_LEADER]: Queue going to NON_LEADER mode. State: All replicated index: 0, Majority replicated index: 0, Committed index: 0, Last appended: 0.0, Last appended by leader: 0, Current term: 0, Majority size: -1, State: 0, Mode: NON_LEADER, active raft config: opid_index: -1 OBSOLETE_local: false peers { permanent_uuid: "94da57e0fb9e4dfd83016a79064f64fb" member_type: VOTER last_known_addr { host: "127.0.107.193" port: 42385 } } peers { permanent_uuid: "74b556e2ad024d65a2b72015781efda4" member_type: VOTER last_known_addr { host: "127.0.107.194" port: 33231 } } peers { permanent_uuid: "97467377f8534e36ad504586c8fb7203" member_type: VOTER last_known_addr { host: "127.0.107.195" port: 35925 } }
I20260608 12:37:26.607471  2446 ts_tablet_manager.cc:1434] T 48a1ad7aa31b427b9c3c66ee651e7dac P 74b556e2ad024d65a2b72015781efda4: Time spent starting tablet: real 0.016s	user 0.007s	sys 0.001s
I20260608 12:37:26.609759  2448 tablet_bootstrap.cc:492] T 4d5cbb5124104fcaa70e6d4191b9b367 P 94da57e0fb9e4dfd83016a79064f64fb: No bootstrap required, opened a new log
I20260608 12:37:26.610430  2448 ts_tablet_manager.cc:1403] T 4d5cbb5124104fcaa70e6d4191b9b367 P 94da57e0fb9e4dfd83016a79064f64fb: Time spent bootstrapping tablet: real 0.021s	user 0.010s	sys 0.008s
I20260608 12:37:26.613600  2448 raft_consensus.cc:359] T 4d5cbb5124104fcaa70e6d4191b9b367 P 94da57e0fb9e4dfd83016a79064f64fb [term 0 FOLLOWER]: Replica starting. Triggering 0 pending ops. Active config: opid_index: -1 OBSOLETE_local: false peers { permanent_uuid: "74b556e2ad024d65a2b72015781efda4" member_type: VOTER last_known_addr { host: "127.0.107.194" port: 33231 } } peers { permanent_uuid: "94da57e0fb9e4dfd83016a79064f64fb" member_type: VOTER last_known_addr { host: "127.0.107.193" port: 42385 } } peers { permanent_uuid: "97467377f8534e36ad504586c8fb7203" member_type: VOTER last_known_addr { host: "127.0.107.195" port: 35925 } }
I20260608 12:37:26.614493  2448 raft_consensus.cc:385] T 4d5cbb5124104fcaa70e6d4191b9b367 P 94da57e0fb9e4dfd83016a79064f64fb [term 0 FOLLOWER]: Consensus starting up: Expiring failure detector timer to make a prompt election more likely
I20260608 12:37:26.614881  2448 raft_consensus.cc:740] T 4d5cbb5124104fcaa70e6d4191b9b367 P 94da57e0fb9e4dfd83016a79064f64fb [term 0 FOLLOWER]: Becoming Follower/Learner. State: Replica: 94da57e0fb9e4dfd83016a79064f64fb, State: Initialized, Role: FOLLOWER
I20260608 12:37:26.615764  2448 consensus_queue.cc:260] T 4d5cbb5124104fcaa70e6d4191b9b367 P 94da57e0fb9e4dfd83016a79064f64fb [NON_LEADER]: Queue going to NON_LEADER mode. State: All replicated index: 0, Majority replicated index: 0, Committed index: 0, Last appended: 0.0, Last appended by leader: 0, Current term: 0, Majority size: -1, State: 0, Mode: NON_LEADER, active raft config: opid_index: -1 OBSOLETE_local: false peers { permanent_uuid: "74b556e2ad024d65a2b72015781efda4" member_type: VOTER last_known_addr { host: "127.0.107.194" port: 33231 } } peers { permanent_uuid: "94da57e0fb9e4dfd83016a79064f64fb" member_type: VOTER last_known_addr { host: "127.0.107.193" port: 42385 } } peers { permanent_uuid: "97467377f8534e36ad504586c8fb7203" member_type: VOTER last_known_addr { host: "127.0.107.195" port: 35925 } }
I20260608 12:37:26.616943  2447 tablet_bootstrap.cc:492] T 4d5cbb5124104fcaa70e6d4191b9b367 P 97467377f8534e36ad504586c8fb7203: No bootstrap required, opened a new log
I20260608 12:37:26.617406  2447 ts_tablet_manager.cc:1403] T 4d5cbb5124104fcaa70e6d4191b9b367 P 97467377f8534e36ad504586c8fb7203: Time spent bootstrapping tablet: real 0.034s	user 0.009s	sys 0.022s
I20260608 12:37:26.618263  2448 ts_tablet_manager.cc:1434] T 4d5cbb5124104fcaa70e6d4191b9b367 P 94da57e0fb9e4dfd83016a79064f64fb: Time spent starting tablet: real 0.007s	user 0.003s	sys 0.004s
I20260608 12:37:26.619906  2447 raft_consensus.cc:359] T 4d5cbb5124104fcaa70e6d4191b9b367 P 97467377f8534e36ad504586c8fb7203 [term 0 FOLLOWER]: Replica starting. Triggering 0 pending ops. Active config: opid_index: -1 OBSOLETE_local: false peers { permanent_uuid: "74b556e2ad024d65a2b72015781efda4" member_type: VOTER last_known_addr { host: "127.0.107.194" port: 33231 } } peers { permanent_uuid: "94da57e0fb9e4dfd83016a79064f64fb" member_type: VOTER last_known_addr { host: "127.0.107.193" port: 42385 } } peers { permanent_uuid: "97467377f8534e36ad504586c8fb7203" member_type: VOTER last_known_addr { host: "127.0.107.195" port: 35925 } }
I20260608 12:37:26.620420  2447 raft_consensus.cc:385] T 4d5cbb5124104fcaa70e6d4191b9b367 P 97467377f8534e36ad504586c8fb7203 [term 0 FOLLOWER]: Consensus starting up: Expiring failure detector timer to make a prompt election more likely
I20260608 12:37:26.620647  2447 raft_consensus.cc:740] T 4d5cbb5124104fcaa70e6d4191b9b367 P 97467377f8534e36ad504586c8fb7203 [term 0 FOLLOWER]: Becoming Follower/Learner. State: Replica: 97467377f8534e36ad504586c8fb7203, State: Initialized, Role: FOLLOWER
I20260608 12:37:26.621248  2447 consensus_queue.cc:260] T 4d5cbb5124104fcaa70e6d4191b9b367 P 97467377f8534e36ad504586c8fb7203 [NON_LEADER]: Queue going to NON_LEADER mode. State: All replicated index: 0, Majority replicated index: 0, Committed index: 0, Last appended: 0.0, Last appended by leader: 0, Current term: 0, Majority size: -1, State: 0, Mode: NON_LEADER, active raft config: opid_index: -1 OBSOLETE_local: false peers { permanent_uuid: "74b556e2ad024d65a2b72015781efda4" member_type: VOTER last_known_addr { host: "127.0.107.194" port: 33231 } } peers { permanent_uuid: "94da57e0fb9e4dfd83016a79064f64fb" member_type: VOTER last_known_addr { host: "127.0.107.193" port: 42385 } } peers { permanent_uuid: "97467377f8534e36ad504586c8fb7203" member_type: VOTER last_known_addr { host: "127.0.107.195" port: 35925 } }
I20260608 12:37:26.623186  2447 ts_tablet_manager.cc:1434] T 4d5cbb5124104fcaa70e6d4191b9b367 P 97467377f8534e36ad504586c8fb7203: Time spent starting tablet: real 0.006s	user 0.006s	sys 0.000s
I20260608 12:37:26.674058  2453 raft_consensus.cc:493] T 4d5cbb5124104fcaa70e6d4191b9b367 P 94da57e0fb9e4dfd83016a79064f64fb [term 0 FOLLOWER]: Starting pre-election (no leader contacted us within the election timeout)
I20260608 12:37:26.674611  2453 raft_consensus.cc:515] T 4d5cbb5124104fcaa70e6d4191b9b367 P 94da57e0fb9e4dfd83016a79064f64fb [term 0 FOLLOWER]: Starting pre-election with config: opid_index: -1 OBSOLETE_local: false peers { permanent_uuid: "74b556e2ad024d65a2b72015781efda4" member_type: VOTER last_known_addr { host: "127.0.107.194" port: 33231 } } peers { permanent_uuid: "94da57e0fb9e4dfd83016a79064f64fb" member_type: VOTER last_known_addr { host: "127.0.107.193" port: 42385 } } peers { permanent_uuid: "97467377f8534e36ad504586c8fb7203" member_type: VOTER last_known_addr { host: "127.0.107.195" port: 35925 } }
I20260608 12:37:26.676898  2453 leader_election.cc:290] T 4d5cbb5124104fcaa70e6d4191b9b367 P 94da57e0fb9e4dfd83016a79064f64fb [CANDIDATE]: Term 1 pre-election: Requested pre-vote from peers 74b556e2ad024d65a2b72015781efda4 (127.0.107.194:33231), 97467377f8534e36ad504586c8fb7203 (127.0.107.195:35925)
I20260608 12:37:26.682859  2452 raft_consensus.cc:493] T 4d5cbb5124104fcaa70e6d4191b9b367 P 74b556e2ad024d65a2b72015781efda4 [term 0 FOLLOWER]: Starting pre-election (no leader contacted us within the election timeout)
I20260608 12:37:26.683389  2452 raft_consensus.cc:515] T 4d5cbb5124104fcaa70e6d4191b9b367 P 74b556e2ad024d65a2b72015781efda4 [term 0 FOLLOWER]: Starting pre-election with config: opid_index: -1 OBSOLETE_local: false peers { permanent_uuid: "74b556e2ad024d65a2b72015781efda4" member_type: VOTER last_known_addr { host: "127.0.107.194" port: 33231 } } peers { permanent_uuid: "94da57e0fb9e4dfd83016a79064f64fb" member_type: VOTER last_known_addr { host: "127.0.107.193" port: 42385 } } peers { permanent_uuid: "97467377f8534e36ad504586c8fb7203" member_type: VOTER last_known_addr { host: "127.0.107.195" port: 35925 } }
I20260608 12:37:26.688061  2401 tablet_service.cc:1917] Received RequestConsensusVote() RPC: tablet_id: "4d5cbb5124104fcaa70e6d4191b9b367" candidate_uuid: "94da57e0fb9e4dfd83016a79064f64fb" candidate_term: 1 candidate_status { last_received { term: 0 index: 0 } } ignore_live_leader: false dest_uuid: "97467377f8534e36ad504586c8fb7203" is_pre_election: true
I20260608 12:37:26.688802  2401 raft_consensus.cc:2468] T 4d5cbb5124104fcaa70e6d4191b9b367 P 97467377f8534e36ad504586c8fb7203 [term 0 FOLLOWER]: Leader pre-election vote request: Granting yes vote for candidate 94da57e0fb9e4dfd83016a79064f64fb in term 0.
I20260608 12:37:26.690140  2452 leader_election.cc:290] T 4d5cbb5124104fcaa70e6d4191b9b367 P 74b556e2ad024d65a2b72015781efda4 [CANDIDATE]: Term 1 pre-election: Requested pre-vote from peers 94da57e0fb9e4dfd83016a79064f64fb (127.0.107.193:42385), 97467377f8534e36ad504586c8fb7203 (127.0.107.195:35925)
I20260608 12:37:26.690383  2218 leader_election.cc:304] T 4d5cbb5124104fcaa70e6d4191b9b367 P 94da57e0fb9e4dfd83016a79064f64fb [CANDIDATE]: Term 1 pre-election: Election decided. Result: candidate won. Election summary: received 2 responses out of 3 voters: 2 yes votes; 0 no votes. yes voters: 94da57e0fb9e4dfd83016a79064f64fb, 97467377f8534e36ad504586c8fb7203; no voters: 
I20260608 12:37:26.691398  2453 raft_consensus.cc:2804] T 4d5cbb5124104fcaa70e6d4191b9b367 P 94da57e0fb9e4dfd83016a79064f64fb [term 0 FOLLOWER]: Leader pre-election won for term 1
I20260608 12:37:26.691473  2327 tablet_service.cc:1917] Received RequestConsensusVote() RPC: tablet_id: "4d5cbb5124104fcaa70e6d4191b9b367" candidate_uuid: "94da57e0fb9e4dfd83016a79064f64fb" candidate_term: 1 candidate_status { last_received { term: 0 index: 0 } } ignore_live_leader: false dest_uuid: "74b556e2ad024d65a2b72015781efda4" is_pre_election: true
I20260608 12:37:26.691824  2453 raft_consensus.cc:493] T 4d5cbb5124104fcaa70e6d4191b9b367 P 94da57e0fb9e4dfd83016a79064f64fb [term 0 FOLLOWER]: Starting leader election (no leader contacted us within the election timeout)
I20260608 12:37:26.692238  2453 raft_consensus.cc:3060] T 4d5cbb5124104fcaa70e6d4191b9b367 P 94da57e0fb9e4dfd83016a79064f64fb [term 0 FOLLOWER]: Advancing to term 1
I20260608 12:37:26.692346  2327 raft_consensus.cc:2468] T 4d5cbb5124104fcaa70e6d4191b9b367 P 74b556e2ad024d65a2b72015781efda4 [term 0 FOLLOWER]: Leader pre-election vote request: Granting yes vote for candidate 94da57e0fb9e4dfd83016a79064f64fb in term 0.
I20260608 12:37:26.699316  2453 raft_consensus.cc:515] T 4d5cbb5124104fcaa70e6d4191b9b367 P 94da57e0fb9e4dfd83016a79064f64fb [term 1 FOLLOWER]: Starting leader election with config: opid_index: -1 OBSOLETE_local: false peers { permanent_uuid: "74b556e2ad024d65a2b72015781efda4" member_type: VOTER last_known_addr { host: "127.0.107.194" port: 33231 } } peers { permanent_uuid: "94da57e0fb9e4dfd83016a79064f64fb" member_type: VOTER last_known_addr { host: "127.0.107.193" port: 42385 } } peers { permanent_uuid: "97467377f8534e36ad504586c8fb7203" member_type: VOTER last_known_addr { host: "127.0.107.195" port: 35925 } }
I20260608 12:37:26.699551  2252 tablet_service.cc:1917] Received RequestConsensusVote() RPC: tablet_id: "4d5cbb5124104fcaa70e6d4191b9b367" candidate_uuid: "74b556e2ad024d65a2b72015781efda4" candidate_term: 1 candidate_status { last_received { term: 0 index: 0 } } ignore_live_leader: false dest_uuid: "94da57e0fb9e4dfd83016a79064f64fb" is_pre_election: true
I20260608 12:37:26.700613  2252 raft_consensus.cc:2393] T 4d5cbb5124104fcaa70e6d4191b9b367 P 94da57e0fb9e4dfd83016a79064f64fb [term 1 FOLLOWER]: Leader pre-election vote request: Denying vote to candidate 74b556e2ad024d65a2b72015781efda4 in current term 1: Already voted for candidate 94da57e0fb9e4dfd83016a79064f64fb in this term.
I20260608 12:37:26.703155  2327 tablet_service.cc:1917] Received RequestConsensusVote() RPC: tablet_id: "4d5cbb5124104fcaa70e6d4191b9b367" candidate_uuid: "94da57e0fb9e4dfd83016a79064f64fb" candidate_term: 1 candidate_status { last_received { term: 0 index: 0 } } ignore_live_leader: false dest_uuid: "74b556e2ad024d65a2b72015781efda4"
I20260608 12:37:26.703740  2327 raft_consensus.cc:3060] T 4d5cbb5124104fcaa70e6d4191b9b367 P 74b556e2ad024d65a2b72015781efda4 [term 0 FOLLOWER]: Advancing to term 1
I20260608 12:37:26.704125  2401 tablet_service.cc:1917] Received RequestConsensusVote() RPC: tablet_id: "4d5cbb5124104fcaa70e6d4191b9b367" candidate_uuid: "94da57e0fb9e4dfd83016a79064f64fb" candidate_term: 1 candidate_status { last_received { term: 0 index: 0 } } ignore_live_leader: false dest_uuid: "97467377f8534e36ad504586c8fb7203"
I20260608 12:37:26.704120  2453 leader_election.cc:290] T 4d5cbb5124104fcaa70e6d4191b9b367 P 94da57e0fb9e4dfd83016a79064f64fb [CANDIDATE]: Term 1 election: Requested vote from peers 74b556e2ad024d65a2b72015781efda4 (127.0.107.194:33231), 97467377f8534e36ad504586c8fb7203 (127.0.107.195:35925)
I20260608 12:37:26.704746  2401 raft_consensus.cc:3060] T 4d5cbb5124104fcaa70e6d4191b9b367 P 97467377f8534e36ad504586c8fb7203 [term 0 FOLLOWER]: Advancing to term 1
I20260608 12:37:26.705523  2400 tablet_service.cc:1917] Received RequestConsensusVote() RPC: tablet_id: "4d5cbb5124104fcaa70e6d4191b9b367" candidate_uuid: "74b556e2ad024d65a2b72015781efda4" candidate_term: 1 candidate_status { last_received { term: 0 index: 0 } } ignore_live_leader: false dest_uuid: "97467377f8534e36ad504586c8fb7203" is_pre_election: true
I20260608 12:37:26.707340  2293 leader_election.cc:304] T 4d5cbb5124104fcaa70e6d4191b9b367 P 74b556e2ad024d65a2b72015781efda4 [CANDIDATE]: Term 1 pre-election: Election decided. Result: candidate lost. Election summary: received 3 responses out of 3 voters: 1 yes votes; 2 no votes. yes voters: 74b556e2ad024d65a2b72015781efda4; no voters: 94da57e0fb9e4dfd83016a79064f64fb, 97467377f8534e36ad504586c8fb7203
I20260608 12:37:26.709537  2327 raft_consensus.cc:2468] T 4d5cbb5124104fcaa70e6d4191b9b367 P 74b556e2ad024d65a2b72015781efda4 [term 1 FOLLOWER]: Leader election vote request: Granting yes vote for candidate 94da57e0fb9e4dfd83016a79064f64fb in term 1.
I20260608 12:37:26.709995  2452 raft_consensus.cc:2749] T 4d5cbb5124104fcaa70e6d4191b9b367 P 74b556e2ad024d65a2b72015781efda4 [term 1 FOLLOWER]: Leader pre-election lost for term 1. Reason: could not achieve majority
I20260608 12:37:26.710906  2217 leader_election.cc:304] T 4d5cbb5124104fcaa70e6d4191b9b367 P 94da57e0fb9e4dfd83016a79064f64fb [CANDIDATE]: Term 1 election: Election decided. Result: candidate won. Election summary: received 2 responses out of 3 voters: 2 yes votes; 0 no votes. yes voters: 74b556e2ad024d65a2b72015781efda4, 94da57e0fb9e4dfd83016a79064f64fb; no voters: 
I20260608 12:37:26.711081  2401 raft_consensus.cc:2468] T 4d5cbb5124104fcaa70e6d4191b9b367 P 97467377f8534e36ad504586c8fb7203 [term 1 FOLLOWER]: Leader election vote request: Granting yes vote for candidate 94da57e0fb9e4dfd83016a79064f64fb in term 1.
I20260608 12:37:26.711777  2453 raft_consensus.cc:2804] T 4d5cbb5124104fcaa70e6d4191b9b367 P 94da57e0fb9e4dfd83016a79064f64fb [term 1 FOLLOWER]: Leader election won for term 1
I20260608 12:37:26.712893  2453 raft_consensus.cc:697] T 4d5cbb5124104fcaa70e6d4191b9b367 P 94da57e0fb9e4dfd83016a79064f64fb [term 1 LEADER]: Becoming Leader. State: Replica: 94da57e0fb9e4dfd83016a79064f64fb, State: Running, Role: LEADER
I20260608 12:37:26.713560  2453 consensus_queue.cc:237] T 4d5cbb5124104fcaa70e6d4191b9b367 P 94da57e0fb9e4dfd83016a79064f64fb [LEADER]: Queue going to LEADER mode. State: All replicated index: 0, Majority replicated index: 0, Committed index: 0, Last appended: 0.0, Last appended by leader: 0, Current term: 1, Majority size: 2, State: 0, Mode: LEADER, active raft config: opid_index: -1 OBSOLETE_local: false peers { permanent_uuid: "74b556e2ad024d65a2b72015781efda4" member_type: VOTER last_known_addr { host: "127.0.107.194" port: 33231 } } peers { permanent_uuid: "94da57e0fb9e4dfd83016a79064f64fb" member_type: VOTER last_known_addr { host: "127.0.107.193" port: 42385 } } peers { permanent_uuid: "97467377f8534e36ad504586c8fb7203" member_type: VOTER last_known_addr { host: "127.0.107.195" port: 35925 } }
I20260608 12:37:26.720794  2148 catalog_manager.cc:5696] T 4d5cbb5124104fcaa70e6d4191b9b367 P 94da57e0fb9e4dfd83016a79064f64fb reported cstate change: term changed from 0 to 1, leader changed from <none> to 94da57e0fb9e4dfd83016a79064f64fb (127.0.107.193). New cstate: current_term: 1 leader_uuid: "94da57e0fb9e4dfd83016a79064f64fb" committed_config { opid_index: -1 OBSOLETE_local: false peers { permanent_uuid: "74b556e2ad024d65a2b72015781efda4" member_type: VOTER last_known_addr { host: "127.0.107.194" port: 33231 } health_report { overall_health: UNKNOWN } } peers { permanent_uuid: "94da57e0fb9e4dfd83016a79064f64fb" member_type: VOTER last_known_addr { host: "127.0.107.193" port: 42385 } health_report { overall_health: HEALTHY } } peers { permanent_uuid: "97467377f8534e36ad504586c8fb7203" member_type: VOTER last_known_addr { host: "127.0.107.195" port: 35925 } health_report { overall_health: UNKNOWN } } }
I20260608 12:37:26.828140  2452 raft_consensus.cc:493] T 48a1ad7aa31b427b9c3c66ee651e7dac P 74b556e2ad024d65a2b72015781efda4 [term 0 FOLLOWER]: Starting pre-election (no leader contacted us within the election timeout)
I20260608 12:37:26.828619  2452 raft_consensus.cc:515] T 48a1ad7aa31b427b9c3c66ee651e7dac P 74b556e2ad024d65a2b72015781efda4 [term 0 FOLLOWER]: Starting pre-election with config: opid_index: -1 OBSOLETE_local: false peers { permanent_uuid: "94da57e0fb9e4dfd83016a79064f64fb" member_type: VOTER last_known_addr { host: "127.0.107.193" port: 42385 } } peers { permanent_uuid: "74b556e2ad024d65a2b72015781efda4" member_type: VOTER last_known_addr { host: "127.0.107.194" port: 33231 } } peers { permanent_uuid: "97467377f8534e36ad504586c8fb7203" member_type: VOTER last_known_addr { host: "127.0.107.195" port: 35925 } }
I20260608 12:37:26.830497  2452 leader_election.cc:290] T 48a1ad7aa31b427b9c3c66ee651e7dac P 74b556e2ad024d65a2b72015781efda4 [CANDIDATE]: Term 1 pre-election: Requested pre-vote from peers 94da57e0fb9e4dfd83016a79064f64fb (127.0.107.193:42385), 97467377f8534e36ad504586c8fb7203 (127.0.107.195:35925)
I20260608 12:37:26.831297  2252 tablet_service.cc:1917] Received RequestConsensusVote() RPC: tablet_id: "48a1ad7aa31b427b9c3c66ee651e7dac" candidate_uuid: "74b556e2ad024d65a2b72015781efda4" candidate_term: 1 candidate_status { last_received { term: 0 index: 0 } } ignore_live_leader: false dest_uuid: "94da57e0fb9e4dfd83016a79064f64fb" is_pre_election: true
I20260608 12:37:26.831480  2401 tablet_service.cc:1917] Received RequestConsensusVote() RPC: tablet_id: "48a1ad7aa31b427b9c3c66ee651e7dac" candidate_uuid: "74b556e2ad024d65a2b72015781efda4" candidate_term: 1 candidate_status { last_received { term: 0 index: 0 } } ignore_live_leader: false dest_uuid: "97467377f8534e36ad504586c8fb7203" is_pre_election: true
I20260608 12:37:26.831823  2252 raft_consensus.cc:2468] T 48a1ad7aa31b427b9c3c66ee651e7dac P 94da57e0fb9e4dfd83016a79064f64fb [term 0 FOLLOWER]: Leader pre-election vote request: Granting yes vote for candidate 74b556e2ad024d65a2b72015781efda4 in term 0.
I20260608 12:37:26.832027  2401 raft_consensus.cc:2468] T 48a1ad7aa31b427b9c3c66ee651e7dac P 97467377f8534e36ad504586c8fb7203 [term 0 FOLLOWER]: Leader pre-election vote request: Granting yes vote for candidate 74b556e2ad024d65a2b72015781efda4 in term 0.
I20260608 12:37:26.832800  2290 leader_election.cc:304] T 48a1ad7aa31b427b9c3c66ee651e7dac P 74b556e2ad024d65a2b72015781efda4 [CANDIDATE]: Term 1 pre-election: Election decided. Result: candidate won. Election summary: received 2 responses out of 3 voters: 2 yes votes; 0 no votes. yes voters: 74b556e2ad024d65a2b72015781efda4, 94da57e0fb9e4dfd83016a79064f64fb; no voters: 
I20260608 12:37:26.833494  2452 raft_consensus.cc:2804] T 48a1ad7aa31b427b9c3c66ee651e7dac P 74b556e2ad024d65a2b72015781efda4 [term 0 FOLLOWER]: Leader pre-election won for term 1
I20260608 12:37:26.833815  2452 raft_consensus.cc:493] T 48a1ad7aa31b427b9c3c66ee651e7dac P 74b556e2ad024d65a2b72015781efda4 [term 0 FOLLOWER]: Starting leader election (no leader contacted us within the election timeout)
I20260608 12:37:26.834055  2452 raft_consensus.cc:3060] T 48a1ad7aa31b427b9c3c66ee651e7dac P 74b556e2ad024d65a2b72015781efda4 [term 0 FOLLOWER]: Advancing to term 1
I20260608 12:37:26.838322  2452 raft_consensus.cc:515] T 48a1ad7aa31b427b9c3c66ee651e7dac P 74b556e2ad024d65a2b72015781efda4 [term 1 FOLLOWER]: Starting leader election with config: opid_index: -1 OBSOLETE_local: false peers { permanent_uuid: "94da57e0fb9e4dfd83016a79064f64fb" member_type: VOTER last_known_addr { host: "127.0.107.193" port: 42385 } } peers { permanent_uuid: "74b556e2ad024d65a2b72015781efda4" member_type: VOTER last_known_addr { host: "127.0.107.194" port: 33231 } } peers { permanent_uuid: "97467377f8534e36ad504586c8fb7203" member_type: VOTER last_known_addr { host: "127.0.107.195" port: 35925 } }
I20260608 12:37:26.840389  2452 leader_election.cc:290] T 48a1ad7aa31b427b9c3c66ee651e7dac P 74b556e2ad024d65a2b72015781efda4 [CANDIDATE]: Term 1 election: Requested vote from peers 94da57e0fb9e4dfd83016a79064f64fb (127.0.107.193:42385), 97467377f8534e36ad504586c8fb7203 (127.0.107.195:35925)
I20260608 12:37:26.841100  2252 tablet_service.cc:1917] Received RequestConsensusVote() RPC: tablet_id: "48a1ad7aa31b427b9c3c66ee651e7dac" candidate_uuid: "74b556e2ad024d65a2b72015781efda4" candidate_term: 1 candidate_status { last_received { term: 0 index: 0 } } ignore_live_leader: false dest_uuid: "94da57e0fb9e4dfd83016a79064f64fb"
I20260608 12:37:26.841420  2401 tablet_service.cc:1917] Received RequestConsensusVote() RPC: tablet_id: "48a1ad7aa31b427b9c3c66ee651e7dac" candidate_uuid: "74b556e2ad024d65a2b72015781efda4" candidate_term: 1 candidate_status { last_received { term: 0 index: 0 } } ignore_live_leader: false dest_uuid: "97467377f8534e36ad504586c8fb7203"
I20260608 12:37:26.841704  2252 raft_consensus.cc:3060] T 48a1ad7aa31b427b9c3c66ee651e7dac P 94da57e0fb9e4dfd83016a79064f64fb [term 0 FOLLOWER]: Advancing to term 1
I20260608 12:37:26.841979  2401 raft_consensus.cc:3060] T 48a1ad7aa31b427b9c3c66ee651e7dac P 97467377f8534e36ad504586c8fb7203 [term 0 FOLLOWER]: Advancing to term 1
I20260608 12:37:26.848392  2401 raft_consensus.cc:2468] T 48a1ad7aa31b427b9c3c66ee651e7dac P 97467377f8534e36ad504586c8fb7203 [term 1 FOLLOWER]: Leader election vote request: Granting yes vote for candidate 74b556e2ad024d65a2b72015781efda4 in term 1.
I20260608 12:37:26.848392  2252 raft_consensus.cc:2468] T 48a1ad7aa31b427b9c3c66ee651e7dac P 94da57e0fb9e4dfd83016a79064f64fb [term 1 FOLLOWER]: Leader election vote request: Granting yes vote for candidate 74b556e2ad024d65a2b72015781efda4 in term 1.
I20260608 12:37:26.849766  2293 leader_election.cc:304] T 48a1ad7aa31b427b9c3c66ee651e7dac P 74b556e2ad024d65a2b72015781efda4 [CANDIDATE]: Term 1 election: Election decided. Result: candidate won. Election summary: received 2 responses out of 3 voters: 2 yes votes; 0 no votes. yes voters: 74b556e2ad024d65a2b72015781efda4, 97467377f8534e36ad504586c8fb7203; no voters: 
I20260608 12:37:26.850517  2452 raft_consensus.cc:2804] T 48a1ad7aa31b427b9c3c66ee651e7dac P 74b556e2ad024d65a2b72015781efda4 [term 1 FOLLOWER]: Leader election won for term 1
I20260608 12:37:26.851594  2452 raft_consensus.cc:697] T 48a1ad7aa31b427b9c3c66ee651e7dac P 74b556e2ad024d65a2b72015781efda4 [term 1 LEADER]: Becoming Leader. State: Replica: 74b556e2ad024d65a2b72015781efda4, State: Running, Role: LEADER
I20260608 12:37:26.852279  2452 consensus_queue.cc:237] T 48a1ad7aa31b427b9c3c66ee651e7dac P 74b556e2ad024d65a2b72015781efda4 [LEADER]: Queue going to LEADER mode. State: All replicated index: 0, Majority replicated index: 0, Committed index: 0, Last appended: 0.0, Last appended by leader: 0, Current term: 1, Majority size: 2, State: 0, Mode: LEADER, active raft config: opid_index: -1 OBSOLETE_local: false peers { permanent_uuid: "94da57e0fb9e4dfd83016a79064f64fb" member_type: VOTER last_known_addr { host: "127.0.107.193" port: 42385 } } peers { permanent_uuid: "74b556e2ad024d65a2b72015781efda4" member_type: VOTER last_known_addr { host: "127.0.107.194" port: 33231 } } peers { permanent_uuid: "97467377f8534e36ad504586c8fb7203" member_type: VOTER last_known_addr { host: "127.0.107.195" port: 35925 } }
