I20260608 12:46:52.457916 28465 raft_consensus.cc:2468] T 77410db0e29041f9a1b24e8180a75eab P 0b248474a35c44fdbf444ead73695609 [term 0 FOLLOWER]: Leader pre-election vote request: Granting yes vote for candidate 82e9d7a87ddb44cca5dd8c4e0cce5444 in term 0.
I20260608 12:46:52.463820 28465 tablet_service.cc:1917] Received RequestConsensusVote() RPC: tablet_id: "77410db0e29041f9a1b24e8180a75eab" candidate_uuid: "82e9d7a87ddb44cca5dd8c4e0cce5444" candidate_term: 1 candidate_status { last_received { term: 0 index: 0 } } ignore_live_leader: false dest_uuid: "0b248474a35c44fdbf444ead73695609"
I20260608 12:46:52.464718 28465 raft_consensus.cc:3060] T 77410db0e29041f9a1b24e8180a75eab P 0b248474a35c44fdbf444ead73695609 [term 0 FOLLOWER]: Advancing to term 1
I20260608 12:46:52.464866 28678 leader_election.cc:290] T 77410db0e29041f9a1b24e8180a75eab P 82e9d7a87ddb44cca5dd8c4e0cce5444 [CANDIDATE]: Term 1 election: Requested vote from peers 53bf4df4bfc046988968f460bf23ceef (127.24.185.194:45245), 0b248474a35c44fdbf444ead73695609 (127.24.185.195:42159)
I20260608 12:46:52.471740 28465 raft_consensus.cc:2468] T 77410db0e29041f9a1b24e8180a75eab P 0b248474a35c44fdbf444ead73695609 [term 1 FOLLOWER]: Leader election vote request: Granting yes vote for candidate 82e9d7a87ddb44cca5dd8c4e0cce5444 in term 1.
I20260608 12:46:52.473104 28597 leader_election.cc:304] T 77410db0e29041f9a1b24e8180a75eab P 82e9d7a87ddb44cca5dd8c4e0cce5444 [CANDIDATE]: Term 1 election: Election decided. Result: candidate won. Election summary: received 2 responses out of 3 voters: 2 yes votes; 0 no votes. yes voters: 0b248474a35c44fdbf444ead73695609, 82e9d7a87ddb44cca5dd8c4e0cce5444; no voters: 
I20260608 12:46:52.474056 28678 raft_consensus.cc:2804] T 77410db0e29041f9a1b24e8180a75eab P 82e9d7a87ddb44cca5dd8c4e0cce5444 [term 1 FOLLOWER]: Leader election won for term 1
I20260608 12:46:52.474519 28678 raft_consensus.cc:697] T 77410db0e29041f9a1b24e8180a75eab P 82e9d7a87ddb44cca5dd8c4e0cce5444 [term 1 LEADER]: Becoming Leader. State: Replica: 82e9d7a87ddb44cca5dd8c4e0cce5444, State: Running, Role: LEADER
I20260608 12:46:52.475337 28678 consensus_queue.cc:237] T 77410db0e29041f9a1b24e8180a75eab P 82e9d7a87ddb44cca5dd8c4e0cce5444 [LEADER]: Queue going to LEADER mode. State: All replicated index: 0, Majority replicated index: 0, Committed index: 0, Last appended: 0.0, Last appended by leader: 0, Current term: 1, Majority size: 2, State: 0, Mode: LEADER, active raft config: opid_index: -1 OBSOLETE_local: false peers { permanent_uuid: "82e9d7a87ddb44cca5dd8c4e0cce5444" member_type: VOTER last_known_addr { host: "127.24.185.196" port: 35229 } } peers { permanent_uuid: "53bf4df4bfc046988968f460bf23ceef" member_type: VOTER last_known_addr { host: "127.24.185.194" port: 45245 } } peers { permanent_uuid: "0b248474a35c44fdbf444ead73695609" member_type: VOTER last_known_addr { host: "127.24.185.195" port: 42159 } }
I20260608 12:46:52.464701 28392 raft_consensus.cc:2468] T 77410db0e29041f9a1b24e8180a75eab P 53bf4df4bfc046988968f460bf23ceef [term 1 FOLLOWER]: Leader election vote request: Granting yes vote for candidate 82e9d7a87ddb44cca5dd8c4e0cce5444 in term 1.
I20260608 12:46:52.485944 28672 ts_tablet_manager.cc:1434] T 602053fe34c1460694bc6cc6d13ebe22 P 82e9d7a87ddb44cca5dd8c4e0cce5444: Time spent starting tablet: real 0.038s	user 0.023s	sys 0.008s
I20260608 12:46:52.486915 28720 raft_consensus.cc:493] T 602053fe34c1460694bc6cc6d13ebe22 P 82e9d7a87ddb44cca5dd8c4e0cce5444 [term 0 FOLLOWER]: Starting pre-election (no leader contacted us within the election timeout)
I20260608 12:46:52.487784 28720 raft_consensus.cc:515] T 602053fe34c1460694bc6cc6d13ebe22 P 82e9d7a87ddb44cca5dd8c4e0cce5444 [term 0 FOLLOWER]: Starting pre-election with config: opid_index: -1 OBSOLETE_local: false peers { permanent_uuid: "82e9d7a87ddb44cca5dd8c4e0cce5444" member_type: VOTER last_known_addr { host: "127.24.185.196" port: 35229 } } peers { permanent_uuid: "0b248474a35c44fdbf444ead73695609" member_type: VOTER last_known_addr { host: "127.24.185.195" port: 42159 } } peers { permanent_uuid: "89d6909096844621b984951c6f5ea4f6" member_type: VOTER last_known_addr { host: "127.24.185.193" port: 43383 } }
I20260608 12:46:52.488525 28630 raft_consensus.cc:3060] T 6522d55ca1eb4980981e02feffdd19b6 P 82e9d7a87ddb44cca5dd8c4e0cce5444 [term 0 FOLLOWER]: Advancing to term 1
I20260608 12:46:52.491640 28720 leader_election.cc:290] T 602053fe34c1460694bc6cc6d13ebe22 P 82e9d7a87ddb44cca5dd8c4e0cce5444 [CANDIDATE]: Term 1 pre-election: Requested pre-vote from peers 0b248474a35c44fdbf444ead73695609 (127.24.185.195:42159), 89d6909096844621b984951c6f5ea4f6 (127.24.185.193:43383)
I20260608 12:46:52.493119 28316 tablet_service.cc:1917] Received RequestConsensusVote() RPC: tablet_id: "602053fe34c1460694bc6cc6d13ebe22" candidate_uuid: "82e9d7a87ddb44cca5dd8c4e0cce5444" candidate_term: 1 candidate_status { last_received { term: 0 index: 0 } } ignore_live_leader: false dest_uuid: "89d6909096844621b984951c6f5ea4f6" is_pre_election: true
I20260608 12:46:52.497902 28316 raft_consensus.cc:2393] T 602053fe34c1460694bc6cc6d13ebe22 P 89d6909096844621b984951c6f5ea4f6 [term 1 FOLLOWER]: Leader pre-election vote request: Denying vote to candidate 82e9d7a87ddb44cca5dd8c4e0cce5444 in current term 1: Already voted for candidate 0b248474a35c44fdbf444ead73695609 in this term.
I20260608 12:46:52.500981 28518 raft_consensus.cc:493] T 1be7ea1d4aed4eaebaf0697748361e2a P 89d6909096844621b984951c6f5ea4f6 [term 0 FOLLOWER]: Starting pre-election (no leader contacted us within the election timeout)
I20260608 12:46:52.501240 28465 tablet_service.cc:1917] Received RequestConsensusVote() RPC: tablet_id: "602053fe34c1460694bc6cc6d13ebe22" candidate_uuid: "82e9d7a87ddb44cca5dd8c4e0cce5444" candidate_term: 1 candidate_status { last_received { term: 0 index: 0 } } ignore_live_leader: false dest_uuid: "0b248474a35c44fdbf444ead73695609" is_pre_election: true
I20260608 12:46:52.501662 28518 raft_consensus.cc:515] T 1be7ea1d4aed4eaebaf0697748361e2a P 89d6909096844621b984951c6f5ea4f6 [term 0 FOLLOWER]: Starting pre-election with config: opid_index: -1 OBSOLETE_local: false peers { permanent_uuid: "89d6909096844621b984951c6f5ea4f6" member_type: VOTER last_known_addr { host: "127.24.185.193" port: 43383 } } peers { permanent_uuid: "82e9d7a87ddb44cca5dd8c4e0cce5444" member_type: VOTER last_known_addr { host: "127.24.185.196" port: 35229 } } peers { permanent_uuid: "53bf4df4bfc046988968f460bf23ceef" member_type: VOTER last_known_addr { host: "127.24.185.194" port: 45245 } }
I20260608 12:46:52.503115 28597 leader_election.cc:304] T 602053fe34c1460694bc6cc6d13ebe22 P 82e9d7a87ddb44cca5dd8c4e0cce5444 [CANDIDATE]: Term 1 pre-election: Election decided. Result: candidate lost. Election summary: received 3 responses out of 3 voters: 1 yes votes; 2 no votes. yes voters: 82e9d7a87ddb44cca5dd8c4e0cce5444; no voters: 0b248474a35c44fdbf444ead73695609, 89d6909096844621b984951c6f5ea4f6
I20260608 12:46:52.504043 28724 raft_consensus.cc:493] T 1be7ea1d4aed4eaebaf0697748361e2a P 82e9d7a87ddb44cca5dd8c4e0cce5444 [term 0 FOLLOWER]: Starting pre-election (no leader contacted us within the election timeout)
I20260608 12:46:52.504590 28724 raft_consensus.cc:515] T 1be7ea1d4aed4eaebaf0697748361e2a P 82e9d7a87ddb44cca5dd8c4e0cce5444 [term 0 FOLLOWER]: Starting pre-election with config: opid_index: -1 OBSOLETE_local: false peers { permanent_uuid: "89d6909096844621b984951c6f5ea4f6" member_type: VOTER last_known_addr { host: "127.24.185.193" port: 43383 } } peers { permanent_uuid: "82e9d7a87ddb44cca5dd8c4e0cce5444" member_type: VOTER last_known_addr { host: "127.24.185.196" port: 35229 } } peers { permanent_uuid: "53bf4df4bfc046988968f460bf23ceef" member_type: VOTER last_known_addr { host: "127.24.185.194" port: 45245 } }
I20260608 12:46:52.506207 28518 leader_election.cc:290] T 1be7ea1d4aed4eaebaf0697748361e2a P 89d6909096844621b984951c6f5ea4f6 [CANDIDATE]: Term 1 pre-election: Requested pre-vote from peers 82e9d7a87ddb44cca5dd8c4e0cce5444 (127.24.185.196:35229), 53bf4df4bfc046988968f460bf23ceef (127.24.185.194:45245)
I20260608 12:46:52.506888 28518 consensus_queue.cc:1048] T 6522d55ca1eb4980981e02feffdd19b6 P 89d6909096844621b984951c6f5ea4f6 [LEADER]: Connected to new peer: Peer: permanent_uuid: "82e9d7a87ddb44cca5dd8c4e0cce5444" member_type: VOTER last_known_addr { host: "127.24.185.196" port: 35229 }, Status: LMP_MISMATCH, Last received: 0.0, Next index: 1, Last known committed idx: 0, Time since last communication: 0.000s
I20260608 12:46:52.507206 28630 tablet_service.cc:1917] Received RequestConsensusVote() RPC: tablet_id: "1be7ea1d4aed4eaebaf0697748361e2a" candidate_uuid: "89d6909096844621b984951c6f5ea4f6" candidate_term: 1 candidate_status { last_received { term: 0 index: 0 } } ignore_live_leader: false dest_uuid: "82e9d7a87ddb44cca5dd8c4e0cce5444" is_pre_election: true
I20260608 12:46:52.508157 28630 raft_consensus.cc:2468] T 1be7ea1d4aed4eaebaf0697748361e2a P 82e9d7a87ddb44cca5dd8c4e0cce5444 [term 0 FOLLOWER]: Leader pre-election vote request: Granting yes vote for candidate 89d6909096844621b984951c6f5ea4f6 in term 0.
I20260608 12:46:52.508620 28724 leader_election.cc:290] T 1be7ea1d4aed4eaebaf0697748361e2a P 82e9d7a87ddb44cca5dd8c4e0cce5444 [CANDIDATE]: Term 1 pre-election: Requested pre-vote from peers 89d6909096844621b984951c6f5ea4f6 (127.24.185.193:43383), 53bf4df4bfc046988968f460bf23ceef (127.24.185.194:45245)
I20260608 12:46:52.509297 28724 raft_consensus.cc:3060] T 602053fe34c1460694bc6cc6d13ebe22 P 82e9d7a87ddb44cca5dd8c4e0cce5444 [term 0 FOLLOWER]: Advancing to term 1
I20260608 12:46:52.509641 28316 tablet_service.cc:1917] Received RequestConsensusVote() RPC: tablet_id: "1be7ea1d4aed4eaebaf0697748361e2a" candidate_uuid: "82e9d7a87ddb44cca5dd8c4e0cce5444" candidate_term: 1 candidate_status { last_received { term: 0 index: 0 } } ignore_live_leader: false dest_uuid: "89d6909096844621b984951c6f5ea4f6" is_pre_election: true
I20260608 12:46:52.510303 28316 raft_consensus.cc:2468] T 1be7ea1d4aed4eaebaf0697748361e2a P 89d6909096844621b984951c6f5ea4f6 [term 0 FOLLOWER]: Leader pre-election vote request: Granting yes vote for candidate 82e9d7a87ddb44cca5dd8c4e0cce5444 in term 0.
I20260608 12:46:52.511793 28595 leader_election.cc:304] T 1be7ea1d4aed4eaebaf0697748361e2a P 82e9d7a87ddb44cca5dd8c4e0cce5444 [CANDIDATE]: Term 1 pre-election: Election decided. Result: candidate won. Election summary: received 2 responses out of 3 voters: 2 yes votes; 0 no votes. yes voters: 82e9d7a87ddb44cca5dd8c4e0cce5444, 89d6909096844621b984951c6f5ea4f6; no voters: 
I20260608 12:46:52.512742 28678 raft_consensus.cc:2804] T 1be7ea1d4aed4eaebaf0697748361e2a P 82e9d7a87ddb44cca5dd8c4e0cce5444 [term 0 FOLLOWER]: Leader pre-election won for term 1
I20260608 12:46:52.513356 28678 raft_consensus.cc:493] T 1be7ea1d4aed4eaebaf0697748361e2a P 82e9d7a87ddb44cca5dd8c4e0cce5444 [term 0 FOLLOWER]: Starting leader election (no leader contacted us within the election timeout)
I20260608 12:46:52.514022 28678 raft_consensus.cc:3060] T 1be7ea1d4aed4eaebaf0697748361e2a P 82e9d7a87ddb44cca5dd8c4e0cce5444 [term 0 FOLLOWER]: Advancing to term 1
I20260608 12:46:52.513775 28392 tablet_service.cc:1917] Received RequestConsensusVote() RPC: tablet_id: "1be7ea1d4aed4eaebaf0697748361e2a" candidate_uuid: "82e9d7a87ddb44cca5dd8c4e0cce5444" candidate_term: 1 candidate_status { last_received { term: 0 index: 0 } } ignore_live_leader: false dest_uuid: "53bf4df4bfc046988968f460bf23ceef" is_pre_election: true
I20260608 12:46:52.515040 28392 raft_consensus.cc:2468] T 1be7ea1d4aed4eaebaf0697748361e2a P 53bf4df4bfc046988968f460bf23ceef [term 0 FOLLOWER]: Leader pre-election vote request: Granting yes vote for candidate 82e9d7a87ddb44cca5dd8c4e0cce5444 in term 0.
I20260608 12:46:52.514219 28390 tablet_service.cc:1917] Received RequestConsensusVote() RPC: tablet_id: "1be7ea1d4aed4eaebaf0697748361e2a" candidate_uuid: "89d6909096844621b984951c6f5ea4f6" candidate_term: 1 candidate_status { last_received { term: 0 index: 0 } } ignore_live_leader: false dest_uuid: "53bf4df4bfc046988968f460bf23ceef" is_pre_election: true
I20260608 12:46:52.516369 28390 raft_consensus.cc:2468] T 1be7ea1d4aed4eaebaf0697748361e2a P 53bf4df4bfc046988968f460bf23ceef [term 0 FOLLOWER]: Leader pre-election vote request: Granting yes vote for candidate 89d6909096844621b984951c6f5ea4f6 in term 0.
I20260608 12:46:52.517645 28280 leader_election.cc:304] T 1be7ea1d4aed4eaebaf0697748361e2a P 89d6909096844621b984951c6f5ea4f6 [CANDIDATE]: Term 1 pre-election: Election decided. Result: candidate won. Election summary: received 2 responses out of 3 voters: 2 yes votes; 0 no votes. yes voters: 53bf4df4bfc046988968f460bf23ceef, 89d6909096844621b984951c6f5ea4f6; no voters: 
I20260608 12:46:52.518707 28517 consensus_queue.cc:1048] T db748c7606454f8499c1ad47ce9abbd1 P 89d6909096844621b984951c6f5ea4f6 [LEADER]: Connected to new peer: Peer: permanent_uuid: "53bf4df4bfc046988968f460bf23ceef" member_type: VOTER last_known_addr { host: "127.24.185.194" port: 45245 }, Status: LMP_MISMATCH, Last received: 0.0, Next index: 1, Last known committed idx: 0, Time since last communication: 0.001s
I20260608 12:46:52.519115 28518 raft_consensus.cc:2804] T 1be7ea1d4aed4eaebaf0697748361e2a P 89d6909096844621b984951c6f5ea4f6 [term 0 FOLLOWER]: Leader pre-election won for term 1
I20260608 12:46:52.519716 28518 raft_consensus.cc:493] T 1be7ea1d4aed4eaebaf0697748361e2a P 89d6909096844621b984951c6f5ea4f6 [term 0 FOLLOWER]: Starting leader election (no leader contacted us within the election timeout)
I20260608 12:46:52.513356 28215 catalog_manager.cc:5696] T 77410db0e29041f9a1b24e8180a75eab P 82e9d7a87ddb44cca5dd8c4e0cce5444 reported cstate change: term changed from 0 to 1, leader changed from <none> to 82e9d7a87ddb44cca5dd8c4e0cce5444 (127.24.185.196). New cstate: current_term: 1 leader_uuid: "82e9d7a87ddb44cca5dd8c4e0cce5444" committed_config { opid_index: -1 OBSOLETE_local: false peers { permanent_uuid: "82e9d7a87ddb44cca5dd8c4e0cce5444" member_type: VOTER last_known_addr { host: "127.24.185.196" port: 35229 } health_report { overall_health: HEALTHY } } peers { permanent_uuid: "53bf4df4bfc046988968f460bf23ceef" member_type: VOTER last_known_addr { host: "127.24.185.194" port: 45245 } health_report { overall_health: UNKNOWN } } peers { permanent_uuid: "0b248474a35c44fdbf444ead73695609" member_type: VOTER last_known_addr { host: "127.24.185.195" port: 42159 } health_report { overall_health: UNKNOWN } } }
I20260608 12:46:52.520107 28518 raft_consensus.cc:3060] T 1be7ea1d4aed4eaebaf0697748361e2a P 89d6909096844621b984951c6f5ea4f6 [term 0 FOLLOWER]: Advancing to term 1
I20260608 12:46:52.521593 28724 raft_consensus.cc:2749] T 602053fe34c1460694bc6cc6d13ebe22 P 82e9d7a87ddb44cca5dd8c4e0cce5444 [term 1 FOLLOWER]: Leader pre-election lost for term 1. Reason: could not achieve majority
I20260608 12:46:52.530135 28539 raft_consensus.cc:493] T 69622a3791684e90807c3fb41747a428 P 0b248474a35c44fdbf444ead73695609 [term 2 FOLLOWER]: Starting pre-election (no leader contacted us within the election timeout)
I20260608 12:46:52.530712 28539 raft_consensus.cc:515] T 69622a3791684e90807c3fb41747a428 P 0b248474a35c44fdbf444ead73695609 [term 2 FOLLOWER]: Starting pre-election with config: opid_index: -1 OBSOLETE_local: false peers { permanent_uuid: "89d6909096844621b984951c6f5ea4f6" member_type: VOTER last_known_addr { host: "127.24.185.193" port: 43383 } } peers { permanent_uuid: "53bf4df4bfc046988968f460bf23ceef" member_type: VOTER last_known_addr { host: "127.24.185.194" port: 45245 } } peers { permanent_uuid: "0b248474a35c44fdbf444ead73695609" member_type: VOTER last_known_addr { host: "127.24.185.195" port: 42159 } }
I20260608 12:46:52.531741 28518 raft_consensus.cc:515] T 1be7ea1d4aed4eaebaf0697748361e2a P 89d6909096844621b984951c6f5ea4f6 [term 1 FOLLOWER]: Starting leader election with config: opid_index: -1 OBSOLETE_local: false peers { permanent_uuid: "89d6909096844621b984951c6f5ea4f6" member_type: VOTER last_known_addr { host: "127.24.185.193" port: 43383 } } peers { permanent_uuid: "82e9d7a87ddb44cca5dd8c4e0cce5444" member_type: VOTER last_known_addr { host: "127.24.185.196" port: 35229 } } peers { permanent_uuid: "53bf4df4bfc046988968f460bf23ceef" member_type: VOTER last_known_addr { host: "127.24.185.194" port: 45245 } }
I20260608 12:46:52.533025 28539 leader_election.cc:290] T 69622a3791684e90807c3fb41747a428 P 0b248474a35c44fdbf444ead73695609 [CANDIDATE]: Term 3 pre-election: Requested pre-vote from peers 89d6909096844621b984951c6f5ea4f6 (127.24.185.193:43383), 53bf4df4bfc046988968f460bf23ceef (127.24.185.194:45245)
I20260608 12:46:52.533890 28518 leader_election.cc:290] T 1be7ea1d4aed4eaebaf0697748361e2a P 89d6909096844621b984951c6f5ea4f6 [CANDIDATE]: Term 1 election: Requested vote from peers 82e9d7a87ddb44cca5dd8c4e0cce5444 (127.24.185.196:35229), 53bf4df4bfc046988968f460bf23ceef (127.24.185.194:45245)
I20260608 12:46:52.535184 28392 tablet_service.cc:1917] Received RequestConsensusVote() RPC: tablet_id: "69622a3791684e90807c3fb41747a428" candidate_uuid: "0b248474a35c44fdbf444ead73695609" candidate_term: 3 candidate_status { last_received { term: 1 index: 1 } } ignore_live_leader: false dest_uuid: "53bf4df4bfc046988968f460bf23ceef" is_pre_election: true
I20260608 12:46:52.535219 28632 tablet_service.cc:1917] Received RequestConsensusVote() RPC: tablet_id: "1be7ea1d4aed4eaebaf0697748361e2a" candidate_uuid: "89d6909096844621b984951c6f5ea4f6" candidate_term: 1 candidate_status { last_received { term: 0 index: 0 } } ignore_live_leader: false dest_uuid: "82e9d7a87ddb44cca5dd8c4e0cce5444"
I20260608 12:46:52.535991 28392 raft_consensus.cc:2468] T 69622a3791684e90807c3fb41747a428 P 53bf4df4bfc046988968f460bf23ceef [term 2 FOLLOWER]: Leader pre-election vote request: Granting yes vote for candidate 0b248474a35c44fdbf444ead73695609 in term 2.
I20260608 12:46:52.537046 28316 tablet_service.cc:1917] Received RequestConsensusVote() RPC: tablet_id: "69622a3791684e90807c3fb41747a428" candidate_uuid: "0b248474a35c44fdbf444ead73695609" candidate_term: 3 candidate_status { last_received { term: 1 index: 1 } } ignore_live_leader: false dest_uuid: "89d6909096844621b984951c6f5ea4f6" is_pre_election: true
I20260608 12:46:52.532820 28678 raft_consensus.cc:515] T 1be7ea1d4aed4eaebaf0697748361e2a P 82e9d7a87ddb44cca5dd8c4e0cce5444 [term 1 FOLLOWER]: Starting leader election with config: opid_index: -1 OBSOLETE_local: false peers { permanent_uuid: "89d6909096844621b984951c6f5ea4f6" member_type: VOTER last_known_addr { host: "127.24.185.193" port: 43383 } } peers { permanent_uuid: "82e9d7a87ddb44cca5dd8c4e0cce5444" member_type: VOTER last_known_addr { host: "127.24.185.196" port: 35229 } } peers { permanent_uuid: "53bf4df4bfc046988968f460bf23ceef" member_type: VOTER last_known_addr { host: "127.24.185.194" port: 45245 } }
I20260608 12:46:52.538842 28429 leader_election.cc:304] T 69622a3791684e90807c3fb41747a428 P 0b248474a35c44fdbf444ead73695609 [CANDIDATE]: Term 3 pre-election: Election decided. Result: candidate won. Election summary: received 2 responses out of 3 voters: 2 yes votes; 0 no votes. yes voters: 0b248474a35c44fdbf444ead73695609, 53bf4df4bfc046988968f460bf23ceef; no voters: 
I20260608 12:46:52.539459 28678 leader_election.cc:290] T 1be7ea1d4aed4eaebaf0697748361e2a P 82e9d7a87ddb44cca5dd8c4e0cce5444 [CANDIDATE]: Term 1 election: Requested vote from peers 89d6909096844621b984951c6f5ea4f6 (127.24.185.193:43383), 53bf4df4bfc046988968f460bf23ceef (127.24.185.194:45245)
I20260608 12:46:52.540721 28316 tablet_service.cc:1917] Received RequestConsensusVote() RPC: tablet_id: "1be7ea1d4aed4eaebaf0697748361e2a" candidate_uuid: "82e9d7a87ddb44cca5dd8c4e0cce5444" candidate_term: 1 candidate_status { last_received { term: 0 index: 0 } } ignore_live_leader: false dest_uuid: "89d6909096844621b984951c6f5ea4f6"
I20260608 12:46:52.541162 28392 tablet_service.cc:1917] Received RequestConsensusVote() RPC: tablet_id: "1be7ea1d4aed4eaebaf0697748361e2a" candidate_uuid: "82e9d7a87ddb44cca5dd8c4e0cce5444" candidate_term: 1 candidate_status { last_received { term: 0 index: 0 } } ignore_live_leader: false dest_uuid: "53bf4df4bfc046988968f460bf23ceef"
I20260608 12:46:52.541487 28316 raft_consensus.cc:2393] T 1be7ea1d4aed4eaebaf0697748361e2a P 89d6909096844621b984951c6f5ea4f6 [term 1 FOLLOWER]: Leader election vote request: Denying vote to candidate 82e9d7a87ddb44cca5dd8c4e0cce5444 in current term 1: Already voted for candidate 89d6909096844621b984951c6f5ea4f6 in this term.
I20260608 12:46:52.541829 28392 raft_consensus.cc:3060] T 1be7ea1d4aed4eaebaf0697748361e2a P 53bf4df4bfc046988968f460bf23ceef [term 0 FOLLOWER]: Advancing to term 1
I20260608 12:46:52.536964 28391 tablet_service.cc:1917] Received RequestConsensusVote() RPC: tablet_id: "1be7ea1d4aed4eaebaf0697748361e2a" candidate_uuid: "89d6909096844621b984951c6f5ea4f6" candidate_term: 1 candidate_status { last_received { term: 0 index: 0 } } ignore_live_leader: false dest_uuid: "53bf4df4bfc046988968f460bf23ceef"
I20260608 12:46:52.543663 28539 raft_consensus.cc:2804] T 69622a3791684e90807c3fb41747a428 P 0b248474a35c44fdbf444ead73695609 [term 2 FOLLOWER]: Leader pre-election won for term 3
I20260608 12:46:52.544060 28539 raft_consensus.cc:493] T 69622a3791684e90807c3fb41747a428 P 0b248474a35c44fdbf444ead73695609 [term 2 FOLLOWER]: Starting leader election (no leader contacted us within the election timeout)
I20260608 12:46:52.544389 28539 raft_consensus.cc:3060] T 69622a3791684e90807c3fb41747a428 P 0b248474a35c44fdbf444ead73695609 [term 2 FOLLOWER]: Advancing to term 3
I20260608 12:46:52.546058 28632 raft_consensus.cc:2393] T 1be7ea1d4aed4eaebaf0697748361e2a P 82e9d7a87ddb44cca5dd8c4e0cce5444 [term 1 FOLLOWER]: Leader election vote request: Denying vote to candidate 89d6909096844621b984951c6f5ea4f6 in current term 1: Already voted for candidate 82e9d7a87ddb44cca5dd8c4e0cce5444 in this term.
I20260608 12:46:52.548818 28392 raft_consensus.cc:2468] T 1be7ea1d4aed4eaebaf0697748361e2a P 53bf4df4bfc046988968f460bf23ceef [term 1 FOLLOWER]: Leader election vote request: Granting yes vote for candidate 82e9d7a87ddb44cca5dd8c4e0cce5444 in term 1.
I20260608 12:46:52.549793 28281 leader_election.cc:304] T 1be7ea1d4aed4eaebaf0697748361e2a P 89d6909096844621b984951c6f5ea4f6 [CANDIDATE]: Term 1 election: Election decided. Result: candidate lost. Election summary: received 3 responses out of 3 voters: 1 yes votes; 2 no votes. yes voters: 89d6909096844621b984951c6f5ea4f6; no voters: 53bf4df4bfc046988968f460bf23ceef, 82e9d7a87ddb44cca5dd8c4e0cce5444
I20260608 12:46:52.550127 28595 leader_election.cc:304] T 1be7ea1d4aed4eaebaf0697748361e2a P 82e9d7a87ddb44cca5dd8c4e0cce5444 [CANDIDATE]: Term 1 election: Election decided. Result: candidate won. Election summary: received 3 responses out of 3 voters: 2 yes votes; 1 no votes. yes voters: 53bf4df4bfc046988968f460bf23ceef, 82e9d7a87ddb44cca5dd8c4e0cce5444; no voters: 89d6909096844621b984951c6f5ea4f6
I20260608 12:46:52.550848 28517 consensus_queue.cc:1048] T db748c7606454f8499c1ad47ce9abbd1 P 89d6909096844621b984951c6f5ea4f6 [LEADER]: Connected to new peer: Peer: permanent_uuid: "82e9d7a87ddb44cca5dd8c4e0cce5444" member_type: VOTER last_known_addr { host: "127.24.185.196" port: 35229 }, Status: LMP_MISMATCH, Last received: 0.0, Next index: 1, Last known committed idx: 0, Time since last communication: 0.000s
I20260608 12:46:52.551397 28678 raft_consensus.cc:2804] T 1be7ea1d4aed4eaebaf0697748361e2a P 82e9d7a87ddb44cca5dd8c4e0cce5444 [term 1 FOLLOWER]: Leader election won for term 1
I20260608 12:46:52.551726 28518 raft_consensus.cc:2749] T 1be7ea1d4aed4eaebaf0697748361e2a P 89d6909096844621b984951c6f5ea4f6 [term 1 FOLLOWER]: Leader election lost for term 1. Reason: could not achieve majority
I20260608 12:46:52.551894 28678 raft_consensus.cc:697] T 1be7ea1d4aed4eaebaf0697748361e2a P 82e9d7a87ddb44cca5dd8c4e0cce5444 [term 1 LEADER]: Becoming Leader. State: Replica: 82e9d7a87ddb44cca5dd8c4e0cce5444, State: Running, Role: LEADER
I20260608 12:46:52.555173 28678 consensus_queue.cc:237] T 1be7ea1d4aed4eaebaf0697748361e2a P 82e9d7a87ddb44cca5dd8c4e0cce5444 [LEADER]: Queue going to LEADER mode. State: All replicated index: 0, Majority replicated index: 0, Committed index: 0, Last appended: 0.0, Last appended by leader: 0, Current term: 1, Majority size: 2, State: 0, Mode: LEADER, active raft config: opid_index: -1 OBSOLETE_local: false peers { permanent_uuid: "89d6909096844621b984951c6f5ea4f6" member_type: VOTER last_known_addr { host: "127.24.185.193" port: 43383 } } peers { permanent_uuid: "82e9d7a87ddb44cca5dd8c4e0cce5444" member_type: VOTER last_known_addr { host: "127.24.185.196" port: 35229 } } peers { permanent_uuid: "53bf4df4bfc046988968f460bf23ceef" member_type: VOTER last_known_addr { host: "127.24.185.194" port: 45245 } }
I20260608 12:46:52.556718 28539 raft_consensus.cc:515] T 69622a3791684e90807c3fb41747a428 P 0b248474a35c44fdbf444ead73695609 [term 3 FOLLOWER]: Starting leader election with config: opid_index: -1 OBSOLETE_local: false peers { permanent_uuid: "89d6909096844621b984951c6f5ea4f6" member_type: VOTER last_known_addr { host: "127.24.185.193" port: 43383 } } peers { permanent_uuid: "53bf4df4bfc046988968f460bf23ceef" member_type: VOTER last_known_addr { host: "127.24.185.194" port: 45245 } } peers { permanent_uuid: "0b248474a35c44fdbf444ead73695609" member_type: VOTER last_known_addr { host: "127.24.185.195" port: 42159 } }
I20260608 12:46:52.559403 28539 leader_election.cc:290] T 69622a3791684e90807c3fb41747a428 P 0b248474a35c44fdbf444ead73695609 [CANDIDATE]: Term 3 election: Requested vote from peers 89d6909096844621b984951c6f5ea4f6 (127.24.185.193:43383), 53bf4df4bfc046988968f460bf23ceef (127.24.185.194:45245)
I20260608 12:46:52.560479 28390 tablet_service.cc:1917] Received RequestConsensusVote() RPC: tablet_id: "69622a3791684e90807c3fb41747a428" candidate_uuid: "0b248474a35c44fdbf444ead73695609" candidate_term: 3 candidate_status { last_received { term: 1 index: 1 } } ignore_live_leader: false dest_uuid: "53bf4df4bfc046988968f460bf23ceef"
I20260608 12:46:52.560712 28316 tablet_service.cc:1917] Received RequestConsensusVote() RPC: tablet_id: "69622a3791684e90807c3fb41747a428" candidate_uuid: "0b248474a35c44fdbf444ead73695609" candidate_term: 3 candidate_status { last_received { term: 1 index: 1 } } ignore_live_leader: false dest_uuid: "89d6909096844621b984951c6f5ea4f6"
I20260608 12:46:52.561149 28390 raft_consensus.cc:3060] T 69622a3791684e90807c3fb41747a428 P 53bf4df4bfc046988968f460bf23ceef [term 2 FOLLOWER]: Advancing to term 3
I20260608 12:46:52.567935 28390 raft_consensus.cc:2468] T 69622a3791684e90807c3fb41747a428 P 53bf4df4bfc046988968f460bf23ceef [term 3 FOLLOWER]: Leader election vote request: Granting yes vote for candidate 0b248474a35c44fdbf444ead73695609 in term 3.
I20260608 12:46:52.569125 28429 leader_election.cc:304] T 69622a3791684e90807c3fb41747a428 P 0b248474a35c44fdbf444ead73695609 [CANDIDATE]: Term 3 election: Election decided. Result: candidate won. Election summary: received 3 responses out of 3 voters: 2 yes votes; 1 no votes. yes voters: 0b248474a35c44fdbf444ead73695609, 53bf4df4bfc046988968f460bf23ceef; no voters: 89d6909096844621b984951c6f5ea4f6
I20260608 12:46:52.570014 28539 raft_consensus.cc:2804] T 69622a3791684e90807c3fb41747a428 P 0b248474a35c44fdbf444ead73695609 [term 3 FOLLOWER]: Leader election won for term 3
I20260608 12:46:52.570621 28539 raft_consensus.cc:697] T 69622a3791684e90807c3fb41747a428 P 0b248474a35c44fdbf444ead73695609 [term 3 LEADER]: Becoming Leader. State: Replica: 0b248474a35c44fdbf444ead73695609, State: Running, Role: LEADER
I20260608 12:46:52.571549 28539 consensus_queue.cc:237] T 69622a3791684e90807c3fb41747a428 P 0b248474a35c44fdbf444ead73695609 [LEADER]: Queue going to LEADER mode. State: All replicated index: 0, Majority replicated index: 0, Committed index: 0, Last appended: 1.1, Last appended by leader: 1, Current term: 3, Majority size: 2, State: 0, Mode: LEADER, active raft config: opid_index: -1 OBSOLETE_local: false peers { permanent_uuid: "89d6909096844621b984951c6f5ea4f6" member_type: VOTER last_known_addr { host: "127.24.185.193" port: 43383 } } peers { permanent_uuid: "53bf4df4bfc046988968f460bf23ceef" member_type: VOTER last_known_addr { host: "127.24.185.194" port: 45245 } } peers { permanent_uuid: "0b248474a35c44fdbf444ead73695609" member_type: VOTER last_known_addr { host: "127.24.185.195" port: 42159 } }
I20260608 12:46:52.573299 28712 consensus_queue.cc:1048] T 6778e228600845e9a7a6fc8764fc0ad9 P 0b248474a35c44fdbf444ead73695609 [LEADER]: Connected to new peer: Peer: permanent_uuid: "53bf4df4bfc046988968f460bf23ceef" member_type: VOTER last_known_addr { host: "127.24.185.194" port: 45245 }, Status: LMP_MISMATCH, Last received: 0.0, Next index: 1, Last known committed idx: 0, Time since last communication: 0.001s
I20260608 12:46:52.580228 28712 consensus_queue.cc:1048] T 602053fe34c1460694bc6cc6d13ebe22 P 0b248474a35c44fdbf444ead73695609 [LEADER]: Connected to new peer: Peer: permanent_uuid: "82e9d7a87ddb44cca5dd8c4e0cce5444" member_type: VOTER last_known_addr { host: "127.24.185.196" port: 35229 }, Status: LMP_MISMATCH, Last received: 0.0, Next index: 1, Last known committed idx: 0, Time since last communication: 0.000s
I20260608 12:46:52.591956 28214 catalog_manager.cc:5696] T 69622a3791684e90807c3fb41747a428 P 0b248474a35c44fdbf444ead73695609 reported cstate change: term changed from 2 to 3, leader changed from 89d6909096844621b984951c6f5ea4f6 (127.24.185.193) to 0b248474a35c44fdbf444ead73695609 (127.24.185.195). New cstate: current_term: 3 leader_uuid: "0b248474a35c44fdbf444ead73695609" committed_config { opid_index: -1 OBSOLETE_local: false peers { permanent_uuid: "89d6909096844621b984951c6f5ea4f6" member_type: VOTER last_known_addr { host: "127.24.185.193" port: 43383 } health_report { overall_health: UNKNOWN } } peers { permanent_uuid: "53bf4df4bfc046988968f460bf23ceef" member_type: VOTER last_known_addr { host: "127.24.185.194" port: 45245 } health_report { overall_health: UNKNOWN } } peers { permanent_uuid: "0b248474a35c44fdbf444ead73695609" member_type: VOTER last_known_addr { host: "127.24.185.195" port: 42159 } health_report { overall_health: HEALTHY } } }
I20260608 12:46:52.614132 28215 catalog_manager.cc:5696] T 1be7ea1d4aed4eaebaf0697748361e2a P 82e9d7a87ddb44cca5dd8c4e0cce5444 reported cstate change: term changed from 0 to 1, leader changed from <none> to 82e9d7a87ddb44cca5dd8c4e0cce5444 (127.24.185.196). New cstate: current_term: 1 leader_uuid: "82e9d7a87ddb44cca5dd8c4e0cce5444" committed_config { opid_index: -1 OBSOLETE_local: false peers { permanent_uuid: "89d6909096844621b984951c6f5ea4f6" member_type: VOTER last_known_addr { host: "127.24.185.193" port: 43383 } health_report { overall_health: UNKNOWN } } peers { permanent_uuid: "82e9d7a87ddb44cca5dd8c4e0cce5444" member_type: VOTER last_known_addr { host: "127.24.185.196" port: 35229 } health_report { overall_health: HEALTHY } } peers { permanent_uuid: "53bf4df4bfc046988968f460bf23ceef" member_type: VOTER last_known_addr { host: "127.24.185.194" port: 45245 } health_report { overall_health: UNKNOWN } } }
I20260608 12:46:52.626197 28568 consensus_queue.cc:1048] T 602053fe34c1460694bc6cc6d13ebe22 P 0b248474a35c44fdbf444ead73695609 [LEADER]: Connected to new peer: Peer: permanent_uuid: "89d6909096844621b984951c6f5ea4f6" member_type: VOTER last_known_addr { host: "127.24.185.193" port: 43383 }, Status: LMP_MISMATCH, Last received: 0.0, Next index: 1, Last known committed idx: 0, Time since last communication: 0.001s
I20260608 12:46:52.626955 28712 consensus_queue.cc:1048] T 6778e228600845e9a7a6fc8764fc0ad9 P 0b248474a35c44fdbf444ead73695609 [LEADER]: Connected to new peer: Peer: permanent_uuid: "82e9d7a87ddb44cca5dd8c4e0cce5444" member_type: VOTER last_known_addr { host: "127.24.185.196" port: 35229 }, Status: LMP_MISMATCH, Last received: 0.0, Next index: 1, Last known committed idx: 0, Time since last communication: 0.001s
I20260608 12:46:52.646596 28729 consensus_queue.cc:1048] T 88f3f6a84b484b76a7926a7c62f9f17b P 89d6909096844621b984951c6f5ea4f6 [LEADER]: Connected to new peer: Peer: permanent_uuid: "82e9d7a87ddb44cca5dd8c4e0cce5444" member_type: VOTER last_known_addr { host: "127.24.185.196" port: 35229 }, Status: LMP_MISMATCH, Last received: 0.0, Next index: 1, Last known committed idx: 0, Time since last communication: 0.001s
I20260608 12:46:52.662607 28518 consensus_queue.cc:1048] T 88f3f6a84b484b76a7926a7c62f9f17b P 89d6909096844621b984951c6f5ea4f6 [LEADER]: Connected to new peer: Peer: permanent_uuid: "0b248474a35c44fdbf444ead73695609" member_type: VOTER last_known_addr { host: "127.24.185.195" port: 42159 }, Status: LMP_MISMATCH, Last received: 0.0, Next index: 1, Last known committed idx: 0, Time since last communication: 0.000s
I20260608 12:46:52.759773 28568 consensus_queue.cc:1048] T 7234a1b9c94b4284ba0246b6566e7d18 P 0b248474a35c44fdbf444ead73695609 [LEADER]: Connected to new peer: Peer: permanent_uuid: "82e9d7a87ddb44cca5dd8c4e0cce5444" member_type: VOTER last_known_addr { host: "127.24.185.196" port: 35229 }, Status: LMP_MISMATCH, Last received: 0.0, Next index: 1, Last known committed idx: 0, Time since last communication: 0.000s
I20260608 12:46:52.761018 28712 consensus_queue.cc:1048] T 7234a1b9c94b4284ba0246b6566e7d18 P 0b248474a35c44fdbf444ead73695609 [LEADER]: Connected to new peer: Peer: permanent_uuid: "89d6909096844621b984951c6f5ea4f6" member_type: VOTER last_known_addr { host: "127.24.185.193" port: 43383 }, Status: LMP_MISMATCH, Last received: 0.0, Next index: 1, Last known committed idx: 0, Time since last communication: 0.000s
I20260608 12:46:52.895792 28678 consensus_queue.cc:1048] T 77410db0e29041f9a1b24e8180a75eab P 82e9d7a87ddb44cca5dd8c4e0cce5444 [LEADER]: Connected to new peer: Peer: permanent_uuid: "0b248474a35c44fdbf444ead73695609" member_type: VOTER last_known_addr { host: "127.24.185.195" port: 42159 }, Status: LMP_MISMATCH, Last received: 0.0, Next index: 1, Last known committed idx: 0, Time since last communication: 0.000s
I20260608 12:46:52.910257 28724 consensus_queue.cc:1048] T 77410db0e29041f9a1b24e8180a75eab P 82e9d7a87ddb44cca5dd8c4e0cce5444 [LEADER]: Connected to new peer: Peer: permanent_uuid: "53bf4df4bfc046988968f460bf23ceef" member_type: VOTER last_known_addr { host: "127.24.185.194" port: 45245 }, Status: LMP_MISMATCH, Last received: 0.0, Next index: 1, Last known committed idx: 0, Time since last communication: 0.000s
I20260608 12:46:52.911085 28465 raft_consensus.cc:1240] T 69622a3791684e90807c3fb41747a428 P 0b248474a35c44fdbf444ead73695609 [term 3 LEADER]: Rejecting Update request from peer 89d6909096844621b984951c6f5ea4f6 for earlier term 2. Current term is 3. Ops: []
I20260608 12:46:52.912963 28518 consensus_queue.cc:1059] T 69622a3791684e90807c3fb41747a428 P 89d6909096844621b984951c6f5ea4f6 [LEADER]: Peer responded invalid term: Peer: permanent_uuid: "0b248474a35c44fdbf444ead73695609" member_type: VOTER last_known_addr { host: "127.24.185.195" port: 42159 }, Status: INVALID_TERM, Last received: 0.0, Next index: 2, Last known committed idx: 0, Time since last communication: 0.000s
I20260608 12:46:52.913678 28518 consensus_queue.cc:1243] T 69622a3791684e90807c3fb41747a428 P 89d6909096844621b984951c6f5ea4f6 [LEADER]: Peer 0b248474a35c44fdbf444ead73695609 log is divergent from this leader: its last log entry 3.2 is not in this leader's log and it has not received anything from this leader yet. Falling back to committed index 0
I20260608 12:46:52.914595 28729 raft_consensus.cc:3055] T 69622a3791684e90807c3fb41747a428 P 89d6909096844621b984951c6f5ea4f6 [term 2 LEADER]: Stepping down as leader of term 2
I20260608 12:46:52.915007 28729 raft_consensus.cc:740] T 69622a3791684e90807c3fb41747a428 P 89d6909096844621b984951c6f5ea4f6 [term 2 LEADER]: Becoming Follower/Learner. State: Replica: 89d6909096844621b984951c6f5ea4f6, State: Running, Role: LEADER
I20260608 12:46:52.915984 28729 consensus_queue.cc:260] T 69622a3791684e90807c3fb41747a428 P 89d6909096844621b984951c6f5ea4f6 [NON_LEADER]: Queue going to NON_LEADER mode. State: All replicated index: 0, Majority replicated index: 1, Committed index: 1, Last appended: 2.2, Last appended by leader: 2, Current term: 2, Majority size: -1, State: 0, Mode: NON_LEADER, active raft config: opid_index: -1 OBSOLETE_local: false peers { permanent_uuid: "89d6909096844621b984951c6f5ea4f6" member_type: VOTER last_known_addr { host: "127.24.185.193" port: 43383 } } peers { permanent_uuid: "53bf4df4bfc046988968f460bf23ceef" member_type: VOTER last_known_addr { host: "127.24.185.194" port: 45245 } } peers { permanent_uuid: "0b248474a35c44fdbf444ead73695609" member_type: VOTER last_known_addr { host: "127.24.185.195" port: 42159 } }
I20260608 12:46:52.917212 28729 raft_consensus.cc:3060] T 69622a3791684e90807c3fb41747a428 P 89d6909096844621b984951c6f5ea4f6 [term 2 FOLLOWER]: Advancing to term 3
I20260608 12:46:52.983199 28316 raft_consensus.cc:1275] T 69622a3791684e90807c3fb41747a428 P 89d6909096844621b984951c6f5ea4f6 [term 3 FOLLOWER]: Refusing update from remote peer 0b248474a35c44fdbf444ead73695609: Log matching property violated. Preceding OpId in replica: term: 2 index: 2. Preceding OpId from leader: term: 3 index: 2. (term mismatch)
I20260608 12:46:52.983697 28316 pending_rounds.cc:85] T 69622a3791684e90807c3fb41747a428 P 89d6909096844621b984951c6f5ea4f6: Aborting all ops after (but not including) 1
I20260608 12:46:52.983949 28316 pending_rounds.cc:107] T 69622a3791684e90807c3fb41747a428 P 89d6909096844621b984951c6f5ea4f6: Aborting uncommitted NO_OP operation due to leader change: 2.2
I20260608 12:46:52.984148 28316 raft_consensus.cc:2889] T 69622a3791684e90807c3fb41747a428 P 89d6909096844621b984951c6f5ea4f6 [term 3 FOLLOWER]: NO_OP replication failed: Aborted: Op aborted by new leader
I20260608 12:46:52.985679 28712 consensus_queue.cc:1048] T 69622a3791684e90807c3fb41747a428 P 0b248474a35c44fdbf444ead73695609 [LEADER]: Connected to new peer: Peer: permanent_uuid: "89d6909096844621b984951c6f5ea4f6" member_type: VOTER last_known_addr { host: "127.24.185.193" port: 43383 }, Status: LMP_MISMATCH, Last received: 0.0, Next index: 2, Last known committed idx: 1, Time since last communication: 0.000s
I20260608 12:46:52.996243 28392 raft_consensus.cc:1275] T 69622a3791684e90807c3fb41747a428 P 53bf4df4bfc046988968f460bf23ceef [term 3 FOLLOWER]: Refusing update from remote peer 0b248474a35c44fdbf444ead73695609: Log matching property violated. Preceding OpId in replica: term: 1 index: 1. Preceding OpId from leader: term: 3 index: 2. (index mismatch)
I20260608 12:46:52.998324 28712 consensus_queue.cc:1048] T 69622a3791684e90807c3fb41747a428 P 0b248474a35c44fdbf444ead73695609 [LEADER]: Connected to new peer: Peer: permanent_uuid: "53bf4df4bfc046988968f460bf23ceef" member_type: VOTER last_known_addr { host: "127.24.185.194" port: 45245 }, Status: LMP_MISMATCH, Last received: 0.0, Next index: 2, Last known committed idx: 1, Time since last communication: 0.000s
I20260608 12:46:53.087540 28465 consensus_queue.cc:237] T 69622a3791684e90807c3fb41747a428 P 0b248474a35c44fdbf444ead73695609 [LEADER]: Queue going to LEADER mode. State: All replicated index: 0, Majority replicated index: 2, Committed index: 2, Last appended: 3.2, Last appended by leader: 1, Current term: 3, Majority size: 2, State: 0, Mode: LEADER, active raft config: opid_index: 3 OBSOLETE_local: false peers { permanent_uuid: "89d6909096844621b984951c6f5ea4f6" member_type: VOTER last_known_addr { host: "127.24.185.193" port: 43383 } attrs { replace: true } } peers { permanent_uuid: "53bf4df4bfc046988968f460bf23ceef" member_type: VOTER last_known_addr { host: "127.24.185.194" port: 45245 } } peers { permanent_uuid: "0b248474a35c44fdbf444ead73695609" member_type: VOTER last_known_addr { host: "127.24.185.195" port: 42159 } } peers { permanent_uuid: "82e9d7a87ddb44cca5dd8c4e0cce5444" member_type: NON_VOTER last_known_addr { host: "127.24.185.196" port: 35229 } attrs { promote: true } }
I20260608 12:46:53.094045 28392 raft_consensus.cc:1275] T 69622a3791684e90807c3fb41747a428 P 53bf4df4bfc046988968f460bf23ceef [term 3 FOLLOWER]: Refusing update from remote peer 0b248474a35c44fdbf444ead73695609: Log matching property violated. Preceding OpId in replica: term: 3 index: 2. Preceding OpId from leader: term: 3 index: 3. (index mismatch)
W20260608 12:46:53.094530 28430 consensus_peers.cc:597] T 69622a3791684e90807c3fb41747a428 P 0b248474a35c44fdbf444ead73695609 -> Peer 82e9d7a87ddb44cca5dd8c4e0cce5444 (127.24.185.196:35229): Couldn't send request to peer 82e9d7a87ddb44cca5dd8c4e0cce5444. Error code: TABLET_NOT_FOUND (6). Status: Not found: Tablet not found: 69622a3791684e90807c3fb41747a428. This is attempt 1: this message will repeat every 5th retry.
I20260608 12:46:53.095549 28316 raft_consensus.cc:1275] T 69622a3791684e90807c3fb41747a428 P 89d6909096844621b984951c6f5ea4f6 [term 3 FOLLOWER]: Refusing update from remote peer 0b248474a35c44fdbf444ead73695609: Log matching property violated. Preceding OpId in replica: term: 3 index: 2. Preceding OpId from leader: term: 3 index: 3. (index mismatch)
I20260608 12:46:53.095655 28712 consensus_queue.cc:1048] T 69622a3791684e90807c3fb41747a428 P 0b248474a35c44fdbf444ead73695609 [LEADER]: Connected to new peer: Peer: permanent_uuid: "53bf4df4bfc046988968f460bf23ceef" member_type: VOTER last_known_addr { host: "127.24.185.194" port: 45245 }, Status: LMP_MISMATCH, Last received: 0.0, Next index: 3, Last known committed idx: 2, Time since last communication: 0.001s
I20260608 12:46:53.097374 28711 consensus_queue.cc:1048] T 69622a3791684e90807c3fb41747a428 P 0b248474a35c44fdbf444ead73695609 [LEADER]: Connected to new peer: Peer: permanent_uuid: "89d6909096844621b984951c6f5ea4f6" member_type: VOTER last_known_addr { host: "127.24.185.193" port: 43383 } attrs { replace: true }, Status: LMP_MISMATCH, Last received: 0.0, Next index: 3, Last known committed idx: 2, Time since last communication: 0.000s
I20260608 12:46:53.104247 28712 raft_consensus.cc:2955] T 69622a3791684e90807c3fb41747a428 P 0b248474a35c44fdbf444ead73695609 [term 3 LEADER]: Committing config change with OpId 3.3: config changed from index -1 to 3, NON_VOTER 82e9d7a87ddb44cca5dd8c4e0cce5444 (127.24.185.196) added. New config: { opid_index: 3 OBSOLETE_local: false peers { permanent_uuid: "89d6909096844621b984951c6f5ea4f6" member_type: VOTER last_known_addr { host: "127.24.185.193" port: 43383 } attrs { replace: true } } peers { permanent_uuid: "53bf4df4bfc046988968f460bf23ceef" member_type: VOTER last_known_addr { host: "127.24.185.194" port: 45245 } } peers { permanent_uuid: "0b248474a35c44fdbf444ead73695609" member_type: VOTER last_known_addr { host: "127.24.185.195" port: 42159 } } peers { permanent_uuid: "82e9d7a87ddb44cca5dd8c4e0cce5444" member_type: NON_VOTER last_known_addr { host: "127.24.185.196" port: 35229 } attrs { promote: true } } }
I20260608 12:46:53.106783 28392 raft_consensus.cc:2955] T 69622a3791684e90807c3fb41747a428 P 53bf4df4bfc046988968f460bf23ceef [term 3 FOLLOWER]: Committing config change with OpId 3.3: config changed from index -1 to 3, NON_VOTER 82e9d7a87ddb44cca5dd8c4e0cce5444 (127.24.185.196) added. New config: { opid_index: 3 OBSOLETE_local: false peers { permanent_uuid: "89d6909096844621b984951c6f5ea4f6" member_type: VOTER last_known_addr { host: "127.24.185.193" port: 43383 } attrs { replace: true } } peers { permanent_uuid: "53bf4df4bfc046988968f460bf23ceef" member_type: VOTER last_known_addr { host: "127.24.185.194" port: 45245 } } peers { permanent_uuid: "0b248474a35c44fdbf444ead73695609" member_type: VOTER last_known_addr { host: "127.24.185.195" port: 42159 } } peers { permanent_uuid: "82e9d7a87ddb44cca5dd8c4e0cce5444" member_type: NON_VOTER last_known_addr { host: "127.24.185.196" port: 35229 } attrs { promote: true } } }
I20260608 12:46:53.110612 28316 raft_consensus.cc:2955] T 69622a3791684e90807c3fb41747a428 P 89d6909096844621b984951c6f5ea4f6 [term 3 FOLLOWER]: Committing config change with OpId 3.3: config changed from index -1 to 3, NON_VOTER 82e9d7a87ddb44cca5dd8c4e0cce5444 (127.24.185.196) added. New config: { opid_index: 3 OBSOLETE_local: false peers { permanent_uuid: "89d6909096844621b984951c6f5ea4f6" member_type: VOTER last_known_addr { host: "127.24.185.193" port: 43383 } attrs { replace: true } } peers { permanent_uuid: "53bf4df4bfc046988968f460bf23ceef" member_type: VOTER last_known_addr { host: "127.24.185.194" port: 45245 } } peers { permanent_uuid: "0b248474a35c44fdbf444ead73695609" member_type: VOTER last_known_addr { host: "127.24.185.195" port: 42159 } } peers { permanent_uuid: "82e9d7a87ddb44cca5dd8c4e0cce5444" member_type: NON_VOTER last_known_addr { host: "127.24.185.196" port: 35229 } attrs { promote: true } } }
I20260608 12:46:53.123432 28211 catalog_manager.cc:5696] T 69622a3791684e90807c3fb41747a428 P 53bf4df4bfc046988968f460bf23ceef reported cstate change: config changed from index -1 to 3, NON_VOTER 82e9d7a87ddb44cca5dd8c4e0cce5444 (127.24.185.196) added. New cstate: current_term: 3 leader_uuid: "0b248474a35c44fdbf444ead73695609" committed_config { opid_index: 3 OBSOLETE_local: false peers { permanent_uuid: "89d6909096844621b984951c6f5ea4f6" member_type: VOTER last_known_addr { host: "127.24.185.193" port: 43383 } attrs { replace: true } } peers { permanent_uuid: "53bf4df4bfc046988968f460bf23ceef" member_type: VOTER last_known_addr { host: "127.24.185.194" port: 45245 } } peers { permanent_uuid: "0b248474a35c44fdbf444ead73695609" member_type: VOTER last_known_addr { host: "127.24.185.195" port: 42159 } } peers { permanent_uuid: "82e9d7a87ddb44cca5dd8c4e0cce5444" member_type: NON_VOTER last_known_addr { host: "127.24.185.196" port: 35229 } attrs { promote: true } } }
I20260608 12:46:53.135561 28724 consensus_queue.cc:1048] T 1be7ea1d4aed4eaebaf0697748361e2a P 82e9d7a87ddb44cca5dd8c4e0cce5444 [LEADER]: Connected to new peer: Peer: permanent_uuid: "53bf4df4bfc046988968f460bf23ceef" member_type: VOTER last_known_addr { host: "127.24.185.194" port: 45245 }, Status: LMP_MISMATCH, Last received: 0.0, Next index: 1, Last known committed idx: 0, Time since last communication: 0.001s
I20260608 12:46:53.151373 28317 consensus_queue.cc:237] T 85040b8ce56149489557ba47b7fd2ef1 P 89d6909096844621b984951c6f5ea4f6 [LEADER]: Queue going to LEADER mode. State: All replicated index: 0, Majority replicated index: 1, Committed index: 1, Last appended: 1.1, Last appended by leader: 0, Current term: 1, Majority size: 2, State: 0, Mode: LEADER, active raft config: opid_index: 2 OBSOLETE_local: false peers { permanent_uuid: "53bf4df4bfc046988968f460bf23ceef" member_type: VOTER last_known_addr { host: "127.24.185.194" port: 45245 } } peers { permanent_uuid: "89d6909096844621b984951c6f5ea4f6" member_type: VOTER last_known_addr { host: "127.24.185.193" port: 43383 } } peers { permanent_uuid: "0b248474a35c44fdbf444ead73695609" member_type: VOTER last_known_addr { host: "127.24.185.195" port: 42159 } attrs { replace: true } } peers { permanent_uuid: "82e9d7a87ddb44cca5dd8c4e0cce5444" member_type: NON_VOTER last_known_addr { host: "127.24.185.196" port: 35229 } attrs { promote: true } }
I20260608 12:46:53.163805 28720 consensus_queue.cc:1048] T 1be7ea1d4aed4eaebaf0697748361e2a P 82e9d7a87ddb44cca5dd8c4e0cce5444 [LEADER]: Connected to new peer: Peer: permanent_uuid: "89d6909096844621b984951c6f5ea4f6" member_type: VOTER last_known_addr { host: "127.24.185.193" port: 43383 }, Status: LMP_MISMATCH, Last received: 0.0, Next index: 1, Last known committed idx: 0, Time since last communication: 0.001s
I20260608 12:46:53.167749 28465 raft_consensus.cc:1275] T 85040b8ce56149489557ba47b7fd2ef1 P 0b248474a35c44fdbf444ead73695609 [term 1 FOLLOWER]: Refusing update from remote peer 89d6909096844621b984951c6f5ea4f6: Log matching property violated. Preceding OpId in replica: term: 1 index: 1. Preceding OpId from leader: term: 1 index: 2. (index mismatch)
W20260608 12:46:53.168371 28281 consensus_peers.cc:597] T 85040b8ce56149489557ba47b7fd2ef1 P 89d6909096844621b984951c6f5ea4f6 -> Peer 82e9d7a87ddb44cca5dd8c4e0cce5444 (127.24.185.196:35229): Couldn't send request to peer 82e9d7a87ddb44cca5dd8c4e0cce5444. Error code: TABLET_NOT_FOUND (6). Status: Not found: Tablet not found: 85040b8ce56149489557ba47b7fd2ef1. This is attempt 1: this message will repeat every 5th retry.
I20260608 12:46:53.168752 28392 raft_consensus.cc:1275] T 85040b8ce56149489557ba47b7fd2ef1 P 53bf4df4bfc046988968f460bf23ceef [term 1 FOLLOWER]: Refusing update from remote peer 89d6909096844621b984951c6f5ea4f6: Log matching property violated. Preceding OpId in replica: term: 1 index: 1. Preceding OpId from leader: term: 1 index: 2. (index mismatch)
I20260608 12:46:53.169750 28731 consensus_queue.cc:1048] T 85040b8ce56149489557ba47b7fd2ef1 P 89d6909096844621b984951c6f5ea4f6 [LEADER]: Connected to new peer: Peer: permanent_uuid: "0b248474a35c44fdbf444ead73695609" member_type: VOTER last_known_addr { host: "127.24.185.195" port: 42159 } attrs { replace: true }, Status: LMP_MISMATCH, Last received: 0.0, Next index: 2, Last known committed idx: 1, Time since last communication: 0.000s
I20260608 12:46:53.171911 28731 consensus_queue.cc:1048] T 85040b8ce56149489557ba47b7fd2ef1 P 89d6909096844621b984951c6f5ea4f6 [LEADER]: Connected to new peer: Peer: permanent_uuid: "53bf4df4bfc046988968f460bf23ceef" member_type: VOTER last_known_addr { host: "127.24.185.194" port: 45245 }, Status: LMP_MISMATCH, Last received: 0.0, Next index: 2, Last known committed idx: 1, Time since last communication: 0.000s
