I20260608 12:45:28.511063 25622 raft_consensus.cc:385] T 93e7526c3bee46f591e4291519571776 P a4f77c402c4448989e7a89f7eda537c2 [term 0 FOLLOWER]: Consensus starting up: Expiring failure detector timer to make a prompt election more likely
I20260608 12:45:28.511420 25622 raft_consensus.cc:740] T 93e7526c3bee46f591e4291519571776 P a4f77c402c4448989e7a89f7eda537c2 [term 0 FOLLOWER]: Becoming Follower/Learner. State: Replica: a4f77c402c4448989e7a89f7eda537c2, State: Initialized, Role: FOLLOWER
I20260608 12:45:28.513211 25622 consensus_queue.cc:260] T 93e7526c3bee46f591e4291519571776 P a4f77c402c4448989e7a89f7eda537c2 [NON_LEADER]: Queue going to NON_LEADER mode. State: All replicated index: 0, Majority replicated index: 0, Committed index: 0, Last appended: 0.0, Last appended by leader: 0, Current term: 0, Majority size: -1, State: 0, Mode: NON_LEADER, active raft config: opid_index: -1 OBSOLETE_local: false peers { permanent_uuid: "0ecea7d06837424fb77d1e7b07ac2ebf" member_type: VOTER last_known_addr { host: "127.24.46.3" port: 40985 } } peers { permanent_uuid: "b7069750d0b84a2eab4d729d60def498" member_type: VOTER last_known_addr { host: "127.24.46.2" port: 39109 } } peers { permanent_uuid: "a4f77c402c4448989e7a89f7eda537c2" member_type: VOTER last_known_addr { host: "127.24.46.1" port: 43345 } }
I20260608 12:45:28.511600 25621 tablet_bootstrap.cc:492] T 1cf89695e40b465688df5dc473f7095c P b7069750d0b84a2eab4d729d60def498: Bootstrap starting.
I20260608 12:45:28.517946 25622 ts_tablet_manager.cc:1434] T 93e7526c3bee46f591e4291519571776 P a4f77c402c4448989e7a89f7eda537c2: Time spent starting tablet: real 0.011s	user 0.002s	sys 0.003s
I20260608 12:45:28.519006 25622 tablet_bootstrap.cc:492] T f8e9eba57ab044da86a1615540de25ae P a4f77c402c4448989e7a89f7eda537c2: Bootstrap starting.
I20260608 12:45:28.524304 25628 leader_election.cc:290] T 93e7526c3bee46f591e4291519571776 P b7069750d0b84a2eab4d729d60def498 [CANDIDATE]: Term 1 pre-election: Requested pre-vote from peers 0ecea7d06837424fb77d1e7b07ac2ebf (127.24.46.3:40985), a4f77c402c4448989e7a89f7eda537c2 (127.24.46.1:43345)
I20260608 12:45:28.529803 25621 tablet_bootstrap.cc:654] T 1cf89695e40b465688df5dc473f7095c P b7069750d0b84a2eab4d729d60def498: Neither blocks nor log segments found. Creating new log.
I20260608 12:45:28.530040 25620 tablet_bootstrap.cc:492] T 93e7526c3bee46f591e4291519571776 P 0ecea7d06837424fb77d1e7b07ac2ebf: No bootstrap required, opened a new log
I20260608 12:45:28.530570 25620 ts_tablet_manager.cc:1403] T 93e7526c3bee46f591e4291519571776 P 0ecea7d06837424fb77d1e7b07ac2ebf: Time spent bootstrapping tablet: real 0.051s	user 0.025s	sys 0.025s
I20260608 12:45:28.533527 25620 raft_consensus.cc:359] T 93e7526c3bee46f591e4291519571776 P 0ecea7d06837424fb77d1e7b07ac2ebf [term 0 FOLLOWER]: Replica starting. Triggering 0 pending ops. Active config: opid_index: -1 OBSOLETE_local: false peers { permanent_uuid: "0ecea7d06837424fb77d1e7b07ac2ebf" member_type: VOTER last_known_addr { host: "127.24.46.3" port: 40985 } } peers { permanent_uuid: "b7069750d0b84a2eab4d729d60def498" member_type: VOTER last_known_addr { host: "127.24.46.2" port: 39109 } } peers { permanent_uuid: "a4f77c402c4448989e7a89f7eda537c2" member_type: VOTER last_known_addr { host: "127.24.46.1" port: 43345 } }
I20260608 12:45:28.534299 25620 raft_consensus.cc:385] T 93e7526c3bee46f591e4291519571776 P 0ecea7d06837424fb77d1e7b07ac2ebf [term 0 FOLLOWER]: Consensus starting up: Expiring failure detector timer to make a prompt election more likely
I20260608 12:45:28.534642 25620 raft_consensus.cc:740] T 93e7526c3bee46f591e4291519571776 P 0ecea7d06837424fb77d1e7b07ac2ebf [term 0 FOLLOWER]: Becoming Follower/Learner. State: Replica: 0ecea7d06837424fb77d1e7b07ac2ebf, State: Initialized, Role: FOLLOWER
I20260608 12:45:28.535547 25620 consensus_queue.cc:260] T 93e7526c3bee46f591e4291519571776 P 0ecea7d06837424fb77d1e7b07ac2ebf [NON_LEADER]: Queue going to NON_LEADER mode. State: All replicated index: 0, Majority replicated index: 0, Committed index: 0, Last appended: 0.0, Last appended by leader: 0, Current term: 0, Majority size: -1, State: 0, Mode: NON_LEADER, active raft config: opid_index: -1 OBSOLETE_local: false peers { permanent_uuid: "0ecea7d06837424fb77d1e7b07ac2ebf" member_type: VOTER last_known_addr { host: "127.24.46.3" port: 40985 } } peers { permanent_uuid: "b7069750d0b84a2eab4d729d60def498" member_type: VOTER last_known_addr { host: "127.24.46.2" port: 39109 } } peers { permanent_uuid: "a4f77c402c4448989e7a89f7eda537c2" member_type: VOTER last_known_addr { host: "127.24.46.1" port: 43345 } }
I20260608 12:45:28.537216 25622 tablet_bootstrap.cc:654] T f8e9eba57ab044da86a1615540de25ae P a4f77c402c4448989e7a89f7eda537c2: Neither blocks nor log segments found. Creating new log.
I20260608 12:45:28.539746 25620 ts_tablet_manager.cc:1434] T 93e7526c3bee46f591e4291519571776 P 0ecea7d06837424fb77d1e7b07ac2ebf: Time spent starting tablet: real 0.009s	user 0.006s	sys 0.000s
I20260608 12:45:28.544034 25620 tablet_bootstrap.cc:492] T 9a487f03a4c34d4e9a054fa15b8500e0 P 0ecea7d06837424fb77d1e7b07ac2ebf: Bootstrap starting.
I20260608 12:45:28.544327 25621 tablet_bootstrap.cc:492] T 1cf89695e40b465688df5dc473f7095c P b7069750d0b84a2eab4d729d60def498: No bootstrap required, opened a new log
I20260608 12:45:28.544838 25621 ts_tablet_manager.cc:1403] T 1cf89695e40b465688df5dc473f7095c P b7069750d0b84a2eab4d729d60def498: Time spent bootstrapping tablet: real 0.033s	user 0.006s	sys 0.006s
I20260608 12:45:28.547250 25575 tablet_service.cc:1917] Received RequestConsensusVote() RPC: tablet_id: "93e7526c3bee46f591e4291519571776" candidate_uuid: "b7069750d0b84a2eab4d729d60def498" candidate_term: 1 candidate_status { last_received { term: 0 index: 0 } } ignore_live_leader: false dest_uuid: "0ecea7d06837424fb77d1e7b07ac2ebf" is_pre_election: true
I20260608 12:45:28.547950 25575 raft_consensus.cc:2468] T 93e7526c3bee46f591e4291519571776 P 0ecea7d06837424fb77d1e7b07ac2ebf [term 0 FOLLOWER]: Leader pre-election vote request: Granting yes vote for candidate b7069750d0b84a2eab4d729d60def498 in term 0.
I20260608 12:45:28.548336 25621 raft_consensus.cc:359] T 1cf89695e40b465688df5dc473f7095c P b7069750d0b84a2eab4d729d60def498 [term 0 FOLLOWER]: Replica starting. Triggering 0 pending ops. Active config: opid_index: -1 OBSOLETE_local: false peers { permanent_uuid: "a4f77c402c4448989e7a89f7eda537c2" member_type: VOTER last_known_addr { host: "127.24.46.1" port: 43345 } } peers { permanent_uuid: "b7069750d0b84a2eab4d729d60def498" member_type: VOTER last_known_addr { host: "127.24.46.2" port: 39109 } } peers { permanent_uuid: "0ecea7d06837424fb77d1e7b07ac2ebf" member_type: VOTER last_known_addr { host: "127.24.46.3" port: 40985 } }
I20260608 12:45:28.549170 25621 raft_consensus.cc:385] T 1cf89695e40b465688df5dc473f7095c P b7069750d0b84a2eab4d729d60def498 [term 0 FOLLOWER]: Consensus starting up: Expiring failure detector timer to make a prompt election more likely
I20260608 12:45:28.549527 25621 raft_consensus.cc:740] T 1cf89695e40b465688df5dc473f7095c P b7069750d0b84a2eab4d729d60def498 [term 0 FOLLOWER]: Becoming Follower/Learner. State: Replica: b7069750d0b84a2eab4d729d60def498, State: Initialized, Role: FOLLOWER
I20260608 12:45:28.549839 25467 leader_election.cc:304] T 93e7526c3bee46f591e4291519571776 P b7069750d0b84a2eab4d729d60def498 [CANDIDATE]: Term 1 pre-election: Election decided. Result: candidate won. Election summary: received 2 responses out of 3 voters: 2 yes votes; 0 no votes. yes voters: 0ecea7d06837424fb77d1e7b07ac2ebf, b7069750d0b84a2eab4d729d60def498; no voters: 
I20260608 12:45:28.550894 25620 tablet_bootstrap.cc:654] T 9a487f03a4c34d4e9a054fa15b8500e0 P 0ecea7d06837424fb77d1e7b07ac2ebf: Neither blocks nor log segments found. Creating new log.
I20260608 12:45:28.550604 25621 consensus_queue.cc:260] T 1cf89695e40b465688df5dc473f7095c P b7069750d0b84a2eab4d729d60def498 [NON_LEADER]: Queue going to NON_LEADER mode. State: All replicated index: 0, Majority replicated index: 0, Committed index: 0, Last appended: 0.0, Last appended by leader: 0, Current term: 0, Majority size: -1, State: 0, Mode: NON_LEADER, active raft config: opid_index: -1 OBSOLETE_local: false peers { permanent_uuid: "a4f77c402c4448989e7a89f7eda537c2" member_type: VOTER last_known_addr { host: "127.24.46.1" port: 43345 } } peers { permanent_uuid: "b7069750d0b84a2eab4d729d60def498" member_type: VOTER last_known_addr { host: "127.24.46.2" port: 39109 } } peers { permanent_uuid: "0ecea7d06837424fb77d1e7b07ac2ebf" member_type: VOTER last_known_addr { host: "127.24.46.3" port: 40985 } }
I20260608 12:45:28.550866 25628 raft_consensus.cc:2804] T 93e7526c3bee46f591e4291519571776 P b7069750d0b84a2eab4d729d60def498 [term 0 FOLLOWER]: Leader pre-election won for term 1
I20260608 12:45:28.551925 25628 raft_consensus.cc:493] T 93e7526c3bee46f591e4291519571776 P b7069750d0b84a2eab4d729d60def498 [term 0 FOLLOWER]: Starting leader election (no leader contacted us within the election timeout)
I20260608 12:45:28.552269 25628 raft_consensus.cc:3060] T 93e7526c3bee46f591e4291519571776 P b7069750d0b84a2eab4d729d60def498 [term 0 FOLLOWER]: Advancing to term 1
I20260608 12:45:28.553125 25621 ts_tablet_manager.cc:1434] T 1cf89695e40b465688df5dc473f7095c P b7069750d0b84a2eab4d729d60def498: Time spent starting tablet: real 0.008s	user 0.005s	sys 0.001s
I20260608 12:45:28.554548 25621 tablet_bootstrap.cc:492] T 040eb1a894cd44309c4779572a929a0b P b7069750d0b84a2eab4d729d60def498: Bootstrap starting.
I20260608 12:45:28.560348 25621 tablet_bootstrap.cc:654] T 040eb1a894cd44309c4779572a929a0b P b7069750d0b84a2eab4d729d60def498: Neither blocks nor log segments found. Creating new log.
I20260608 12:45:28.560293 25426 tablet_service.cc:1917] Received RequestConsensusVote() RPC: tablet_id: "93e7526c3bee46f591e4291519571776" candidate_uuid: "b7069750d0b84a2eab4d729d60def498" candidate_term: 1 candidate_status { last_received { term: 0 index: 0 } } ignore_live_leader: false dest_uuid: "a4f77c402c4448989e7a89f7eda537c2" is_pre_election: true
I20260608 12:45:28.561132 25426 raft_consensus.cc:2468] T 93e7526c3bee46f591e4291519571776 P a4f77c402c4448989e7a89f7eda537c2 [term 0 FOLLOWER]: Leader pre-election vote request: Granting yes vote for candidate b7069750d0b84a2eab4d729d60def498 in term 0.
I20260608 12:45:28.562258 25628 raft_consensus.cc:515] T 93e7526c3bee46f591e4291519571776 P b7069750d0b84a2eab4d729d60def498 [term 1 FOLLOWER]: Starting leader election with config: opid_index: -1 OBSOLETE_local: false peers { permanent_uuid: "0ecea7d06837424fb77d1e7b07ac2ebf" member_type: VOTER last_known_addr { host: "127.24.46.3" port: 40985 } } peers { permanent_uuid: "b7069750d0b84a2eab4d729d60def498" member_type: VOTER last_known_addr { host: "127.24.46.2" port: 39109 } } peers { permanent_uuid: "a4f77c402c4448989e7a89f7eda537c2" member_type: VOTER last_known_addr { host: "127.24.46.1" port: 43345 } }
I20260608 12:45:28.564451 25628 leader_election.cc:290] T 93e7526c3bee46f591e4291519571776 P b7069750d0b84a2eab4d729d60def498 [CANDIDATE]: Term 1 election: Requested vote from peers 0ecea7d06837424fb77d1e7b07ac2ebf (127.24.46.3:40985), a4f77c402c4448989e7a89f7eda537c2 (127.24.46.1:43345)
I20260608 12:45:28.565168 25575 tablet_service.cc:1917] Received RequestConsensusVote() RPC: tablet_id: "93e7526c3bee46f591e4291519571776" candidate_uuid: "b7069750d0b84a2eab4d729d60def498" candidate_term: 1 candidate_status { last_received { term: 0 index: 0 } } ignore_live_leader: false dest_uuid: "0ecea7d06837424fb77d1e7b07ac2ebf"
I20260608 12:45:28.565758 25575 raft_consensus.cc:3060] T 93e7526c3bee46f591e4291519571776 P 0ecea7d06837424fb77d1e7b07ac2ebf [term 0 FOLLOWER]: Advancing to term 1
I20260608 12:45:28.566397 25622 tablet_bootstrap.cc:492] T f8e9eba57ab044da86a1615540de25ae P a4f77c402c4448989e7a89f7eda537c2: No bootstrap required, opened a new log
I20260608 12:45:28.566854 25622 ts_tablet_manager.cc:1403] T f8e9eba57ab044da86a1615540de25ae P a4f77c402c4448989e7a89f7eda537c2: Time spent bootstrapping tablet: real 0.048s	user 0.012s	sys 0.010s
I20260608 12:45:28.568586 25426 tablet_service.cc:1917] Received RequestConsensusVote() RPC: tablet_id: "93e7526c3bee46f591e4291519571776" candidate_uuid: "b7069750d0b84a2eab4d729d60def498" candidate_term: 1 candidate_status { last_received { term: 0 index: 0 } } ignore_live_leader: false dest_uuid: "a4f77c402c4448989e7a89f7eda537c2"
I20260608 12:45:28.569149 25426 raft_consensus.cc:3060] T 93e7526c3bee46f591e4291519571776 P a4f77c402c4448989e7a89f7eda537c2 [term 0 FOLLOWER]: Advancing to term 1
I20260608 12:45:28.569892 25621 tablet_bootstrap.cc:492] T 040eb1a894cd44309c4779572a929a0b P b7069750d0b84a2eab4d729d60def498: No bootstrap required, opened a new log
I20260608 12:45:28.569761 25622 raft_consensus.cc:359] T f8e9eba57ab044da86a1615540de25ae P a4f77c402c4448989e7a89f7eda537c2 [term 0 FOLLOWER]: Replica starting. Triggering 0 pending ops. Active config: opid_index: -1 OBSOLETE_local: false peers { permanent_uuid: "a4f77c402c4448989e7a89f7eda537c2" member_type: VOTER last_known_addr { host: "127.24.46.1" port: 43345 } } peers { permanent_uuid: "b7069750d0b84a2eab4d729d60def498" member_type: VOTER last_known_addr { host: "127.24.46.2" port: 39109 } } peers { permanent_uuid: "0ecea7d06837424fb77d1e7b07ac2ebf" member_type: VOTER last_known_addr { host: "127.24.46.3" port: 40985 } }
I20260608 12:45:28.570469 25621 ts_tablet_manager.cc:1403] T 040eb1a894cd44309c4779572a929a0b P b7069750d0b84a2eab4d729d60def498: Time spent bootstrapping tablet: real 0.016s	user 0.010s	sys 0.003s
I20260608 12:45:28.570493 25622 raft_consensus.cc:385] T f8e9eba57ab044da86a1615540de25ae P a4f77c402c4448989e7a89f7eda537c2 [term 0 FOLLOWER]: Consensus starting up: Expiring failure detector timer to make a prompt election more likely
I20260608 12:45:28.571034 25622 raft_consensus.cc:740] T f8e9eba57ab044da86a1615540de25ae P a4f77c402c4448989e7a89f7eda537c2 [term 0 FOLLOWER]: Becoming Follower/Learner. State: Replica: a4f77c402c4448989e7a89f7eda537c2, State: Initialized, Role: FOLLOWER
I20260608 12:45:28.571976 25622 consensus_queue.cc:260] T f8e9eba57ab044da86a1615540de25ae P a4f77c402c4448989e7a89f7eda537c2 [NON_LEADER]: Queue going to NON_LEADER mode. State: All replicated index: 0, Majority replicated index: 0, Committed index: 0, Last appended: 0.0, Last appended by leader: 0, Current term: 0, Majority size: -1, State: 0, Mode: NON_LEADER, active raft config: opid_index: -1 OBSOLETE_local: false peers { permanent_uuid: "a4f77c402c4448989e7a89f7eda537c2" member_type: VOTER last_known_addr { host: "127.24.46.1" port: 43345 } } peers { permanent_uuid: "b7069750d0b84a2eab4d729d60def498" member_type: VOTER last_known_addr { host: "127.24.46.2" port: 39109 } } peers { permanent_uuid: "0ecea7d06837424fb77d1e7b07ac2ebf" member_type: VOTER last_known_addr { host: "127.24.46.3" port: 40985 } }
I20260608 12:45:28.572510 25575 raft_consensus.cc:2468] T 93e7526c3bee46f591e4291519571776 P 0ecea7d06837424fb77d1e7b07ac2ebf [term 1 FOLLOWER]: Leader election vote request: Granting yes vote for candidate b7069750d0b84a2eab4d729d60def498 in term 1.
I20260608 12:45:28.573689 25467 leader_election.cc:304] T 93e7526c3bee46f591e4291519571776 P b7069750d0b84a2eab4d729d60def498 [CANDIDATE]: Term 1 election: Election decided. Result: candidate won. Election summary: received 2 responses out of 3 voters: 2 yes votes; 0 no votes. yes voters: 0ecea7d06837424fb77d1e7b07ac2ebf, b7069750d0b84a2eab4d729d60def498; no voters: 
I20260608 12:45:28.574155 25622 ts_tablet_manager.cc:1434] T f8e9eba57ab044da86a1615540de25ae P a4f77c402c4448989e7a89f7eda537c2: Time spent starting tablet: real 0.007s	user 0.005s	sys 0.000s
I20260608 12:45:28.574533 25628 raft_consensus.cc:2804] T 93e7526c3bee46f591e4291519571776 P b7069750d0b84a2eab4d729d60def498 [term 1 FOLLOWER]: Leader election won for term 1
I20260608 12:45:28.575014 25628 raft_consensus.cc:697] T 93e7526c3bee46f591e4291519571776 P b7069750d0b84a2eab4d729d60def498 [term 1 LEADER]: Becoming Leader. State: Replica: b7069750d0b84a2eab4d729d60def498, State: Running, Role: LEADER
I20260608 12:45:28.575169 25622 tablet_bootstrap.cc:492] T 1339a0a82fc2443386f3a00a874ce24e P a4f77c402c4448989e7a89f7eda537c2: Bootstrap starting.
I20260608 12:45:28.575832 25628 consensus_queue.cc:237] T 93e7526c3bee46f591e4291519571776 P b7069750d0b84a2eab4d729d60def498 [LEADER]: Queue going to LEADER mode. State: All replicated index: 0, Majority replicated index: 0, Committed index: 0, Last appended: 0.0, Last appended by leader: 0, Current term: 1, Majority size: 2, State: 0, Mode: LEADER, active raft config: opid_index: -1 OBSOLETE_local: false peers { permanent_uuid: "0ecea7d06837424fb77d1e7b07ac2ebf" member_type: VOTER last_known_addr { host: "127.24.46.3" port: 40985 } } peers { permanent_uuid: "b7069750d0b84a2eab4d729d60def498" member_type: VOTER last_known_addr { host: "127.24.46.2" port: 39109 } } peers { permanent_uuid: "a4f77c402c4448989e7a89f7eda537c2" member_type: VOTER last_known_addr { host: "127.24.46.1" port: 43345 } }
I20260608 12:45:28.576184 25621 raft_consensus.cc:359] T 040eb1a894cd44309c4779572a929a0b P b7069750d0b84a2eab4d729d60def498 [term 0 FOLLOWER]: Replica starting. Triggering 0 pending ops. Active config: opid_index: -1 OBSOLETE_local: false peers { permanent_uuid: "a4f77c402c4448989e7a89f7eda537c2" member_type: VOTER last_known_addr { host: "127.24.46.1" port: 43345 } } peers { permanent_uuid: "b7069750d0b84a2eab4d729d60def498" member_type: VOTER last_known_addr { host: "127.24.46.2" port: 39109 } } peers { permanent_uuid: "0ecea7d06837424fb77d1e7b07ac2ebf" member_type: VOTER last_known_addr { host: "127.24.46.3" port: 40985 } }
I20260608 12:45:28.576869 25621 raft_consensus.cc:385] T 040eb1a894cd44309c4779572a929a0b P b7069750d0b84a2eab4d729d60def498 [term 0 FOLLOWER]: Consensus starting up: Expiring failure detector timer to make a prompt election more likely
I20260608 12:45:28.577215 25621 raft_consensus.cc:740] T 040eb1a894cd44309c4779572a929a0b P b7069750d0b84a2eab4d729d60def498 [term 0 FOLLOWER]: Becoming Follower/Learner. State: Replica: b7069750d0b84a2eab4d729d60def498, State: Initialized, Role: FOLLOWER
I20260608 12:45:28.578135 25621 consensus_queue.cc:260] T 040eb1a894cd44309c4779572a929a0b P b7069750d0b84a2eab4d729d60def498 [NON_LEADER]: Queue going to NON_LEADER mode. State: All replicated index: 0, Majority replicated index: 0, Committed index: 0, Last appended: 0.0, Last appended by leader: 0, Current term: 0, Majority size: -1, State: 0, Mode: NON_LEADER, active raft config: opid_index: -1 OBSOLETE_local: false peers { permanent_uuid: "a4f77c402c4448989e7a89f7eda537c2" member_type: VOTER last_known_addr { host: "127.24.46.1" port: 43345 } } peers { permanent_uuid: "b7069750d0b84a2eab4d729d60def498" member_type: VOTER last_known_addr { host: "127.24.46.2" port: 39109 } } peers { permanent_uuid: "0ecea7d06837424fb77d1e7b07ac2ebf" member_type: VOTER last_known_addr { host: "127.24.46.3" port: 40985 } }
I20260608 12:45:28.580482 25621 ts_tablet_manager.cc:1434] T 040eb1a894cd44309c4779572a929a0b P b7069750d0b84a2eab4d729d60def498: Time spent starting tablet: real 0.009s	user 0.005s	sys 0.000s
I20260608 12:45:28.581445 25622 tablet_bootstrap.cc:654] T 1339a0a82fc2443386f3a00a874ce24e P a4f77c402c4448989e7a89f7eda537c2: Neither blocks nor log segments found. Creating new log.
I20260608 12:45:28.581490 25621 tablet_bootstrap.cc:492] T f8e9eba57ab044da86a1615540de25ae P b7069750d0b84a2eab4d729d60def498: Bootstrap starting.
I20260608 12:45:28.581516 25620 tablet_bootstrap.cc:492] T 9a487f03a4c34d4e9a054fa15b8500e0 P 0ecea7d06837424fb77d1e7b07ac2ebf: No bootstrap required, opened a new log
I20260608 12:45:28.582429 25620 ts_tablet_manager.cc:1403] T 9a487f03a4c34d4e9a054fa15b8500e0 P 0ecea7d06837424fb77d1e7b07ac2ebf: Time spent bootstrapping tablet: real 0.039s	user 0.010s	sys 0.005s
I20260608 12:45:28.585486 25620 raft_consensus.cc:359] T 9a487f03a4c34d4e9a054fa15b8500e0 P 0ecea7d06837424fb77d1e7b07ac2ebf [term 0 FOLLOWER]: Replica starting. Triggering 0 pending ops. Active config: opid_index: -1 OBSOLETE_local: false peers { permanent_uuid: "a4f77c402c4448989e7a89f7eda537c2" member_type: VOTER last_known_addr { host: "127.24.46.1" port: 43345 } } peers { permanent_uuid: "b7069750d0b84a2eab4d729d60def498" member_type: VOTER last_known_addr { host: "127.24.46.2" port: 39109 } } peers { permanent_uuid: "0ecea7d06837424fb77d1e7b07ac2ebf" member_type: VOTER last_known_addr { host: "127.24.46.3" port: 40985 } }
I20260608 12:45:28.586287 25620 raft_consensus.cc:385] T 9a487f03a4c34d4e9a054fa15b8500e0 P 0ecea7d06837424fb77d1e7b07ac2ebf [term 0 FOLLOWER]: Consensus starting up: Expiring failure detector timer to make a prompt election more likely
I20260608 12:45:28.586632 25620 raft_consensus.cc:740] T 9a487f03a4c34d4e9a054fa15b8500e0 P 0ecea7d06837424fb77d1e7b07ac2ebf [term 0 FOLLOWER]: Becoming Follower/Learner. State: Replica: 0ecea7d06837424fb77d1e7b07ac2ebf, State: Initialized, Role: FOLLOWER
I20260608 12:45:28.587338 25426 raft_consensus.cc:2468] T 93e7526c3bee46f591e4291519571776 P a4f77c402c4448989e7a89f7eda537c2 [term 1 FOLLOWER]: Leader election vote request: Granting yes vote for candidate b7069750d0b84a2eab4d729d60def498 in term 1.
I20260608 12:45:28.589268 25620 consensus_queue.cc:260] T 9a487f03a4c34d4e9a054fa15b8500e0 P 0ecea7d06837424fb77d1e7b07ac2ebf [NON_LEADER]: Queue going to NON_LEADER mode. State: All replicated index: 0, Majority replicated index: 0, Committed index: 0, Last appended: 0.0, Last appended by leader: 0, Current term: 0, Majority size: -1, State: 0, Mode: NON_LEADER, active raft config: opid_index: -1 OBSOLETE_local: false peers { permanent_uuid: "a4f77c402c4448989e7a89f7eda537c2" member_type: VOTER last_known_addr { host: "127.24.46.1" port: 43345 } } peers { permanent_uuid: "b7069750d0b84a2eab4d729d60def498" member_type: VOTER last_known_addr { host: "127.24.46.2" port: 39109 } } peers { permanent_uuid: "0ecea7d06837424fb77d1e7b07ac2ebf" member_type: VOTER last_known_addr { host: "127.24.46.3" port: 40985 } }
I20260608 12:45:28.590327 25621 tablet_bootstrap.cc:654] T f8e9eba57ab044da86a1615540de25ae P b7069750d0b84a2eab4d729d60def498: Neither blocks nor log segments found. Creating new log.
I20260608 12:45:28.593109 25620 ts_tablet_manager.cc:1434] T 9a487f03a4c34d4e9a054fa15b8500e0 P 0ecea7d06837424fb77d1e7b07ac2ebf: Time spent starting tablet: real 0.010s	user 0.003s	sys 0.003s
I20260608 12:45:28.594152 25620 tablet_bootstrap.cc:492] T f8e9eba57ab044da86a1615540de25ae P 0ecea7d06837424fb77d1e7b07ac2ebf: Bootstrap starting.
I20260608 12:45:28.594846 25622 tablet_bootstrap.cc:492] T 1339a0a82fc2443386f3a00a874ce24e P a4f77c402c4448989e7a89f7eda537c2: No bootstrap required, opened a new log
I20260608 12:45:28.595340 25622 ts_tablet_manager.cc:1403] T 1339a0a82fc2443386f3a00a874ce24e P a4f77c402c4448989e7a89f7eda537c2: Time spent bootstrapping tablet: real 0.020s	user 0.005s	sys 0.005s
I20260608 12:45:28.600106 25620 tablet_bootstrap.cc:654] T f8e9eba57ab044da86a1615540de25ae P 0ecea7d06837424fb77d1e7b07ac2ebf: Neither blocks nor log segments found. Creating new log.
I20260608 12:45:28.600574 25324 catalog_manager.cc:5696] T 93e7526c3bee46f591e4291519571776 P b7069750d0b84a2eab4d729d60def498 reported cstate change: term changed from 0 to 1, leader changed from <none> to b7069750d0b84a2eab4d729d60def498 (127.24.46.2). New cstate: current_term: 1 leader_uuid: "b7069750d0b84a2eab4d729d60def498" committed_config { opid_index: -1 OBSOLETE_local: false peers { permanent_uuid: "0ecea7d06837424fb77d1e7b07ac2ebf" member_type: VOTER last_known_addr { host: "127.24.46.3" port: 40985 } health_report { overall_health: UNKNOWN } } peers { permanent_uuid: "b7069750d0b84a2eab4d729d60def498" member_type: VOTER last_known_addr { host: "127.24.46.2" port: 39109 } health_report { overall_health: HEALTHY } } peers { permanent_uuid: "a4f77c402c4448989e7a89f7eda537c2" member_type: VOTER last_known_addr { host: "127.24.46.1" port: 43345 } health_report { overall_health: UNKNOWN } } }
I20260608 12:45:28.600123 25622 raft_consensus.cc:359] T 1339a0a82fc2443386f3a00a874ce24e P a4f77c402c4448989e7a89f7eda537c2 [term 0 FOLLOWER]: Replica starting. Triggering 0 pending ops. Active config: opid_index: -1 OBSOLETE_local: false peers { permanent_uuid: "a4f77c402c4448989e7a89f7eda537c2" member_type: VOTER last_known_addr { host: "127.24.46.1" port: 43345 } } peers { permanent_uuid: "b7069750d0b84a2eab4d729d60def498" member_type: VOTER last_known_addr { host: "127.24.46.2" port: 39109 } } peers { permanent_uuid: "0ecea7d06837424fb77d1e7b07ac2ebf" member_type: VOTER last_known_addr { host: "127.24.46.3" port: 40985 } }
I20260608 12:45:28.603001 25622 raft_consensus.cc:385] T 1339a0a82fc2443386f3a00a874ce24e P a4f77c402c4448989e7a89f7eda537c2 [term 0 FOLLOWER]: Consensus starting up: Expiring failure detector timer to make a prompt election more likely
I20260608 12:45:28.603250 25622 raft_consensus.cc:740] T 1339a0a82fc2443386f3a00a874ce24e P a4f77c402c4448989e7a89f7eda537c2 [term 0 FOLLOWER]: Becoming Follower/Learner. State: Replica: a4f77c402c4448989e7a89f7eda537c2, State: Initialized, Role: FOLLOWER
I20260608 12:45:28.603907 25622 consensus_queue.cc:260] T 1339a0a82fc2443386f3a00a874ce24e P a4f77c402c4448989e7a89f7eda537c2 [NON_LEADER]: Queue going to NON_LEADER mode. State: All replicated index: 0, Majority replicated index: 0, Committed index: 0, Last appended: 0.0, Last appended by leader: 0, Current term: 0, Majority size: -1, State: 0, Mode: NON_LEADER, active raft config: opid_index: -1 OBSOLETE_local: false peers { permanent_uuid: "a4f77c402c4448989e7a89f7eda537c2" member_type: VOTER last_known_addr { host: "127.24.46.1" port: 43345 } } peers { permanent_uuid: "b7069750d0b84a2eab4d729d60def498" member_type: VOTER last_known_addr { host: "127.24.46.2" port: 39109 } } peers { permanent_uuid: "0ecea7d06837424fb77d1e7b07ac2ebf" member_type: VOTER last_known_addr { host: "127.24.46.3" port: 40985 } }
I20260608 12:45:28.605477 25621 tablet_bootstrap.cc:492] T f8e9eba57ab044da86a1615540de25ae P b7069750d0b84a2eab4d729d60def498: No bootstrap required, opened a new log
I20260608 12:45:28.605945 25621 ts_tablet_manager.cc:1403] T f8e9eba57ab044da86a1615540de25ae P b7069750d0b84a2eab4d729d60def498: Time spent bootstrapping tablet: real 0.025s	user 0.008s	sys 0.008s
I20260608 12:45:28.606392 25622 ts_tablet_manager.cc:1434] T 1339a0a82fc2443386f3a00a874ce24e P a4f77c402c4448989e7a89f7eda537c2: Time spent starting tablet: real 0.009s	user 0.005s	sys 0.000s
I20260608 12:45:28.607412 25622 tablet_bootstrap.cc:492] T 1cf89695e40b465688df5dc473f7095c P a4f77c402c4448989e7a89f7eda537c2: Bootstrap starting.
I20260608 12:45:28.609316 25621 raft_consensus.cc:359] T f8e9eba57ab044da86a1615540de25ae P b7069750d0b84a2eab4d729d60def498 [term 0 FOLLOWER]: Replica starting. Triggering 0 pending ops. Active config: opid_index: -1 OBSOLETE_local: false peers { permanent_uuid: "a4f77c402c4448989e7a89f7eda537c2" member_type: VOTER last_known_addr { host: "127.24.46.1" port: 43345 } } peers { permanent_uuid: "b7069750d0b84a2eab4d729d60def498" member_type: VOTER last_known_addr { host: "127.24.46.2" port: 39109 } } peers { permanent_uuid: "0ecea7d06837424fb77d1e7b07ac2ebf" member_type: VOTER last_known_addr { host: "127.24.46.3" port: 40985 } }
I20260608 12:45:28.609989 25621 raft_consensus.cc:385] T f8e9eba57ab044da86a1615540de25ae P b7069750d0b84a2eab4d729d60def498 [term 0 FOLLOWER]: Consensus starting up: Expiring failure detector timer to make a prompt election more likely
I20260608 12:45:28.610284 25621 raft_consensus.cc:740] T f8e9eba57ab044da86a1615540de25ae P b7069750d0b84a2eab4d729d60def498 [term 0 FOLLOWER]: Becoming Follower/Learner. State: Replica: b7069750d0b84a2eab4d729d60def498, State: Initialized, Role: FOLLOWER
I20260608 12:45:28.611812 25621 consensus_queue.cc:260] T f8e9eba57ab044da86a1615540de25ae P b7069750d0b84a2eab4d729d60def498 [NON_LEADER]: Queue going to NON_LEADER mode. State: All replicated index: 0, Majority replicated index: 0, Committed index: 0, Last appended: 0.0, Last appended by leader: 0, Current term: 0, Majority size: -1, State: 0, Mode: NON_LEADER, active raft config: opid_index: -1 OBSOLETE_local: false peers { permanent_uuid: "a4f77c402c4448989e7a89f7eda537c2" member_type: VOTER last_known_addr { host: "127.24.46.1" port: 43345 } } peers { permanent_uuid: "b7069750d0b84a2eab4d729d60def498" member_type: VOTER last_known_addr { host: "127.24.46.2" port: 39109 } } peers { permanent_uuid: "0ecea7d06837424fb77d1e7b07ac2ebf" member_type: VOTER last_known_addr { host: "127.24.46.3" port: 40985 } }
I20260608 12:45:28.613396 25622 tablet_bootstrap.cc:654] T 1cf89695e40b465688df5dc473f7095c P a4f77c402c4448989e7a89f7eda537c2: Neither blocks nor log segments found. Creating new log.
I20260608 12:45:28.615257 25620 tablet_bootstrap.cc:492] T f8e9eba57ab044da86a1615540de25ae P 0ecea7d06837424fb77d1e7b07ac2ebf: No bootstrap required, opened a new log
I20260608 12:45:28.615757 25620 ts_tablet_manager.cc:1403] T f8e9eba57ab044da86a1615540de25ae P 0ecea7d06837424fb77d1e7b07ac2ebf: Time spent bootstrapping tablet: real 0.022s	user 0.010s	sys 0.000s
I20260608 12:45:28.618520 25620 raft_consensus.cc:359] T f8e9eba57ab044da86a1615540de25ae P 0ecea7d06837424fb77d1e7b07ac2ebf [term 0 FOLLOWER]: Replica starting. Triggering 0 pending ops. Active config: opid_index: -1 OBSOLETE_local: false peers { permanent_uuid: "a4f77c402c4448989e7a89f7eda537c2" member_type: VOTER last_known_addr { host: "127.24.46.1" port: 43345 } } peers { permanent_uuid: "b7069750d0b84a2eab4d729d60def498" member_type: VOTER last_known_addr { host: "127.24.46.2" port: 39109 } } peers { permanent_uuid: "0ecea7d06837424fb77d1e7b07ac2ebf" member_type: VOTER last_known_addr { host: "127.24.46.3" port: 40985 } }
I20260608 12:45:28.619352 25620 raft_consensus.cc:385] T f8e9eba57ab044da86a1615540de25ae P 0ecea7d06837424fb77d1e7b07ac2ebf [term 0 FOLLOWER]: Consensus starting up: Expiring failure detector timer to make a prompt election more likely
I20260608 12:45:28.619767 25622 tablet_bootstrap.cc:492] T 1cf89695e40b465688df5dc473f7095c P a4f77c402c4448989e7a89f7eda537c2: No bootstrap required, opened a new log
I20260608 12:45:28.620191 25622 ts_tablet_manager.cc:1403] T 1cf89695e40b465688df5dc473f7095c P a4f77c402c4448989e7a89f7eda537c2: Time spent bootstrapping tablet: real 0.013s	user 0.006s	sys 0.006s
I20260608 12:45:28.621199 25621 ts_tablet_manager.cc:1434] T f8e9eba57ab044da86a1615540de25ae P b7069750d0b84a2eab4d729d60def498: Time spent starting tablet: real 0.015s	user 0.007s	sys 0.001s
I20260608 12:45:28.622277 25621 tablet_bootstrap.cc:492] T 2c43acaf04ee4782833efc37a9224c1d P b7069750d0b84a2eab4d729d60def498: Bootstrap starting.
I20260608 12:45:28.622967 25622 raft_consensus.cc:359] T 1cf89695e40b465688df5dc473f7095c P a4f77c402c4448989e7a89f7eda537c2 [term 0 FOLLOWER]: Replica starting. Triggering 0 pending ops. Active config: opid_index: -1 OBSOLETE_local: false peers { permanent_uuid: "a4f77c402c4448989e7a89f7eda537c2" member_type: VOTER last_known_addr { host: "127.24.46.1" port: 43345 } } peers { permanent_uuid: "b7069750d0b84a2eab4d729d60def498" member_type: VOTER last_known_addr { host: "127.24.46.2" port: 39109 } } peers { permanent_uuid: "0ecea7d06837424fb77d1e7b07ac2ebf" member_type: VOTER last_known_addr { host: "127.24.46.3" port: 40985 } }
I20260608 12:45:28.623670 25622 raft_consensus.cc:385] T 1cf89695e40b465688df5dc473f7095c P a4f77c402c4448989e7a89f7eda537c2 [term 0 FOLLOWER]: Consensus starting up: Expiring failure detector timer to make a prompt election more likely
I20260608 12:45:28.619658 25620 raft_consensus.cc:740] T f8e9eba57ab044da86a1615540de25ae P 0ecea7d06837424fb77d1e7b07ac2ebf [term 0 FOLLOWER]: Becoming Follower/Learner. State: Replica: 0ecea7d06837424fb77d1e7b07ac2ebf, State: Initialized, Role: FOLLOWER
I20260608 12:45:28.624833 25620 consensus_queue.cc:260] T f8e9eba57ab044da86a1615540de25ae P 0ecea7d06837424fb77d1e7b07ac2ebf [NON_LEADER]: Queue going to NON_LEADER mode. State: All replicated index: 0, Majority replicated index: 0, Committed index: 0, Last appended: 0.0, Last appended by leader: 0, Current term: 0, Majority size: -1, State: 0, Mode: NON_LEADER, active raft config: opid_index: -1 OBSOLETE_local: false peers { permanent_uuid: "a4f77c402c4448989e7a89f7eda537c2" member_type: VOTER last_known_addr { host: "127.24.46.1" port: 43345 } } peers { permanent_uuid: "b7069750d0b84a2eab4d729d60def498" member_type: VOTER last_known_addr { host: "127.24.46.2" port: 39109 } } peers { permanent_uuid: "0ecea7d06837424fb77d1e7b07ac2ebf" member_type: VOTER last_known_addr { host: "127.24.46.3" port: 40985 } }
I20260608 12:45:28.627360 25620 ts_tablet_manager.cc:1434] T f8e9eba57ab044da86a1615540de25ae P 0ecea7d06837424fb77d1e7b07ac2ebf: Time spent starting tablet: real 0.011s	user 0.007s	sys 0.000s
I20260608 12:45:28.628304 25620 tablet_bootstrap.cc:492] T 25a201c68a6141d087dbeb50d4f5c5f8 P 0ecea7d06837424fb77d1e7b07ac2ebf: Bootstrap starting.
I20260608 12:45:28.629366 25621 tablet_bootstrap.cc:654] T 2c43acaf04ee4782833efc37a9224c1d P b7069750d0b84a2eab4d729d60def498: Neither blocks nor log segments found. Creating new log.
I20260608 12:45:28.623971 25622 raft_consensus.cc:740] T 1cf89695e40b465688df5dc473f7095c P a4f77c402c4448989e7a89f7eda537c2 [term 0 FOLLOWER]: Becoming Follower/Learner. State: Replica: a4f77c402c4448989e7a89f7eda537c2, State: Initialized, Role: FOLLOWER
I20260608 12:45:28.632635 25622 consensus_queue.cc:260] T 1cf89695e40b465688df5dc473f7095c P a4f77c402c4448989e7a89f7eda537c2 [NON_LEADER]: Queue going to NON_LEADER mode. State: All replicated index: 0, Majority replicated index: 0, Committed index: 0, Last appended: 0.0, Last appended by leader: 0, Current term: 0, Majority size: -1, State: 0, Mode: NON_LEADER, active raft config: opid_index: -1 OBSOLETE_local: false peers { permanent_uuid: "a4f77c402c4448989e7a89f7eda537c2" member_type: VOTER last_known_addr { host: "127.24.46.1" port: 43345 } } peers { permanent_uuid: "b7069750d0b84a2eab4d729d60def498" member_type: VOTER last_known_addr { host: "127.24.46.2" port: 39109 } } peers { permanent_uuid: "0ecea7d06837424fb77d1e7b07ac2ebf" member_type: VOTER last_known_addr { host: "127.24.46.3" port: 40985 } }
I20260608 12:45:28.634253 25621 tablet_bootstrap.cc:492] T 2c43acaf04ee4782833efc37a9224c1d P b7069750d0b84a2eab4d729d60def498: No bootstrap required, opened a new log
I20260608 12:45:28.634763 25621 ts_tablet_manager.cc:1403] T 2c43acaf04ee4782833efc37a9224c1d P b7069750d0b84a2eab4d729d60def498: Time spent bootstrapping tablet: real 0.013s	user 0.011s	sys 0.000s
I20260608 12:45:28.634895 25622 ts_tablet_manager.cc:1434] T 1cf89695e40b465688df5dc473f7095c P a4f77c402c4448989e7a89f7eda537c2: Time spent starting tablet: real 0.014s	user 0.005s	sys 0.000s
I20260608 12:45:28.635987 25622 tablet_bootstrap.cc:492] T 040eb1a894cd44309c4779572a929a0b P a4f77c402c4448989e7a89f7eda537c2: Bootstrap starting.
I20260608 12:45:28.637751 25621 raft_consensus.cc:359] T 2c43acaf04ee4782833efc37a9224c1d P b7069750d0b84a2eab4d729d60def498 [term 0 FOLLOWER]: Replica starting. Triggering 0 pending ops. Active config: opid_index: -1 OBSOLETE_local: false peers { permanent_uuid: "a4f77c402c4448989e7a89f7eda537c2" member_type: VOTER last_known_addr { host: "127.24.46.1" port: 43345 } } peers { permanent_uuid: "b7069750d0b84a2eab4d729d60def498" member_type: VOTER last_known_addr { host: "127.24.46.2" port: 39109 } } peers { permanent_uuid: "0ecea7d06837424fb77d1e7b07ac2ebf" member_type: VOTER last_known_addr { host: "127.24.46.3" port: 40985 } }
I20260608 12:45:28.638484 25621 raft_consensus.cc:385] T 2c43acaf04ee4782833efc37a9224c1d P b7069750d0b84a2eab4d729d60def498 [term 0 FOLLOWER]: Consensus starting up: Expiring failure detector timer to make a prompt election more likely
I20260608 12:45:28.638852 25621 raft_consensus.cc:740] T 2c43acaf04ee4782833efc37a9224c1d P b7069750d0b84a2eab4d729d60def498 [term 0 FOLLOWER]: Becoming Follower/Learner. State: Replica: b7069750d0b84a2eab4d729d60def498, State: Initialized, Role: FOLLOWER
I20260608 12:45:28.640053 25620 tablet_bootstrap.cc:654] T 25a201c68a6141d087dbeb50d4f5c5f8 P 0ecea7d06837424fb77d1e7b07ac2ebf: Neither blocks nor log segments found. Creating new log.
I20260608 12:45:28.639652 25621 consensus_queue.cc:260] T 2c43acaf04ee4782833efc37a9224c1d P b7069750d0b84a2eab4d729d60def498 [NON_LEADER]: Queue going to NON_LEADER mode. State: All replicated index: 0, Majority replicated index: 0, Committed index: 0, Last appended: 0.0, Last appended by leader: 0, Current term: 0, Majority size: -1, State: 0, Mode: NON_LEADER, active raft config: opid_index: -1 OBSOLETE_local: false peers { permanent_uuid: "a4f77c402c4448989e7a89f7eda537c2" member_type: VOTER last_known_addr { host: "127.24.46.1" port: 43345 } } peers { permanent_uuid: "b7069750d0b84a2eab4d729d60def498" member_type: VOTER last_known_addr { host: "127.24.46.2" port: 39109 } } peers { permanent_uuid: "0ecea7d06837424fb77d1e7b07ac2ebf" member_type: VOTER last_known_addr { host: "127.24.46.3" port: 40985 } }
I20260608 12:45:28.642040 25621 ts_tablet_manager.cc:1434] T 2c43acaf04ee4782833efc37a9224c1d P b7069750d0b84a2eab4d729d60def498: Time spent starting tablet: real 0.007s	user 0.005s	sys 0.000s
I20260608 12:45:28.643113 25621 tablet_bootstrap.cc:492] T 25a201c68a6141d087dbeb50d4f5c5f8 P b7069750d0b84a2eab4d729d60def498: Bootstrap starting.
I20260608 12:45:28.645150 25622 tablet_bootstrap.cc:654] T 040eb1a894cd44309c4779572a929a0b P a4f77c402c4448989e7a89f7eda537c2: Neither blocks nor log segments found. Creating new log.
I20260608 12:45:28.649474 25621 tablet_bootstrap.cc:654] T 25a201c68a6141d087dbeb50d4f5c5f8 P b7069750d0b84a2eab4d729d60def498: Neither blocks nor log segments found. Creating new log.
I20260608 12:45:28.650848 25622 tablet_bootstrap.cc:492] T 040eb1a894cd44309c4779572a929a0b P a4f77c402c4448989e7a89f7eda537c2: No bootstrap required, opened a new log
I20260608 12:45:28.651414 25620 tablet_bootstrap.cc:492] T 25a201c68a6141d087dbeb50d4f5c5f8 P 0ecea7d06837424fb77d1e7b07ac2ebf: No bootstrap required, opened a new log
I20260608 12:45:28.651361 25622 ts_tablet_manager.cc:1403] T 040eb1a894cd44309c4779572a929a0b P a4f77c402c4448989e7a89f7eda537c2: Time spent bootstrapping tablet: real 0.016s	user 0.006s	sys 0.005s
I20260608 12:45:28.652053 25620 ts_tablet_manager.cc:1403] T 25a201c68a6141d087dbeb50d4f5c5f8 P 0ecea7d06837424fb77d1e7b07ac2ebf: Time spent bootstrapping tablet: real 0.024s	user 0.009s	sys 0.003s
I20260608 12:45:28.654490 25622 raft_consensus.cc:359] T 040eb1a894cd44309c4779572a929a0b P a4f77c402c4448989e7a89f7eda537c2 [term 0 FOLLOWER]: Replica starting. Triggering 0 pending ops. Active config: opid_index: -1 OBSOLETE_local: false peers { permanent_uuid: "a4f77c402c4448989e7a89f7eda537c2" member_type: VOTER last_known_addr { host: "127.24.46.1" port: 43345 } } peers { permanent_uuid: "b7069750d0b84a2eab4d729d60def498" member_type: VOTER last_known_addr { host: "127.24.46.2" port: 39109 } } peers { permanent_uuid: "0ecea7d06837424fb77d1e7b07ac2ebf" member_type: VOTER last_known_addr { host: "127.24.46.3" port: 40985 } }
I20260608 12:45:28.655040 25622 raft_consensus.cc:385] T 040eb1a894cd44309c4779572a929a0b P a4f77c402c4448989e7a89f7eda537c2 [term 0 FOLLOWER]: Consensus starting up: Expiring failure detector timer to make a prompt election more likely
I20260608 12:45:28.655265 25622 raft_consensus.cc:740] T 040eb1a894cd44309c4779572a929a0b P a4f77c402c4448989e7a89f7eda537c2 [term 0 FOLLOWER]: Becoming Follower/Learner. State: Replica: a4f77c402c4448989e7a89f7eda537c2, State: Initialized, Role: FOLLOWER
I20260608 12:45:28.655295 25620 raft_consensus.cc:359] T 25a201c68a6141d087dbeb50d4f5c5f8 P 0ecea7d06837424fb77d1e7b07ac2ebf [term 0 FOLLOWER]: Replica starting. Triggering 0 pending ops. Active config: opid_index: -1 OBSOLETE_local: false peers { permanent_uuid: "a4f77c402c4448989e7a89f7eda537c2" member_type: VOTER last_known_addr { host: "127.24.46.1" port: 43345 } } peers { permanent_uuid: "b7069750d0b84a2eab4d729d60def498" member_type: VOTER last_known_addr { host: "127.24.46.2" port: 39109 } } peers { permanent_uuid: "0ecea7d06837424fb77d1e7b07ac2ebf" member_type: VOTER last_known_addr { host: "127.24.46.3" port: 40985 } }
I20260608 12:45:28.656109 25620 raft_consensus.cc:385] T 25a201c68a6141d087dbeb50d4f5c5f8 P 0ecea7d06837424fb77d1e7b07ac2ebf [term 0 FOLLOWER]: Consensus starting up: Expiring failure detector timer to make a prompt election more likely
I20260608 12:45:28.656462 25620 raft_consensus.cc:740] T 25a201c68a6141d087dbeb50d4f5c5f8 P 0ecea7d06837424fb77d1e7b07ac2ebf [term 0 FOLLOWER]: Becoming Follower/Learner. State: Replica: 0ecea7d06837424fb77d1e7b07ac2ebf, State: Initialized, Role: FOLLOWER
I20260608 12:45:28.657254 25620 consensus_queue.cc:260] T 25a201c68a6141d087dbeb50d4f5c5f8 P 0ecea7d06837424fb77d1e7b07ac2ebf [NON_LEADER]: Queue going to NON_LEADER mode. State: All replicated index: 0, Majority replicated index: 0, Committed index: 0, Last appended: 0.0, Last appended by leader: 0, Current term: 0, Majority size: -1, State: 0, Mode: NON_LEADER, active raft config: opid_index: -1 OBSOLETE_local: false peers { permanent_uuid: "a4f77c402c4448989e7a89f7eda537c2" member_type: VOTER last_known_addr { host: "127.24.46.1" port: 43345 } } peers { permanent_uuid: "b7069750d0b84a2eab4d729d60def498" member_type: VOTER last_known_addr { host: "127.24.46.2" port: 39109 } } peers { permanent_uuid: "0ecea7d06837424fb77d1e7b07ac2ebf" member_type: VOTER last_known_addr { host: "127.24.46.3" port: 40985 } }
I20260608 12:45:28.655905 25622 consensus_queue.cc:260] T 040eb1a894cd44309c4779572a929a0b P a4f77c402c4448989e7a89f7eda537c2 [NON_LEADER]: Queue going to NON_LEADER mode. State: All replicated index: 0, Majority replicated index: 0, Committed index: 0, Last appended: 0.0, Last appended by leader: 0, Current term: 0, Majority size: -1, State: 0, Mode: NON_LEADER, active raft config: opid_index: -1 OBSOLETE_local: false peers { permanent_uuid: "a4f77c402c4448989e7a89f7eda537c2" member_type: VOTER last_known_addr { host: "127.24.46.1" port: 43345 } } peers { permanent_uuid: "b7069750d0b84a2eab4d729d60def498" member_type: VOTER last_known_addr { host: "127.24.46.2" port: 39109 } } peers { permanent_uuid: "0ecea7d06837424fb77d1e7b07ac2ebf" member_type: VOTER last_known_addr { host: "127.24.46.3" port: 40985 } }
I20260608 12:45:28.660528 25622 ts_tablet_manager.cc:1434] T 040eb1a894cd44309c4779572a929a0b P a4f77c402c4448989e7a89f7eda537c2: Time spent starting tablet: real 0.009s	user 0.001s	sys 0.004s
I20260608 12:45:28.661579 25622 tablet_bootstrap.cc:492] T 25a201c68a6141d087dbeb50d4f5c5f8 P a4f77c402c4448989e7a89f7eda537c2: Bootstrap starting.
I20260608 12:45:28.667656 25620 ts_tablet_manager.cc:1434] T 25a201c68a6141d087dbeb50d4f5c5f8 P 0ecea7d06837424fb77d1e7b07ac2ebf: Time spent starting tablet: real 0.015s	user 0.004s	sys 0.003s
I20260608 12:45:28.668771 25620 tablet_bootstrap.cc:492] T 040eb1a894cd44309c4779572a929a0b P 0ecea7d06837424fb77d1e7b07ac2ebf: Bootstrap starting.
I20260608 12:45:28.673681 25622 tablet_bootstrap.cc:654] T 25a201c68a6141d087dbeb50d4f5c5f8 P a4f77c402c4448989e7a89f7eda537c2: Neither blocks nor log segments found. Creating new log.
I20260608 12:45:28.674571 25621 tablet_bootstrap.cc:492] T 25a201c68a6141d087dbeb50d4f5c5f8 P b7069750d0b84a2eab4d729d60def498: No bootstrap required, opened a new log
I20260608 12:45:28.675086 25620 tablet_bootstrap.cc:654] T 040eb1a894cd44309c4779572a929a0b P 0ecea7d06837424fb77d1e7b07ac2ebf: Neither blocks nor log segments found. Creating new log.
I20260608 12:45:28.675129 25621 ts_tablet_manager.cc:1403] T 25a201c68a6141d087dbeb50d4f5c5f8 P b7069750d0b84a2eab4d729d60def498: Time spent bootstrapping tablet: real 0.032s	user 0.015s	sys 0.014s
I20260608 12:45:28.677959 25626 raft_consensus.cc:493] T f8e9eba57ab044da86a1615540de25ae P 0ecea7d06837424fb77d1e7b07ac2ebf [term 0 FOLLOWER]: Starting pre-election (no leader contacted us within the election timeout)
I20260608 12:45:28.678455 25621 raft_consensus.cc:359] T 25a201c68a6141d087dbeb50d4f5c5f8 P b7069750d0b84a2eab4d729d60def498 [term 0 FOLLOWER]: Replica starting. Triggering 0 pending ops. Active config: opid_index: -1 OBSOLETE_local: false peers { permanent_uuid: "a4f77c402c4448989e7a89f7eda537c2" member_type: VOTER last_known_addr { host: "127.24.46.1" port: 43345 } } peers { permanent_uuid: "b7069750d0b84a2eab4d729d60def498" member_type: VOTER last_known_addr { host: "127.24.46.2" port: 39109 } } peers { permanent_uuid: "0ecea7d06837424fb77d1e7b07ac2ebf" member_type: VOTER last_known_addr { host: "127.24.46.3" port: 40985 } }
I20260608 12:45:28.678517 25626 raft_consensus.cc:515] T f8e9eba57ab044da86a1615540de25ae P 0ecea7d06837424fb77d1e7b07ac2ebf [term 0 FOLLOWER]: Starting pre-election with config: opid_index: -1 OBSOLETE_local: false peers { permanent_uuid: "a4f77c402c4448989e7a89f7eda537c2" member_type: VOTER last_known_addr { host: "127.24.46.1" port: 43345 } } peers { permanent_uuid: "b7069750d0b84a2eab4d729d60def498" member_type: VOTER last_known_addr { host: "127.24.46.2" port: 39109 } } peers { permanent_uuid: "0ecea7d06837424fb77d1e7b07ac2ebf" member_type: VOTER last_known_addr { host: "127.24.46.3" port: 40985 } }
I20260608 12:45:28.679473 25621 raft_consensus.cc:385] T 25a201c68a6141d087dbeb50d4f5c5f8 P b7069750d0b84a2eab4d729d60def498 [term 0 FOLLOWER]: Consensus starting up: Expiring failure detector timer to make a prompt election more likely
I20260608 12:45:28.679826 25621 raft_consensus.cc:740] T 25a201c68a6141d087dbeb50d4f5c5f8 P b7069750d0b84a2eab4d729d60def498 [term 0 FOLLOWER]: Becoming Follower/Learner. State: Replica: b7069750d0b84a2eab4d729d60def498, State: Initialized, Role: FOLLOWER
I20260608 12:45:28.680744 25621 consensus_queue.cc:260] T 25a201c68a6141d087dbeb50d4f5c5f8 P b7069750d0b84a2eab4d729d60def498 [NON_LEADER]: Queue going to NON_LEADER mode. State: All replicated index: 0, Majority replicated index: 0, Committed index: 0, Last appended: 0.0, Last appended by leader: 0, Current term: 0, Majority size: -1, State: 0, Mode: NON_LEADER, active raft config: opid_index: -1 OBSOLETE_local: false peers { permanent_uuid: "a4f77c402c4448989e7a89f7eda537c2" member_type: VOTER last_known_addr { host: "127.24.46.1" port: 43345 } } peers { permanent_uuid: "b7069750d0b84a2eab4d729d60def498" member_type: VOTER last_known_addr { host: "127.24.46.2" port: 39109 } } peers { permanent_uuid: "0ecea7d06837424fb77d1e7b07ac2ebf" member_type: VOTER last_known_addr { host: "127.24.46.3" port: 40985 } }
I20260608 12:45:28.683053 25621 ts_tablet_manager.cc:1434] T 25a201c68a6141d087dbeb50d4f5c5f8 P b7069750d0b84a2eab4d729d60def498: Time spent starting tablet: real 0.007s	user 0.007s	sys 0.000s
I20260608 12:45:28.684011 25621 tablet_bootstrap.cc:492] T 9a487f03a4c34d4e9a054fa15b8500e0 P b7069750d0b84a2eab4d729d60def498: Bootstrap starting.
I20260608 12:45:28.687902 25626 leader_election.cc:290] T f8e9eba57ab044da86a1615540de25ae P 0ecea7d06837424fb77d1e7b07ac2ebf [CANDIDATE]: Term 1 pre-election: Requested pre-vote from peers a4f77c402c4448989e7a89f7eda537c2 (127.24.46.1:43345), b7069750d0b84a2eab4d729d60def498 (127.24.46.2:39109)
I20260608 12:45:28.690348 25621 tablet_bootstrap.cc:654] T 9a487f03a4c34d4e9a054fa15b8500e0 P b7069750d0b84a2eab4d729d60def498: Neither blocks nor log segments found. Creating new log.
I20260608 12:45:28.691218 25622 tablet_bootstrap.cc:492] T 25a201c68a6141d087dbeb50d4f5c5f8 P a4f77c402c4448989e7a89f7eda537c2: No bootstrap required, opened a new log
I20260608 12:45:28.691767 25622 ts_tablet_manager.cc:1403] T 25a201c68a6141d087dbeb50d4f5c5f8 P a4f77c402c4448989e7a89f7eda537c2: Time spent bootstrapping tablet: real 0.030s	user 0.017s	sys 0.007s
I20260608 12:45:28.688248 25620 tablet_bootstrap.cc:492] T 040eb1a894cd44309c4779572a929a0b P 0ecea7d06837424fb77d1e7b07ac2ebf: No bootstrap required, opened a new log
I20260608 12:45:28.694837 25620 ts_tablet_manager.cc:1403] T 040eb1a894cd44309c4779572a929a0b P 0ecea7d06837424fb77d1e7b07ac2ebf: Time spent bootstrapping tablet: real 0.026s	user 0.010s	sys 0.004s
I20260608 12:45:28.695015 25622 raft_consensus.cc:359] T 25a201c68a6141d087dbeb50d4f5c5f8 P a4f77c402c4448989e7a89f7eda537c2 [term 0 FOLLOWER]: Replica starting. Triggering 0 pending ops. Active config: opid_index: -1 OBSOLETE_local: false peers { permanent_uuid: "a4f77c402c4448989e7a89f7eda537c2" member_type: VOTER last_known_addr { host: "127.24.46.1" port: 43345 } } peers { permanent_uuid: "b7069750d0b84a2eab4d729d60def498" member_type: VOTER last_known_addr { host: "127.24.46.2" port: 39109 } } peers { permanent_uuid: "0ecea7d06837424fb77d1e7b07ac2ebf" member_type: VOTER last_known_addr { host: "127.24.46.3" port: 40985 } }
I20260608 12:45:28.695842 25622 raft_consensus.cc:385] T 25a201c68a6141d087dbeb50d4f5c5f8 P a4f77c402c4448989e7a89f7eda537c2 [term 0 FOLLOWER]: Consensus starting up: Expiring failure detector timer to make a prompt election more likely
I20260608 12:45:28.696209 25622 raft_consensus.cc:740] T 25a201c68a6141d087dbeb50d4f5c5f8 P a4f77c402c4448989e7a89f7eda537c2 [term 0 FOLLOWER]: Becoming Follower/Learner. State: Replica: a4f77c402c4448989e7a89f7eda537c2, State: Initialized, Role: FOLLOWER
