I20260608 12:46:37.290617 15571 catalog_manager.cc:5696] T 5c40797e866e4e238f71fc2cc78cc554 P b43e60b4d41c49dcb6ee05d475da7b35 reported cstate change: term changed from 1 to 2, leader changed from 092099ff290d43828c1a7192a789beac (127.12.94.66) to b43e60b4d41c49dcb6ee05d475da7b35 (127.12.94.68). New cstate: current_term: 2 leader_uuid: "b43e60b4d41c49dcb6ee05d475da7b35" committed_config { opid_index: -1 OBSOLETE_local: false peers { permanent_uuid: "092099ff290d43828c1a7192a789beac" member_type: VOTER last_known_addr { host: "127.12.94.66" port: 38171 } health_report { overall_health: UNKNOWN } } peers { permanent_uuid: "b43e60b4d41c49dcb6ee05d475da7b35" member_type: VOTER last_known_addr { host: "127.12.94.68" port: 34933 } health_report { overall_health: HEALTHY } } peers { permanent_uuid: "9b1027ec5aca4ec29b99f401ecdb15f3" member_type: VOTER last_known_addr { host: "127.12.94.67" port: 37893 } health_report { overall_health: UNKNOWN } } }
I20260608 12:46:37.372853 16131 raft_consensus.cc:1064] T ec86dac26f7a41cb8f2ead32a275bf85 P 1ba0b155a2e546a38f1fe713c190b521: attempting to promote NON_VOTER b43e60b4d41c49dcb6ee05d475da7b35 to VOTER
I20260608 12:46:37.375610 16131 consensus_queue.cc:237] T ec86dac26f7a41cb8f2ead32a275bf85 P 1ba0b155a2e546a38f1fe713c190b521 [LEADER]: Queue going to LEADER mode. State: All replicated index: 0, Majority replicated index: 2, Committed index: 2, Last appended: 1.2, Last appended by leader: 0, Current term: 1, Majority size: 3, State: 0, Mode: LEADER, active raft config: opid_index: 3 OBSOLETE_local: false peers { permanent_uuid: "1ba0b155a2e546a38f1fe713c190b521" member_type: VOTER last_known_addr { host: "127.12.94.65" port: 39619 } } peers { permanent_uuid: "092099ff290d43828c1a7192a789beac" member_type: VOTER last_known_addr { host: "127.12.94.66" port: 38171 } attrs { replace: true } } peers { permanent_uuid: "9b1027ec5aca4ec29b99f401ecdb15f3" member_type: VOTER last_known_addr { host: "127.12.94.67" port: 37893 } } peers { permanent_uuid: "b43e60b4d41c49dcb6ee05d475da7b35" member_type: VOTER last_known_addr { host: "127.12.94.68" port: 34933 } attrs { promote: false } }
I20260608 12:46:37.384047 15748 raft_consensus.cc:1275] T ec86dac26f7a41cb8f2ead32a275bf85 P 092099ff290d43828c1a7192a789beac [term 1 FOLLOWER]: Refusing update from remote peer 1ba0b155a2e546a38f1fe713c190b521: Log matching property violated. Preceding OpId in replica: term: 1 index: 2. Preceding OpId from leader: term: 1 index: 3. (index mismatch)
I20260608 12:46:37.384429 15984 raft_consensus.cc:1275] T ec86dac26f7a41cb8f2ead32a275bf85 P b43e60b4d41c49dcb6ee05d475da7b35 [term 1 LEARNER]: Refusing update from remote peer 1ba0b155a2e546a38f1fe713c190b521: Log matching property violated. Preceding OpId in replica: term: 1 index: 2. Preceding OpId from leader: term: 1 index: 3. (index mismatch)
I20260608 12:46:37.386801 15821 raft_consensus.cc:1275] T ec86dac26f7a41cb8f2ead32a275bf85 P 9b1027ec5aca4ec29b99f401ecdb15f3 [term 1 FOLLOWER]: Refusing update from remote peer 1ba0b155a2e546a38f1fe713c190b521: Log matching property violated. Preceding OpId in replica: term: 1 index: 2. Preceding OpId from leader: term: 1 index: 3. (index mismatch)
I20260608 12:46:37.385916 16132 consensus_queue.cc:1048] T ec86dac26f7a41cb8f2ead32a275bf85 P 1ba0b155a2e546a38f1fe713c190b521 [LEADER]: Connected to new peer: Peer: permanent_uuid: "b43e60b4d41c49dcb6ee05d475da7b35" member_type: VOTER last_known_addr { host: "127.12.94.68" port: 34933 } attrs { promote: false }, Status: LMP_MISMATCH, Last received: 0.0, Next index: 3, Last known committed idx: 2, Time since last communication: 0.000s
I20260608 12:46:37.387624 16133 consensus_queue.cc:1048] T ec86dac26f7a41cb8f2ead32a275bf85 P 1ba0b155a2e546a38f1fe713c190b521 [LEADER]: Connected to new peer: Peer: permanent_uuid: "092099ff290d43828c1a7192a789beac" member_type: VOTER last_known_addr { host: "127.12.94.66" port: 38171 } attrs { replace: true }, Status: LMP_MISMATCH, Last received: 0.0, Next index: 3, Last known committed idx: 2, Time since last communication: 0.000s
I20260608 12:46:37.389253 16155 consensus_queue.cc:1048] T ec86dac26f7a41cb8f2ead32a275bf85 P 1ba0b155a2e546a38f1fe713c190b521 [LEADER]: Connected to new peer: Peer: permanent_uuid: "9b1027ec5aca4ec29b99f401ecdb15f3" member_type: VOTER last_known_addr { host: "127.12.94.67" port: 37893 }, Status: LMP_MISMATCH, Last received: 0.0, Next index: 3, Last known committed idx: 2, Time since last communication: 0.001s
I20260608 12:46:37.404693 16155 raft_consensus.cc:2955] T ec86dac26f7a41cb8f2ead32a275bf85 P 1ba0b155a2e546a38f1fe713c190b521 [term 1 LEADER]: Committing config change with OpId 1.3: config changed from index 2 to 3, b43e60b4d41c49dcb6ee05d475da7b35 (127.12.94.68) changed from NON_VOTER to VOTER. New config: { opid_index: 3 OBSOLETE_local: false peers { permanent_uuid: "1ba0b155a2e546a38f1fe713c190b521" member_type: VOTER last_known_addr { host: "127.12.94.65" port: 39619 } } peers { permanent_uuid: "092099ff290d43828c1a7192a789beac" member_type: VOTER last_known_addr { host: "127.12.94.66" port: 38171 } attrs { replace: true } } peers { permanent_uuid: "9b1027ec5aca4ec29b99f401ecdb15f3" member_type: VOTER last_known_addr { host: "127.12.94.67" port: 37893 } } peers { permanent_uuid: "b43e60b4d41c49dcb6ee05d475da7b35" member_type: VOTER last_known_addr { host: "127.12.94.68" port: 34933 } attrs { promote: false } } }
I20260608 12:46:37.409032 15748 raft_consensus.cc:1275] T a8cd6cfd9bed4b57bafecdba1b9cd6e7 P 092099ff290d43828c1a7192a789beac [term 2 FOLLOWER]: Refusing update from remote peer 9b1027ec5aca4ec29b99f401ecdb15f3: Log matching property violated. Preceding OpId in replica: term: 1 index: 2. Preceding OpId from leader: term: 2 index: 3. (index mismatch)
I20260608 12:46:37.408686 15821 raft_consensus.cc:2955] T ec86dac26f7a41cb8f2ead32a275bf85 P 9b1027ec5aca4ec29b99f401ecdb15f3 [term 1 FOLLOWER]: Committing config change with OpId 1.3: config changed from index 2 to 3, b43e60b4d41c49dcb6ee05d475da7b35 (127.12.94.68) changed from NON_VOTER to VOTER. New config: { opid_index: 3 OBSOLETE_local: false peers { permanent_uuid: "1ba0b155a2e546a38f1fe713c190b521" member_type: VOTER last_known_addr { host: "127.12.94.65" port: 39619 } } peers { permanent_uuid: "092099ff290d43828c1a7192a789beac" member_type: VOTER last_known_addr { host: "127.12.94.66" port: 38171 } attrs { replace: true } } peers { permanent_uuid: "9b1027ec5aca4ec29b99f401ecdb15f3" member_type: VOTER last_known_addr { host: "127.12.94.67" port: 37893 } } peers { permanent_uuid: "b43e60b4d41c49dcb6ee05d475da7b35" member_type: VOTER last_known_addr { host: "127.12.94.68" port: 34933 } attrs { promote: false } } }
I20260608 12:46:37.410983 16135 consensus_queue.cc:1048] T a8cd6cfd9bed4b57bafecdba1b9cd6e7 P 9b1027ec5aca4ec29b99f401ecdb15f3 [LEADER]: Connected to new peer: Peer: permanent_uuid: "092099ff290d43828c1a7192a789beac" member_type: VOTER last_known_addr { host: "127.12.94.66" port: 38171 }, Status: LMP_MISMATCH, Last received: 0.0, Next index: 3, Last known committed idx: 2, Time since last communication: 0.000s
I20260608 12:46:37.411569 15984 raft_consensus.cc:2955] T ec86dac26f7a41cb8f2ead32a275bf85 P b43e60b4d41c49dcb6ee05d475da7b35 [term 1 FOLLOWER]: Committing config change with OpId 1.3: config changed from index 2 to 3, b43e60b4d41c49dcb6ee05d475da7b35 (127.12.94.68) changed from NON_VOTER to VOTER. New config: { opid_index: 3 OBSOLETE_local: false peers { permanent_uuid: "1ba0b155a2e546a38f1fe713c190b521" member_type: VOTER last_known_addr { host: "127.12.94.65" port: 39619 } } peers { permanent_uuid: "092099ff290d43828c1a7192a789beac" member_type: VOTER last_known_addr { host: "127.12.94.66" port: 38171 } attrs { replace: true } } peers { permanent_uuid: "9b1027ec5aca4ec29b99f401ecdb15f3" member_type: VOTER last_known_addr { host: "127.12.94.67" port: 37893 } } peers { permanent_uuid: "b43e60b4d41c49dcb6ee05d475da7b35" member_type: VOTER last_known_addr { host: "127.12.94.68" port: 34933 } attrs { promote: false } } }
I20260608 12:46:37.423316 15571 catalog_manager.cc:5696] T ec86dac26f7a41cb8f2ead32a275bf85 P 9b1027ec5aca4ec29b99f401ecdb15f3 reported cstate change: config changed from index 2 to 3, b43e60b4d41c49dcb6ee05d475da7b35 (127.12.94.68) changed from NON_VOTER to VOTER. New cstate: current_term: 1 leader_uuid: "1ba0b155a2e546a38f1fe713c190b521" committed_config { opid_index: 3 OBSOLETE_local: false peers { permanent_uuid: "1ba0b155a2e546a38f1fe713c190b521" member_type: VOTER last_known_addr { host: "127.12.94.65" port: 39619 } } peers { permanent_uuid: "092099ff290d43828c1a7192a789beac" member_type: VOTER last_known_addr { host: "127.12.94.66" port: 38171 } attrs { replace: true } } peers { permanent_uuid: "9b1027ec5aca4ec29b99f401ecdb15f3" member_type: VOTER last_known_addr { host: "127.12.94.67" port: 37893 } } peers { permanent_uuid: "b43e60b4d41c49dcb6ee05d475da7b35" member_type: VOTER last_known_addr { host: "127.12.94.68" port: 34933 } attrs { promote: false } } }
I20260608 12:46:37.432075 15749 raft_consensus.cc:2955] T ec86dac26f7a41cb8f2ead32a275bf85 P 092099ff290d43828c1a7192a789beac [term 1 FOLLOWER]: Committing config change with OpId 1.3: config changed from index 2 to 3, b43e60b4d41c49dcb6ee05d475da7b35 (127.12.94.68) changed from NON_VOTER to VOTER. New config: { opid_index: 3 OBSOLETE_local: false peers { permanent_uuid: "1ba0b155a2e546a38f1fe713c190b521" member_type: VOTER last_known_addr { host: "127.12.94.65" port: 39619 } } peers { permanent_uuid: "092099ff290d43828c1a7192a789beac" member_type: VOTER last_known_addr { host: "127.12.94.66" port: 38171 } attrs { replace: true } } peers { permanent_uuid: "9b1027ec5aca4ec29b99f401ecdb15f3" member_type: VOTER last_known_addr { host: "127.12.94.67" port: 37893 } } peers { permanent_uuid: "b43e60b4d41c49dcb6ee05d475da7b35" member_type: VOTER last_known_addr { host: "127.12.94.68" port: 34933 } attrs { promote: false } } }
I20260608 12:46:37.438848 16135 raft_consensus.cc:993] T a8cd6cfd9bed4b57bafecdba1b9cd6e7 P 9b1027ec5aca4ec29b99f401ecdb15f3: : Instructing follower 092099ff290d43828c1a7192a789beac to start an election
I20260608 12:46:37.439364 16135 raft_consensus.cc:1081] T a8cd6cfd9bed4b57bafecdba1b9cd6e7 P 9b1027ec5aca4ec29b99f401ecdb15f3 [term 2 LEADER]: Signalling peer 092099ff290d43828c1a7192a789beac to start an election
I20260608 12:46:37.442668 15747 tablet_service.cc:2044] Received Run Leader Election RPC: tablet_id: "a8cd6cfd9bed4b57bafecdba1b9cd6e7"
dest_uuid: "092099ff290d43828c1a7192a789beac"
 from {username='slave'} at 127.0.0.1:41800
I20260608 12:46:37.443291 15747 raft_consensus.cc:493] T a8cd6cfd9bed4b57bafecdba1b9cd6e7 P 092099ff290d43828c1a7192a789beac [term 2 FOLLOWER]: Starting forced leader election (received explicit request)
I20260608 12:46:37.443670 15747 raft_consensus.cc:3060] T a8cd6cfd9bed4b57bafecdba1b9cd6e7 P 092099ff290d43828c1a7192a789beac [term 2 FOLLOWER]: Advancing to term 3
I20260608 12:46:37.454231 15672 consensus_queue.cc:237] T ec86dac26f7a41cb8f2ead32a275bf85 P 1ba0b155a2e546a38f1fe713c190b521 [LEADER]: Queue going to LEADER mode. State: All replicated index: 0, Majority replicated index: 3, Committed index: 3, Last appended: 1.3, Last appended by leader: 0, Current term: 1, Majority size: 2, State: 0, Mode: LEADER, active raft config: opid_index: 4 OBSOLETE_local: false peers { permanent_uuid: "1ba0b155a2e546a38f1fe713c190b521" member_type: VOTER last_known_addr { host: "127.12.94.65" port: 39619 } } peers { permanent_uuid: "9b1027ec5aca4ec29b99f401ecdb15f3" member_type: VOTER last_known_addr { host: "127.12.94.67" port: 37893 } } peers { permanent_uuid: "b43e60b4d41c49dcb6ee05d475da7b35" member_type: VOTER last_known_addr { host: "127.12.94.68" port: 34933 } attrs { promote: false } }
I20260608 12:46:37.457818 15674 raft_consensus.cc:1275] T a8cd6cfd9bed4b57bafecdba1b9cd6e7 P 1ba0b155a2e546a38f1fe713c190b521 [term 2 FOLLOWER]: Refusing update from remote peer 9b1027ec5aca4ec29b99f401ecdb15f3: Log matching property violated. Preceding OpId in replica: term: 1 index: 2. Preceding OpId from leader: term: 2 index: 3. (index mismatch)
I20260608 12:46:37.457461 15747 raft_consensus.cc:515] T a8cd6cfd9bed4b57bafecdba1b9cd6e7 P 092099ff290d43828c1a7192a789beac [term 3 FOLLOWER]: Starting forced leader election with config: opid_index: 2 OBSOLETE_local: false peers { permanent_uuid: "092099ff290d43828c1a7192a789beac" member_type: VOTER last_known_addr { host: "127.12.94.66" port: 38171 } } peers { permanent_uuid: "1ba0b155a2e546a38f1fe713c190b521" member_type: VOTER last_known_addr { host: "127.12.94.65" port: 39619 } } peers { permanent_uuid: "9b1027ec5aca4ec29b99f401ecdb15f3" member_type: VOTER last_known_addr { host: "127.12.94.67" port: 37893 } attrs { replace: true } } peers { permanent_uuid: "b43e60b4d41c49dcb6ee05d475da7b35" member_type: NON_VOTER last_known_addr { host: "127.12.94.68" port: 34933 } attrs { promote: true } }
I20260608 12:46:37.459486 15984 raft_consensus.cc:3060] T a8cd6cfd9bed4b57bafecdba1b9cd6e7 P b43e60b4d41c49dcb6ee05d475da7b35 [term 1 LEARNER]: Advancing to term 2
I20260608 12:46:37.459880 16151 consensus_queue.cc:1048] T a8cd6cfd9bed4b57bafecdba1b9cd6e7 P 9b1027ec5aca4ec29b99f401ecdb15f3 [LEADER]: Connected to new peer: Peer: permanent_uuid: "1ba0b155a2e546a38f1fe713c190b521" member_type: VOTER last_known_addr { host: "127.12.94.65" port: 39619 }, Status: LMP_MISMATCH, Last received: 0.0, Next index: 3, Last known committed idx: 2, Time since last communication: 0.001s
I20260608 12:46:37.461190 15748 raft_consensus.cc:1240] T a8cd6cfd9bed4b57bafecdba1b9cd6e7 P 092099ff290d43828c1a7192a789beac [term 3 FOLLOWER]: Rejecting Update request from peer 9b1027ec5aca4ec29b99f401ecdb15f3 for earlier term 2. Current term is 3. Ops: []
I20260608 12:46:37.468143 15984 raft_consensus.cc:1275] T a8cd6cfd9bed4b57bafecdba1b9cd6e7 P b43e60b4d41c49dcb6ee05d475da7b35 [term 2 LEARNER]: Refusing update from remote peer 9b1027ec5aca4ec29b99f401ecdb15f3: Log matching property violated. Preceding OpId in replica: term: 1 index: 2. Preceding OpId from leader: term: 2 index: 3. (index mismatch)
I20260608 12:46:37.473089 15821 raft_consensus.cc:1275] T ec86dac26f7a41cb8f2ead32a275bf85 P 9b1027ec5aca4ec29b99f401ecdb15f3 [term 1 FOLLOWER]: Refusing update from remote peer 1ba0b155a2e546a38f1fe713c190b521: Log matching property violated. Preceding OpId in replica: term: 1 index: 3. Preceding OpId from leader: term: 1 index: 4. (index mismatch)
I20260608 12:46:37.473939 16067 consensus_queue.cc:1048] T a8cd6cfd9bed4b57bafecdba1b9cd6e7 P 9b1027ec5aca4ec29b99f401ecdb15f3 [LEADER]: Connected to new peer: Peer: permanent_uuid: "b43e60b4d41c49dcb6ee05d475da7b35" member_type: NON_VOTER last_known_addr { host: "127.12.94.68" port: 34933 } attrs { promote: true }, Status: LMP_MISMATCH, Last received: 0.0, Next index: 3, Last known committed idx: 2, Time since last communication: 0.001s
I20260608 12:46:37.475013 15674 tablet_service.cc:1917] Received RequestConsensusVote() RPC: tablet_id: "a8cd6cfd9bed4b57bafecdba1b9cd6e7" candidate_uuid: "092099ff290d43828c1a7192a789beac" candidate_term: 3 candidate_status { last_received { term: 2 index: 3 } } ignore_live_leader: true dest_uuid: "1ba0b155a2e546a38f1fe713c190b521"
I20260608 12:46:37.475175 16131 consensus_queue.cc:1048] T ec86dac26f7a41cb8f2ead32a275bf85 P 1ba0b155a2e546a38f1fe713c190b521 [LEADER]: Connected to new peer: Peer: permanent_uuid: "9b1027ec5aca4ec29b99f401ecdb15f3" member_type: VOTER last_known_addr { host: "127.12.94.67" port: 37893 }, Status: LMP_MISMATCH, Last received: 0.0, Next index: 4, Last known committed idx: 3, Time since last communication: 0.001s
I20260608 12:46:37.481385 15984 raft_consensus.cc:1275] T ec86dac26f7a41cb8f2ead32a275bf85 P b43e60b4d41c49dcb6ee05d475da7b35 [term 1 FOLLOWER]: Refusing update from remote peer 1ba0b155a2e546a38f1fe713c190b521: Log matching property violated. Preceding OpId in replica: term: 1 index: 3. Preceding OpId from leader: term: 1 index: 4. (index mismatch)
I20260608 12:46:37.483433 16155 raft_consensus.cc:2955] T ec86dac26f7a41cb8f2ead32a275bf85 P 1ba0b155a2e546a38f1fe713c190b521 [term 1 LEADER]: Committing config change with OpId 1.4: config changed from index 3 to 4, VOTER 092099ff290d43828c1a7192a789beac (127.12.94.66) evicted. New config: { opid_index: 4 OBSOLETE_local: false peers { permanent_uuid: "1ba0b155a2e546a38f1fe713c190b521" member_type: VOTER last_known_addr { host: "127.12.94.65" port: 39619 } } peers { permanent_uuid: "9b1027ec5aca4ec29b99f401ecdb15f3" member_type: VOTER last_known_addr { host: "127.12.94.67" port: 37893 } } peers { permanent_uuid: "b43e60b4d41c49dcb6ee05d475da7b35" member_type: VOTER last_known_addr { host: "127.12.94.68" port: 34933 } attrs { promote: false } } }
I20260608 12:46:37.485591 15821 raft_consensus.cc:2955] T ec86dac26f7a41cb8f2ead32a275bf85 P 9b1027ec5aca4ec29b99f401ecdb15f3 [term 1 FOLLOWER]: Committing config change with OpId 1.4: config changed from index 3 to 4, VOTER 092099ff290d43828c1a7192a789beac (127.12.94.66) evicted. New config: { opid_index: 4 OBSOLETE_local: false peers { permanent_uuid: "1ba0b155a2e546a38f1fe713c190b521" member_type: VOTER last_known_addr { host: "127.12.94.65" port: 39619 } } peers { permanent_uuid: "9b1027ec5aca4ec29b99f401ecdb15f3" member_type: VOTER last_known_addr { host: "127.12.94.67" port: 37893 } } peers { permanent_uuid: "b43e60b4d41c49dcb6ee05d475da7b35" member_type: VOTER last_known_addr { host: "127.12.94.68" port: 34933 } attrs { promote: false } } }
I20260608 12:46:37.487059 15822 tablet_service.cc:1917] Received RequestConsensusVote() RPC: tablet_id: "a8cd6cfd9bed4b57bafecdba1b9cd6e7" candidate_uuid: "092099ff290d43828c1a7192a789beac" candidate_term: 3 candidate_status { last_received { term: 2 index: 3 } } ignore_live_leader: true dest_uuid: "9b1027ec5aca4ec29b99f401ecdb15f3"
I20260608 12:46:37.487702 15822 raft_consensus.cc:3055] T a8cd6cfd9bed4b57bafecdba1b9cd6e7 P 9b1027ec5aca4ec29b99f401ecdb15f3 [term 2 LEADER]: Stepping down as leader of term 2
I20260608 12:46:37.488052 15822 raft_consensus.cc:740] T a8cd6cfd9bed4b57bafecdba1b9cd6e7 P 9b1027ec5aca4ec29b99f401ecdb15f3 [term 2 LEADER]: Becoming Follower/Learner. State: Replica: 9b1027ec5aca4ec29b99f401ecdb15f3, State: Running, Role: LEADER
I20260608 12:46:37.489063 15822 consensus_queue.cc:260] T a8cd6cfd9bed4b57bafecdba1b9cd6e7 P 9b1027ec5aca4ec29b99f401ecdb15f3 [NON_LEADER]: Queue going to NON_LEADER mode. State: All replicated index: 0, Majority replicated index: 3, Committed index: 3, Last appended: 2.3, Last appended by leader: 3, Current term: 2, Majority size: -1, State: 0, Mode: NON_LEADER, active raft config: opid_index: 2 OBSOLETE_local: false peers { permanent_uuid: "092099ff290d43828c1a7192a789beac" member_type: VOTER last_known_addr { host: "127.12.94.66" port: 38171 } } peers { permanent_uuid: "1ba0b155a2e546a38f1fe713c190b521" member_type: VOTER last_known_addr { host: "127.12.94.65" port: 39619 } } peers { permanent_uuid: "9b1027ec5aca4ec29b99f401ecdb15f3" member_type: VOTER last_known_addr { host: "127.12.94.67" port: 37893 } attrs { replace: true } } peers { permanent_uuid: "b43e60b4d41c49dcb6ee05d475da7b35" member_type: NON_VOTER last_known_addr { host: "127.12.94.68" port: 34933 } attrs { promote: true } }
I20260608 12:46:37.490284 15822 raft_consensus.cc:3060] T a8cd6cfd9bed4b57bafecdba1b9cd6e7 P 9b1027ec5aca4ec29b99f401ecdb15f3 [term 2 FOLLOWER]: Advancing to term 3
I20260608 12:46:37.496425 15747 leader_election.cc:290] T a8cd6cfd9bed4b57bafecdba1b9cd6e7 P 092099ff290d43828c1a7192a789beac [CANDIDATE]: Term 3 election: Requested vote from peers 1ba0b155a2e546a38f1fe713c190b521 (127.12.94.65:39619), 9b1027ec5aca4ec29b99f401ecdb15f3 (127.12.94.67:37893)
I20260608 12:46:37.498615 16132 consensus_queue.cc:1048] T ec86dac26f7a41cb8f2ead32a275bf85 P 1ba0b155a2e546a38f1fe713c190b521 [LEADER]: Connected to new peer: Peer: permanent_uuid: "b43e60b4d41c49dcb6ee05d475da7b35" member_type: VOTER last_known_addr { host: "127.12.94.68" port: 34933 } attrs { promote: false }, Status: LMP_MISMATCH, Last received: 0.0, Next index: 4, Last known committed idx: 3, Time since last communication: 0.001s
I20260608 12:46:37.503541 15822 raft_consensus.cc:2468] T a8cd6cfd9bed4b57bafecdba1b9cd6e7 P 9b1027ec5aca4ec29b99f401ecdb15f3 [term 3 FOLLOWER]: Leader election vote request: Granting yes vote for candidate 092099ff290d43828c1a7192a789beac in term 3.
I20260608 12:46:37.505057 15714 leader_election.cc:304] T a8cd6cfd9bed4b57bafecdba1b9cd6e7 P 092099ff290d43828c1a7192a789beac [CANDIDATE]: Term 3 election: Election decided. Result: candidate won. Election summary: received 3 responses out of 3 voters: 2 yes votes; 1 no votes. yes voters: 092099ff290d43828c1a7192a789beac, 9b1027ec5aca4ec29b99f401ecdb15f3; no voters: 1ba0b155a2e546a38f1fe713c190b521
I20260608 12:46:37.506451 16143 raft_consensus.cc:2804] T a8cd6cfd9bed4b57bafecdba1b9cd6e7 P 092099ff290d43828c1a7192a789beac [term 3 FOLLOWER]: Leader election won for term 3
I20260608 12:46:37.507040 16143 raft_consensus.cc:697] T a8cd6cfd9bed4b57bafecdba1b9cd6e7 P 092099ff290d43828c1a7192a789beac [term 3 LEADER]: Becoming Leader. State: Replica: 092099ff290d43828c1a7192a789beac, State: Running, Role: LEADER
I20260608 12:46:37.502456 15570 catalog_manager.cc:5696] T ec86dac26f7a41cb8f2ead32a275bf85 P 9b1027ec5aca4ec29b99f401ecdb15f3 reported cstate change: config changed from index 3 to 4, VOTER 092099ff290d43828c1a7192a789beac (127.12.94.66) evicted. New cstate: current_term: 1 leader_uuid: "1ba0b155a2e546a38f1fe713c190b521" committed_config { opid_index: 4 OBSOLETE_local: false peers { permanent_uuid: "1ba0b155a2e546a38f1fe713c190b521" member_type: VOTER last_known_addr { host: "127.12.94.65" port: 39619 } } peers { permanent_uuid: "9b1027ec5aca4ec29b99f401ecdb15f3" member_type: VOTER last_known_addr { host: "127.12.94.67" port: 37893 } } peers { permanent_uuid: "b43e60b4d41c49dcb6ee05d475da7b35" member_type: VOTER last_known_addr { host: "127.12.94.68" port: 34933 } attrs { promote: false } } }
I20260608 12:46:37.508162 16143 consensus_queue.cc:237] T a8cd6cfd9bed4b57bafecdba1b9cd6e7 P 092099ff290d43828c1a7192a789beac [LEADER]: Queue going to LEADER mode. State: All replicated index: 0, Majority replicated index: 2, Committed index: 2, Last appended: 2.3, Last appended by leader: 3, Current term: 3, Majority size: 2, State: 0, Mode: LEADER, active raft config: opid_index: 2 OBSOLETE_local: false peers { permanent_uuid: "092099ff290d43828c1a7192a789beac" member_type: VOTER last_known_addr { host: "127.12.94.66" port: 38171 } } peers { permanent_uuid: "1ba0b155a2e546a38f1fe713c190b521" member_type: VOTER last_known_addr { host: "127.12.94.65" port: 39619 } } peers { permanent_uuid: "9b1027ec5aca4ec29b99f401ecdb15f3" member_type: VOTER last_known_addr { host: "127.12.94.67" port: 37893 } attrs { replace: true } } peers { permanent_uuid: "b43e60b4d41c49dcb6ee05d475da7b35" member_type: NON_VOTER last_known_addr { host: "127.12.94.68" port: 34933 } attrs { promote: true } }
I20260608 12:46:37.515915 15984 raft_consensus.cc:2955] T ec86dac26f7a41cb8f2ead32a275bf85 P b43e60b4d41c49dcb6ee05d475da7b35 [term 1 FOLLOWER]: Committing config change with OpId 1.4: config changed from index 3 to 4, VOTER 092099ff290d43828c1a7192a789beac (127.12.94.66) evicted. New config: { opid_index: 4 OBSOLETE_local: false peers { permanent_uuid: "1ba0b155a2e546a38f1fe713c190b521" member_type: VOTER last_known_addr { host: "127.12.94.65" port: 39619 } } peers { permanent_uuid: "9b1027ec5aca4ec29b99f401ecdb15f3" member_type: VOTER last_known_addr { host: "127.12.94.67" port: 37893 } } peers { permanent_uuid: "b43e60b4d41c49dcb6ee05d475da7b35" member_type: VOTER last_known_addr { host: "127.12.94.68" port: 34933 } attrs { promote: false } } }
I20260608 12:46:37.526007 15558 catalog_manager.cc:5209] ChangeConfig:REMOVE_PEER RPC for tablet ec86dac26f7a41cb8f2ead32a275bf85 with cas_config_opid_index 3: ChangeConfig:REMOVE_PEER succeeded (attempt 1)
I20260608 12:46:37.530802 15748 raft_consensus.cc:1275] T 04a6f28280ab4612ad83fa154d9da48a P 092099ff290d43828c1a7192a789beac [term 2 FOLLOWER]: Refusing update from remote peer b43e60b4d41c49dcb6ee05d475da7b35: Log matching property violated. Preceding OpId in replica: term: 1 index: 1. Preceding OpId from leader: term: 2 index: 2. (index mismatch)
I20260608 12:46:37.530798 15569 catalog_manager.cc:5696] T a8cd6cfd9bed4b57bafecdba1b9cd6e7 P 092099ff290d43828c1a7192a789beac reported cstate change: term changed from 2 to 3, leader changed from 9b1027ec5aca4ec29b99f401ecdb15f3 (127.12.94.67) to 092099ff290d43828c1a7192a789beac (127.12.94.66). New cstate: current_term: 3 leader_uuid: "092099ff290d43828c1a7192a789beac" committed_config { opid_index: 2 OBSOLETE_local: false peers { permanent_uuid: "092099ff290d43828c1a7192a789beac" member_type: VOTER last_known_addr { host: "127.12.94.66" port: 38171 } health_report { overall_health: HEALTHY } } peers { permanent_uuid: "1ba0b155a2e546a38f1fe713c190b521" member_type: VOTER last_known_addr { host: "127.12.94.65" port: 39619 } health_report { overall_health: UNKNOWN } } peers { permanent_uuid: "9b1027ec5aca4ec29b99f401ecdb15f3" member_type: VOTER last_known_addr { host: "127.12.94.67" port: 37893 } attrs { replace: true } health_report { overall_health: UNKNOWN } } peers { permanent_uuid: "b43e60b4d41c49dcb6ee05d475da7b35" member_type: NON_VOTER last_known_addr { host: "127.12.94.68" port: 34933 } attrs { promote: true } health_report { overall_health: UNKNOWN } } }
I20260608 12:46:37.533532 16035 consensus_queue.cc:1048] T 04a6f28280ab4612ad83fa154d9da48a P b43e60b4d41c49dcb6ee05d475da7b35 [LEADER]: Connected to new peer: Peer: permanent_uuid: "092099ff290d43828c1a7192a789beac" member_type: VOTER last_known_addr { host: "127.12.94.66" port: 38171 }, Status: LMP_MISMATCH, Last received: 0.0, Next index: 2, Last known committed idx: 1, Time since last communication: 0.000s
I20260608 12:46:37.534863 15732 tablet_service.cc:1558] Processing DeleteTablet for tablet ec86dac26f7a41cb8f2ead32a275bf85 with delete_type TABLET_DATA_TOMBSTONED (TS 092099ff290d43828c1a7192a789beac not found in new config with opid_index 4) from {username='slave'} at 127.0.0.1:41798
I20260608 12:46:37.542644 16165 tablet_replica.cc:333] T ec86dac26f7a41cb8f2ead32a275bf85 P 092099ff290d43828c1a7192a789beac: stopping tablet replica
I20260608 12:46:37.544070 16165 raft_consensus.cc:2243] T ec86dac26f7a41cb8f2ead32a275bf85 P 092099ff290d43828c1a7192a789beac [term 1 FOLLOWER]: Raft consensus shutting down.
I20260608 12:46:37.544553 15673 raft_consensus.cc:1275] T 04a6f28280ab4612ad83fa154d9da48a P 1ba0b155a2e546a38f1fe713c190b521 [term 2 FOLLOWER]: Refusing update from remote peer b43e60b4d41c49dcb6ee05d475da7b35: Log matching property violated. Preceding OpId in replica: term: 1 index: 1. Preceding OpId from leader: term: 2 index: 2. (index mismatch)
I20260608 12:46:37.544939 16165 raft_consensus.cc:2272] T ec86dac26f7a41cb8f2ead32a275bf85 P 092099ff290d43828c1a7192a789beac [term 1 FOLLOWER]: Raft consensus is shut down!
I20260608 12:46:37.546562 16035 consensus_queue.cc:1048] T 04a6f28280ab4612ad83fa154d9da48a P b43e60b4d41c49dcb6ee05d475da7b35 [LEADER]: Connected to new peer: Peer: permanent_uuid: "1ba0b155a2e546a38f1fe713c190b521" member_type: VOTER last_known_addr { host: "127.12.94.65" port: 39619 }, Status: LMP_MISMATCH, Last received: 0.0, Next index: 2, Last known committed idx: 1, Time since last communication: 0.000s
I20260608 12:46:37.573602 16165 ts_tablet_manager.cc:1916] T ec86dac26f7a41cb8f2ead32a275bf85 P 092099ff290d43828c1a7192a789beac: Deleting tablet data with delete state TABLET_DATA_TOMBSTONED
I20260608 12:46:37.601679 16165 ts_tablet_manager.cc:1929] T ec86dac26f7a41cb8f2ead32a275bf85 P 092099ff290d43828c1a7192a789beac: tablet deleted with delete type TABLET_DATA_TOMBSTONED: last-logged OpId 1.3
I20260608 12:46:37.602219 16165 log.cc:1199] T ec86dac26f7a41cb8f2ead32a275bf85 P 092099ff290d43828c1a7192a789beac: Deleting WAL directory at /tmp/dist-test-task57QMkr/test-tmp/auto_rebalancer-test.0.AutoRebalancerTest.RangeAwareRebalancesNewRangeReplicas.1780922712160803-12665-0/minicluster-data/ts-1-root/wals/ec86dac26f7a41cb8f2ead32a275bf85
I20260608 12:46:37.604534 15556 catalog_manager.cc:5027] TS 092099ff290d43828c1a7192a789beac (127.12.94.66:38171): tablet ec86dac26f7a41cb8f2ead32a275bf85 (table range_aware_rebalance_new_range [id=2506e5f0fd7549618cf364b57ecfdaef]) successfully deleted
I20260608 12:46:37.620117 15822 raft_consensus.cc:1275] T b6a7aff0426444748a74047b217f3638 P 9b1027ec5aca4ec29b99f401ecdb15f3 [term 2 FOLLOWER]: Refusing update from remote peer 1ba0b155a2e546a38f1fe713c190b521: Log matching property violated. Preceding OpId in replica: term: 1 index: 2. Preceding OpId from leader: term: 2 index: 3. (index mismatch)
I20260608 12:46:37.621861 16155 consensus_queue.cc:1048] T b6a7aff0426444748a74047b217f3638 P 1ba0b155a2e546a38f1fe713c190b521 [LEADER]: Connected to new peer: Peer: permanent_uuid: "9b1027ec5aca4ec29b99f401ecdb15f3" member_type: VOTER last_known_addr { host: "127.12.94.67" port: 37893 }, Status: LMP_MISMATCH, Last received: 0.0, Next index: 3, Last known committed idx: 2, Time since last communication: 0.000s
I20260608 12:46:37.629798 16132 raft_consensus.cc:993] T b6a7aff0426444748a74047b217f3638 P 1ba0b155a2e546a38f1fe713c190b521: : Instructing follower 9b1027ec5aca4ec29b99f401ecdb15f3 to start an election
I20260608 12:46:37.630352 16132 raft_consensus.cc:1081] T b6a7aff0426444748a74047b217f3638 P 1ba0b155a2e546a38f1fe713c190b521 [term 2 LEADER]: Signalling peer 9b1027ec5aca4ec29b99f401ecdb15f3 to start an election
I20260608 12:46:37.635757 15821 tablet_service.cc:2044] Received Run Leader Election RPC: tablet_id: "b6a7aff0426444748a74047b217f3638"
dest_uuid: "9b1027ec5aca4ec29b99f401ecdb15f3"
 from {username='slave'} at 127.0.0.1:46490
I20260608 12:46:37.637097 15821 raft_consensus.cc:493] T b6a7aff0426444748a74047b217f3638 P 9b1027ec5aca4ec29b99f401ecdb15f3 [term 2 FOLLOWER]: Starting forced leader election (received explicit request)
I20260608 12:46:37.637741 15821 raft_consensus.cc:3060] T b6a7aff0426444748a74047b217f3638 P 9b1027ec5aca4ec29b99f401ecdb15f3 [term 2 FOLLOWER]: Advancing to term 3
I20260608 12:46:37.638463 15981 raft_consensus.cc:3060] T b6a7aff0426444748a74047b217f3638 P b43e60b4d41c49dcb6ee05d475da7b35 [term 1 LEARNER]: Advancing to term 2
I20260608 12:46:37.639748 15748 raft_consensus.cc:1275] T b6a7aff0426444748a74047b217f3638 P 092099ff290d43828c1a7192a789beac [term 2 FOLLOWER]: Refusing update from remote peer 1ba0b155a2e546a38f1fe713c190b521: Log matching property violated. Preceding OpId in replica: term: 1 index: 2. Preceding OpId from leader: term: 2 index: 3. (index mismatch)
I20260608 12:46:37.642339 16132 consensus_queue.cc:1048] T b6a7aff0426444748a74047b217f3638 P 1ba0b155a2e546a38f1fe713c190b521 [LEADER]: Connected to new peer: Peer: permanent_uuid: "092099ff290d43828c1a7192a789beac" member_type: VOTER last_known_addr { host: "127.12.94.66" port: 38171 }, Status: LMP_MISMATCH, Last received: 0.0, Next index: 3, Last known committed idx: 2, Time since last communication: 0.000s
I20260608 12:46:37.657773 15821 raft_consensus.cc:515] T b6a7aff0426444748a74047b217f3638 P 9b1027ec5aca4ec29b99f401ecdb15f3 [term 3 FOLLOWER]: Starting forced leader election with config: opid_index: 2 OBSOLETE_local: false peers { permanent_uuid: "1ba0b155a2e546a38f1fe713c190b521" member_type: VOTER last_known_addr { host: "127.12.94.65" port: 39619 } attrs { replace: true } } peers { permanent_uuid: "092099ff290d43828c1a7192a789beac" member_type: VOTER last_known_addr { host: "127.12.94.66" port: 38171 } } peers { permanent_uuid: "9b1027ec5aca4ec29b99f401ecdb15f3" member_type: VOTER last_known_addr { host: "127.12.94.67" port: 37893 } } peers { permanent_uuid: "b43e60b4d41c49dcb6ee05d475da7b35" member_type: NON_VOTER last_known_addr { host: "127.12.94.68" port: 34933 } attrs { promote: true } }
I20260608 12:46:37.660750 15822 raft_consensus.cc:1240] T b6a7aff0426444748a74047b217f3638 P 9b1027ec5aca4ec29b99f401ecdb15f3 [term 3 FOLLOWER]: Rejecting Update request from peer 1ba0b155a2e546a38f1fe713c190b521 for earlier term 2. Current term is 3. Ops: []
I20260608 12:46:37.661796 15672 tablet_service.cc:1917] Received RequestConsensusVote() RPC: tablet_id: "b6a7aff0426444748a74047b217f3638" candidate_uuid: "9b1027ec5aca4ec29b99f401ecdb15f3" candidate_term: 3 candidate_status { last_received { term: 2 index: 3 } } ignore_live_leader: true dest_uuid: "1ba0b155a2e546a38f1fe713c190b521"
I20260608 12:46:37.662529 15672 raft_consensus.cc:3055] T b6a7aff0426444748a74047b217f3638 P 1ba0b155a2e546a38f1fe713c190b521 [term 2 LEADER]: Stepping down as leader of term 2
I20260608 12:46:37.663028 15672 raft_consensus.cc:740] T b6a7aff0426444748a74047b217f3638 P 1ba0b155a2e546a38f1fe713c190b521 [term 2 LEADER]: Becoming Follower/Learner. State: Replica: 1ba0b155a2e546a38f1fe713c190b521, State: Running, Role: LEADER
I20260608 12:46:37.663497 15747 tablet_service.cc:1917] Received RequestConsensusVote() RPC: tablet_id: "b6a7aff0426444748a74047b217f3638" candidate_uuid: "9b1027ec5aca4ec29b99f401ecdb15f3" candidate_term: 3 candidate_status { last_received { term: 2 index: 3 } } ignore_live_leader: true dest_uuid: "092099ff290d43828c1a7192a789beac"
I20260608 12:46:37.664108 15672 consensus_queue.cc:260] T b6a7aff0426444748a74047b217f3638 P 1ba0b155a2e546a38f1fe713c190b521 [NON_LEADER]: Queue going to NON_LEADER mode. State: All replicated index: 0, Majority replicated index: 3, Committed index: 3, Last appended: 2.3, Last appended by leader: 3, Current term: 2, Majority size: -1, State: 0, Mode: NON_LEADER, active raft config: opid_index: 2 OBSOLETE_local: false peers { permanent_uuid: "1ba0b155a2e546a38f1fe713c190b521" member_type: VOTER last_known_addr { host: "127.12.94.65" port: 39619 } attrs { replace: true } } peers { permanent_uuid: "092099ff290d43828c1a7192a789beac" member_type: VOTER last_known_addr { host: "127.12.94.66" port: 38171 } } peers { permanent_uuid: "9b1027ec5aca4ec29b99f401ecdb15f3" member_type: VOTER last_known_addr { host: "127.12.94.67" port: 37893 } } peers { permanent_uuid: "b43e60b4d41c49dcb6ee05d475da7b35" member_type: NON_VOTER last_known_addr { host: "127.12.94.68" port: 34933 } attrs { promote: true } }
I20260608 12:46:37.665831 15672 raft_consensus.cc:3060] T b6a7aff0426444748a74047b217f3638 P 1ba0b155a2e546a38f1fe713c190b521 [term 2 FOLLOWER]: Advancing to term 3
I20260608 12:46:37.666107 15821 leader_election.cc:290] T b6a7aff0426444748a74047b217f3638 P 9b1027ec5aca4ec29b99f401ecdb15f3 [CANDIDATE]: Term 3 election: Requested vote from peers 1ba0b155a2e546a38f1fe713c190b521 (127.12.94.65:39619), 092099ff290d43828c1a7192a789beac (127.12.94.66:38171)
I20260608 12:46:37.675364 15747 raft_consensus.cc:1275] T 5c40797e866e4e238f71fc2cc78cc554 P 092099ff290d43828c1a7192a789beac [term 2 FOLLOWER]: Refusing update from remote peer b43e60b4d41c49dcb6ee05d475da7b35: Log matching property violated. Preceding OpId in replica: term: 1 index: 1. Preceding OpId from leader: term: 2 index: 2. (index mismatch)
I20260608 12:46:37.678009 15981 raft_consensus.cc:1275] T b6a7aff0426444748a74047b217f3638 P b43e60b4d41c49dcb6ee05d475da7b35 [term 2 LEARNER]: Refusing update from remote peer 1ba0b155a2e546a38f1fe713c190b521: Log matching property violated. Preceding OpId in replica: term: 1 index: 2. Preceding OpId from leader: term: 2 index: 3. (index mismatch)
I20260608 12:46:37.678299 16035 consensus_queue.cc:1048] T 5c40797e866e4e238f71fc2cc78cc554 P b43e60b4d41c49dcb6ee05d475da7b35 [LEADER]: Connected to new peer: Peer: permanent_uuid: "092099ff290d43828c1a7192a789beac" member_type: VOTER last_known_addr { host: "127.12.94.66" port: 38171 }, Status: LMP_MISMATCH, Last received: 0.0, Next index: 2, Last known committed idx: 1, Time since last communication: 0.000s
I20260608 12:46:37.687472 15672 raft_consensus.cc:2468] T b6a7aff0426444748a74047b217f3638 P 1ba0b155a2e546a38f1fe713c190b521 [term 3 FOLLOWER]: Leader election vote request: Granting yes vote for candidate 9b1027ec5aca4ec29b99f401ecdb15f3 in term 3.
I20260608 12:46:37.689260 15788 leader_election.cc:304] T b6a7aff0426444748a74047b217f3638 P 9b1027ec5aca4ec29b99f401ecdb15f3 [CANDIDATE]: Term 3 election: Election decided. Result: candidate won. Election summary: received 3 responses out of 3 voters: 2 yes votes; 1 no votes. yes voters: 1ba0b155a2e546a38f1fe713c190b521, 9b1027ec5aca4ec29b99f401ecdb15f3; no voters: 092099ff290d43828c1a7192a789beac
I20260608 12:46:37.690343 16135 raft_consensus.cc:2804] T b6a7aff0426444748a74047b217f3638 P 9b1027ec5aca4ec29b99f401ecdb15f3 [term 3 FOLLOWER]: Leader election won for term 3
I20260608 12:46:37.690891 16135 raft_consensus.cc:697] T b6a7aff0426444748a74047b217f3638 P 9b1027ec5aca4ec29b99f401ecdb15f3 [term 3 LEADER]: Becoming Leader. State: Replica: 9b1027ec5aca4ec29b99f401ecdb15f3, State: Running, Role: LEADER
I20260608 12:46:37.691882 16135 consensus_queue.cc:237] T b6a7aff0426444748a74047b217f3638 P 9b1027ec5aca4ec29b99f401ecdb15f3 [LEADER]: Queue going to LEADER mode. State: All replicated index: 0, Majority replicated index: 2, Committed index: 2, Last appended: 2.3, Last appended by leader: 3, Current term: 3, Majority size: 2, State: 0, Mode: LEADER, active raft config: opid_index: 2 OBSOLETE_local: false peers { permanent_uuid: "1ba0b155a2e546a38f1fe713c190b521" member_type: VOTER last_known_addr { host: "127.12.94.65" port: 39619 } attrs { replace: true } } peers { permanent_uuid: "092099ff290d43828c1a7192a789beac" member_type: VOTER last_known_addr { host: "127.12.94.66" port: 38171 } } peers { permanent_uuid: "9b1027ec5aca4ec29b99f401ecdb15f3" member_type: VOTER last_known_addr { host: "127.12.94.67" port: 37893 } } peers { permanent_uuid: "b43e60b4d41c49dcb6ee05d475da7b35" member_type: NON_VOTER last_known_addr { host: "127.12.94.68" port: 34933 } attrs { promote: true } }
I20260608 12:46:37.698359 16151 raft_consensus.cc:1064] T 94114304672548b4abd44bf9fe918c59 P 9b1027ec5aca4ec29b99f401ecdb15f3: attempting to promote NON_VOTER b43e60b4d41c49dcb6ee05d475da7b35 to VOTER
I20260608 12:46:37.704197 16151 consensus_queue.cc:237] T 94114304672548b4abd44bf9fe918c59 P 9b1027ec5aca4ec29b99f401ecdb15f3 [LEADER]: Queue going to LEADER mode. State: All replicated index: 0, Majority replicated index: 2, Committed index: 2, Last appended: 1.2, Last appended by leader: 0, Current term: 1, Majority size: 3, State: 0, Mode: LEADER, active raft config: opid_index: 3 OBSOLETE_local: false peers { permanent_uuid: "1ba0b155a2e546a38f1fe713c190b521" member_type: VOTER last_known_addr { host: "127.12.94.65" port: 39619 } attrs { replace: true } } peers { permanent_uuid: "092099ff290d43828c1a7192a789beac" member_type: VOTER last_known_addr { host: "127.12.94.66" port: 38171 } } peers { permanent_uuid: "9b1027ec5aca4ec29b99f401ecdb15f3" member_type: VOTER last_known_addr { host: "127.12.94.67" port: 37893 } } peers { permanent_uuid: "b43e60b4d41c49dcb6ee05d475da7b35" member_type: VOTER last_known_addr { host: "127.12.94.68" port: 34933 } attrs { promote: false } }
I20260608 12:46:37.702798 15822 raft_consensus.cc:1275] T 5c40797e866e4e238f71fc2cc78cc554 P 9b1027ec5aca4ec29b99f401ecdb15f3 [term 2 FOLLOWER]: Refusing update from remote peer b43e60b4d41c49dcb6ee05d475da7b35: Log matching property violated. Preceding OpId in replica: term: 1 index: 1. Preceding OpId from leader: term: 2 index: 2. (index mismatch)
I20260608 12:46:37.709597 16035 consensus_queue.cc:1048] T 5c40797e866e4e238f71fc2cc78cc554 P b43e60b4d41c49dcb6ee05d475da7b35 [LEADER]: Connected to new peer: Peer: permanent_uuid: "9b1027ec5aca4ec29b99f401ecdb15f3" member_type: VOTER last_known_addr { host: "127.12.94.67" port: 37893 }, Status: LMP_MISMATCH, Last received: 0.0, Next index: 2, Last known committed idx: 1, Time since last communication: 0.000s
I20260608 12:46:37.717139 15572 catalog_manager.cc:5696] T b6a7aff0426444748a74047b217f3638 P 9b1027ec5aca4ec29b99f401ecdb15f3 reported cstate change: term changed from 2 to 3, leader changed from 1ba0b155a2e546a38f1fe713c190b521 (127.12.94.65) to 9b1027ec5aca4ec29b99f401ecdb15f3 (127.12.94.67). New cstate: current_term: 3 leader_uuid: "9b1027ec5aca4ec29b99f401ecdb15f3" committed_config { opid_index: 2 OBSOLETE_local: false peers { permanent_uuid: "1ba0b155a2e546a38f1fe713c190b521" member_type: VOTER last_known_addr { host: "127.12.94.65" port: 39619 } attrs { replace: true } health_report { overall_health: UNKNOWN } } peers { permanent_uuid: "092099ff290d43828c1a7192a789beac" member_type: VOTER last_known_addr { host: "127.12.94.66" port: 38171 } health_report { overall_health: UNKNOWN } } peers { permanent_uuid: "9b1027ec5aca4ec29b99f401ecdb15f3" member_type: VOTER last_known_addr { host: "127.12.94.67" port: 37893 } health_report { overall_health: HEALTHY } } peers { permanent_uuid: "b43e60b4d41c49dcb6ee05d475da7b35" member_type: NON_VOTER last_known_addr { host: "127.12.94.68" port: 34933 } attrs { promote: true } health_report { overall_health: UNKNOWN } } }
I20260608 12:46:37.733182 15984 raft_consensus.cc:1275] T 94114304672548b4abd44bf9fe918c59 P b43e60b4d41c49dcb6ee05d475da7b35 [term 1 LEARNER]: Refusing update from remote peer 9b1027ec5aca4ec29b99f401ecdb15f3: Log matching property violated. Preceding OpId in replica: term: 1 index: 2. Preceding OpId from leader: term: 1 index: 3. (index mismatch)
I20260608 12:46:37.736465 15748 raft_consensus.cc:1275] T 94114304672548b4abd44bf9fe918c59 P 092099ff290d43828c1a7192a789beac [term 1 FOLLOWER]: Refusing update from remote peer 9b1027ec5aca4ec29b99f401ecdb15f3: Log matching property violated. Preceding OpId in replica: term: 1 index: 2. Preceding OpId from leader: term: 1 index: 3. (index mismatch)
I20260608 12:46:37.740773 16067 consensus_queue.cc:1048] T 94114304672548b4abd44bf9fe918c59 P 9b1027ec5aca4ec29b99f401ecdb15f3 [LEADER]: Connected to new peer: Peer: permanent_uuid: "b43e60b4d41c49dcb6ee05d475da7b35" member_type: VOTER last_known_addr { host: "127.12.94.68" port: 34933 } attrs { promote: false }, Status: LMP_MISMATCH, Last received: 0.0, Next index: 3, Last known committed idx: 2, Time since last communication: 0.000s
I20260608 12:46:37.741467 15672 raft_consensus.cc:1275] T 94114304672548b4abd44bf9fe918c59 P 1ba0b155a2e546a38f1fe713c190b521 [term 1 FOLLOWER]: Refusing update from remote peer 9b1027ec5aca4ec29b99f401ecdb15f3: Log matching property violated. Preceding OpId in replica: term: 1 index: 2. Preceding OpId from leader: term: 1 index: 3. (index mismatch)
I20260608 12:46:37.747834 16135 consensus_queue.cc:1048] T 94114304672548b4abd44bf9fe918c59 P 9b1027ec5aca4ec29b99f401ecdb15f3 [LEADER]: Connected to new peer: Peer: permanent_uuid: "092099ff290d43828c1a7192a789beac" member_type: VOTER last_known_addr { host: "127.12.94.66" port: 38171 }, Status: LMP_MISMATCH, Last received: 0.0, Next index: 3, Last known committed idx: 2, Time since last communication: 0.001s
I20260608 12:46:37.750279 16067 consensus_queue.cc:1048] T 94114304672548b4abd44bf9fe918c59 P 9b1027ec5aca4ec29b99f401ecdb15f3 [LEADER]: Connected to new peer: Peer: permanent_uuid: "1ba0b155a2e546a38f1fe713c190b521" member_type: VOTER last_known_addr { host: "127.12.94.65" port: 39619 } attrs { replace: true }, Status: LMP_MISMATCH, Last received: 0.0, Next index: 3, Last known committed idx: 2, Time since last communication: 0.000s
I20260608 12:46:37.778169 16151 raft_consensus.cc:2955] T 94114304672548b4abd44bf9fe918c59 P 9b1027ec5aca4ec29b99f401ecdb15f3 [term 1 LEADER]: Committing config change with OpId 1.3: config changed from index 2 to 3, b43e60b4d41c49dcb6ee05d475da7b35 (127.12.94.68) changed from NON_VOTER to VOTER. New config: { opid_index: 3 OBSOLETE_local: false peers { permanent_uuid: "1ba0b155a2e546a38f1fe713c190b521" member_type: VOTER last_known_addr { host: "127.12.94.65" port: 39619 } attrs { replace: true } } peers { permanent_uuid: "092099ff290d43828c1a7192a789beac" member_type: VOTER last_known_addr { host: "127.12.94.66" port: 38171 } } peers { permanent_uuid: "9b1027ec5aca4ec29b99f401ecdb15f3" member_type: VOTER last_known_addr { host: "127.12.94.67" port: 37893 } } peers { permanent_uuid: "b43e60b4d41c49dcb6ee05d475da7b35" member_type: VOTER last_known_addr { host: "127.12.94.68" port: 34933 } attrs { promote: false } } }
I20260608 12:46:37.781142 15747 raft_consensus.cc:2955] T 94114304672548b4abd44bf9fe918c59 P 092099ff290d43828c1a7192a789beac [term 1 FOLLOWER]: Committing config change with OpId 1.3: config changed from index 2 to 3, b43e60b4d41c49dcb6ee05d475da7b35 (127.12.94.68) changed from NON_VOTER to VOTER. New config: { opid_index: 3 OBSOLETE_local: false peers { permanent_uuid: "1ba0b155a2e546a38f1fe713c190b521" member_type: VOTER last_known_addr { host: "127.12.94.65" port: 39619 } attrs { replace: true } } peers { permanent_uuid: "092099ff290d43828c1a7192a789beac" member_type: VOTER last_known_addr { host: "127.12.94.66" port: 38171 } } peers { permanent_uuid: "9b1027ec5aca4ec29b99f401ecdb15f3" member_type: VOTER last_known_addr { host: "127.12.94.67" port: 37893 } } peers { permanent_uuid: "b43e60b4d41c49dcb6ee05d475da7b35" member_type: VOTER last_known_addr { host: "127.12.94.68" port: 34933 } attrs { promote: false } } }
I20260608 12:46:37.785315 15672 raft_consensus.cc:2955] T 94114304672548b4abd44bf9fe918c59 P 1ba0b155a2e546a38f1fe713c190b521 [term 1 FOLLOWER]: Committing config change with OpId 1.3: config changed from index 2 to 3, b43e60b4d41c49dcb6ee05d475da7b35 (127.12.94.68) changed from NON_VOTER to VOTER. New config: { opid_index: 3 OBSOLETE_local: false peers { permanent_uuid: "1ba0b155a2e546a38f1fe713c190b521" member_type: VOTER last_known_addr { host: "127.12.94.65" port: 39619 } attrs { replace: true } } peers { permanent_uuid: "092099ff290d43828c1a7192a789beac" member_type: VOTER last_known_addr { host: "127.12.94.66" port: 38171 } } peers { permanent_uuid: "9b1027ec5aca4ec29b99f401ecdb15f3" member_type: VOTER last_known_addr { host: "127.12.94.67" port: 37893 } } peers { permanent_uuid: "b43e60b4d41c49dcb6ee05d475da7b35" member_type: VOTER last_known_addr { host: "127.12.94.68" port: 34933 } attrs { promote: false } } }
I20260608 12:46:37.792946 15984 raft_consensus.cc:2955] T 94114304672548b4abd44bf9fe918c59 P b43e60b4d41c49dcb6ee05d475da7b35 [term 1 FOLLOWER]: Committing config change with OpId 1.3: config changed from index 2 to 3, b43e60b4d41c49dcb6ee05d475da7b35 (127.12.94.68) changed from NON_VOTER to VOTER. New config: { opid_index: 3 OBSOLETE_local: false peers { permanent_uuid: "1ba0b155a2e546a38f1fe713c190b521" member_type: VOTER last_known_addr { host: "127.12.94.65" port: 39619 } attrs { replace: true } } peers { permanent_uuid: "092099ff290d43828c1a7192a789beac" member_type: VOTER last_known_addr { host: "127.12.94.66" port: 38171 } } peers { permanent_uuid: "9b1027ec5aca4ec29b99f401ecdb15f3" member_type: VOTER last_known_addr { host: "127.12.94.67" port: 37893 } } peers { permanent_uuid: "b43e60b4d41c49dcb6ee05d475da7b35" member_type: VOTER last_known_addr { host: "127.12.94.68" port: 34933 } attrs { promote: false } } }
I20260608 12:46:37.798579 15572 catalog_manager.cc:5696] T 94114304672548b4abd44bf9fe918c59 P 092099ff290d43828c1a7192a789beac reported cstate change: config changed from index 2 to 3, b43e60b4d41c49dcb6ee05d475da7b35 (127.12.94.68) changed from NON_VOTER to VOTER. New cstate: current_term: 1 leader_uuid: "9b1027ec5aca4ec29b99f401ecdb15f3" committed_config { opid_index: 3 OBSOLETE_local: false peers { permanent_uuid: "1ba0b155a2e546a38f1fe713c190b521" member_type: VOTER last_known_addr { host: "127.12.94.65" port: 39619 } attrs { replace: true } } peers { permanent_uuid: "092099ff290d43828c1a7192a789beac" member_type: VOTER last_known_addr { host: "127.12.94.66" port: 38171 } } peers { permanent_uuid: "9b1027ec5aca4ec29b99f401ecdb15f3" member_type: VOTER last_known_addr { host: "127.12.94.67" port: 37893 } } peers { permanent_uuid: "b43e60b4d41c49dcb6ee05d475da7b35" member_type: VOTER last_known_addr { host: "127.12.94.68" port: 34933 } attrs { promote: false } } }
I20260608 12:46:37.816255 15822 consensus_queue.cc:237] T 94114304672548b4abd44bf9fe918c59 P 9b1027ec5aca4ec29b99f401ecdb15f3 [LEADER]: Queue going to LEADER mode. State: All replicated index: 0, Majority replicated index: 3, Committed index: 3, Last appended: 1.3, Last appended by leader: 0, Current term: 1, Majority size: 2, State: 0, Mode: LEADER, active raft config: opid_index: 4 OBSOLETE_local: false peers { permanent_uuid: "092099ff290d43828c1a7192a789beac" member_type: VOTER last_known_addr { host: "127.12.94.66" port: 38171 } } peers { permanent_uuid: "9b1027ec5aca4ec29b99f401ecdb15f3" member_type: VOTER last_known_addr { host: "127.12.94.67" port: 37893 } } peers { permanent_uuid: "b43e60b4d41c49dcb6ee05d475da7b35" member_type: VOTER last_known_addr { host: "127.12.94.68" port: 34933 } attrs { promote: false } }
I20260608 12:46:37.822803 15984 raft_consensus.cc:1275] T 94114304672548b4abd44bf9fe918c59 P b43e60b4d41c49dcb6ee05d475da7b35 [term 1 FOLLOWER]: Refusing update from remote peer 9b1027ec5aca4ec29b99f401ecdb15f3: Log matching property violated. Preceding OpId in replica: term: 1 index: 3. Preceding OpId from leader: term: 1 index: 4. (index mismatch)
I20260608 12:46:37.824676 16176 consensus_queue.cc:1048] T 94114304672548b4abd44bf9fe918c59 P 9b1027ec5aca4ec29b99f401ecdb15f3 [LEADER]: Connected to new peer: Peer: permanent_uuid: "b43e60b4d41c49dcb6ee05d475da7b35" member_type: VOTER last_known_addr { host: "127.12.94.68" port: 34933 } attrs { promote: false }, Status: LMP_MISMATCH, Last received: 0.0, Next index: 4, Last known committed idx: 3, Time since last communication: 0.000s
