I20260608 12:45:09.263728 25647 tablet_service.cc:1917] Received RequestConsensusVote() RPC: tablet_id: "e351988b59524ab6b5be1f7983b245cf" candidate_uuid: "014b48706b034ae983fc340f8d9b6810" candidate_term: 1 candidate_status { last_received { term: 0 index: 0 } } ignore_live_leader: false dest_uuid: "7bc6bdb052cb42fa98130604c9e6ae86" is_pre_election: true
I20260608 12:45:09.259106 25649 raft_consensus.cc:2468] T e351988b59524ab6b5be1f7983b245cf P 7bc6bdb052cb42fa98130604c9e6ae86 [term 1 FOLLOWER]: Leader election vote request: Granting yes vote for candidate 0c82df2e2bfa4dfbadfc614197ccf83c in term 1.
I20260608 12:45:09.270309 25764 leader_election.cc:304] T 44e5c633a5c74ee88d78fea17489c617 P 014b48706b034ae983fc340f8d9b6810 [CANDIDATE]: Term 1 pre-election: Election decided. Result: candidate won. Election summary: received 2 responses out of 3 voters: 2 yes votes; 0 no votes. yes voters: 014b48706b034ae983fc340f8d9b6810, 7bc6bdb052cb42fa98130604c9e6ae86; no voters: 
I20260608 12:45:09.268657 25688 leader_election.cc:304] T e351988b59524ab6b5be1f7983b245cf P 0c82df2e2bfa4dfbadfc614197ccf83c [CANDIDATE]: Term 1 election: Election decided. Result: candidate won. Election summary: received 2 responses out of 3 voters: 2 yes votes; 0 no votes. yes voters: 014b48706b034ae983fc340f8d9b6810, 0c82df2e2bfa4dfbadfc614197ccf83c; no voters: 
I20260608 12:45:09.272655 25871 raft_consensus.cc:2804] T 44e5c633a5c74ee88d78fea17489c617 P 014b48706b034ae983fc340f8d9b6810 [term 0 FOLLOWER]: Leader pre-election won for term 1
I20260608 12:45:09.273142 25871 raft_consensus.cc:493] T 44e5c633a5c74ee88d78fea17489c617 P 014b48706b034ae983fc340f8d9b6810 [term 0 FOLLOWER]: Starting leader election (no leader contacted us within the election timeout)
I20260608 12:45:09.273517 25871 raft_consensus.cc:3060] T 44e5c633a5c74ee88d78fea17489c617 P 014b48706b034ae983fc340f8d9b6810 [term 0 FOLLOWER]: Advancing to term 1
I20260608 12:45:09.272025 25861 raft_consensus.cc:2804] T e351988b59524ab6b5be1f7983b245cf P 0c82df2e2bfa4dfbadfc614197ccf83c [term 1 FOLLOWER]: Leader election won for term 1
I20260608 12:45:09.274811 25861 raft_consensus.cc:697] T e351988b59524ab6b5be1f7983b245cf P 0c82df2e2bfa4dfbadfc614197ccf83c [term 1 LEADER]: Becoming Leader. State: Replica: 0c82df2e2bfa4dfbadfc614197ccf83c, State: Running, Role: LEADER
I20260608 12:45:09.275857 25724 tablet_service.cc:1917] Received RequestConsensusVote() RPC: tablet_id: "44e5c633a5c74ee88d78fea17489c617" candidate_uuid: "014b48706b034ae983fc340f8d9b6810" candidate_term: 1 candidate_status { last_received { term: 0 index: 0 } } ignore_live_leader: false dest_uuid: "0c82df2e2bfa4dfbadfc614197ccf83c" is_pre_election: true
I20260608 12:45:09.276916 25798 raft_consensus.cc:2468] T 1ac34fa33d224f88a75424b03798d220 P 014b48706b034ae983fc340f8d9b6810 [term 1 FOLLOWER]: Leader election vote request: Granting yes vote for candidate 0c82df2e2bfa4dfbadfc614197ccf83c in term 1.
I20260608 12:45:09.276813 25861 consensus_queue.cc:237] T e351988b59524ab6b5be1f7983b245cf P 0c82df2e2bfa4dfbadfc614197ccf83c [LEADER]: Queue going to LEADER mode. State: All replicated index: 0, Majority replicated index: 0, Committed index: 0, Last appended: 0.0, Last appended by leader: 0, Current term: 1, Majority size: 2, State: 0, Mode: LEADER, active raft config: opid_index: -1 OBSOLETE_local: false peers { permanent_uuid: "7bc6bdb052cb42fa98130604c9e6ae86" member_type: VOTER last_known_addr { host: "127.24.101.129" port: 38183 } } peers { permanent_uuid: "0c82df2e2bfa4dfbadfc614197ccf83c" member_type: VOTER last_known_addr { host: "127.24.101.130" port: 42895 } } peers { permanent_uuid: "014b48706b034ae983fc340f8d9b6810" member_type: VOTER last_known_addr { host: "127.24.101.131" port: 39257 } }
I20260608 12:45:09.277704 25725 tablet_service.cc:1917] Received RequestConsensusVote() RPC: tablet_id: "1ac34fa33d224f88a75424b03798d220" candidate_uuid: "014b48706b034ae983fc340f8d9b6810" candidate_term: 1 candidate_status { last_received { term: 0 index: 0 } } ignore_live_leader: false dest_uuid: "0c82df2e2bfa4dfbadfc614197ccf83c" is_pre_election: true
I20260608 12:45:09.280093 25723 tablet_service.cc:1917] Received RequestConsensusVote() RPC: tablet_id: "e351988b59524ab6b5be1f7983b245cf" candidate_uuid: "014b48706b034ae983fc340f8d9b6810" candidate_term: 1 candidate_status { last_received { term: 0 index: 0 } } ignore_live_leader: false dest_uuid: "0c82df2e2bfa4dfbadfc614197ccf83c" is_pre_election: true
W20260608 12:45:09.280026 25765 leader_election.cc:343] T 44e5c633a5c74ee88d78fea17489c617 P 014b48706b034ae983fc340f8d9b6810 [CANDIDATE]: Term 1 pre-election: Tablet error from VoteRequest() call to peer 0c82df2e2bfa4dfbadfc614197ccf83c (127.24.101.130:42895): Illegal state: must be running to vote when last-logged opid is not known
I20260608 12:45:09.283329 25765 leader_election.cc:304] T 1ac34fa33d224f88a75424b03798d220 P 014b48706b034ae983fc340f8d9b6810 [CANDIDATE]: Term 1 pre-election: Election decided. Result: candidate lost. Election summary: received 3 responses out of 3 voters: 1 yes votes; 2 no votes. yes voters: 014b48706b034ae983fc340f8d9b6810; no voters: 0c82df2e2bfa4dfbadfc614197ccf83c, 7bc6bdb052cb42fa98130604c9e6ae86
I20260608 12:45:09.284814 25544 catalog_manager.cc:5696] T 1ac34fa33d224f88a75424b03798d220 P 0c82df2e2bfa4dfbadfc614197ccf83c reported cstate change: term changed from 0 to 1, leader changed from <none> to 0c82df2e2bfa4dfbadfc614197ccf83c (127.24.101.130). New cstate: current_term: 1 leader_uuid: "0c82df2e2bfa4dfbadfc614197ccf83c" committed_config { opid_index: -1 OBSOLETE_local: false peers { permanent_uuid: "7bc6bdb052cb42fa98130604c9e6ae86" member_type: VOTER last_known_addr { host: "127.24.101.129" port: 38183 } health_report { overall_health: UNKNOWN } } peers { permanent_uuid: "0c82df2e2bfa4dfbadfc614197ccf83c" member_type: VOTER last_known_addr { host: "127.24.101.130" port: 42895 } health_report { overall_health: HEALTHY } } peers { permanent_uuid: "014b48706b034ae983fc340f8d9b6810" member_type: VOTER last_known_addr { host: "127.24.101.131" port: 39257 } health_report { overall_health: UNKNOWN } } }
I20260608 12:45:09.285903 25850 raft_consensus.cc:2749] T 1ac34fa33d224f88a75424b03798d220 P 014b48706b034ae983fc340f8d9b6810 [term 1 FOLLOWER]: Leader pre-election lost for term 1. Reason: could not achieve majority
I20260608 12:45:09.287330 25765 leader_election.cc:304] T e351988b59524ab6b5be1f7983b245cf P 014b48706b034ae983fc340f8d9b6810 [CANDIDATE]: Term 1 pre-election: Election decided. Result: candidate lost. Election summary: received 3 responses out of 3 voters: 1 yes votes; 2 no votes. yes voters: 014b48706b034ae983fc340f8d9b6810; no voters: 0c82df2e2bfa4dfbadfc614197ccf83c, 7bc6bdb052cb42fa98130604c9e6ae86
I20260608 12:45:09.288046 25850 raft_consensus.cc:2749] T e351988b59524ab6b5be1f7983b245cf P 014b48706b034ae983fc340f8d9b6810 [term 1 FOLLOWER]: Leader pre-election lost for term 1. Reason: could not achieve majority
I20260608 12:45:09.293066 25845 tablet_bootstrap.cc:492] T 95279351b7e740029f104325802d8802 P 0c82df2e2bfa4dfbadfc614197ccf83c: No bootstrap required, opened a new log
I20260608 12:45:09.293583 25845 ts_tablet_manager.cc:1403] T 95279351b7e740029f104325802d8802 P 0c82df2e2bfa4dfbadfc614197ccf83c: Time spent bootstrapping tablet: real 0.076s	user 0.011s	sys 0.012s
I20260608 12:45:09.295284 25844 raft_consensus.cc:359] T 375414c8c71e496b8f3275c25ded450d P 014b48706b034ae983fc340f8d9b6810 [term 0 FOLLOWER]: Replica starting. Triggering 0 pending ops. Active config: opid_index: -1 OBSOLETE_local: false peers { permanent_uuid: "7bc6bdb052cb42fa98130604c9e6ae86" member_type: VOTER last_known_addr { host: "127.24.101.129" port: 38183 } } peers { permanent_uuid: "0c82df2e2bfa4dfbadfc614197ccf83c" member_type: VOTER last_known_addr { host: "127.24.101.130" port: 42895 } } peers { permanent_uuid: "014b48706b034ae983fc340f8d9b6810" member_type: VOTER last_known_addr { host: "127.24.101.131" port: 39257 } }
I20260608 12:45:09.296134 25844 raft_consensus.cc:385] T 375414c8c71e496b8f3275c25ded450d P 014b48706b034ae983fc340f8d9b6810 [term 0 FOLLOWER]: Consensus starting up: Expiring failure detector timer to make a prompt election more likely
I20260608 12:45:09.296568 25844 raft_consensus.cc:740] T 375414c8c71e496b8f3275c25ded450d P 014b48706b034ae983fc340f8d9b6810 [term 0 FOLLOWER]: Becoming Follower/Learner. State: Replica: 014b48706b034ae983fc340f8d9b6810, State: Initialized, Role: FOLLOWER
I20260608 12:45:09.296172 25847 tablet_bootstrap.cc:654] T a20162fac80e4deb9ec63859a950d006 P 7bc6bdb052cb42fa98130604c9e6ae86: Neither blocks nor log segments found. Creating new log.
I20260608 12:45:09.298292 25845 raft_consensus.cc:359] T 95279351b7e740029f104325802d8802 P 0c82df2e2bfa4dfbadfc614197ccf83c [term 0 FOLLOWER]: Replica starting. Triggering 0 pending ops. Active config: opid_index: -1 OBSOLETE_local: false peers { permanent_uuid: "014b48706b034ae983fc340f8d9b6810" member_type: VOTER last_known_addr { host: "127.24.101.131" port: 39257 } } peers { permanent_uuid: "7bc6bdb052cb42fa98130604c9e6ae86" member_type: VOTER last_known_addr { host: "127.24.101.129" port: 38183 } } peers { permanent_uuid: "0c82df2e2bfa4dfbadfc614197ccf83c" member_type: VOTER last_known_addr { host: "127.24.101.130" port: 42895 } }
I20260608 12:45:09.299445 25845 raft_consensus.cc:385] T 95279351b7e740029f104325802d8802 P 0c82df2e2bfa4dfbadfc614197ccf83c [term 0 FOLLOWER]: Consensus starting up: Expiring failure detector timer to make a prompt election more likely
I20260608 12:45:09.298560 25844 consensus_queue.cc:260] T 375414c8c71e496b8f3275c25ded450d P 014b48706b034ae983fc340f8d9b6810 [NON_LEADER]: Queue going to NON_LEADER mode. State: All replicated index: 0, Majority replicated index: 0, Committed index: 0, Last appended: 0.0, Last appended by leader: 0, Current term: 0, Majority size: -1, State: 0, Mode: NON_LEADER, active raft config: opid_index: -1 OBSOLETE_local: false peers { permanent_uuid: "7bc6bdb052cb42fa98130604c9e6ae86" member_type: VOTER last_known_addr { host: "127.24.101.129" port: 38183 } } peers { permanent_uuid: "0c82df2e2bfa4dfbadfc614197ccf83c" member_type: VOTER last_known_addr { host: "127.24.101.130" port: 42895 } } peers { permanent_uuid: "014b48706b034ae983fc340f8d9b6810" member_type: VOTER last_known_addr { host: "127.24.101.131" port: 39257 } }
I20260608 12:45:09.299958 25845 raft_consensus.cc:740] T 95279351b7e740029f104325802d8802 P 0c82df2e2bfa4dfbadfc614197ccf83c [term 0 FOLLOWER]: Becoming Follower/Learner. State: Replica: 0c82df2e2bfa4dfbadfc614197ccf83c, State: Initialized, Role: FOLLOWER
I20260608 12:45:09.301015 25845 consensus_queue.cc:260] T 95279351b7e740029f104325802d8802 P 0c82df2e2bfa4dfbadfc614197ccf83c [NON_LEADER]: Queue going to NON_LEADER mode. State: All replicated index: 0, Majority replicated index: 0, Committed index: 0, Last appended: 0.0, Last appended by leader: 0, Current term: 0, Majority size: -1, State: 0, Mode: NON_LEADER, active raft config: opid_index: -1 OBSOLETE_local: false peers { permanent_uuid: "014b48706b034ae983fc340f8d9b6810" member_type: VOTER last_known_addr { host: "127.24.101.131" port: 39257 } } peers { permanent_uuid: "7bc6bdb052cb42fa98130604c9e6ae86" member_type: VOTER last_known_addr { host: "127.24.101.129" port: 38183 } } peers { permanent_uuid: "0c82df2e2bfa4dfbadfc614197ccf83c" member_type: VOTER last_known_addr { host: "127.24.101.130" port: 42895 } }
I20260608 12:45:09.301987 25871 raft_consensus.cc:515] T 44e5c633a5c74ee88d78fea17489c617 P 014b48706b034ae983fc340f8d9b6810 [term 1 FOLLOWER]: Starting leader election with config: opid_index: -1 OBSOLETE_local: false peers { permanent_uuid: "7bc6bdb052cb42fa98130604c9e6ae86" member_type: VOTER last_known_addr { host: "127.24.101.129" port: 38183 } } peers { permanent_uuid: "0c82df2e2bfa4dfbadfc614197ccf83c" member_type: VOTER last_known_addr { host: "127.24.101.130" port: 42895 } } peers { permanent_uuid: "014b48706b034ae983fc340f8d9b6810" member_type: VOTER last_known_addr { host: "127.24.101.131" port: 39257 } }
I20260608 12:45:09.303828 25845 ts_tablet_manager.cc:1434] T 95279351b7e740029f104325802d8802 P 0c82df2e2bfa4dfbadfc614197ccf83c: Time spent starting tablet: real 0.010s	user 0.009s	sys 0.000s
I20260608 12:45:09.305059 25845 tablet_bootstrap.cc:492] T 44e5c633a5c74ee88d78fea17489c617 P 0c82df2e2bfa4dfbadfc614197ccf83c: Bootstrap starting.
I20260608 12:45:09.305603 25723 tablet_service.cc:1917] Received RequestConsensusVote() RPC: tablet_id: "44e5c633a5c74ee88d78fea17489c617" candidate_uuid: "014b48706b034ae983fc340f8d9b6810" candidate_term: 1 candidate_status { last_received { term: 0 index: 0 } } ignore_live_leader: false dest_uuid: "0c82df2e2bfa4dfbadfc614197ccf83c"
I20260608 12:45:09.305819 25649 tablet_service.cc:1917] Received RequestConsensusVote() RPC: tablet_id: "44e5c633a5c74ee88d78fea17489c617" candidate_uuid: "014b48706b034ae983fc340f8d9b6810" candidate_term: 1 candidate_status { last_received { term: 0 index: 0 } } ignore_live_leader: false dest_uuid: "7bc6bdb052cb42fa98130604c9e6ae86"
I20260608 12:45:09.306504 25649 raft_consensus.cc:3060] T 44e5c633a5c74ee88d78fea17489c617 P 7bc6bdb052cb42fa98130604c9e6ae86 [term 0 FOLLOWER]: Advancing to term 1
W20260608 12:45:09.307092 25765 leader_election.cc:343] T 44e5c633a5c74ee88d78fea17489c617 P 014b48706b034ae983fc340f8d9b6810 [CANDIDATE]: Term 1 election: Tablet error from VoteRequest() call to peer 0c82df2e2bfa4dfbadfc614197ccf83c (127.24.101.130:42895): Illegal state: must be running to vote when last-logged opid is not known
I20260608 12:45:09.307709 25871 leader_election.cc:290] T 44e5c633a5c74ee88d78fea17489c617 P 014b48706b034ae983fc340f8d9b6810 [CANDIDATE]: Term 1 election: Requested vote from peers 7bc6bdb052cb42fa98130604c9e6ae86 (127.24.101.129:38183), 0c82df2e2bfa4dfbadfc614197ccf83c (127.24.101.130:42895)
I20260608 12:45:09.313463 25845 tablet_bootstrap.cc:654] T 44e5c633a5c74ee88d78fea17489c617 P 0c82df2e2bfa4dfbadfc614197ccf83c: Neither blocks nor log segments found. Creating new log.
I20260608 12:45:09.318624 25649 raft_consensus.cc:2468] T 44e5c633a5c74ee88d78fea17489c617 P 7bc6bdb052cb42fa98130604c9e6ae86 [term 1 FOLLOWER]: Leader election vote request: Granting yes vote for candidate 014b48706b034ae983fc340f8d9b6810 in term 1.
I20260608 12:45:09.319401 25847 tablet_bootstrap.cc:492] T a20162fac80e4deb9ec63859a950d006 P 7bc6bdb052cb42fa98130604c9e6ae86: No bootstrap required, opened a new log
I20260608 12:45:09.320008 25764 leader_election.cc:304] T 44e5c633a5c74ee88d78fea17489c617 P 014b48706b034ae983fc340f8d9b6810 [CANDIDATE]: Term 1 election: Election decided. Result: candidate won. Election summary: received 3 responses out of 3 voters: 2 yes votes; 1 no votes. yes voters: 014b48706b034ae983fc340f8d9b6810, 7bc6bdb052cb42fa98130604c9e6ae86; no voters: 0c82df2e2bfa4dfbadfc614197ccf83c
I20260608 12:45:09.320830 25871 raft_consensus.cc:2804] T 44e5c633a5c74ee88d78fea17489c617 P 014b48706b034ae983fc340f8d9b6810 [term 1 FOLLOWER]: Leader election won for term 1
I20260608 12:45:09.320045 25847 ts_tablet_manager.cc:1403] T a20162fac80e4deb9ec63859a950d006 P 7bc6bdb052cb42fa98130604c9e6ae86: Time spent bootstrapping tablet: real 0.099s	user 0.019s	sys 0.003s
I20260608 12:45:09.321349 25871 raft_consensus.cc:697] T 44e5c633a5c74ee88d78fea17489c617 P 014b48706b034ae983fc340f8d9b6810 [term 1 LEADER]: Becoming Leader. State: Replica: 014b48706b034ae983fc340f8d9b6810, State: Running, Role: LEADER
I20260608 12:45:09.322525 25845 tablet_bootstrap.cc:492] T 44e5c633a5c74ee88d78fea17489c617 P 0c82df2e2bfa4dfbadfc614197ccf83c: No bootstrap required, opened a new log
I20260608 12:45:09.322942 25845 ts_tablet_manager.cc:1403] T 44e5c633a5c74ee88d78fea17489c617 P 0c82df2e2bfa4dfbadfc614197ccf83c: Time spent bootstrapping tablet: real 0.018s	user 0.015s	sys 0.000s
I20260608 12:45:09.322702 25871 consensus_queue.cc:237] T 44e5c633a5c74ee88d78fea17489c617 P 014b48706b034ae983fc340f8d9b6810 [LEADER]: Queue going to LEADER mode. State: All replicated index: 0, Majority replicated index: 0, Committed index: 0, Last appended: 0.0, Last appended by leader: 0, Current term: 1, Majority size: 2, State: 0, Mode: LEADER, active raft config: opid_index: -1 OBSOLETE_local: false peers { permanent_uuid: "7bc6bdb052cb42fa98130604c9e6ae86" member_type: VOTER last_known_addr { host: "127.24.101.129" port: 38183 } } peers { permanent_uuid: "0c82df2e2bfa4dfbadfc614197ccf83c" member_type: VOTER last_known_addr { host: "127.24.101.130" port: 42895 } } peers { permanent_uuid: "014b48706b034ae983fc340f8d9b6810" member_type: VOTER last_known_addr { host: "127.24.101.131" port: 39257 } }
I20260608 12:45:09.324753 25847 raft_consensus.cc:359] T a20162fac80e4deb9ec63859a950d006 P 7bc6bdb052cb42fa98130604c9e6ae86 [term 0 FOLLOWER]: Replica starting. Triggering 0 pending ops. Active config: opid_index: -1 OBSOLETE_local: false peers { permanent_uuid: "7bc6bdb052cb42fa98130604c9e6ae86" member_type: VOTER last_known_addr { host: "127.24.101.129" port: 38183 } } peers { permanent_uuid: "0c82df2e2bfa4dfbadfc614197ccf83c" member_type: VOTER last_known_addr { host: "127.24.101.130" port: 42895 } } peers { permanent_uuid: "014b48706b034ae983fc340f8d9b6810" member_type: VOTER last_known_addr { host: "127.24.101.131" port: 39257 } }
I20260608 12:45:09.325515 25847 raft_consensus.cc:385] T a20162fac80e4deb9ec63859a950d006 P 7bc6bdb052cb42fa98130604c9e6ae86 [term 0 FOLLOWER]: Consensus starting up: Expiring failure detector timer to make a prompt election more likely
I20260608 12:45:09.325444 25845 raft_consensus.cc:359] T 44e5c633a5c74ee88d78fea17489c617 P 0c82df2e2bfa4dfbadfc614197ccf83c [term 0 FOLLOWER]: Replica starting. Triggering 0 pending ops. Active config: opid_index: -1 OBSOLETE_local: false peers { permanent_uuid: "7bc6bdb052cb42fa98130604c9e6ae86" member_type: VOTER last_known_addr { host: "127.24.101.129" port: 38183 } } peers { permanent_uuid: "0c82df2e2bfa4dfbadfc614197ccf83c" member_type: VOTER last_known_addr { host: "127.24.101.130" port: 42895 } } peers { permanent_uuid: "014b48706b034ae983fc340f8d9b6810" member_type: VOTER last_known_addr { host: "127.24.101.131" port: 39257 } }
I20260608 12:45:09.326328 25845 raft_consensus.cc:385] T 44e5c633a5c74ee88d78fea17489c617 P 0c82df2e2bfa4dfbadfc614197ccf83c [term 0 FOLLOWER]: Consensus starting up: Expiring failure detector timer to make a prompt election more likely
I20260608 12:45:09.326772 25845 raft_consensus.cc:740] T 44e5c633a5c74ee88d78fea17489c617 P 0c82df2e2bfa4dfbadfc614197ccf83c [term 0 FOLLOWER]: Becoming Follower/Learner. State: Replica: 0c82df2e2bfa4dfbadfc614197ccf83c, State: Initialized, Role: FOLLOWER
I20260608 12:45:09.327953 25845 consensus_queue.cc:260] T 44e5c633a5c74ee88d78fea17489c617 P 0c82df2e2bfa4dfbadfc614197ccf83c [NON_LEADER]: Queue going to NON_LEADER mode. State: All replicated index: 0, Majority replicated index: 0, Committed index: 0, Last appended: 0.0, Last appended by leader: 0, Current term: 0, Majority size: -1, State: 0, Mode: NON_LEADER, active raft config: opid_index: -1 OBSOLETE_local: false peers { permanent_uuid: "7bc6bdb052cb42fa98130604c9e6ae86" member_type: VOTER last_known_addr { host: "127.24.101.129" port: 38183 } } peers { permanent_uuid: "0c82df2e2bfa4dfbadfc614197ccf83c" member_type: VOTER last_known_addr { host: "127.24.101.130" port: 42895 } } peers { permanent_uuid: "014b48706b034ae983fc340f8d9b6810" member_type: VOTER last_known_addr { host: "127.24.101.131" port: 39257 } }
I20260608 12:45:09.329566 25844 ts_tablet_manager.cc:1434] T 375414c8c71e496b8f3275c25ded450d P 014b48706b034ae983fc340f8d9b6810: Time spent starting tablet: real 0.076s	user 0.008s	sys 0.000s
I20260608 12:45:09.330657 25844 tablet_bootstrap.cc:492] T 41b56ec6ceb04250a73261b6cf9e453a P 014b48706b034ae983fc340f8d9b6810: Bootstrap starting.
I20260608 12:45:09.330849 25845 ts_tablet_manager.cc:1434] T 44e5c633a5c74ee88d78fea17489c617 P 0c82df2e2bfa4dfbadfc614197ccf83c: Time spent starting tablet: real 0.008s	user 0.005s	sys 0.002s
I20260608 12:45:09.331962 25845 tablet_bootstrap.cc:492] T a20162fac80e4deb9ec63859a950d006 P 0c82df2e2bfa4dfbadfc614197ccf83c: Bootstrap starting.
I20260608 12:45:09.326043 25847 raft_consensus.cc:740] T a20162fac80e4deb9ec63859a950d006 P 7bc6bdb052cb42fa98130604c9e6ae86 [term 0 FOLLOWER]: Becoming Follower/Learner. State: Replica: 7bc6bdb052cb42fa98130604c9e6ae86, State: Initialized, Role: FOLLOWER
I20260608 12:45:09.335041 25847 consensus_queue.cc:260] T a20162fac80e4deb9ec63859a950d006 P 7bc6bdb052cb42fa98130604c9e6ae86 [NON_LEADER]: Queue going to NON_LEADER mode. State: All replicated index: 0, Majority replicated index: 0, Committed index: 0, Last appended: 0.0, Last appended by leader: 0, Current term: 0, Majority size: -1, State: 0, Mode: NON_LEADER, active raft config: opid_index: -1 OBSOLETE_local: false peers { permanent_uuid: "7bc6bdb052cb42fa98130604c9e6ae86" member_type: VOTER last_known_addr { host: "127.24.101.129" port: 38183 } } peers { permanent_uuid: "0c82df2e2bfa4dfbadfc614197ccf83c" member_type: VOTER last_known_addr { host: "127.24.101.130" port: 42895 } } peers { permanent_uuid: "014b48706b034ae983fc340f8d9b6810" member_type: VOTER last_known_addr { host: "127.24.101.131" port: 39257 } }
I20260608 12:45:09.334611 25544 catalog_manager.cc:5696] T 44e5c633a5c74ee88d78fea17489c617 P 014b48706b034ae983fc340f8d9b6810 reported cstate change: term changed from 0 to 1, leader changed from <none> to 014b48706b034ae983fc340f8d9b6810 (127.24.101.131). New cstate: current_term: 1 leader_uuid: "014b48706b034ae983fc340f8d9b6810" committed_config { opid_index: -1 OBSOLETE_local: false peers { permanent_uuid: "7bc6bdb052cb42fa98130604c9e6ae86" member_type: VOTER last_known_addr { host: "127.24.101.129" port: 38183 } health_report { overall_health: UNKNOWN } } peers { permanent_uuid: "0c82df2e2bfa4dfbadfc614197ccf83c" member_type: VOTER last_known_addr { host: "127.24.101.130" port: 42895 } health_report { overall_health: UNKNOWN } } peers { permanent_uuid: "014b48706b034ae983fc340f8d9b6810" member_type: VOTER last_known_addr { host: "127.24.101.131" port: 39257 } health_report { overall_health: HEALTHY } } }
I20260608 12:45:09.337309 25847 ts_tablet_manager.cc:1434] T a20162fac80e4deb9ec63859a950d006 P 7bc6bdb052cb42fa98130604c9e6ae86: Time spent starting tablet: real 0.016s	user 0.006s	sys 0.000s
I20260608 12:45:09.339460 25847 tablet_bootstrap.cc:492] T 41b56ec6ceb04250a73261b6cf9e453a P 7bc6bdb052cb42fa98130604c9e6ae86: Bootstrap starting.
I20260608 12:45:09.339478 25845 tablet_bootstrap.cc:654] T a20162fac80e4deb9ec63859a950d006 P 0c82df2e2bfa4dfbadfc614197ccf83c: Neither blocks nor log segments found. Creating new log.
I20260608 12:45:09.343081 25871 raft_consensus.cc:493] T 375414c8c71e496b8f3275c25ded450d P 014b48706b034ae983fc340f8d9b6810 [term 0 FOLLOWER]: Starting pre-election (no leader contacted us within the election timeout)
I20260608 12:45:09.343739 25871 raft_consensus.cc:515] T 375414c8c71e496b8f3275c25ded450d P 014b48706b034ae983fc340f8d9b6810 [term 0 FOLLOWER]: Starting pre-election with config: opid_index: -1 OBSOLETE_local: false peers { permanent_uuid: "7bc6bdb052cb42fa98130604c9e6ae86" member_type: VOTER last_known_addr { host: "127.24.101.129" port: 38183 } } peers { permanent_uuid: "0c82df2e2bfa4dfbadfc614197ccf83c" member_type: VOTER last_known_addr { host: "127.24.101.130" port: 42895 } } peers { permanent_uuid: "014b48706b034ae983fc340f8d9b6810" member_type: VOTER last_known_addr { host: "127.24.101.131" port: 39257 } }
I20260608 12:45:09.347348 25649 tablet_service.cc:1917] Received RequestConsensusVote() RPC: tablet_id: "375414c8c71e496b8f3275c25ded450d" candidate_uuid: "014b48706b034ae983fc340f8d9b6810" candidate_term: 1 candidate_status { last_received { term: 0 index: 0 } } ignore_live_leader: false dest_uuid: "7bc6bdb052cb42fa98130604c9e6ae86" is_pre_election: true
I20260608 12:45:09.348140 25871 leader_election.cc:290] T 375414c8c71e496b8f3275c25ded450d P 014b48706b034ae983fc340f8d9b6810 [CANDIDATE]: Term 1 pre-election: Requested pre-vote from peers 7bc6bdb052cb42fa98130604c9e6ae86 (127.24.101.129:38183), 0c82df2e2bfa4dfbadfc614197ccf83c (127.24.101.130:42895)
W20260608 12:45:09.348753 25764 leader_election.cc:343] T 375414c8c71e496b8f3275c25ded450d P 014b48706b034ae983fc340f8d9b6810 [CANDIDATE]: Term 1 pre-election: Tablet error from VoteRequest() call to peer 7bc6bdb052cb42fa98130604c9e6ae86 (127.24.101.129:38183): Illegal state: must be running to vote when last-logged opid is not known
I20260608 12:45:09.349009 25723 tablet_service.cc:1917] Received RequestConsensusVote() RPC: tablet_id: "375414c8c71e496b8f3275c25ded450d" candidate_uuid: "014b48706b034ae983fc340f8d9b6810" candidate_term: 1 candidate_status { last_received { term: 0 index: 0 } } ignore_live_leader: false dest_uuid: "0c82df2e2bfa4dfbadfc614197ccf83c" is_pre_election: true
I20260608 12:45:09.349786 25723 raft_consensus.cc:2468] T 375414c8c71e496b8f3275c25ded450d P 0c82df2e2bfa4dfbadfc614197ccf83c [term 0 FOLLOWER]: Leader pre-election vote request: Granting yes vote for candidate 014b48706b034ae983fc340f8d9b6810 in term 0.
I20260608 12:45:09.351076 25847 tablet_bootstrap.cc:654] T 41b56ec6ceb04250a73261b6cf9e453a P 7bc6bdb052cb42fa98130604c9e6ae86: Neither blocks nor log segments found. Creating new log.
I20260608 12:45:09.351277 25765 leader_election.cc:304] T 375414c8c71e496b8f3275c25ded450d P 014b48706b034ae983fc340f8d9b6810 [CANDIDATE]: Term 1 pre-election: Election decided. Result: candidate won. Election summary: received 3 responses out of 3 voters: 2 yes votes; 1 no votes. yes voters: 014b48706b034ae983fc340f8d9b6810, 0c82df2e2bfa4dfbadfc614197ccf83c; no voters: 7bc6bdb052cb42fa98130604c9e6ae86
I20260608 12:45:09.352994 25844 tablet_bootstrap.cc:654] T 41b56ec6ceb04250a73261b6cf9e453a P 014b48706b034ae983fc340f8d9b6810: Neither blocks nor log segments found. Creating new log.
I20260608 12:45:09.360670 25871 raft_consensus.cc:2804] T 375414c8c71e496b8f3275c25ded450d P 014b48706b034ae983fc340f8d9b6810 [term 0 FOLLOWER]: Leader pre-election won for term 1
I20260608 12:45:09.361191 25871 raft_consensus.cc:493] T 375414c8c71e496b8f3275c25ded450d P 014b48706b034ae983fc340f8d9b6810 [term 0 FOLLOWER]: Starting leader election (no leader contacted us within the election timeout)
I20260608 12:45:09.361552 25871 raft_consensus.cc:3060] T 375414c8c71e496b8f3275c25ded450d P 014b48706b034ae983fc340f8d9b6810 [term 0 FOLLOWER]: Advancing to term 1
I20260608 12:45:09.364001 25847 tablet_bootstrap.cc:492] T 41b56ec6ceb04250a73261b6cf9e453a P 7bc6bdb052cb42fa98130604c9e6ae86: No bootstrap required, opened a new log
I20260608 12:45:09.364614 25847 ts_tablet_manager.cc:1403] T 41b56ec6ceb04250a73261b6cf9e453a P 7bc6bdb052cb42fa98130604c9e6ae86: Time spent bootstrapping tablet: real 0.025s	user 0.004s	sys 0.013s
I20260608 12:45:09.368045 25847 raft_consensus.cc:359] T 41b56ec6ceb04250a73261b6cf9e453a P 7bc6bdb052cb42fa98130604c9e6ae86 [term 0 FOLLOWER]: Replica starting. Triggering 0 pending ops. Active config: opid_index: -1 OBSOLETE_local: false peers { permanent_uuid: "7bc6bdb052cb42fa98130604c9e6ae86" member_type: VOTER last_known_addr { host: "127.24.101.129" port: 38183 } } peers { permanent_uuid: "0c82df2e2bfa4dfbadfc614197ccf83c" member_type: VOTER last_known_addr { host: "127.24.101.130" port: 42895 } } peers { permanent_uuid: "014b48706b034ae983fc340f8d9b6810" member_type: VOTER last_known_addr { host: "127.24.101.131" port: 39257 } }
I20260608 12:45:09.368990 25847 raft_consensus.cc:385] T 41b56ec6ceb04250a73261b6cf9e453a P 7bc6bdb052cb42fa98130604c9e6ae86 [term 0 FOLLOWER]: Consensus starting up: Expiring failure detector timer to make a prompt election more likely
I20260608 12:45:09.368659 25871 raft_consensus.cc:515] T 375414c8c71e496b8f3275c25ded450d P 014b48706b034ae983fc340f8d9b6810 [term 1 FOLLOWER]: Starting leader election with config: opid_index: -1 OBSOLETE_local: false peers { permanent_uuid: "7bc6bdb052cb42fa98130604c9e6ae86" member_type: VOTER last_known_addr { host: "127.24.101.129" port: 38183 } } peers { permanent_uuid: "0c82df2e2bfa4dfbadfc614197ccf83c" member_type: VOTER last_known_addr { host: "127.24.101.130" port: 42895 } } peers { permanent_uuid: "014b48706b034ae983fc340f8d9b6810" member_type: VOTER last_known_addr { host: "127.24.101.131" port: 39257 } }
I20260608 12:45:09.372030 25649 tablet_service.cc:1917] Received RequestConsensusVote() RPC: tablet_id: "375414c8c71e496b8f3275c25ded450d" candidate_uuid: "014b48706b034ae983fc340f8d9b6810" candidate_term: 1 candidate_status { last_received { term: 0 index: 0 } } ignore_live_leader: false dest_uuid: "7bc6bdb052cb42fa98130604c9e6ae86"
I20260608 12:45:09.372164 25845 tablet_bootstrap.cc:492] T a20162fac80e4deb9ec63859a950d006 P 0c82df2e2bfa4dfbadfc614197ccf83c: No bootstrap required, opened a new log
I20260608 12:45:09.372624 25847 raft_consensus.cc:740] T 41b56ec6ceb04250a73261b6cf9e453a P 7bc6bdb052cb42fa98130604c9e6ae86 [term 0 FOLLOWER]: Becoming Follower/Learner. State: Replica: 7bc6bdb052cb42fa98130604c9e6ae86, State: Initialized, Role: FOLLOWER
I20260608 12:45:09.372825 25845 ts_tablet_manager.cc:1403] T a20162fac80e4deb9ec63859a950d006 P 0c82df2e2bfa4dfbadfc614197ccf83c: Time spent bootstrapping tablet: real 0.041s	user 0.024s	sys 0.012s
I20260608 12:45:09.373662 25847 consensus_queue.cc:260] T 41b56ec6ceb04250a73261b6cf9e453a P 7bc6bdb052cb42fa98130604c9e6ae86 [NON_LEADER]: Queue going to NON_LEADER mode. State: All replicated index: 0, Majority replicated index: 0, Committed index: 0, Last appended: 0.0, Last appended by leader: 0, Current term: 0, Majority size: -1, State: 0, Mode: NON_LEADER, active raft config: opid_index: -1 OBSOLETE_local: false peers { permanent_uuid: "7bc6bdb052cb42fa98130604c9e6ae86" member_type: VOTER last_known_addr { host: "127.24.101.129" port: 38183 } } peers { permanent_uuid: "0c82df2e2bfa4dfbadfc614197ccf83c" member_type: VOTER last_known_addr { host: "127.24.101.130" port: 42895 } } peers { permanent_uuid: "014b48706b034ae983fc340f8d9b6810" member_type: VOTER last_known_addr { host: "127.24.101.131" port: 39257 } }
I20260608 12:45:09.372159 25871 leader_election.cc:290] T 375414c8c71e496b8f3275c25ded450d P 014b48706b034ae983fc340f8d9b6810 [CANDIDATE]: Term 1 election: Requested vote from peers 7bc6bdb052cb42fa98130604c9e6ae86 (127.24.101.129:38183), 0c82df2e2bfa4dfbadfc614197ccf83c (127.24.101.130:42895)
I20260608 12:45:09.372031 25723 tablet_service.cc:1917] Received RequestConsensusVote() RPC: tablet_id: "375414c8c71e496b8f3275c25ded450d" candidate_uuid: "014b48706b034ae983fc340f8d9b6810" candidate_term: 1 candidate_status { last_received { term: 0 index: 0 } } ignore_live_leader: false dest_uuid: "0c82df2e2bfa4dfbadfc614197ccf83c"
I20260608 12:45:09.375882 25845 raft_consensus.cc:359] T a20162fac80e4deb9ec63859a950d006 P 0c82df2e2bfa4dfbadfc614197ccf83c [term 0 FOLLOWER]: Replica starting. Triggering 0 pending ops. Active config: opid_index: -1 OBSOLETE_local: false peers { permanent_uuid: "7bc6bdb052cb42fa98130604c9e6ae86" member_type: VOTER last_known_addr { host: "127.24.101.129" port: 38183 } } peers { permanent_uuid: "0c82df2e2bfa4dfbadfc614197ccf83c" member_type: VOTER last_known_addr { host: "127.24.101.130" port: 42895 } } peers { permanent_uuid: "014b48706b034ae983fc340f8d9b6810" member_type: VOTER last_known_addr { host: "127.24.101.131" port: 39257 } }
I20260608 12:45:09.376608 25845 raft_consensus.cc:385] T a20162fac80e4deb9ec63859a950d006 P 0c82df2e2bfa4dfbadfc614197ccf83c [term 0 FOLLOWER]: Consensus starting up: Expiring failure detector timer to make a prompt election more likely
I20260608 12:45:09.376758 25847 ts_tablet_manager.cc:1434] T 41b56ec6ceb04250a73261b6cf9e453a P 7bc6bdb052cb42fa98130604c9e6ae86: Time spent starting tablet: real 0.012s	user 0.002s	sys 0.006s
I20260608 12:45:09.376940 25845 raft_consensus.cc:740] T a20162fac80e4deb9ec63859a950d006 P 0c82df2e2bfa4dfbadfc614197ccf83c [term 0 FOLLOWER]: Becoming Follower/Learner. State: Replica: 0c82df2e2bfa4dfbadfc614197ccf83c, State: Initialized, Role: FOLLOWER
I20260608 12:45:09.377298 25723 raft_consensus.cc:3060] T 375414c8c71e496b8f3275c25ded450d P 0c82df2e2bfa4dfbadfc614197ccf83c [term 0 FOLLOWER]: Advancing to term 1
I20260608 12:45:09.378211 25847 tablet_bootstrap.cc:492] T 95279351b7e740029f104325802d8802 P 7bc6bdb052cb42fa98130604c9e6ae86: Bootstrap starting.
I20260608 12:45:09.377902 25845 consensus_queue.cc:260] T a20162fac80e4deb9ec63859a950d006 P 0c82df2e2bfa4dfbadfc614197ccf83c [NON_LEADER]: Queue going to NON_LEADER mode. State: All replicated index: 0, Majority replicated index: 0, Committed index: 0, Last appended: 0.0, Last appended by leader: 0, Current term: 0, Majority size: -1, State: 0, Mode: NON_LEADER, active raft config: opid_index: -1 OBSOLETE_local: false peers { permanent_uuid: "7bc6bdb052cb42fa98130604c9e6ae86" member_type: VOTER last_known_addr { host: "127.24.101.129" port: 38183 } } peers { permanent_uuid: "0c82df2e2bfa4dfbadfc614197ccf83c" member_type: VOTER last_known_addr { host: "127.24.101.130" port: 42895 } } peers { permanent_uuid: "014b48706b034ae983fc340f8d9b6810" member_type: VOTER last_known_addr { host: "127.24.101.131" port: 39257 } }
I20260608 12:45:09.380568 25845 ts_tablet_manager.cc:1434] T a20162fac80e4deb9ec63859a950d006 P 0c82df2e2bfa4dfbadfc614197ccf83c: Time spent starting tablet: real 0.007s	user 0.002s	sys 0.005s
I20260608 12:45:09.381610 25845 tablet_bootstrap.cc:492] T 41b56ec6ceb04250a73261b6cf9e453a P 0c82df2e2bfa4dfbadfc614197ccf83c: Bootstrap starting.
I20260608 12:45:09.374663 25547 catalog_manager.cc:5696] T e351988b59524ab6b5be1f7983b245cf P 0c82df2e2bfa4dfbadfc614197ccf83c reported cstate change: term changed from 0 to 1, leader changed from <none> to 0c82df2e2bfa4dfbadfc614197ccf83c (127.24.101.130). New cstate: current_term: 1 leader_uuid: "0c82df2e2bfa4dfbadfc614197ccf83c" committed_config { opid_index: -1 OBSOLETE_local: false peers { permanent_uuid: "7bc6bdb052cb42fa98130604c9e6ae86" member_type: VOTER last_known_addr { host: "127.24.101.129" port: 38183 } health_report { overall_health: UNKNOWN } } peers { permanent_uuid: "0c82df2e2bfa4dfbadfc614197ccf83c" member_type: VOTER last_known_addr { host: "127.24.101.130" port: 42895 } health_report { overall_health: HEALTHY } } peers { permanent_uuid: "014b48706b034ae983fc340f8d9b6810" member_type: VOTER last_known_addr { host: "127.24.101.131" port: 39257 } health_report { overall_health: UNKNOWN } } }
I20260608 12:45:09.387498 25845 tablet_bootstrap.cc:654] T 41b56ec6ceb04250a73261b6cf9e453a P 0c82df2e2bfa4dfbadfc614197ccf83c: Neither blocks nor log segments found. Creating new log.
W20260608 12:45:09.376854 25764 leader_election.cc:343] T 375414c8c71e496b8f3275c25ded450d P 014b48706b034ae983fc340f8d9b6810 [CANDIDATE]: Term 1 election: Tablet error from VoteRequest() call to peer 7bc6bdb052cb42fa98130604c9e6ae86 (127.24.101.129:38183): Illegal state: must be running to vote when last-logged opid is not known
I20260608 12:45:09.388459 25847 tablet_bootstrap.cc:654] T 95279351b7e740029f104325802d8802 P 7bc6bdb052cb42fa98130604c9e6ae86: Neither blocks nor log segments found. Creating new log.
I20260608 12:45:09.397861 25723 raft_consensus.cc:2468] T 375414c8c71e496b8f3275c25ded450d P 0c82df2e2bfa4dfbadfc614197ccf83c [term 1 FOLLOWER]: Leader election vote request: Granting yes vote for candidate 014b48706b034ae983fc340f8d9b6810 in term 1.
I20260608 12:45:09.399823 25765 leader_election.cc:304] T 375414c8c71e496b8f3275c25ded450d P 014b48706b034ae983fc340f8d9b6810 [CANDIDATE]: Term 1 election: Election decided. Result: candidate won. Election summary: received 3 responses out of 3 voters: 2 yes votes; 1 no votes. yes voters: 014b48706b034ae983fc340f8d9b6810, 0c82df2e2bfa4dfbadfc614197ccf83c; no voters: 7bc6bdb052cb42fa98130604c9e6ae86
I20260608 12:45:09.400755 25871 raft_consensus.cc:2804] T 375414c8c71e496b8f3275c25ded450d P 014b48706b034ae983fc340f8d9b6810 [term 1 FOLLOWER]: Leader election won for term 1
I20260608 12:45:09.401314 25871 raft_consensus.cc:697] T 375414c8c71e496b8f3275c25ded450d P 014b48706b034ae983fc340f8d9b6810 [term 1 LEADER]: Becoming Leader. State: Replica: 014b48706b034ae983fc340f8d9b6810, State: Running, Role: LEADER
I20260608 12:45:09.402052 25871 consensus_queue.cc:237] T 375414c8c71e496b8f3275c25ded450d P 014b48706b034ae983fc340f8d9b6810 [LEADER]: Queue going to LEADER mode. State: All replicated index: 0, Majority replicated index: 0, Committed index: 0, Last appended: 0.0, Last appended by leader: 0, Current term: 1, Majority size: 2, State: 0, Mode: LEADER, active raft config: opid_index: -1 OBSOLETE_local: false peers { permanent_uuid: "7bc6bdb052cb42fa98130604c9e6ae86" member_type: VOTER last_known_addr { host: "127.24.101.129" port: 38183 } } peers { permanent_uuid: "0c82df2e2bfa4dfbadfc614197ccf83c" member_type: VOTER last_known_addr { host: "127.24.101.130" port: 42895 } } peers { permanent_uuid: "014b48706b034ae983fc340f8d9b6810" member_type: VOTER last_known_addr { host: "127.24.101.131" port: 39257 } }
I20260608 12:45:09.406039 25844 tablet_bootstrap.cc:492] T 41b56ec6ceb04250a73261b6cf9e453a P 014b48706b034ae983fc340f8d9b6810: No bootstrap required, opened a new log
I20260608 12:45:09.407106 25844 ts_tablet_manager.cc:1403] T 41b56ec6ceb04250a73261b6cf9e453a P 014b48706b034ae983fc340f8d9b6810: Time spent bootstrapping tablet: real 0.077s	user 0.018s	sys 0.002s
I20260608 12:45:09.408339 25847 tablet_bootstrap.cc:492] T 95279351b7e740029f104325802d8802 P 7bc6bdb052cb42fa98130604c9e6ae86: No bootstrap required, opened a new log
I20260608 12:45:09.408861 25847 ts_tablet_manager.cc:1403] T 95279351b7e740029f104325802d8802 P 7bc6bdb052cb42fa98130604c9e6ae86: Time spent bootstrapping tablet: real 0.031s	user 0.011s	sys 0.011s
I20260608 12:45:09.409327 25845 tablet_bootstrap.cc:492] T 41b56ec6ceb04250a73261b6cf9e453a P 0c82df2e2bfa4dfbadfc614197ccf83c: No bootstrap required, opened a new log
I20260608 12:45:09.409786 25845 ts_tablet_manager.cc:1403] T 41b56ec6ceb04250a73261b6cf9e453a P 0c82df2e2bfa4dfbadfc614197ccf83c: Time spent bootstrapping tablet: real 0.028s	user 0.012s	sys 0.010s
I20260608 12:45:09.410600 25844 raft_consensus.cc:359] T 41b56ec6ceb04250a73261b6cf9e453a P 014b48706b034ae983fc340f8d9b6810 [term 0 FOLLOWER]: Replica starting. Triggering 0 pending ops. Active config: opid_index: -1 OBSOLETE_local: false peers { permanent_uuid: "7bc6bdb052cb42fa98130604c9e6ae86" member_type: VOTER last_known_addr { host: "127.24.101.129" port: 38183 } } peers { permanent_uuid: "0c82df2e2bfa4dfbadfc614197ccf83c" member_type: VOTER last_known_addr { host: "127.24.101.130" port: 42895 } } peers { permanent_uuid: "014b48706b034ae983fc340f8d9b6810" member_type: VOTER last_known_addr { host: "127.24.101.131" port: 39257 } }
I20260608 12:45:09.411235 25844 raft_consensus.cc:385] T 41b56ec6ceb04250a73261b6cf9e453a P 014b48706b034ae983fc340f8d9b6810 [term 0 FOLLOWER]: Consensus starting up: Expiring failure detector timer to make a prompt election more likely
I20260608 12:45:09.411463 25844 raft_consensus.cc:740] T 41b56ec6ceb04250a73261b6cf9e453a P 014b48706b034ae983fc340f8d9b6810 [term 0 FOLLOWER]: Becoming Follower/Learner. State: Replica: 014b48706b034ae983fc340f8d9b6810, State: Initialized, Role: FOLLOWER
I20260608 12:45:09.412338 25844 consensus_queue.cc:260] T 41b56ec6ceb04250a73261b6cf9e453a P 014b48706b034ae983fc340f8d9b6810 [NON_LEADER]: Queue going to NON_LEADER mode. State: All replicated index: 0, Majority replicated index: 0, Committed index: 0, Last appended: 0.0, Last appended by leader: 0, Current term: 0, Majority size: -1, State: 0, Mode: NON_LEADER, active raft config: opid_index: -1 OBSOLETE_local: false peers { permanent_uuid: "7bc6bdb052cb42fa98130604c9e6ae86" member_type: VOTER last_known_addr { host: "127.24.101.129" port: 38183 } } peers { permanent_uuid: "0c82df2e2bfa4dfbadfc614197ccf83c" member_type: VOTER last_known_addr { host: "127.24.101.130" port: 42895 } } peers { permanent_uuid: "014b48706b034ae983fc340f8d9b6810" member_type: VOTER last_known_addr { host: "127.24.101.131" port: 39257 } }
I20260608 12:45:09.412799 25847 raft_consensus.cc:359] T 95279351b7e740029f104325802d8802 P 7bc6bdb052cb42fa98130604c9e6ae86 [term 0 FOLLOWER]: Replica starting. Triggering 0 pending ops. Active config: opid_index: -1 OBSOLETE_local: false peers { permanent_uuid: "014b48706b034ae983fc340f8d9b6810" member_type: VOTER last_known_addr { host: "127.24.101.131" port: 39257 } } peers { permanent_uuid: "7bc6bdb052cb42fa98130604c9e6ae86" member_type: VOTER last_known_addr { host: "127.24.101.129" port: 38183 } } peers { permanent_uuid: "0c82df2e2bfa4dfbadfc614197ccf83c" member_type: VOTER last_known_addr { host: "127.24.101.130" port: 42895 } }
I20260608 12:45:09.412606 25548 catalog_manager.cc:5696] T 375414c8c71e496b8f3275c25ded450d P 014b48706b034ae983fc340f8d9b6810 reported cstate change: term changed from 0 to 1, leader changed from <none> to 014b48706b034ae983fc340f8d9b6810 (127.24.101.131). New cstate: current_term: 1 leader_uuid: "014b48706b034ae983fc340f8d9b6810" committed_config { opid_index: -1 OBSOLETE_local: false peers { permanent_uuid: "7bc6bdb052cb42fa98130604c9e6ae86" member_type: VOTER last_known_addr { host: "127.24.101.129" port: 38183 } health_report { overall_health: UNKNOWN } } peers { permanent_uuid: "0c82df2e2bfa4dfbadfc614197ccf83c" member_type: VOTER last_known_addr { host: "127.24.101.130" port: 42895 } health_report { overall_health: UNKNOWN } } peers { permanent_uuid: "014b48706b034ae983fc340f8d9b6810" member_type: VOTER last_known_addr { host: "127.24.101.131" port: 39257 } health_report { overall_health: HEALTHY } } }
I20260608 12:45:09.413512 25847 raft_consensus.cc:385] T 95279351b7e740029f104325802d8802 P 7bc6bdb052cb42fa98130604c9e6ae86 [term 0 FOLLOWER]: Consensus starting up: Expiring failure detector timer to make a prompt election more likely
I20260608 12:45:09.413859 25847 raft_consensus.cc:740] T 95279351b7e740029f104325802d8802 P 7bc6bdb052cb42fa98130604c9e6ae86 [term 0 FOLLOWER]: Becoming Follower/Learner. State: Replica: 7bc6bdb052cb42fa98130604c9e6ae86, State: Initialized, Role: FOLLOWER
I20260608 12:45:09.414134 25845 raft_consensus.cc:359] T 41b56ec6ceb04250a73261b6cf9e453a P 0c82df2e2bfa4dfbadfc614197ccf83c [term 0 FOLLOWER]: Replica starting. Triggering 0 pending ops. Active config: opid_index: -1 OBSOLETE_local: false peers { permanent_uuid: "7bc6bdb052cb42fa98130604c9e6ae86" member_type: VOTER last_known_addr { host: "127.24.101.129" port: 38183 } } peers { permanent_uuid: "0c82df2e2bfa4dfbadfc614197ccf83c" member_type: VOTER last_known_addr { host: "127.24.101.130" port: 42895 } } peers { permanent_uuid: "014b48706b034ae983fc340f8d9b6810" member_type: VOTER last_known_addr { host: "127.24.101.131" port: 39257 } }
I20260608 12:45:09.414944 25845 raft_consensus.cc:385] T 41b56ec6ceb04250a73261b6cf9e453a P 0c82df2e2bfa4dfbadfc614197ccf83c [term 0 FOLLOWER]: Consensus starting up: Expiring failure detector timer to make a prompt election more likely
I20260608 12:45:09.415098 25844 ts_tablet_manager.cc:1434] T 41b56ec6ceb04250a73261b6cf9e453a P 014b48706b034ae983fc340f8d9b6810: Time spent starting tablet: real 0.008s	user 0.007s	sys 0.000s
I20260608 12:45:09.414655 25847 consensus_queue.cc:260] T 95279351b7e740029f104325802d8802 P 7bc6bdb052cb42fa98130604c9e6ae86 [NON_LEADER]: Queue going to NON_LEADER mode. State: All replicated index: 0, Majority replicated index: 0, Committed index: 0, Last appended: 0.0, Last appended by leader: 0, Current term: 0, Majority size: -1, State: 0, Mode: NON_LEADER, active raft config: opid_index: -1 OBSOLETE_local: false peers { permanent_uuid: "014b48706b034ae983fc340f8d9b6810" member_type: VOTER last_known_addr { host: "127.24.101.131" port: 39257 } } peers { permanent_uuid: "7bc6bdb052cb42fa98130604c9e6ae86" member_type: VOTER last_known_addr { host: "127.24.101.129" port: 38183 } } peers { permanent_uuid: "0c82df2e2bfa4dfbadfc614197ccf83c" member_type: VOTER last_known_addr { host: "127.24.101.130" port: 42895 } }
I20260608 12:45:09.415344 25845 raft_consensus.cc:740] T 41b56ec6ceb04250a73261b6cf9e453a P 0c82df2e2bfa4dfbadfc614197ccf83c [term 0 FOLLOWER]: Becoming Follower/Learner. State: Replica: 0c82df2e2bfa4dfbadfc614197ccf83c, State: Initialized, Role: FOLLOWER
I20260608 12:45:09.416337 25845 consensus_queue.cc:260] T 41b56ec6ceb04250a73261b6cf9e453a P 0c82df2e2bfa4dfbadfc614197ccf83c [NON_LEADER]: Queue going to NON_LEADER mode. State: All replicated index: 0, Majority replicated index: 0, Committed index: 0, Last appended: 0.0, Last appended by leader: 0, Current term: 0, Majority size: -1, State: 0, Mode: NON_LEADER, active raft config: opid_index: -1 OBSOLETE_local: false peers { permanent_uuid: "7bc6bdb052cb42fa98130604c9e6ae86" member_type: VOTER last_known_addr { host: "127.24.101.129" port: 38183 } } peers { permanent_uuid: "0c82df2e2bfa4dfbadfc614197ccf83c" member_type: VOTER last_known_addr { host: "127.24.101.130" port: 42895 } } peers { permanent_uuid: "014b48706b034ae983fc340f8d9b6810" member_type: VOTER last_known_addr { host: "127.24.101.131" port: 39257 } }
I20260608 12:45:09.417502 25847 ts_tablet_manager.cc:1434] T 95279351b7e740029f104325802d8802 P 7bc6bdb052cb42fa98130604c9e6ae86: Time spent starting tablet: real 0.008s	user 0.006s	sys 0.000s
I20260608 12:45:09.418406 25845 ts_tablet_manager.cc:1434] T 41b56ec6ceb04250a73261b6cf9e453a P 0c82df2e2bfa4dfbadfc614197ccf83c: Time spent starting tablet: real 0.008s	user 0.007s	sys 0.000s
I20260608 12:45:09.418517 25847 tablet_bootstrap.cc:492] T 375414c8c71e496b8f3275c25ded450d P 7bc6bdb052cb42fa98130604c9e6ae86: Bootstrap starting.
I20260608 12:45:09.419983 25844 tablet_bootstrap.cc:492] T 8621846150564400a63e8207d8c57b71 P 014b48706b034ae983fc340f8d9b6810: Bootstrap starting.
I20260608 12:45:09.425618 25847 tablet_bootstrap.cc:654] T 375414c8c71e496b8f3275c25ded450d P 7bc6bdb052cb42fa98130604c9e6ae86: Neither blocks nor log segments found. Creating new log.
I20260608 12:45:09.429703 25844 tablet_bootstrap.cc:654] T 8621846150564400a63e8207d8c57b71 P 014b48706b034ae983fc340f8d9b6810: Neither blocks nor log segments found. Creating new log.
I20260608 12:45:09.431954 25847 tablet_bootstrap.cc:492] T 375414c8c71e496b8f3275c25ded450d P 7bc6bdb052cb42fa98130604c9e6ae86: No bootstrap required, opened a new log
I20260608 12:45:09.432446 25847 ts_tablet_manager.cc:1403] T 375414c8c71e496b8f3275c25ded450d P 7bc6bdb052cb42fa98130604c9e6ae86: Time spent bootstrapping tablet: real 0.014s	user 0.009s	sys 0.004s
I20260608 12:45:09.435137 25847 raft_consensus.cc:359] T 375414c8c71e496b8f3275c25ded450d P 7bc6bdb052cb42fa98130604c9e6ae86 [term 0 FOLLOWER]: Replica starting. Triggering 0 pending ops. Active config: opid_index: -1 OBSOLETE_local: false peers { permanent_uuid: "7bc6bdb052cb42fa98130604c9e6ae86" member_type: VOTER last_known_addr { host: "127.24.101.129" port: 38183 } } peers { permanent_uuid: "0c82df2e2bfa4dfbadfc614197ccf83c" member_type: VOTER last_known_addr { host: "127.24.101.130" port: 42895 } } peers { permanent_uuid: "014b48706b034ae983fc340f8d9b6810" member_type: VOTER last_known_addr { host: "127.24.101.131" port: 39257 } }
I20260608 12:45:09.435855 25847 raft_consensus.cc:385] T 375414c8c71e496b8f3275c25ded450d P 7bc6bdb052cb42fa98130604c9e6ae86 [term 0 FOLLOWER]: Consensus starting up: Expiring failure detector timer to make a prompt election more likely
I20260608 12:45:09.436256 25847 raft_consensus.cc:740] T 375414c8c71e496b8f3275c25ded450d P 7bc6bdb052cb42fa98130604c9e6ae86 [term 0 FOLLOWER]: Becoming Follower/Learner. State: Replica: 7bc6bdb052cb42fa98130604c9e6ae86, State: Initialized, Role: FOLLOWER
I20260608 12:45:09.436966 25847 consensus_queue.cc:260] T 375414c8c71e496b8f3275c25ded450d P 7bc6bdb052cb42fa98130604c9e6ae86 [NON_LEADER]: Queue going to NON_LEADER mode. State: All replicated index: 0, Majority replicated index: 0, Committed index: 0, Last appended: 0.0, Last appended by leader: 0, Current term: 0, Majority size: -1, State: 0, Mode: NON_LEADER, active raft config: opid_index: -1 OBSOLETE_local: false peers { permanent_uuid: "7bc6bdb052cb42fa98130604c9e6ae86" member_type: VOTER last_known_addr { host: "127.24.101.129" port: 38183 } } peers { permanent_uuid: "0c82df2e2bfa4dfbadfc614197ccf83c" member_type: VOTER last_known_addr { host: "127.24.101.130" port: 42895 } } peers { permanent_uuid: "014b48706b034ae983fc340f8d9b6810" member_type: VOTER last_known_addr { host: "127.24.101.131" port: 39257 } }
I20260608 12:45:09.438859 25847 ts_tablet_manager.cc:1434] T 375414c8c71e496b8f3275c25ded450d P 7bc6bdb052cb42fa98130604c9e6ae86: Time spent starting tablet: real 0.006s	user 0.004s	sys 0.000s
I20260608 12:45:09.439117 25844 tablet_bootstrap.cc:492] T 8621846150564400a63e8207d8c57b71 P 014b48706b034ae983fc340f8d9b6810: No bootstrap required, opened a new log
I20260608 12:45:09.439608 25844 ts_tablet_manager.cc:1403] T 8621846150564400a63e8207d8c57b71 P 014b48706b034ae983fc340f8d9b6810: Time spent bootstrapping tablet: real 0.024s	user 0.012s	sys 0.003s
I20260608 12:45:09.442454 25844 raft_consensus.cc:359] T 8621846150564400a63e8207d8c57b71 P 014b48706b034ae983fc340f8d9b6810 [term 0 FOLLOWER]: Replica starting. Triggering 0 pending ops. Active config: opid_index: -1 OBSOLETE_local: false peers { permanent_uuid: "7bc6bdb052cb42fa98130604c9e6ae86" member_type: VOTER last_known_addr { host: "127.24.101.129" port: 38183 } } peers { permanent_uuid: "0c82df2e2bfa4dfbadfc614197ccf83c" member_type: VOTER last_known_addr { host: "127.24.101.130" port: 42895 } } peers { permanent_uuid: "014b48706b034ae983fc340f8d9b6810" member_type: VOTER last_known_addr { host: "127.24.101.131" port: 39257 } }
