I20260608 12:47:04.643849 29873 raft_consensus.cc:740] T 266d2fa0b8d04374852146f15506b63a P def1e0e12aca41ccb32e695df641d1b1 [term 0 FOLLOWER]: Becoming Follower/Learner. State: Replica: def1e0e12aca41ccb32e695df641d1b1, State: Initialized, Role: FOLLOWER
I20260608 12:47:04.644757 29873 consensus_queue.cc:260] T 266d2fa0b8d04374852146f15506b63a P def1e0e12aca41ccb32e695df641d1b1 [NON_LEADER]: Queue going to NON_LEADER mode. State: All replicated index: 0, Majority replicated index: 0, Committed index: 0, Last appended: 0.0, Last appended by leader: 0, Current term: 0, Majority size: -1, State: 0, Mode: NON_LEADER, active raft config: opid_index: -1 OBSOLETE_local: false peers { permanent_uuid: "ed6d09e7c7ba4ef39a9991d8570b5cf6" member_type: VOTER last_known_addr { host: "127.24.152.65" port: 34859 } } peers { permanent_uuid: "def1e0e12aca41ccb32e695df641d1b1" member_type: VOTER last_known_addr { host: "127.24.152.66" port: 45717 } } peers { permanent_uuid: "34db2f8dd8d94c2abc6ca3360976f043" member_type: VOTER last_known_addr { host: "127.24.152.67" port: 41051 } }
I20260608 12:47:04.646838 29873 ts_tablet_manager.cc:1434] T 266d2fa0b8d04374852146f15506b63a P def1e0e12aca41ccb32e695df641d1b1: Time spent starting tablet: real 0.007s	user 0.006s	sys 0.000s
I20260608 12:47:04.647908 29873 tablet_bootstrap.cc:492] T c7d6c728aa0e493eb4174045d5e94e37 P def1e0e12aca41ccb32e695df641d1b1: Bootstrap starting.
I20260608 12:47:04.648100 29891 raft_consensus.cc:493] T 266d2fa0b8d04374852146f15506b63a P ed6d09e7c7ba4ef39a9991d8570b5cf6 [term 0 FOLLOWER]: Starting pre-election (no leader contacted us within the election timeout)
I20260608 12:47:04.648573 29891 raft_consensus.cc:515] T 266d2fa0b8d04374852146f15506b63a P ed6d09e7c7ba4ef39a9991d8570b5cf6 [term 0 FOLLOWER]: Starting pre-election with config: opid_index: -1 OBSOLETE_local: false peers { permanent_uuid: "ed6d09e7c7ba4ef39a9991d8570b5cf6" member_type: VOTER last_known_addr { host: "127.24.152.65" port: 34859 } } peers { permanent_uuid: "def1e0e12aca41ccb32e695df641d1b1" member_type: VOTER last_known_addr { host: "127.24.152.66" port: 45717 } } peers { permanent_uuid: "34db2f8dd8d94c2abc6ca3360976f043" member_type: VOTER last_known_addr { host: "127.24.152.67" port: 41051 } }
I20260608 12:47:04.650866 29891 leader_election.cc:290] T 266d2fa0b8d04374852146f15506b63a P ed6d09e7c7ba4ef39a9991d8570b5cf6 [CANDIDATE]: Term 1 pre-election: Requested pre-vote from peers def1e0e12aca41ccb32e695df641d1b1 (127.24.152.66:45717), 34db2f8dd8d94c2abc6ca3360976f043 (127.24.152.67:41051)
I20260608 12:47:04.651124 29871 tablet_bootstrap.cc:492] T d5f5003bad4a4633b9f875c80036c7a8 P ed6d09e7c7ba4ef39a9991d8570b5cf6: No bootstrap required, opened a new log
I20260608 12:47:04.651669 29871 ts_tablet_manager.cc:1403] T d5f5003bad4a4633b9f875c80036c7a8 P ed6d09e7c7ba4ef39a9991d8570b5cf6: Time spent bootstrapping tablet: real 0.017s	user 0.010s	sys 0.003s
I20260608 12:47:04.651582 29752 tablet_service.cc:1917] Received RequestConsensusVote() RPC: tablet_id: "266d2fa0b8d04374852146f15506b63a" candidate_uuid: "ed6d09e7c7ba4ef39a9991d8570b5cf6" candidate_term: 1 candidate_status { last_received { term: 0 index: 0 } } ignore_live_leader: false dest_uuid: "def1e0e12aca41ccb32e695df641d1b1" is_pre_election: true
I20260608 12:47:04.652300 29752 raft_consensus.cc:2468] T 266d2fa0b8d04374852146f15506b63a P def1e0e12aca41ccb32e695df641d1b1 [term 0 FOLLOWER]: Leader pre-election vote request: Granting yes vote for candidate ed6d09e7c7ba4ef39a9991d8570b5cf6 in term 0.
I20260608 12:47:04.652501 29874 ts_tablet_manager.cc:1434] T d5f5003bad4a4633b9f875c80036c7a8 P 34db2f8dd8d94c2abc6ca3360976f043: Time spent starting tablet: real 0.019s	user 0.006s	sys 0.000s
I20260608 12:47:04.653744 29880 raft_consensus.cc:493] T d7ba742ed48e4ccd96a1d40cd59a49df P 34db2f8dd8d94c2abc6ca3360976f043 [term 0 FOLLOWER]: Starting pre-election (no leader contacted us within the election timeout)
I20260608 12:47:04.654235 29880 raft_consensus.cc:515] T d7ba742ed48e4ccd96a1d40cd59a49df P 34db2f8dd8d94c2abc6ca3360976f043 [term 0 FOLLOWER]: Starting pre-election with config: opid_index: -1 OBSOLETE_local: false peers { permanent_uuid: "ed6d09e7c7ba4ef39a9991d8570b5cf6" member_type: VOTER last_known_addr { host: "127.24.152.65" port: 34859 } } peers { permanent_uuid: "def1e0e12aca41ccb32e695df641d1b1" member_type: VOTER last_known_addr { host: "127.24.152.66" port: 45717 } } peers { permanent_uuid: "34db2f8dd8d94c2abc6ca3360976f043" member_type: VOTER last_known_addr { host: "127.24.152.67" port: 41051 } }
I20260608 12:47:04.654875 29871 raft_consensus.cc:359] T d5f5003bad4a4633b9f875c80036c7a8 P ed6d09e7c7ba4ef39a9991d8570b5cf6 [term 0 FOLLOWER]: Replica starting. Triggering 0 pending ops. Active config: opid_index: -1 OBSOLETE_local: false peers { permanent_uuid: "ed6d09e7c7ba4ef39a9991d8570b5cf6" member_type: VOTER last_known_addr { host: "127.24.152.65" port: 34859 } } peers { permanent_uuid: "def1e0e12aca41ccb32e695df641d1b1" member_type: VOTER last_known_addr { host: "127.24.152.66" port: 45717 } } peers { permanent_uuid: "34db2f8dd8d94c2abc6ca3360976f043" member_type: VOTER last_known_addr { host: "127.24.152.67" port: 41051 } }
I20260608 12:47:04.655354 29873 tablet_bootstrap.cc:654] T c7d6c728aa0e493eb4174045d5e94e37 P def1e0e12aca41ccb32e695df641d1b1: Neither blocks nor log segments found. Creating new log.
I20260608 12:47:04.655609 29874 tablet_bootstrap.cc:492] T bf66d445434343e2ac0ff4cde0235278 P 34db2f8dd8d94c2abc6ca3360976f043: Bootstrap starting.
I20260608 12:47:04.655665 29871 raft_consensus.cc:385] T d5f5003bad4a4633b9f875c80036c7a8 P ed6d09e7c7ba4ef39a9991d8570b5cf6 [term 0 FOLLOWER]: Consensus starting up: Expiring failure detector timer to make a prompt election more likely
I20260608 12:47:04.656183 29871 raft_consensus.cc:740] T d5f5003bad4a4633b9f875c80036c7a8 P ed6d09e7c7ba4ef39a9991d8570b5cf6 [term 0 FOLLOWER]: Becoming Follower/Learner. State: Replica: ed6d09e7c7ba4ef39a9991d8570b5cf6, State: Initialized, Role: FOLLOWER
I20260608 12:47:04.659253 29641 leader_election.cc:304] T 266d2fa0b8d04374852146f15506b63a P ed6d09e7c7ba4ef39a9991d8570b5cf6 [CANDIDATE]: Term 1 pre-election: Election decided. Result: candidate won. Election summary: received 2 responses out of 3 voters: 2 yes votes; 0 no votes. yes voters: def1e0e12aca41ccb32e695df641d1b1, ed6d09e7c7ba4ef39a9991d8570b5cf6; no voters: 
I20260608 12:47:04.660425 29891 raft_consensus.cc:2804] T 266d2fa0b8d04374852146f15506b63a P ed6d09e7c7ba4ef39a9991d8570b5cf6 [term 0 FOLLOWER]: Leader pre-election won for term 1
I20260608 12:47:04.660899 29891 raft_consensus.cc:493] T 266d2fa0b8d04374852146f15506b63a P ed6d09e7c7ba4ef39a9991d8570b5cf6 [term 0 FOLLOWER]: Starting leader election (no leader contacted us within the election timeout)
I20260608 12:47:04.661324 29891 raft_consensus.cc:3060] T 266d2fa0b8d04374852146f15506b63a P ed6d09e7c7ba4ef39a9991d8570b5cf6 [term 0 FOLLOWER]: Advancing to term 1
I20260608 12:47:04.656908 29871 consensus_queue.cc:260] T d5f5003bad4a4633b9f875c80036c7a8 P ed6d09e7c7ba4ef39a9991d8570b5cf6 [NON_LEADER]: Queue going to NON_LEADER mode. State: All replicated index: 0, Majority replicated index: 0, Committed index: 0, Last appended: 0.0, Last appended by leader: 0, Current term: 0, Majority size: -1, State: 0, Mode: NON_LEADER, active raft config: opid_index: -1 OBSOLETE_local: false peers { permanent_uuid: "ed6d09e7c7ba4ef39a9991d8570b5cf6" member_type: VOTER last_known_addr { host: "127.24.152.65" port: 34859 } } peers { permanent_uuid: "def1e0e12aca41ccb32e695df641d1b1" member_type: VOTER last_known_addr { host: "127.24.152.66" port: 45717 } } peers { permanent_uuid: "34db2f8dd8d94c2abc6ca3360976f043" member_type: VOTER last_known_addr { host: "127.24.152.67" port: 41051 } }
I20260608 12:47:04.666357 29826 tablet_service.cc:1917] Received RequestConsensusVote() RPC: tablet_id: "266d2fa0b8d04374852146f15506b63a" candidate_uuid: "ed6d09e7c7ba4ef39a9991d8570b5cf6" candidate_term: 1 candidate_status { last_received { term: 0 index: 0 } } ignore_live_leader: false dest_uuid: "34db2f8dd8d94c2abc6ca3360976f043" is_pre_election: true
I20260608 12:47:04.667832 29880 leader_election.cc:290] T d7ba742ed48e4ccd96a1d40cd59a49df P 34db2f8dd8d94c2abc6ca3360976f043 [CANDIDATE]: Term 1 pre-election: Requested pre-vote from peers ed6d09e7c7ba4ef39a9991d8570b5cf6 (127.24.152.65:34859), def1e0e12aca41ccb32e695df641d1b1 (127.24.152.66:45717)
I20260608 12:47:04.669127 29874 tablet_bootstrap.cc:654] T bf66d445434343e2ac0ff4cde0235278 P 34db2f8dd8d94c2abc6ca3360976f043: Neither blocks nor log segments found. Creating new log.
I20260608 12:47:04.684593 29879 raft_consensus.cc:493] T 60e1df8a38b543a7bbcf9b44af5920bb P def1e0e12aca41ccb32e695df641d1b1 [term 0 FOLLOWER]: Starting pre-election (no leader contacted us within the election timeout)
I20260608 12:47:04.685379 29879 raft_consensus.cc:515] T 60e1df8a38b543a7bbcf9b44af5920bb P def1e0e12aca41ccb32e695df641d1b1 [term 0 FOLLOWER]: Starting pre-election with config: opid_index: -1 OBSOLETE_local: false peers { permanent_uuid: "ed6d09e7c7ba4ef39a9991d8570b5cf6" member_type: VOTER last_known_addr { host: "127.24.152.65" port: 34859 } } peers { permanent_uuid: "def1e0e12aca41ccb32e695df641d1b1" member_type: VOTER last_known_addr { host: "127.24.152.66" port: 45717 } } peers { permanent_uuid: "34db2f8dd8d94c2abc6ca3360976f043" member_type: VOTER last_known_addr { host: "127.24.152.67" port: 41051 } }
I20260608 12:47:04.688751 29871 ts_tablet_manager.cc:1434] T d5f5003bad4a4633b9f875c80036c7a8 P ed6d09e7c7ba4ef39a9991d8570b5cf6: Time spent starting tablet: real 0.037s	user 0.007s	sys 0.000s
I20260608 12:47:04.689852 29871 tablet_bootstrap.cc:492] T 25754f5c403f4c658f8ab0e4f89dcacf P ed6d09e7c7ba4ef39a9991d8570b5cf6: Bootstrap starting.
W20260608 12:47:04.693152 29641 leader_election.cc:343] T 266d2fa0b8d04374852146f15506b63a P ed6d09e7c7ba4ef39a9991d8570b5cf6 [CANDIDATE]: Term 1 pre-election: Tablet error from VoteRequest() call to peer 34db2f8dd8d94c2abc6ca3360976f043 (127.24.152.67:41051): Illegal state: must be running to vote when last-logged opid is not known
I20260608 12:47:04.693058 29879 leader_election.cc:290] T 60e1df8a38b543a7bbcf9b44af5920bb P def1e0e12aca41ccb32e695df641d1b1 [CANDIDATE]: Term 1 pre-election: Requested pre-vote from peers ed6d09e7c7ba4ef39a9991d8570b5cf6 (127.24.152.65:34859), 34db2f8dd8d94c2abc6ca3360976f043 (127.24.152.67:41051)
I20260608 12:47:04.707069 29891 raft_consensus.cc:515] T 266d2fa0b8d04374852146f15506b63a P ed6d09e7c7ba4ef39a9991d8570b5cf6 [term 1 FOLLOWER]: Starting leader election with config: opid_index: -1 OBSOLETE_local: false peers { permanent_uuid: "ed6d09e7c7ba4ef39a9991d8570b5cf6" member_type: VOTER last_known_addr { host: "127.24.152.65" port: 34859 } } peers { permanent_uuid: "def1e0e12aca41ccb32e695df641d1b1" member_type: VOTER last_known_addr { host: "127.24.152.66" port: 45717 } } peers { permanent_uuid: "34db2f8dd8d94c2abc6ca3360976f043" member_type: VOTER last_known_addr { host: "127.24.152.67" port: 41051 } }
I20260608 12:47:04.709030 29871 tablet_bootstrap.cc:654] T 25754f5c403f4c658f8ab0e4f89dcacf P ed6d09e7c7ba4ef39a9991d8570b5cf6: Neither blocks nor log segments found. Creating new log.
I20260608 12:47:04.709244 29891 leader_election.cc:290] T 266d2fa0b8d04374852146f15506b63a P ed6d09e7c7ba4ef39a9991d8570b5cf6 [CANDIDATE]: Term 1 election: Requested vote from peers def1e0e12aca41ccb32e695df641d1b1 (127.24.152.66:45717), 34db2f8dd8d94c2abc6ca3360976f043 (127.24.152.67:41051)
I20260608 12:47:04.714155 29874 tablet_bootstrap.cc:492] T bf66d445434343e2ac0ff4cde0235278 P 34db2f8dd8d94c2abc6ca3360976f043: No bootstrap required, opened a new log
I20260608 12:47:04.714733 29874 ts_tablet_manager.cc:1403] T bf66d445434343e2ac0ff4cde0235278 P 34db2f8dd8d94c2abc6ca3360976f043: Time spent bootstrapping tablet: real 0.059s	user 0.015s	sys 0.009s
I20260608 12:47:04.718255 29874 raft_consensus.cc:359] T bf66d445434343e2ac0ff4cde0235278 P 34db2f8dd8d94c2abc6ca3360976f043 [term 0 FOLLOWER]: Replica starting. Triggering 0 pending ops. Active config: opid_index: -1 OBSOLETE_local: false peers { permanent_uuid: "ed6d09e7c7ba4ef39a9991d8570b5cf6" member_type: VOTER last_known_addr { host: "127.24.152.65" port: 34859 } } peers { permanent_uuid: "def1e0e12aca41ccb32e695df641d1b1" member_type: VOTER last_known_addr { host: "127.24.152.66" port: 45717 } } peers { permanent_uuid: "34db2f8dd8d94c2abc6ca3360976f043" member_type: VOTER last_known_addr { host: "127.24.152.67" port: 41051 } }
I20260608 12:47:04.718708 29873 tablet_bootstrap.cc:492] T c7d6c728aa0e493eb4174045d5e94e37 P def1e0e12aca41ccb32e695df641d1b1: No bootstrap required, opened a new log
I20260608 12:47:04.719327 29873 ts_tablet_manager.cc:1403] T c7d6c728aa0e493eb4174045d5e94e37 P def1e0e12aca41ccb32e695df641d1b1: Time spent bootstrapping tablet: real 0.072s	user 0.008s	sys 0.033s
I20260608 12:47:04.719727 29874 raft_consensus.cc:385] T bf66d445434343e2ac0ff4cde0235278 P 34db2f8dd8d94c2abc6ca3360976f043 [term 0 FOLLOWER]: Consensus starting up: Expiring failure detector timer to make a prompt election more likely
I20260608 12:47:04.724344 29874 raft_consensus.cc:740] T bf66d445434343e2ac0ff4cde0235278 P 34db2f8dd8d94c2abc6ca3360976f043 [term 0 FOLLOWER]: Becoming Follower/Learner. State: Replica: 34db2f8dd8d94c2abc6ca3360976f043, State: Initialized, Role: FOLLOWER
I20260608 12:47:04.725997 29874 consensus_queue.cc:260] T bf66d445434343e2ac0ff4cde0235278 P 34db2f8dd8d94c2abc6ca3360976f043 [NON_LEADER]: Queue going to NON_LEADER mode. State: All replicated index: 0, Majority replicated index: 0, Committed index: 0, Last appended: 0.0, Last appended by leader: 0, Current term: 0, Majority size: -1, State: 0, Mode: NON_LEADER, active raft config: opid_index: -1 OBSOLETE_local: false peers { permanent_uuid: "ed6d09e7c7ba4ef39a9991d8570b5cf6" member_type: VOTER last_known_addr { host: "127.24.152.65" port: 34859 } } peers { permanent_uuid: "def1e0e12aca41ccb32e695df641d1b1" member_type: VOTER last_known_addr { host: "127.24.152.66" port: 45717 } } peers { permanent_uuid: "34db2f8dd8d94c2abc6ca3360976f043" member_type: VOTER last_known_addr { host: "127.24.152.67" port: 41051 } }
I20260608 12:47:04.726738 29752 tablet_service.cc:1917] Received RequestConsensusVote() RPC: tablet_id: "266d2fa0b8d04374852146f15506b63a" candidate_uuid: "ed6d09e7c7ba4ef39a9991d8570b5cf6" candidate_term: 1 candidate_status { last_received { term: 0 index: 0 } } ignore_live_leader: false dest_uuid: "def1e0e12aca41ccb32e695df641d1b1"
I20260608 12:47:04.727432 29752 raft_consensus.cc:3060] T 266d2fa0b8d04374852146f15506b63a P def1e0e12aca41ccb32e695df641d1b1 [term 0 FOLLOWER]: Advancing to term 1
I20260608 12:47:04.725054 29873 raft_consensus.cc:359] T c7d6c728aa0e493eb4174045d5e94e37 P def1e0e12aca41ccb32e695df641d1b1 [term 0 FOLLOWER]: Replica starting. Triggering 0 pending ops. Active config: opid_index: -1 OBSOLETE_local: false peers { permanent_uuid: "ed6d09e7c7ba4ef39a9991d8570b5cf6" member_type: VOTER last_known_addr { host: "127.24.152.65" port: 34859 } } peers { permanent_uuid: "def1e0e12aca41ccb32e695df641d1b1" member_type: VOTER last_known_addr { host: "127.24.152.66" port: 45717 } } peers { permanent_uuid: "34db2f8dd8d94c2abc6ca3360976f043" member_type: VOTER last_known_addr { host: "127.24.152.67" port: 41051 } }
I20260608 12:47:04.727895 29873 raft_consensus.cc:385] T c7d6c728aa0e493eb4174045d5e94e37 P def1e0e12aca41ccb32e695df641d1b1 [term 0 FOLLOWER]: Consensus starting up: Expiring failure detector timer to make a prompt election more likely
I20260608 12:47:04.728298 29873 raft_consensus.cc:740] T c7d6c728aa0e493eb4174045d5e94e37 P def1e0e12aca41ccb32e695df641d1b1 [term 0 FOLLOWER]: Becoming Follower/Learner. State: Replica: def1e0e12aca41ccb32e695df641d1b1, State: Initialized, Role: FOLLOWER
I20260608 12:47:04.729450 29873 consensus_queue.cc:260] T c7d6c728aa0e493eb4174045d5e94e37 P def1e0e12aca41ccb32e695df641d1b1 [NON_LEADER]: Queue going to NON_LEADER mode. State: All replicated index: 0, Majority replicated index: 0, Committed index: 0, Last appended: 0.0, Last appended by leader: 0, Current term: 0, Majority size: -1, State: 0, Mode: NON_LEADER, active raft config: opid_index: -1 OBSOLETE_local: false peers { permanent_uuid: "ed6d09e7c7ba4ef39a9991d8570b5cf6" member_type: VOTER last_known_addr { host: "127.24.152.65" port: 34859 } } peers { permanent_uuid: "def1e0e12aca41ccb32e695df641d1b1" member_type: VOTER last_known_addr { host: "127.24.152.66" port: 45717 } } peers { permanent_uuid: "34db2f8dd8d94c2abc6ca3360976f043" member_type: VOTER last_known_addr { host: "127.24.152.67" port: 41051 } }
I20260608 12:47:04.733819 29826 tablet_service.cc:1917] Received RequestConsensusVote() RPC: tablet_id: "266d2fa0b8d04374852146f15506b63a" candidate_uuid: "ed6d09e7c7ba4ef39a9991d8570b5cf6" candidate_term: 1 candidate_status { last_received { term: 0 index: 0 } } ignore_live_leader: false dest_uuid: "34db2f8dd8d94c2abc6ca3360976f043"
W20260608 12:47:04.736505 29641 leader_election.cc:343] T 266d2fa0b8d04374852146f15506b63a P ed6d09e7c7ba4ef39a9991d8570b5cf6 [CANDIDATE]: Term 1 election: Tablet error from VoteRequest() call to peer 34db2f8dd8d94c2abc6ca3360976f043 (127.24.152.67:41051): Illegal state: must be running to vote when last-logged opid is not known
I20260608 12:47:04.741839 29874 ts_tablet_manager.cc:1434] T bf66d445434343e2ac0ff4cde0235278 P 34db2f8dd8d94c2abc6ca3360976f043: Time spent starting tablet: real 0.027s	user 0.003s	sys 0.008s
I20260608 12:47:04.745887 29873 ts_tablet_manager.cc:1434] T c7d6c728aa0e493eb4174045d5e94e37 P def1e0e12aca41ccb32e695df641d1b1: Time spent starting tablet: real 0.024s	user 0.011s	sys 0.000s
I20260608 12:47:04.745945 29751 tablet_service.cc:1917] Received RequestConsensusVote() RPC: tablet_id: "d7ba742ed48e4ccd96a1d40cd59a49df" candidate_uuid: "34db2f8dd8d94c2abc6ca3360976f043" candidate_term: 1 candidate_status { last_received { term: 0 index: 0 } } ignore_live_leader: false dest_uuid: "def1e0e12aca41ccb32e695df641d1b1" is_pre_election: true
I20260608 12:47:04.750037 29874 tablet_bootstrap.cc:492] T 25754f5c403f4c658f8ab0e4f89dcacf P 34db2f8dd8d94c2abc6ca3360976f043: Bootstrap starting.
W20260608 12:47:04.750315 29790 leader_election.cc:343] T d7ba742ed48e4ccd96a1d40cd59a49df P 34db2f8dd8d94c2abc6ca3360976f043 [CANDIDATE]: Term 1 pre-election: Tablet error from VoteRequest() call to peer def1e0e12aca41ccb32e695df641d1b1 (127.24.152.66:45717): Illegal state: must be running to vote when last-logged opid is not known
I20260608 12:47:04.751014 29871 tablet_bootstrap.cc:492] T 25754f5c403f4c658f8ab0e4f89dcacf P ed6d09e7c7ba4ef39a9991d8570b5cf6: No bootstrap required, opened a new log
I20260608 12:47:04.751549 29871 ts_tablet_manager.cc:1403] T 25754f5c403f4c658f8ab0e4f89dcacf P ed6d09e7c7ba4ef39a9991d8570b5cf6: Time spent bootstrapping tablet: real 0.062s	user 0.023s	sys 0.014s
I20260608 12:47:04.753616 29873 tablet_bootstrap.cc:492] T 239d2f5d71d640629090196f0121f356 P def1e0e12aca41ccb32e695df641d1b1: Bootstrap starting.
I20260608 12:47:04.754588 29871 raft_consensus.cc:359] T 25754f5c403f4c658f8ab0e4f89dcacf P ed6d09e7c7ba4ef39a9991d8570b5cf6 [term 0 FOLLOWER]: Replica starting. Triggering 0 pending ops. Active config: opid_index: -1 OBSOLETE_local: false peers { permanent_uuid: "ed6d09e7c7ba4ef39a9991d8570b5cf6" member_type: VOTER last_known_addr { host: "127.24.152.65" port: 34859 } } peers { permanent_uuid: "def1e0e12aca41ccb32e695df641d1b1" member_type: VOTER last_known_addr { host: "127.24.152.66" port: 45717 } } peers { permanent_uuid: "34db2f8dd8d94c2abc6ca3360976f043" member_type: VOTER last_known_addr { host: "127.24.152.67" port: 41051 } }
I20260608 12:47:04.755406 29871 raft_consensus.cc:385] T 25754f5c403f4c658f8ab0e4f89dcacf P ed6d09e7c7ba4ef39a9991d8570b5cf6 [term 0 FOLLOWER]: Consensus starting up: Expiring failure detector timer to make a prompt election more likely
I20260608 12:47:04.755745 29871 raft_consensus.cc:740] T 25754f5c403f4c658f8ab0e4f89dcacf P ed6d09e7c7ba4ef39a9991d8570b5cf6 [term 0 FOLLOWER]: Becoming Follower/Learner. State: Replica: ed6d09e7c7ba4ef39a9991d8570b5cf6, State: Initialized, Role: FOLLOWER
I20260608 12:47:04.756456 29871 consensus_queue.cc:260] T 25754f5c403f4c658f8ab0e4f89dcacf P ed6d09e7c7ba4ef39a9991d8570b5cf6 [NON_LEADER]: Queue going to NON_LEADER mode. State: All replicated index: 0, Majority replicated index: 0, Committed index: 0, Last appended: 0.0, Last appended by leader: 0, Current term: 0, Majority size: -1, State: 0, Mode: NON_LEADER, active raft config: opid_index: -1 OBSOLETE_local: false peers { permanent_uuid: "ed6d09e7c7ba4ef39a9991d8570b5cf6" member_type: VOTER last_known_addr { host: "127.24.152.65" port: 34859 } } peers { permanent_uuid: "def1e0e12aca41ccb32e695df641d1b1" member_type: VOTER last_known_addr { host: "127.24.152.66" port: 45717 } } peers { permanent_uuid: "34db2f8dd8d94c2abc6ca3360976f043" member_type: VOTER last_known_addr { host: "127.24.152.67" port: 41051 } }
I20260608 12:47:04.757227 29752 raft_consensus.cc:2468] T 266d2fa0b8d04374852146f15506b63a P def1e0e12aca41ccb32e695df641d1b1 [term 1 FOLLOWER]: Leader election vote request: Granting yes vote for candidate ed6d09e7c7ba4ef39a9991d8570b5cf6 in term 1.
I20260608 12:47:04.758633 29871 ts_tablet_manager.cc:1434] T 25754f5c403f4c658f8ab0e4f89dcacf P ed6d09e7c7ba4ef39a9991d8570b5cf6: Time spent starting tablet: real 0.007s	user 0.003s	sys 0.002s
I20260608 12:47:04.764636 29677 tablet_service.cc:1917] Received RequestConsensusVote() RPC: tablet_id: "60e1df8a38b543a7bbcf9b44af5920bb" candidate_uuid: "def1e0e12aca41ccb32e695df641d1b1" candidate_term: 1 candidate_status { last_received { term: 0 index: 0 } } ignore_live_leader: false dest_uuid: "ed6d09e7c7ba4ef39a9991d8570b5cf6" is_pre_election: true
I20260608 12:47:04.765331 29677 raft_consensus.cc:2468] T 60e1df8a38b543a7bbcf9b44af5920bb P ed6d09e7c7ba4ef39a9991d8570b5cf6 [term 0 FOLLOWER]: Leader pre-election vote request: Granting yes vote for candidate def1e0e12aca41ccb32e695df641d1b1 in term 0.
I20260608 12:47:04.765749 29871 tablet_bootstrap.cc:492] T c7d6c728aa0e493eb4174045d5e94e37 P ed6d09e7c7ba4ef39a9991d8570b5cf6: Bootstrap starting.
I20260608 12:47:04.766702 29676 tablet_service.cc:1917] Received RequestConsensusVote() RPC: tablet_id: "d7ba742ed48e4ccd96a1d40cd59a49df" candidate_uuid: "34db2f8dd8d94c2abc6ca3360976f043" candidate_term: 1 candidate_status { last_received { term: 0 index: 0 } } ignore_live_leader: false dest_uuid: "ed6d09e7c7ba4ef39a9991d8570b5cf6" is_pre_election: true
I20260608 12:47:04.767414 29676 raft_consensus.cc:2468] T d7ba742ed48e4ccd96a1d40cd59a49df P ed6d09e7c7ba4ef39a9991d8570b5cf6 [term 0 FOLLOWER]: Leader pre-election vote request: Granting yes vote for candidate 34db2f8dd8d94c2abc6ca3360976f043 in term 0.
I20260608 12:47:04.769038 29717 leader_election.cc:304] T 60e1df8a38b543a7bbcf9b44af5920bb P def1e0e12aca41ccb32e695df641d1b1 [CANDIDATE]: Term 1 pre-election: Election decided. Result: candidate won. Election summary: received 2 responses out of 3 voters: 2 yes votes; 0 no votes. yes voters: def1e0e12aca41ccb32e695df641d1b1, ed6d09e7c7ba4ef39a9991d8570b5cf6; no voters: 
I20260608 12:47:04.769968 29879 raft_consensus.cc:2804] T 60e1df8a38b543a7bbcf9b44af5920bb P def1e0e12aca41ccb32e695df641d1b1 [term 0 FOLLOWER]: Leader pre-election won for term 1
I20260608 12:47:04.770323 29879 raft_consensus.cc:493] T 60e1df8a38b543a7bbcf9b44af5920bb P def1e0e12aca41ccb32e695df641d1b1 [term 0 FOLLOWER]: Starting leader election (no leader contacted us within the election timeout)
I20260608 12:47:04.770677 29879 raft_consensus.cc:3060] T 60e1df8a38b543a7bbcf9b44af5920bb P def1e0e12aca41ccb32e695df641d1b1 [term 0 FOLLOWER]: Advancing to term 1
I20260608 12:47:04.760895 29873 tablet_bootstrap.cc:654] T 239d2f5d71d640629090196f0121f356 P def1e0e12aca41ccb32e695df641d1b1: Neither blocks nor log segments found. Creating new log.
I20260608 12:47:04.771600 29871 tablet_bootstrap.cc:654] T c7d6c728aa0e493eb4174045d5e94e37 P ed6d09e7c7ba4ef39a9991d8570b5cf6: Neither blocks nor log segments found. Creating new log.
I20260608 12:47:04.776551 29826 tablet_service.cc:1917] Received RequestConsensusVote() RPC: tablet_id: "60e1df8a38b543a7bbcf9b44af5920bb" candidate_uuid: "def1e0e12aca41ccb32e695df641d1b1" candidate_term: 1 candidate_status { last_received { term: 0 index: 0 } } ignore_live_leader: false dest_uuid: "34db2f8dd8d94c2abc6ca3360976f043" is_pre_election: true
I20260608 12:47:04.776885 29873 tablet_bootstrap.cc:492] T 239d2f5d71d640629090196f0121f356 P def1e0e12aca41ccb32e695df641d1b1: No bootstrap required, opened a new log
I20260608 12:47:04.777184 29826 raft_consensus.cc:2468] T 60e1df8a38b543a7bbcf9b44af5920bb P 34db2f8dd8d94c2abc6ca3360976f043 [term 0 FOLLOWER]: Leader pre-election vote request: Granting yes vote for candidate def1e0e12aca41ccb32e695df641d1b1 in term 0.
I20260608 12:47:04.777390 29873 ts_tablet_manager.cc:1403] T 239d2f5d71d640629090196f0121f356 P def1e0e12aca41ccb32e695df641d1b1: Time spent bootstrapping tablet: real 0.024s	user 0.011s	sys 0.000s
I20260608 12:47:04.780479 29873 raft_consensus.cc:359] T 239d2f5d71d640629090196f0121f356 P def1e0e12aca41ccb32e695df641d1b1 [term 0 FOLLOWER]: Replica starting. Triggering 0 pending ops. Active config: opid_index: -1 OBSOLETE_local: false peers { permanent_uuid: "ed6d09e7c7ba4ef39a9991d8570b5cf6" member_type: VOTER last_known_addr { host: "127.24.152.65" port: 34859 } } peers { permanent_uuid: "def1e0e12aca41ccb32e695df641d1b1" member_type: VOTER last_known_addr { host: "127.24.152.66" port: 45717 } } peers { permanent_uuid: "34db2f8dd8d94c2abc6ca3360976f043" member_type: VOTER last_known_addr { host: "127.24.152.67" port: 41051 } }
I20260608 12:47:04.781250 29873 raft_consensus.cc:385] T 239d2f5d71d640629090196f0121f356 P def1e0e12aca41ccb32e695df641d1b1 [term 0 FOLLOWER]: Consensus starting up: Expiring failure detector timer to make a prompt election more likely
I20260608 12:47:04.781592 29873 raft_consensus.cc:740] T 239d2f5d71d640629090196f0121f356 P def1e0e12aca41ccb32e695df641d1b1 [term 0 FOLLOWER]: Becoming Follower/Learner. State: Replica: def1e0e12aca41ccb32e695df641d1b1, State: Initialized, Role: FOLLOWER
I20260608 12:47:04.781893 29791 leader_election.cc:304] T d7ba742ed48e4ccd96a1d40cd59a49df P 34db2f8dd8d94c2abc6ca3360976f043 [CANDIDATE]: Term 1 pre-election: Election decided. Result: candidate won. Election summary: received 3 responses out of 3 voters: 2 yes votes; 1 no votes. yes voters: 34db2f8dd8d94c2abc6ca3360976f043, ed6d09e7c7ba4ef39a9991d8570b5cf6; no voters: def1e0e12aca41ccb32e695df641d1b1
I20260608 12:47:04.782625 29873 consensus_queue.cc:260] T 239d2f5d71d640629090196f0121f356 P def1e0e12aca41ccb32e695df641d1b1 [NON_LEADER]: Queue going to NON_LEADER mode. State: All replicated index: 0, Majority replicated index: 0, Committed index: 0, Last appended: 0.0, Last appended by leader: 0, Current term: 0, Majority size: -1, State: 0, Mode: NON_LEADER, active raft config: opid_index: -1 OBSOLETE_local: false peers { permanent_uuid: "ed6d09e7c7ba4ef39a9991d8570b5cf6" member_type: VOTER last_known_addr { host: "127.24.152.65" port: 34859 } } peers { permanent_uuid: "def1e0e12aca41ccb32e695df641d1b1" member_type: VOTER last_known_addr { host: "127.24.152.66" port: 45717 } } peers { permanent_uuid: "34db2f8dd8d94c2abc6ca3360976f043" member_type: VOTER last_known_addr { host: "127.24.152.67" port: 41051 } }
I20260608 12:47:04.783126 29880 raft_consensus.cc:2804] T d7ba742ed48e4ccd96a1d40cd59a49df P 34db2f8dd8d94c2abc6ca3360976f043 [term 0 FOLLOWER]: Leader pre-election won for term 1
I20260608 12:47:04.783550 29880 raft_consensus.cc:493] T d7ba742ed48e4ccd96a1d40cd59a49df P 34db2f8dd8d94c2abc6ca3360976f043 [term 0 FOLLOWER]: Starting leader election (no leader contacted us within the election timeout)
I20260608 12:47:04.783918 29880 raft_consensus.cc:3060] T d7ba742ed48e4ccd96a1d40cd59a49df P 34db2f8dd8d94c2abc6ca3360976f043 [term 0 FOLLOWER]: Advancing to term 1
I20260608 12:47:04.791970 29641 leader_election.cc:304] T 266d2fa0b8d04374852146f15506b63a P ed6d09e7c7ba4ef39a9991d8570b5cf6 [CANDIDATE]: Term 1 election: Election decided. Result: candidate won. Election summary: received 3 responses out of 3 voters: 2 yes votes; 1 no votes. yes voters: def1e0e12aca41ccb32e695df641d1b1, ed6d09e7c7ba4ef39a9991d8570b5cf6; no voters: 34db2f8dd8d94c2abc6ca3360976f043
I20260608 12:47:04.793202 29891 raft_consensus.cc:2804] T 266d2fa0b8d04374852146f15506b63a P ed6d09e7c7ba4ef39a9991d8570b5cf6 [term 1 FOLLOWER]: Leader election won for term 1
I20260608 12:47:04.793877 29891 raft_consensus.cc:697] T 266d2fa0b8d04374852146f15506b63a P ed6d09e7c7ba4ef39a9991d8570b5cf6 [term 1 LEADER]: Becoming Leader. State: Replica: ed6d09e7c7ba4ef39a9991d8570b5cf6, State: Running, Role: LEADER
I20260608 12:47:04.794961 29891 consensus_queue.cc:237] T 266d2fa0b8d04374852146f15506b63a P ed6d09e7c7ba4ef39a9991d8570b5cf6 [LEADER]: Queue going to LEADER mode. State: All replicated index: 0, Majority replicated index: 0, Committed index: 0, Last appended: 0.0, Last appended by leader: 0, Current term: 1, Majority size: 2, State: 0, Mode: LEADER, active raft config: opid_index: -1 OBSOLETE_local: false peers { permanent_uuid: "ed6d09e7c7ba4ef39a9991d8570b5cf6" member_type: VOTER last_known_addr { host: "127.24.152.65" port: 34859 } } peers { permanent_uuid: "def1e0e12aca41ccb32e695df641d1b1" member_type: VOTER last_known_addr { host: "127.24.152.66" port: 45717 } } peers { permanent_uuid: "34db2f8dd8d94c2abc6ca3360976f043" member_type: VOTER last_known_addr { host: "127.24.152.67" port: 41051 } }
I20260608 12:47:04.781049 29879 raft_consensus.cc:515] T 60e1df8a38b543a7bbcf9b44af5920bb P def1e0e12aca41ccb32e695df641d1b1 [term 1 FOLLOWER]: Starting leader election with config: opid_index: -1 OBSOLETE_local: false peers { permanent_uuid: "ed6d09e7c7ba4ef39a9991d8570b5cf6" member_type: VOTER last_known_addr { host: "127.24.152.65" port: 34859 } } peers { permanent_uuid: "def1e0e12aca41ccb32e695df641d1b1" member_type: VOTER last_known_addr { host: "127.24.152.66" port: 45717 } } peers { permanent_uuid: "34db2f8dd8d94c2abc6ca3360976f043" member_type: VOTER last_known_addr { host: "127.24.152.67" port: 41051 } }
I20260608 12:47:04.810247 29676 tablet_service.cc:1917] Received RequestConsensusVote() RPC: tablet_id: "60e1df8a38b543a7bbcf9b44af5920bb" candidate_uuid: "def1e0e12aca41ccb32e695df641d1b1" candidate_term: 1 candidate_status { last_received { term: 0 index: 0 } } ignore_live_leader: false dest_uuid: "ed6d09e7c7ba4ef39a9991d8570b5cf6"
I20260608 12:47:04.811102 29676 raft_consensus.cc:3060] T 60e1df8a38b543a7bbcf9b44af5920bb P ed6d09e7c7ba4ef39a9991d8570b5cf6 [term 0 FOLLOWER]: Advancing to term 1
I20260608 12:47:04.821710 29676 raft_consensus.cc:2468] T 60e1df8a38b543a7bbcf9b44af5920bb P ed6d09e7c7ba4ef39a9991d8570b5cf6 [term 1 FOLLOWER]: Leader election vote request: Granting yes vote for candidate def1e0e12aca41ccb32e695df641d1b1 in term 1.
I20260608 12:47:04.824654 29826 tablet_service.cc:1917] Received RequestConsensusVote() RPC: tablet_id: "60e1df8a38b543a7bbcf9b44af5920bb" candidate_uuid: "def1e0e12aca41ccb32e695df641d1b1" candidate_term: 1 candidate_status { last_received { term: 0 index: 0 } } ignore_live_leader: false dest_uuid: "34db2f8dd8d94c2abc6ca3360976f043"
I20260608 12:47:04.825992 29879 leader_election.cc:290] T 60e1df8a38b543a7bbcf9b44af5920bb P def1e0e12aca41ccb32e695df641d1b1 [CANDIDATE]: Term 1 election: Requested vote from peers ed6d09e7c7ba4ef39a9991d8570b5cf6 (127.24.152.65:34859), 34db2f8dd8d94c2abc6ca3360976f043 (127.24.152.67:41051)
I20260608 12:47:04.836635 29879 raft_consensus.cc:493] T 25754f5c403f4c658f8ab0e4f89dcacf P def1e0e12aca41ccb32e695df641d1b1 [term 0 FOLLOWER]: Starting pre-election (no leader contacted us within the election timeout)
I20260608 12:47:04.836251 29571 catalog_manager.cc:5696] T 266d2fa0b8d04374852146f15506b63a P ed6d09e7c7ba4ef39a9991d8570b5cf6 reported cstate change: term changed from 0 to 1, leader changed from <none> to ed6d09e7c7ba4ef39a9991d8570b5cf6 (127.24.152.65). New cstate: current_term: 1 leader_uuid: "ed6d09e7c7ba4ef39a9991d8570b5cf6" committed_config { opid_index: -1 OBSOLETE_local: false peers { permanent_uuid: "ed6d09e7c7ba4ef39a9991d8570b5cf6" member_type: VOTER last_known_addr { host: "127.24.152.65" port: 34859 } health_report { overall_health: HEALTHY } } peers { permanent_uuid: "def1e0e12aca41ccb32e695df641d1b1" member_type: VOTER last_known_addr { host: "127.24.152.66" port: 45717 } health_report { overall_health: UNKNOWN } } peers { permanent_uuid: "34db2f8dd8d94c2abc6ca3360976f043" member_type: VOTER last_known_addr { host: "127.24.152.67" port: 41051 } health_report { overall_health: UNKNOWN } } }
I20260608 12:47:04.837359 29879 raft_consensus.cc:515] T 25754f5c403f4c658f8ab0e4f89dcacf P def1e0e12aca41ccb32e695df641d1b1 [term 0 FOLLOWER]: Starting pre-election with config: opid_index: -1 OBSOLETE_local: false peers { permanent_uuid: "ed6d09e7c7ba4ef39a9991d8570b5cf6" member_type: VOTER last_known_addr { host: "127.24.152.65" port: 34859 } } peers { permanent_uuid: "def1e0e12aca41ccb32e695df641d1b1" member_type: VOTER last_known_addr { host: "127.24.152.66" port: 45717 } } peers { permanent_uuid: "34db2f8dd8d94c2abc6ca3360976f043" member_type: VOTER last_known_addr { host: "127.24.152.67" port: 41051 } }
I20260608 12:47:04.840430 29677 tablet_service.cc:1917] Received RequestConsensusVote() RPC: tablet_id: "25754f5c403f4c658f8ab0e4f89dcacf" candidate_uuid: "def1e0e12aca41ccb32e695df641d1b1" candidate_term: 1 candidate_status { last_received { term: 0 index: 0 } } ignore_live_leader: false dest_uuid: "ed6d09e7c7ba4ef39a9991d8570b5cf6" is_pre_election: true
I20260608 12:47:04.841071 29677 raft_consensus.cc:2468] T 25754f5c403f4c658f8ab0e4f89dcacf P ed6d09e7c7ba4ef39a9991d8570b5cf6 [term 0 FOLLOWER]: Leader pre-election vote request: Granting yes vote for candidate def1e0e12aca41ccb32e695df641d1b1 in term 0.
I20260608 12:47:04.806797 29880 raft_consensus.cc:515] T d7ba742ed48e4ccd96a1d40cd59a49df P 34db2f8dd8d94c2abc6ca3360976f043 [term 1 FOLLOWER]: Starting leader election with config: opid_index: -1 OBSOLETE_local: false peers { permanent_uuid: "ed6d09e7c7ba4ef39a9991d8570b5cf6" member_type: VOTER last_known_addr { host: "127.24.152.65" port: 34859 } } peers { permanent_uuid: "def1e0e12aca41ccb32e695df641d1b1" member_type: VOTER last_known_addr { host: "127.24.152.66" port: 45717 } } peers { permanent_uuid: "34db2f8dd8d94c2abc6ca3360976f043" member_type: VOTER last_known_addr { host: "127.24.152.67" port: 41051 } }
I20260608 12:47:04.836254 29826 raft_consensus.cc:3060] T 60e1df8a38b543a7bbcf9b44af5920bb P 34db2f8dd8d94c2abc6ca3360976f043 [term 0 FOLLOWER]: Advancing to term 1
I20260608 12:47:04.842377 29717 leader_election.cc:304] T 25754f5c403f4c658f8ab0e4f89dcacf P def1e0e12aca41ccb32e695df641d1b1 [CANDIDATE]: Term 1 pre-election: Election decided. Result: candidate won. Election summary: received 2 responses out of 3 voters: 2 yes votes; 0 no votes. yes voters: def1e0e12aca41ccb32e695df641d1b1, ed6d09e7c7ba4ef39a9991d8570b5cf6; no voters: 
I20260608 12:47:04.762776 29874 tablet_bootstrap.cc:654] T 25754f5c403f4c658f8ab0e4f89dcacf P 34db2f8dd8d94c2abc6ca3360976f043: Neither blocks nor log segments found. Creating new log.
I20260608 12:47:04.848150 29825 tablet_service.cc:1917] Received RequestConsensusVote() RPC: tablet_id: "25754f5c403f4c658f8ab0e4f89dcacf" candidate_uuid: "def1e0e12aca41ccb32e695df641d1b1" candidate_term: 1 candidate_status { last_received { term: 0 index: 0 } } ignore_live_leader: false dest_uuid: "34db2f8dd8d94c2abc6ca3360976f043" is_pre_election: true
I20260608 12:47:04.849541 29826 raft_consensus.cc:2468] T 60e1df8a38b543a7bbcf9b44af5920bb P 34db2f8dd8d94c2abc6ca3360976f043 [term 1 FOLLOWER]: Leader election vote request: Granting yes vote for candidate def1e0e12aca41ccb32e695df641d1b1 in term 1.
W20260608 12:47:04.851219 29716 leader_election.cc:343] T 25754f5c403f4c658f8ab0e4f89dcacf P def1e0e12aca41ccb32e695df641d1b1 [CANDIDATE]: Term 1 pre-election: Tablet error from VoteRequest() call to peer 34db2f8dd8d94c2abc6ca3360976f043 (127.24.152.67:41051): Illegal state: must be running to vote when last-logged opid is not known
I20260608 12:47:04.851956 29716 leader_election.cc:304] T 60e1df8a38b543a7bbcf9b44af5920bb P def1e0e12aca41ccb32e695df641d1b1 [CANDIDATE]: Term 1 election: Election decided. Result: candidate won. Election summary: received 2 responses out of 3 voters: 2 yes votes; 0 no votes. yes voters: 34db2f8dd8d94c2abc6ca3360976f043, def1e0e12aca41ccb32e695df641d1b1; no voters: 
I20260608 12:47:04.853296 29880 leader_election.cc:290] T d7ba742ed48e4ccd96a1d40cd59a49df P 34db2f8dd8d94c2abc6ca3360976f043 [CANDIDATE]: Term 1 election: Requested vote from peers ed6d09e7c7ba4ef39a9991d8570b5cf6 (127.24.152.65:34859), def1e0e12aca41ccb32e695df641d1b1 (127.24.152.66:45717)
I20260608 12:47:04.853223 29677 tablet_service.cc:1917] Received RequestConsensusVote() RPC: tablet_id: "d7ba742ed48e4ccd96a1d40cd59a49df" candidate_uuid: "34db2f8dd8d94c2abc6ca3360976f043" candidate_term: 1 candidate_status { last_received { term: 0 index: 0 } } ignore_live_leader: false dest_uuid: "ed6d09e7c7ba4ef39a9991d8570b5cf6"
I20260608 12:47:04.854020 29677 raft_consensus.cc:3060] T d7ba742ed48e4ccd96a1d40cd59a49df P ed6d09e7c7ba4ef39a9991d8570b5cf6 [term 0 FOLLOWER]: Advancing to term 1
I20260608 12:47:04.865767 29879 leader_election.cc:290] T 25754f5c403f4c658f8ab0e4f89dcacf P def1e0e12aca41ccb32e695df641d1b1 [CANDIDATE]: Term 1 pre-election: Requested pre-vote from peers ed6d09e7c7ba4ef39a9991d8570b5cf6 (127.24.152.65:34859), 34db2f8dd8d94c2abc6ca3360976f043 (127.24.152.67:41051)
I20260608 12:47:04.873834 29917 raft_consensus.cc:493] T 6ec666ba505e42169e78213c892b8efa P def1e0e12aca41ccb32e695df641d1b1 [term 0 FOLLOWER]: Starting pre-election (no leader contacted us within the election timeout)
I20260608 12:47:04.884490 29917 raft_consensus.cc:515] T 6ec666ba505e42169e78213c892b8efa P def1e0e12aca41ccb32e695df641d1b1 [term 0 FOLLOWER]: Starting pre-election with config: opid_index: -1 OBSOLETE_local: false peers { permanent_uuid: "ed6d09e7c7ba4ef39a9991d8570b5cf6" member_type: VOTER last_known_addr { host: "127.24.152.65" port: 34859 } } peers { permanent_uuid: "def1e0e12aca41ccb32e695df641d1b1" member_type: VOTER last_known_addr { host: "127.24.152.66" port: 45717 } } peers { permanent_uuid: "34db2f8dd8d94c2abc6ca3360976f043" member_type: VOTER last_known_addr { host: "127.24.152.67" port: 41051 } }
I20260608 12:47:04.889151 29676 tablet_service.cc:1917] Received RequestConsensusVote() RPC: tablet_id: "6ec666ba505e42169e78213c892b8efa" candidate_uuid: "def1e0e12aca41ccb32e695df641d1b1" candidate_term: 1 candidate_status { last_received { term: 0 index: 0 } } ignore_live_leader: false dest_uuid: "ed6d09e7c7ba4ef39a9991d8570b5cf6" is_pre_election: true
I20260608 12:47:04.890194 29676 raft_consensus.cc:2468] T 6ec666ba505e42169e78213c892b8efa P ed6d09e7c7ba4ef39a9991d8570b5cf6 [term 0 FOLLOWER]: Leader pre-election vote request: Granting yes vote for candidate def1e0e12aca41ccb32e695df641d1b1 in term 0.
I20260608 12:47:04.892071 29717 leader_election.cc:304] T 6ec666ba505e42169e78213c892b8efa P def1e0e12aca41ccb32e695df641d1b1 [CANDIDATE]: Term 1 pre-election: Election decided. Result: candidate won. Election summary: received 2 responses out of 3 voters: 2 yes votes; 0 no votes. yes voters: def1e0e12aca41ccb32e695df641d1b1, ed6d09e7c7ba4ef39a9991d8570b5cf6; no voters: 
I20260608 12:47:04.878890 29879 raft_consensus.cc:2804] T 25754f5c403f4c658f8ab0e4f89dcacf P def1e0e12aca41ccb32e695df641d1b1 [term 0 FOLLOWER]: Leader pre-election won for term 1
I20260608 12:47:04.893723 29879 raft_consensus.cc:493] T 25754f5c403f4c658f8ab0e4f89dcacf P def1e0e12aca41ccb32e695df641d1b1 [term 0 FOLLOWER]: Starting leader election (no leader contacted us within the election timeout)
I20260608 12:47:04.894393 29879 raft_consensus.cc:3060] T 25754f5c403f4c658f8ab0e4f89dcacf P def1e0e12aca41ccb32e695df641d1b1 [term 0 FOLLOWER]: Advancing to term 1
I20260608 12:47:04.902787 29874 tablet_bootstrap.cc:492] T 25754f5c403f4c658f8ab0e4f89dcacf P 34db2f8dd8d94c2abc6ca3360976f043: No bootstrap required, opened a new log
I20260608 12:47:04.903700 29874 ts_tablet_manager.cc:1403] T 25754f5c403f4c658f8ab0e4f89dcacf P 34db2f8dd8d94c2abc6ca3360976f043: Time spent bootstrapping tablet: real 0.154s	user 0.007s	sys 0.007s
I20260608 12:47:04.882982 29919 raft_consensus.cc:2804] T 60e1df8a38b543a7bbcf9b44af5920bb P def1e0e12aca41ccb32e695df641d1b1 [term 1 FOLLOWER]: Leader election won for term 1
I20260608 12:47:04.910122 29915 raft_consensus.cc:2804] T 6ec666ba505e42169e78213c892b8efa P def1e0e12aca41ccb32e695df641d1b1 [term 0 FOLLOWER]: Leader pre-election won for term 1
I20260608 12:47:04.870296 29677 raft_consensus.cc:2468] T d7ba742ed48e4ccd96a1d40cd59a49df P ed6d09e7c7ba4ef39a9991d8570b5cf6 [term 1 FOLLOWER]: Leader election vote request: Granting yes vote for candidate 34db2f8dd8d94c2abc6ca3360976f043 in term 1.
I20260608 12:47:04.911803 29915 raft_consensus.cc:493] T 6ec666ba505e42169e78213c892b8efa P def1e0e12aca41ccb32e695df641d1b1 [term 0 FOLLOWER]: Starting leader election (no leader contacted us within the election timeout)
I20260608 12:47:04.912458 29826 tablet_service.cc:1917] Received RequestConsensusVote() RPC: tablet_id: "6ec666ba505e42169e78213c892b8efa" candidate_uuid: "def1e0e12aca41ccb32e695df641d1b1" candidate_term: 1 candidate_status { last_received { term: 0 index: 0 } } ignore_live_leader: false dest_uuid: "34db2f8dd8d94c2abc6ca3360976f043" is_pre_election: true
I20260608 12:47:04.912708 29917 leader_election.cc:290] T 6ec666ba505e42169e78213c892b8efa P def1e0e12aca41ccb32e695df641d1b1 [CANDIDATE]: Term 1 pre-election: Requested pre-vote from peers ed6d09e7c7ba4ef39a9991d8570b5cf6 (127.24.152.65:34859), 34db2f8dd8d94c2abc6ca3360976f043 (127.24.152.67:41051)
I20260608 12:47:04.911027 29871 tablet_bootstrap.cc:492] T c7d6c728aa0e493eb4174045d5e94e37 P ed6d09e7c7ba4ef39a9991d8570b5cf6: No bootstrap required, opened a new log
I20260608 12:47:04.912308 29915 raft_consensus.cc:3060] T 6ec666ba505e42169e78213c892b8efa P def1e0e12aca41ccb32e695df641d1b1 [term 0 FOLLOWER]: Advancing to term 1
I20260608 12:47:04.913511 29871 ts_tablet_manager.cc:1403] T c7d6c728aa0e493eb4174045d5e94e37 P ed6d09e7c7ba4ef39a9991d8570b5cf6: Time spent bootstrapping tablet: real 0.148s	user 0.058s	sys 0.080s
I20260608 12:47:04.913723 29752 tablet_service.cc:1917] Received RequestConsensusVote() RPC: tablet_id: "d7ba742ed48e4ccd96a1d40cd59a49df" candidate_uuid: "34db2f8dd8d94c2abc6ca3360976f043" candidate_term: 1 candidate_status { last_received { term: 0 index: 0 } } ignore_live_leader: false dest_uuid: "def1e0e12aca41ccb32e695df641d1b1"
I20260608 12:47:04.913796 29791 leader_election.cc:304] T d7ba742ed48e4ccd96a1d40cd59a49df P 34db2f8dd8d94c2abc6ca3360976f043 [CANDIDATE]: Term 1 election: Election decided. Result: candidate won. Election summary: received 2 responses out of 3 voters: 2 yes votes; 0 no votes. yes voters: 34db2f8dd8d94c2abc6ca3360976f043, ed6d09e7c7ba4ef39a9991d8570b5cf6; no voters: 
I20260608 12:47:04.914920 29880 raft_consensus.cc:2804] T d7ba742ed48e4ccd96a1d40cd59a49df P 34db2f8dd8d94c2abc6ca3360976f043 [term 1 FOLLOWER]: Leader election won for term 1
W20260608 12:47:04.915516 29716 leader_election.cc:343] T 6ec666ba505e42169e78213c892b8efa P def1e0e12aca41ccb32e695df641d1b1 [CANDIDATE]: Term 1 pre-election: Tablet error from VoteRequest() call to peer 34db2f8dd8d94c2abc6ca3360976f043 (127.24.152.67:41051): Illegal state: must be running to vote when last-logged opid is not known
I20260608 12:47:04.916538 29871 raft_consensus.cc:359] T c7d6c728aa0e493eb4174045d5e94e37 P ed6d09e7c7ba4ef39a9991d8570b5cf6 [term 0 FOLLOWER]: Replica starting. Triggering 0 pending ops. Active config: opid_index: -1 OBSOLETE_local: false peers { permanent_uuid: "ed6d09e7c7ba4ef39a9991d8570b5cf6" member_type: VOTER last_known_addr { host: "127.24.152.65" port: 34859 } } peers { permanent_uuid: "def1e0e12aca41ccb32e695df641d1b1" member_type: VOTER last_known_addr { host: "127.24.152.66" port: 45717 } } peers { permanent_uuid: "34db2f8dd8d94c2abc6ca3360976f043" member_type: VOTER last_known_addr { host: "127.24.152.67" port: 41051 } }
I20260608 12:47:04.919612 29874 raft_consensus.cc:359] T 25754f5c403f4c658f8ab0e4f89dcacf P 34db2f8dd8d94c2abc6ca3360976f043 [term 0 FOLLOWER]: Replica starting. Triggering 0 pending ops. Active config: opid_index: -1 OBSOLETE_local: false peers { permanent_uuid: "ed6d09e7c7ba4ef39a9991d8570b5cf6" member_type: VOTER last_known_addr { host: "127.24.152.65" port: 34859 } } peers { permanent_uuid: "def1e0e12aca41ccb32e695df641d1b1" member_type: VOTER last_known_addr { host: "127.24.152.66" port: 45717 } } peers { permanent_uuid: "34db2f8dd8d94c2abc6ca3360976f043" member_type: VOTER last_known_addr { host: "127.24.152.67" port: 41051 } }
I20260608 12:47:04.920223 29871 raft_consensus.cc:385] T c7d6c728aa0e493eb4174045d5e94e37 P ed6d09e7c7ba4ef39a9991d8570b5cf6 [term 0 FOLLOWER]: Consensus starting up: Expiring failure detector timer to make a prompt election more likely
I20260608 12:47:04.920367 29874 raft_consensus.cc:385] T 25754f5c403f4c658f8ab0e4f89dcacf P 34db2f8dd8d94c2abc6ca3360976f043 [term 0 FOLLOWER]: Consensus starting up: Expiring failure detector timer to make a prompt election more likely
I20260608 12:47:04.921098 29874 raft_consensus.cc:740] T 25754f5c403f4c658f8ab0e4f89dcacf P 34db2f8dd8d94c2abc6ca3360976f043 [term 0 FOLLOWER]: Becoming Follower/Learner. State: Replica: 34db2f8dd8d94c2abc6ca3360976f043, State: Initialized, Role: FOLLOWER
I20260608 12:47:04.920956 29871 raft_consensus.cc:740] T c7d6c728aa0e493eb4174045d5e94e37 P ed6d09e7c7ba4ef39a9991d8570b5cf6 [term 0 FOLLOWER]: Becoming Follower/Learner. State: Replica: ed6d09e7c7ba4ef39a9991d8570b5cf6, State: Initialized, Role: FOLLOWER
W20260608 12:47:04.920064 29790 leader_election.cc:343] T d7ba742ed48e4ccd96a1d40cd59a49df P 34db2f8dd8d94c2abc6ca3360976f043 [CANDIDATE]: Term 1 election: Tablet error from VoteRequest() call to peer def1e0e12aca41ccb32e695df641d1b1 (127.24.152.66:45717): Illegal state: must be running to vote when last-logged opid is not known
I20260608 12:47:04.922190 29871 consensus_queue.cc:260] T c7d6c728aa0e493eb4174045d5e94e37 P ed6d09e7c7ba4ef39a9991d8570b5cf6 [NON_LEADER]: Queue going to NON_LEADER mode. State: All replicated index: 0, Majority replicated index: 0, Committed index: 0, Last appended: 0.0, Last appended by leader: 0, Current term: 0, Majority size: -1, State: 0, Mode: NON_LEADER, active raft config: opid_index: -1 OBSOLETE_local: false peers { permanent_uuid: "ed6d09e7c7ba4ef39a9991d8570b5cf6" member_type: VOTER last_known_addr { host: "127.24.152.65" port: 34859 } } peers { permanent_uuid: "def1e0e12aca41ccb32e695df641d1b1" member_type: VOTER last_known_addr { host: "127.24.152.66" port: 45717 } } peers { permanent_uuid: "34db2f8dd8d94c2abc6ca3360976f043" member_type: VOTER last_known_addr { host: "127.24.152.67" port: 41051 } }
I20260608 12:47:04.922721 29874 consensus_queue.cc:260] T 25754f5c403f4c658f8ab0e4f89dcacf P 34db2f8dd8d94c2abc6ca3360976f043 [NON_LEADER]: Queue going to NON_LEADER mode. State: All replicated index: 0, Majority replicated index: 0, Committed index: 0, Last appended: 0.0, Last appended by leader: 0, Current term: 0, Majority size: -1, State: 0, Mode: NON_LEADER, active raft config: opid_index: -1 OBSOLETE_local: false peers { permanent_uuid: "ed6d09e7c7ba4ef39a9991d8570b5cf6" member_type: VOTER last_known_addr { host: "127.24.152.65" port: 34859 } } peers { permanent_uuid: "def1e0e12aca41ccb32e695df641d1b1" member_type: VOTER last_known_addr { host: "127.24.152.66" port: 45717 } } peers { permanent_uuid: "34db2f8dd8d94c2abc6ca3360976f043" member_type: VOTER last_known_addr { host: "127.24.152.67" port: 41051 } }
I20260608 12:47:04.922547 29919 raft_consensus.cc:697] T 60e1df8a38b543a7bbcf9b44af5920bb P def1e0e12aca41ccb32e695df641d1b1 [term 1 LEADER]: Becoming Leader. State: Replica: def1e0e12aca41ccb32e695df641d1b1, State: Running, Role: LEADER
I20260608 12:47:04.925115 29873 ts_tablet_manager.cc:1434] T 239d2f5d71d640629090196f0121f356 P def1e0e12aca41ccb32e695df641d1b1: Time spent starting tablet: real 0.147s	user 0.051s	sys 0.040s
I20260608 12:47:04.925437 29919 consensus_queue.cc:237] T 60e1df8a38b543a7bbcf9b44af5920bb P def1e0e12aca41ccb32e695df641d1b1 [LEADER]: Queue going to LEADER mode. State: All replicated index: 0, Majority replicated index: 0, Committed index: 0, Last appended: 0.0, Last appended by leader: 0, Current term: 1, Majority size: 2, State: 0, Mode: LEADER, active raft config: opid_index: -1 OBSOLETE_local: false peers { permanent_uuid: "ed6d09e7c7ba4ef39a9991d8570b5cf6" member_type: VOTER last_known_addr { host: "127.24.152.65" port: 34859 } } peers { permanent_uuid: "def1e0e12aca41ccb32e695df641d1b1" member_type: VOTER last_known_addr { host: "127.24.152.66" port: 45717 } } peers { permanent_uuid: "34db2f8dd8d94c2abc6ca3360976f043" member_type: VOTER last_known_addr { host: "127.24.152.67" port: 41051 } }
I20260608 12:47:04.926244 29873 tablet_bootstrap.cc:492] T d7ba742ed48e4ccd96a1d40cd59a49df P def1e0e12aca41ccb32e695df641d1b1: Bootstrap starting.
I20260608 12:47:04.934258 29871 ts_tablet_manager.cc:1434] T c7d6c728aa0e493eb4174045d5e94e37 P ed6d09e7c7ba4ef39a9991d8570b5cf6: Time spent starting tablet: real 0.020s	user 0.008s	sys 0.000s
I20260608 12:47:04.938388 29871 tablet_bootstrap.cc:492] T ebabb5744ca548f996956d9763828bf0 P ed6d09e7c7ba4ef39a9991d8570b5cf6: Bootstrap starting.
