I20260608 12:46:34.026535 16308 raft_consensus.cc:2804] T cf5b3e443bb54cd6acf9fc0bc872d589 P fcb9039f22d34594bb6333b88935f0aa [term 1 FOLLOWER]: Leader pre-election won for term 2
I20260608 12:46:34.026908 16308 raft_consensus.cc:493] T cf5b3e443bb54cd6acf9fc0bc872d589 P fcb9039f22d34594bb6333b88935f0aa [term 1 FOLLOWER]: Starting leader election (detected failure of leader 7ac64b63903943ee8f9190a663ffa087)
I20260608 12:46:34.027232 16308 raft_consensus.cc:3060] T cf5b3e443bb54cd6acf9fc0bc872d589 P fcb9039f22d34594bb6333b88935f0aa [term 1 FOLLOWER]: Advancing to term 2
I20260608 12:46:34.029141 16057 raft_consensus.cc:2955] T 5daa6fae54294ab69bfe3be25dc90166 P 0cf62eb1cb164b2680f6c80007248d70 [term 2 FOLLOWER]: Committing config change with OpId 2.5: config changed from index 4 to 5, VOTER 7ac64b63903943ee8f9190a663ffa087 (127.12.122.131) evicted. New config: { opid_index: 5 OBSOLETE_local: false peers { permanent_uuid: "fcb9039f22d34594bb6333b88935f0aa" member_type: VOTER last_known_addr { host: "127.12.122.129" port: 44023 } } peers { permanent_uuid: "7da14180d78e4f6298d0233978e33175" member_type: VOTER last_known_addr { host: "127.12.122.130" port: 43121 } } peers { permanent_uuid: "0cf62eb1cb164b2680f6c80007248d70" member_type: VOTER last_known_addr { host: "127.12.122.132" port: 35155 } attrs { promote: false } } }
I20260608 12:46:34.034243 15752 raft_consensus.cc:2955] T 5daa6fae54294ab69bfe3be25dc90166 P fcb9039f22d34594bb6333b88935f0aa [term 2 FOLLOWER]: Committing config change with OpId 2.5: config changed from index 4 to 5, VOTER 7ac64b63903943ee8f9190a663ffa087 (127.12.122.131) evicted. New config: { opid_index: 5 OBSOLETE_local: false peers { permanent_uuid: "fcb9039f22d34594bb6333b88935f0aa" member_type: VOTER last_known_addr { host: "127.12.122.129" port: 44023 } } peers { permanent_uuid: "7da14180d78e4f6298d0233978e33175" member_type: VOTER last_known_addr { host: "127.12.122.130" port: 43121 } } peers { permanent_uuid: "0cf62eb1cb164b2680f6c80007248d70" member_type: VOTER last_known_addr { host: "127.12.122.132" port: 35155 } attrs { promote: false } } }
I20260608 12:46:34.040264 15654 catalog_manager.cc:5696] T 2c8615f95f28479580f296cdb0a78fbe P 0cf62eb1cb164b2680f6c80007248d70 reported cstate change: term changed from 2 to 4. New cstate: current_term: 4 leader_uuid: "0cf62eb1cb164b2680f6c80007248d70" committed_config { opid_index: -1 OBSOLETE_local: false peers { permanent_uuid: "7da14180d78e4f6298d0233978e33175" member_type: VOTER last_known_addr { host: "127.12.122.130" port: 43121 } health_report { overall_health: UNKNOWN } } peers { permanent_uuid: "0cf62eb1cb164b2680f6c80007248d70" member_type: VOTER last_known_addr { host: "127.12.122.132" port: 35155 } health_report { overall_health: HEALTHY } } peers { permanent_uuid: "7ac64b63903943ee8f9190a663ffa087" member_type: VOTER last_known_addr { host: "127.12.122.131" port: 38391 } health_report { overall_health: UNKNOWN } } }
I20260608 12:46:34.048254 16388 raft_consensus.cc:493] T 67d6ea030f7f41b48dcb1cc41fb21d5b P fcb9039f22d34594bb6333b88935f0aa [term 1 FOLLOWER]: Starting pre-election (detected failure of leader 7ac64b63903943ee8f9190a663ffa087)
I20260608 12:46:34.049773 16388 raft_consensus.cc:515] T 67d6ea030f7f41b48dcb1cc41fb21d5b P fcb9039f22d34594bb6333b88935f0aa [term 1 FOLLOWER]: Starting pre-election with config: opid_index: -1 OBSOLETE_local: false peers { permanent_uuid: "7da14180d78e4f6298d0233978e33175" member_type: VOTER last_known_addr { host: "127.12.122.130" port: 43121 } } peers { permanent_uuid: "fcb9039f22d34594bb6333b88935f0aa" member_type: VOTER last_known_addr { host: "127.12.122.129" port: 44023 } } peers { permanent_uuid: "7ac64b63903943ee8f9190a663ffa087" member_type: VOTER last_known_addr { host: "127.12.122.131" port: 38391 } }
I20260608 12:46:34.052759 16308 raft_consensus.cc:515] T cf5b3e443bb54cd6acf9fc0bc872d589 P fcb9039f22d34594bb6333b88935f0aa [term 2 FOLLOWER]: Starting leader election with config: opid_index: -1 OBSOLETE_local: false peers { permanent_uuid: "7ac64b63903943ee8f9190a663ffa087" member_type: VOTER last_known_addr { host: "127.12.122.131" port: 38391 } } peers { permanent_uuid: "fcb9039f22d34594bb6333b88935f0aa" member_type: VOTER last_known_addr { host: "127.12.122.129" port: 44023 } } peers { permanent_uuid: "0cf62eb1cb164b2680f6c80007248d70" member_type: VOTER last_known_addr { host: "127.12.122.132" port: 35155 } }
I20260608 12:46:34.053330 15639 catalog_manager.cc:5209] ChangeConfig:REMOVE_PEER RPC for tablet 5daa6fae54294ab69bfe3be25dc90166 with cas_config_opid_index 4: ChangeConfig:REMOVE_PEER succeeded (attempt 1)
I20260608 12:46:34.054947 15707 auto_leader_rebalancer.cc:140] leader rebalance for table range_aware_rebalance_new_range
I20260608 12:46:34.056514 15905 tablet_service.cc:1917] Received RequestConsensusVote() RPC: tablet_id: "cf5b3e443bb54cd6acf9fc0bc872d589" candidate_uuid: "fcb9039f22d34594bb6333b88935f0aa" candidate_term: 2 candidate_status { last_received { term: 1 index: 1 } } ignore_live_leader: false dest_uuid: "7ac64b63903943ee8f9190a663ffa087"
I20260608 12:46:34.056908 16057 tablet_service.cc:1917] Received RequestConsensusVote() RPC: tablet_id: "cf5b3e443bb54cd6acf9fc0bc872d589" candidate_uuid: "fcb9039f22d34594bb6333b88935f0aa" candidate_term: 2 candidate_status { last_received { term: 1 index: 1 } } ignore_live_leader: false dest_uuid: "0cf62eb1cb164b2680f6c80007248d70"
I20260608 12:46:34.057631 16057 raft_consensus.cc:2393] T cf5b3e443bb54cd6acf9fc0bc872d589 P 0cf62eb1cb164b2680f6c80007248d70 [term 2 FOLLOWER]: Leader election vote request: Denying vote to candidate fcb9039f22d34594bb6333b88935f0aa in current term 2: Already voted for candidate 0cf62eb1cb164b2680f6c80007248d70 in this term.
I20260608 12:46:34.061067 16308 leader_election.cc:290] T cf5b3e443bb54cd6acf9fc0bc872d589 P fcb9039f22d34594bb6333b88935f0aa [CANDIDATE]: Term 2 election: Requested vote from peers 7ac64b63903943ee8f9190a663ffa087 (127.12.122.131:38391), 0cf62eb1cb164b2680f6c80007248d70 (127.12.122.132:35155)
I20260608 12:46:34.063000 16057 raft_consensus.cc:3060] T 8dea13d09b9246b08ca6ff1925f76c43 P 0cf62eb1cb164b2680f6c80007248d70 [term 3 FOLLOWER]: Advancing to term 4
I20260608 12:46:34.068327 15905 raft_consensus.cc:2468] T cf5b3e443bb54cd6acf9fc0bc872d589 P 7ac64b63903943ee8f9190a663ffa087 [term 2 FOLLOWER]: Leader election vote request: Granting yes vote for candidate fcb9039f22d34594bb6333b88935f0aa in term 2.
I20260608 12:46:34.071810 15722 leader_election.cc:304] T cf5b3e443bb54cd6acf9fc0bc872d589 P fcb9039f22d34594bb6333b88935f0aa [CANDIDATE]: Term 2 election: Election decided. Result: candidate won. Election summary: received 3 responses out of 3 voters: 2 yes votes; 1 no votes. yes voters: 7ac64b63903943ee8f9190a663ffa087, fcb9039f22d34594bb6333b88935f0aa; no voters: 0cf62eb1cb164b2680f6c80007248d70
I20260608 12:46:34.073240 15653 catalog_manager.cc:5696] T 5daa6fae54294ab69bfe3be25dc90166 P fcb9039f22d34594bb6333b88935f0aa reported cstate change: config changed from index 4 to 5, VOTER 7ac64b63903943ee8f9190a663ffa087 (127.12.122.131) evicted. New cstate: current_term: 2 leader_uuid: "7da14180d78e4f6298d0233978e33175" committed_config { opid_index: 5 OBSOLETE_local: false peers { permanent_uuid: "fcb9039f22d34594bb6333b88935f0aa" member_type: VOTER last_known_addr { host: "127.12.122.129" port: 44023 } } peers { permanent_uuid: "7da14180d78e4f6298d0233978e33175" member_type: VOTER last_known_addr { host: "127.12.122.130" port: 43121 } } peers { permanent_uuid: "0cf62eb1cb164b2680f6c80007248d70" member_type: VOTER last_known_addr { host: "127.12.122.132" port: 35155 } attrs { promote: false } } }
I20260608 12:46:34.080554 16308 raft_consensus.cc:2804] T cf5b3e443bb54cd6acf9fc0bc872d589 P fcb9039f22d34594bb6333b88935f0aa [term 2 FOLLOWER]: Leader election won for term 2
I20260608 12:46:34.088100 15895 tablet_service.cc:1558] Processing DeleteTablet for tablet 5daa6fae54294ab69bfe3be25dc90166 with delete_type TABLET_DATA_TOMBSTONED (TS 7ac64b63903943ee8f9190a663ffa087 not found in new config with opid_index 5) from {username='slave'} at 127.0.0.1:51038
I20260608 12:46:34.091820 16308 raft_consensus.cc:697] T cf5b3e443bb54cd6acf9fc0bc872d589 P fcb9039f22d34594bb6333b88935f0aa [term 2 LEADER]: Becoming Leader. State: Replica: fcb9039f22d34594bb6333b88935f0aa, State: Running, Role: LEADER
I20260608 12:46:34.092760 16308 consensus_queue.cc:237] T cf5b3e443bb54cd6acf9fc0bc872d589 P fcb9039f22d34594bb6333b88935f0aa [LEADER]: Queue going to LEADER mode. State: All replicated index: 0, Majority replicated index: 1, Committed index: 1, Last appended: 1.1, Last appended by leader: 1, Current term: 2, Majority size: 2, State: 0, Mode: LEADER, active raft config: opid_index: -1 OBSOLETE_local: false peers { permanent_uuid: "7ac64b63903943ee8f9190a663ffa087" member_type: VOTER last_known_addr { host: "127.12.122.131" port: 38391 } } peers { permanent_uuid: "fcb9039f22d34594bb6333b88935f0aa" member_type: VOTER last_known_addr { host: "127.12.122.129" port: 44023 } } peers { permanent_uuid: "0cf62eb1cb164b2680f6c80007248d70" member_type: VOTER last_known_addr { host: "127.12.122.132" port: 35155 } }
I20260608 12:46:34.098390 15829 tablet_service.cc:1917] Received RequestConsensusVote() RPC: tablet_id: "67d6ea030f7f41b48dcb1cc41fb21d5b" candidate_uuid: "fcb9039f22d34594bb6333b88935f0aa" candidate_term: 2 candidate_status { last_received { term: 1 index: 1 } } ignore_live_leader: false dest_uuid: "7da14180d78e4f6298d0233978e33175" is_pre_election: true
I20260608 12:46:34.099143 15829 raft_consensus.cc:2393] T 67d6ea030f7f41b48dcb1cc41fb21d5b P 7da14180d78e4f6298d0233978e33175 [term 2 FOLLOWER]: Leader pre-election vote request: Denying vote to candidate fcb9039f22d34594bb6333b88935f0aa in current term 2: Already voted for candidate 7da14180d78e4f6298d0233978e33175 in this term.
I20260608 12:46:34.101198 16057 raft_consensus.cc:1275] T 8dea13d09b9246b08ca6ff1925f76c43 P 0cf62eb1cb164b2680f6c80007248d70 [term 4 FOLLOWER]: Refusing update from remote peer 7ac64b63903943ee8f9190a663ffa087: Log matching property violated. Preceding OpId in replica: term: 2 index: 5. Preceding OpId from leader: term: 4 index: 6. (index mismatch)
I20260608 12:46:34.101066 15830 tablet_service.cc:2072] Received LeaderStepDown RPC: tablet_id: "0c0b495f44e944ed969fe94cd61666a1"
dest_uuid: "7da14180d78e4f6298d0233978e33175"
mode: GRACEFUL
new_leader_uuid: "7ac64b63903943ee8f9190a663ffa087"
 from {username='slave'} at 127.0.0.1:43118
I20260608 12:46:34.101903 15830 raft_consensus.cc:606] T 0c0b495f44e944ed969fe94cd61666a1 P 7da14180d78e4f6298d0233978e33175 [term 2 LEADER]: Received request to transfer leadership to TS 7ac64b63903943ee8f9190a663ffa087
I20260608 12:46:34.102751 16388 leader_election.cc:290] T 67d6ea030f7f41b48dcb1cc41fb21d5b P fcb9039f22d34594bb6333b88935f0aa [CANDIDATE]: Term 2 pre-election: Requested pre-vote from peers 7da14180d78e4f6298d0233978e33175 (127.12.122.130:43121), 7ac64b63903943ee8f9190a663ffa087 (127.12.122.131:38391)
I20260608 12:46:34.103730 15905 tablet_service.cc:1917] Received RequestConsensusVote() RPC: tablet_id: "67d6ea030f7f41b48dcb1cc41fb21d5b" candidate_uuid: "fcb9039f22d34594bb6333b88935f0aa" candidate_term: 2 candidate_status { last_received { term: 1 index: 1 } } ignore_live_leader: false dest_uuid: "7ac64b63903943ee8f9190a663ffa087" is_pre_election: true
I20260608 12:46:34.104337 15905 raft_consensus.cc:2468] T 67d6ea030f7f41b48dcb1cc41fb21d5b P 7ac64b63903943ee8f9190a663ffa087 [term 2 FOLLOWER]: Leader pre-election vote request: Granting yes vote for candidate fcb9039f22d34594bb6333b88935f0aa in term 2.
I20260608 12:46:34.105612 15722 leader_election.cc:304] T 67d6ea030f7f41b48dcb1cc41fb21d5b P fcb9039f22d34594bb6333b88935f0aa [CANDIDATE]: Term 2 pre-election: Election decided. Result: candidate won. Election summary: received 3 responses out of 3 voters: 2 yes votes; 1 no votes. yes voters: 7ac64b63903943ee8f9190a663ffa087, fcb9039f22d34594bb6333b88935f0aa; no voters: 7da14180d78e4f6298d0233978e33175
I20260608 12:46:34.104262 16366 consensus_queue.cc:1048] T 8dea13d09b9246b08ca6ff1925f76c43 P 7ac64b63903943ee8f9190a663ffa087 [LEADER]: Connected to new peer: Peer: permanent_uuid: "0cf62eb1cb164b2680f6c80007248d70" member_type: VOTER last_known_addr { host: "127.12.122.132" port: 35155 } attrs { promote: false }, Status: LMP_MISMATCH, Last received: 0.0, Next index: 6, Last known committed idx: 5, Time since last communication: 0.003s
I20260608 12:46:34.110584 16388 raft_consensus.cc:2804] T 67d6ea030f7f41b48dcb1cc41fb21d5b P fcb9039f22d34594bb6333b88935f0aa [term 1 FOLLOWER]: Leader pre-election won for term 2
I20260608 12:46:34.110555 15830 tablet_service.cc:2072] Received LeaderStepDown RPC: tablet_id: "3f516e27460c444290b8c8e4cf8db250"
dest_uuid: "7da14180d78e4f6298d0233978e33175"
mode: GRACEFUL
new_leader_uuid: "fcb9039f22d34594bb6333b88935f0aa"
 from {username='slave'} at 127.0.0.1:43118
I20260608 12:46:34.111346 15830 raft_consensus.cc:606] T 3f516e27460c444290b8c8e4cf8db250 P 7da14180d78e4f6298d0233978e33175 [term 1 LEADER]: Received request to transfer leadership to TS fcb9039f22d34594bb6333b88935f0aa
I20260608 12:46:34.114715 15830 tablet_service.cc:2072] Received LeaderStepDown RPC: tablet_id: "eb3c00295a2d4ffdb70cbe5663045275"
dest_uuid: "7da14180d78e4f6298d0233978e33175"
mode: GRACEFUL
new_leader_uuid: "fcb9039f22d34594bb6333b88935f0aa"
 from {username='slave'} at 127.0.0.1:43118
I20260608 12:46:34.115361 15830 raft_consensus.cc:606] T eb3c00295a2d4ffdb70cbe5663045275 P 7da14180d78e4f6298d0233978e33175 [term 2 LEADER]: Received request to transfer leadership to TS fcb9039f22d34594bb6333b88935f0aa
I20260608 12:46:34.116990 15707 auto_leader_rebalancer.cc:388] table: range_aware_rebalance_new_range, leader rebalance finish, leader transfer count: 3
I20260608 12:46:34.118739 15707 auto_leader_rebalancer.cc:451] All tables' leader rebalancing finished this round
I20260608 12:46:34.117918 16388 raft_consensus.cc:493] T 67d6ea030f7f41b48dcb1cc41fb21d5b P fcb9039f22d34594bb6333b88935f0aa [term 1 FOLLOWER]: Starting leader election (detected failure of leader 7ac64b63903943ee8f9190a663ffa087)
I20260608 12:46:34.119563 16388 raft_consensus.cc:3060] T 67d6ea030f7f41b48dcb1cc41fb21d5b P fcb9039f22d34594bb6333b88935f0aa [term 1 FOLLOWER]: Advancing to term 2
I20260608 12:46:34.122334 16375 raft_consensus.cc:993] T 0c0b495f44e944ed969fe94cd61666a1 P 7da14180d78e4f6298d0233978e33175: : Instructing follower 7ac64b63903943ee8f9190a663ffa087 to start an election
I20260608 12:46:34.122833 16317 raft_consensus.cc:1081] T 0c0b495f44e944ed969fe94cd61666a1 P 7da14180d78e4f6298d0233978e33175 [term 2 LEADER]: Signalling peer 7ac64b63903943ee8f9190a663ffa087 to start an election
I20260608 12:46:34.123826 16390 tablet_replica.cc:333] T 5daa6fae54294ab69bfe3be25dc90166 P 7ac64b63903943ee8f9190a663ffa087: stopping tablet replica
I20260608 12:46:34.124732 15905 tablet_service.cc:2044] Received Run Leader Election RPC: tablet_id: "0c0b495f44e944ed969fe94cd61666a1"
dest_uuid: "7ac64b63903943ee8f9190a663ffa087"
 from {username='slave'} at 127.0.0.1:51046
I20260608 12:46:34.125317 15905 raft_consensus.cc:493] T 0c0b495f44e944ed969fe94cd61666a1 P 7ac64b63903943ee8f9190a663ffa087 [term 2 FOLLOWER]: Starting forced leader election (received explicit request)
I20260608 12:46:34.125667 15905 raft_consensus.cc:3060] T 0c0b495f44e944ed969fe94cd61666a1 P 7ac64b63903943ee8f9190a663ffa087 [term 2 FOLLOWER]: Advancing to term 3
I20260608 12:46:34.128153 16390 raft_consensus.cc:2243] T 5daa6fae54294ab69bfe3be25dc90166 P 7ac64b63903943ee8f9190a663ffa087 [term 2 FOLLOWER]: Raft consensus shutting down.
I20260608 12:46:34.128989 16390 raft_consensus.cc:2272] T 5daa6fae54294ab69bfe3be25dc90166 P 7ac64b63903943ee8f9190a663ffa087 [term 2 FOLLOWER]: Raft consensus is shut down!
I20260608 12:46:34.129143 16388 raft_consensus.cc:515] T 67d6ea030f7f41b48dcb1cc41fb21d5b P fcb9039f22d34594bb6333b88935f0aa [term 2 FOLLOWER]: Starting leader election with config: opid_index: -1 OBSOLETE_local: false peers { permanent_uuid: "7da14180d78e4f6298d0233978e33175" member_type: VOTER last_known_addr { host: "127.12.122.130" port: 43121 } } peers { permanent_uuid: "fcb9039f22d34594bb6333b88935f0aa" member_type: VOTER last_known_addr { host: "127.12.122.129" port: 44023 } } peers { permanent_uuid: "7ac64b63903943ee8f9190a663ffa087" member_type: VOTER last_known_addr { host: "127.12.122.131" port: 38391 } }
I20260608 12:46:34.132102 15905 raft_consensus.cc:515] T 0c0b495f44e944ed969fe94cd61666a1 P 7ac64b63903943ee8f9190a663ffa087 [term 3 FOLLOWER]: Starting forced leader election with config: opid_index: -1 OBSOLETE_local: false peers { permanent_uuid: "0cf62eb1cb164b2680f6c80007248d70" member_type: VOTER last_known_addr { host: "127.12.122.132" port: 35155 } } peers { permanent_uuid: "7da14180d78e4f6298d0233978e33175" member_type: VOTER last_known_addr { host: "127.12.122.130" port: 43121 } } peers { permanent_uuid: "7ac64b63903943ee8f9190a663ffa087" member_type: VOTER last_known_addr { host: "127.12.122.131" port: 38391 } }
I20260608 12:46:34.132947 15830 tablet_service.cc:1917] Received RequestConsensusVote() RPC: tablet_id: "67d6ea030f7f41b48dcb1cc41fb21d5b" candidate_uuid: "fcb9039f22d34594bb6333b88935f0aa" candidate_term: 2 candidate_status { last_received { term: 1 index: 1 } } ignore_live_leader: false dest_uuid: "7da14180d78e4f6298d0233978e33175"
I20260608 12:46:34.133859 15830 raft_consensus.cc:2393] T 67d6ea030f7f41b48dcb1cc41fb21d5b P 7da14180d78e4f6298d0233978e33175 [term 2 FOLLOWER]: Leader election vote request: Denying vote to candidate fcb9039f22d34594bb6333b88935f0aa in current term 2: Already voted for candidate 7da14180d78e4f6298d0233978e33175 in this term.
I20260608 12:46:34.134832 16062 tablet_service.cc:1917] Received RequestConsensusVote() RPC: tablet_id: "0c0b495f44e944ed969fe94cd61666a1" candidate_uuid: "7ac64b63903943ee8f9190a663ffa087" candidate_term: 3 candidate_status { last_received { term: 2 index: 2 } } ignore_live_leader: true dest_uuid: "0cf62eb1cb164b2680f6c80007248d70"
I20260608 12:46:34.135435 16062 raft_consensus.cc:3060] T 0c0b495f44e944ed969fe94cd61666a1 P 0cf62eb1cb164b2680f6c80007248d70 [term 2 FOLLOWER]: Advancing to term 3
I20260608 12:46:34.138568 16388 leader_election.cc:290] T 67d6ea030f7f41b48dcb1cc41fb21d5b P fcb9039f22d34594bb6333b88935f0aa [CANDIDATE]: Term 2 election: Requested vote from peers 7da14180d78e4f6298d0233978e33175 (127.12.122.130:43121), 7ac64b63903943ee8f9190a663ffa087 (127.12.122.131:38391)
I20260608 12:46:34.133059 16390 ts_tablet_manager.cc:1916] T 5daa6fae54294ab69bfe3be25dc90166 P 7ac64b63903943ee8f9190a663ffa087: Deleting tablet data with delete state TABLET_DATA_TOMBSTONED
I20260608 12:46:34.141202 15902 tablet_service.cc:1917] Received RequestConsensusVote() RPC: tablet_id: "67d6ea030f7f41b48dcb1cc41fb21d5b" candidate_uuid: "fcb9039f22d34594bb6333b88935f0aa" candidate_term: 2 candidate_status { last_received { term: 1 index: 1 } } ignore_live_leader: false dest_uuid: "7ac64b63903943ee8f9190a663ffa087"
I20260608 12:46:34.150156 15902 raft_consensus.cc:2468] T 67d6ea030f7f41b48dcb1cc41fb21d5b P 7ac64b63903943ee8f9190a663ffa087 [term 2 FOLLOWER]: Leader election vote request: Granting yes vote for candidate fcb9039f22d34594bb6333b88935f0aa in term 2.
I20260608 12:46:34.151356 15722 leader_election.cc:304] T 67d6ea030f7f41b48dcb1cc41fb21d5b P fcb9039f22d34594bb6333b88935f0aa [CANDIDATE]: Term 2 election: Election decided. Result: candidate won. Election summary: received 3 responses out of 3 voters: 2 yes votes; 1 no votes. yes voters: 7ac64b63903943ee8f9190a663ffa087, fcb9039f22d34594bb6333b88935f0aa; no voters: 7da14180d78e4f6298d0233978e33175
I20260608 12:46:34.152606 16388 raft_consensus.cc:2804] T 67d6ea030f7f41b48dcb1cc41fb21d5b P fcb9039f22d34594bb6333b88935f0aa [term 2 FOLLOWER]: Leader election won for term 2
I20260608 12:46:34.153319 16388 raft_consensus.cc:697] T 67d6ea030f7f41b48dcb1cc41fb21d5b P fcb9039f22d34594bb6333b88935f0aa [term 2 LEADER]: Becoming Leader. State: Replica: fcb9039f22d34594bb6333b88935f0aa, State: Running, Role: LEADER
I20260608 12:46:34.154230 16062 raft_consensus.cc:2468] T 0c0b495f44e944ed969fe94cd61666a1 P 0cf62eb1cb164b2680f6c80007248d70 [term 3 FOLLOWER]: Leader election vote request: Granting yes vote for candidate 7ac64b63903943ee8f9190a663ffa087 in term 3.
I20260608 12:46:34.154104 16388 consensus_queue.cc:237] T 67d6ea030f7f41b48dcb1cc41fb21d5b P fcb9039f22d34594bb6333b88935f0aa [LEADER]: Queue going to LEADER mode. State: All replicated index: 0, Majority replicated index: 1, Committed index: 1, Last appended: 1.1, Last appended by leader: 1, Current term: 2, Majority size: 2, State: 0, Mode: LEADER, active raft config: opid_index: -1 OBSOLETE_local: false peers { permanent_uuid: "7da14180d78e4f6298d0233978e33175" member_type: VOTER last_known_addr { host: "127.12.122.130" port: 43121 } } peers { permanent_uuid: "fcb9039f22d34594bb6333b88935f0aa" member_type: VOTER last_known_addr { host: "127.12.122.129" port: 44023 } } peers { permanent_uuid: "7ac64b63903943ee8f9190a663ffa087" member_type: VOTER last_known_addr { host: "127.12.122.131" port: 38391 } }
I20260608 12:46:34.155651 15654 catalog_manager.cc:5696] T cf5b3e443bb54cd6acf9fc0bc872d589 P fcb9039f22d34594bb6333b88935f0aa reported cstate change: term changed from 1 to 2, leader changed from 7ac64b63903943ee8f9190a663ffa087 (127.12.122.131) to fcb9039f22d34594bb6333b88935f0aa (127.12.122.129). New cstate: current_term: 2 leader_uuid: "fcb9039f22d34594bb6333b88935f0aa" committed_config { opid_index: -1 OBSOLETE_local: false peers { permanent_uuid: "7ac64b63903943ee8f9190a663ffa087" member_type: VOTER last_known_addr { host: "127.12.122.131" port: 38391 } health_report { overall_health: UNKNOWN } } peers { permanent_uuid: "fcb9039f22d34594bb6333b88935f0aa" member_type: VOTER last_known_addr { host: "127.12.122.129" port: 44023 } health_report { overall_health: HEALTHY } } peers { permanent_uuid: "0cf62eb1cb164b2680f6c80007248d70" member_type: VOTER last_known_addr { host: "127.12.122.132" port: 35155 } health_report { overall_health: UNKNOWN } } }
I20260608 12:46:34.158576 15870 leader_election.cc:304] T 0c0b495f44e944ed969fe94cd61666a1 P 7ac64b63903943ee8f9190a663ffa087 [CANDIDATE]: Term 3 election: Election decided. Result: candidate won. Election summary: received 2 responses out of 3 voters: 2 yes votes; 0 no votes. yes voters: 0cf62eb1cb164b2680f6c80007248d70, 7ac64b63903943ee8f9190a663ffa087; no voters: 
I20260608 12:46:34.158787 15905 leader_election.cc:290] T 0c0b495f44e944ed969fe94cd61666a1 P 7ac64b63903943ee8f9190a663ffa087 [CANDIDATE]: Term 3 election: Requested vote from peers 0cf62eb1cb164b2680f6c80007248d70 (127.12.122.132:35155), 7da14180d78e4f6298d0233978e33175 (127.12.122.130:43121)
I20260608 12:46:34.160001 15830 tablet_service.cc:1917] Received RequestConsensusVote() RPC: tablet_id: "0c0b495f44e944ed969fe94cd61666a1" candidate_uuid: "7ac64b63903943ee8f9190a663ffa087" candidate_term: 3 candidate_status { last_received { term: 2 index: 2 } } ignore_live_leader: true dest_uuid: "7da14180d78e4f6298d0233978e33175"
I20260608 12:46:34.159479 16366 raft_consensus.cc:2804] T 0c0b495f44e944ed969fe94cd61666a1 P 7ac64b63903943ee8f9190a663ffa087 [term 3 FOLLOWER]: Leader election won for term 3
I20260608 12:46:34.160677 15830 raft_consensus.cc:3055] T 0c0b495f44e944ed969fe94cd61666a1 P 7da14180d78e4f6298d0233978e33175 [term 2 LEADER]: Stepping down as leader of term 2
I20260608 12:46:34.160754 16366 raft_consensus.cc:697] T 0c0b495f44e944ed969fe94cd61666a1 P 7ac64b63903943ee8f9190a663ffa087 [term 3 LEADER]: Becoming Leader. State: Replica: 7ac64b63903943ee8f9190a663ffa087, State: Running, Role: LEADER
I20260608 12:46:34.161082 15830 raft_consensus.cc:740] T 0c0b495f44e944ed969fe94cd61666a1 P 7da14180d78e4f6298d0233978e33175 [term 2 LEADER]: Becoming Follower/Learner. State: Replica: 7da14180d78e4f6298d0233978e33175, State: Running, Role: LEADER
I20260608 12:46:34.161968 16366 consensus_queue.cc:237] T 0c0b495f44e944ed969fe94cd61666a1 P 7ac64b63903943ee8f9190a663ffa087 [LEADER]: Queue going to LEADER mode. State: All replicated index: 0, Majority replicated index: 2, Committed index: 2, Last appended: 2.2, Last appended by leader: 2, Current term: 3, Majority size: 2, State: 0, Mode: LEADER, active raft config: opid_index: -1 OBSOLETE_local: false peers { permanent_uuid: "0cf62eb1cb164b2680f6c80007248d70" member_type: VOTER last_known_addr { host: "127.12.122.132" port: 35155 } } peers { permanent_uuid: "7da14180d78e4f6298d0233978e33175" member_type: VOTER last_known_addr { host: "127.12.122.130" port: 43121 } } peers { permanent_uuid: "7ac64b63903943ee8f9190a663ffa087" member_type: VOTER last_known_addr { host: "127.12.122.131" port: 38391 } }
I20260608 12:46:34.162160 15830 consensus_queue.cc:260] T 0c0b495f44e944ed969fe94cd61666a1 P 7da14180d78e4f6298d0233978e33175 [NON_LEADER]: Queue going to NON_LEADER mode. State: All replicated index: 0, Majority replicated index: 2, Committed index: 2, Last appended: 2.2, Last appended by leader: 2, Current term: 2, Majority size: -1, State: 0, Mode: NON_LEADER, active raft config: opid_index: -1 OBSOLETE_local: false peers { permanent_uuid: "0cf62eb1cb164b2680f6c80007248d70" member_type: VOTER last_known_addr { host: "127.12.122.132" port: 35155 } } peers { permanent_uuid: "7da14180d78e4f6298d0233978e33175" member_type: VOTER last_known_addr { host: "127.12.122.130" port: 43121 } } peers { permanent_uuid: "7ac64b63903943ee8f9190a663ffa087" member_type: VOTER last_known_addr { host: "127.12.122.131" port: 38391 } }
I20260608 12:46:34.163571 15830 raft_consensus.cc:3060] T 0c0b495f44e944ed969fe94cd61666a1 P 7da14180d78e4f6298d0233978e33175 [term 2 FOLLOWER]: Advancing to term 3
I20260608 12:46:34.170921 15830 raft_consensus.cc:2468] T 0c0b495f44e944ed969fe94cd61666a1 P 7da14180d78e4f6298d0233978e33175 [term 3 FOLLOWER]: Leader election vote request: Granting yes vote for candidate 7ac64b63903943ee8f9190a663ffa087 in term 3.
I20260608 12:46:34.173764 16390 ts_tablet_manager.cc:1929] T 5daa6fae54294ab69bfe3be25dc90166 P 7ac64b63903943ee8f9190a663ffa087: tablet deleted with delete type TABLET_DATA_TOMBSTONED: last-logged OpId 2.4
I20260608 12:46:34.179385 16390 log.cc:1199] T 5daa6fae54294ab69bfe3be25dc90166 P 7ac64b63903943ee8f9190a663ffa087: Deleting WAL directory at /tmp/dist-test-taskcX0DJo/test-tmp/auto_rebalancer-test.0.AutoRebalancerTest.RangeAwareRebalancesNewRangeReplicas.1780922699615671-12778-0/minicluster-data/ts-2-root/wals/5daa6fae54294ab69bfe3be25dc90166
I20260608 12:46:34.185436 15641 catalog_manager.cc:5027] TS 7ac64b63903943ee8f9190a663ffa087 (127.12.122.131:38391): tablet 5daa6fae54294ab69bfe3be25dc90166 (table range_aware_rebalance_new_range [id=e581327c8db1470c8b8299030ef3f09c]) successfully deleted
I20260608 12:46:34.185026 15653 catalog_manager.cc:5696] T 0c0b495f44e944ed969fe94cd61666a1 P 7ac64b63903943ee8f9190a663ffa087 reported cstate change: term changed from 2 to 3, leader changed from 7da14180d78e4f6298d0233978e33175 (127.12.122.130) to 7ac64b63903943ee8f9190a663ffa087 (127.12.122.131). New cstate: current_term: 3 leader_uuid: "7ac64b63903943ee8f9190a663ffa087" committed_config { opid_index: -1 OBSOLETE_local: false peers { permanent_uuid: "0cf62eb1cb164b2680f6c80007248d70" member_type: VOTER last_known_addr { host: "127.12.122.132" port: 35155 } health_report { overall_health: UNKNOWN } } peers { permanent_uuid: "7da14180d78e4f6298d0233978e33175" member_type: VOTER last_known_addr { host: "127.12.122.130" port: 43121 } health_report { overall_health: UNKNOWN } } peers { permanent_uuid: "7ac64b63903943ee8f9190a663ffa087" member_type: VOTER last_known_addr { host: "127.12.122.131" port: 38391 } health_report { overall_health: HEALTHY } } }
I20260608 12:46:34.191953 15650 catalog_manager.cc:5696] T 67d6ea030f7f41b48dcb1cc41fb21d5b P fcb9039f22d34594bb6333b88935f0aa reported cstate change: term changed from 1 to 2, leader changed from 7ac64b63903943ee8f9190a663ffa087 (127.12.122.131) to fcb9039f22d34594bb6333b88935f0aa (127.12.122.129). New cstate: current_term: 2 leader_uuid: "fcb9039f22d34594bb6333b88935f0aa" committed_config { opid_index: -1 OBSOLETE_local: false peers { permanent_uuid: "7da14180d78e4f6298d0233978e33175" member_type: VOTER last_known_addr { host: "127.12.122.130" port: 43121 } health_report { overall_health: UNKNOWN } } peers { permanent_uuid: "fcb9039f22d34594bb6333b88935f0aa" member_type: VOTER last_known_addr { host: "127.12.122.129" port: 44023 } health_report { overall_health: HEALTHY } } peers { permanent_uuid: "7ac64b63903943ee8f9190a663ffa087" member_type: VOTER last_known_addr { host: "127.12.122.131" port: 38391 } health_report { overall_health: UNKNOWN } } }
I20260608 12:46:34.246773 16375 raft_consensus.cc:993] T 3f516e27460c444290b8c8e4cf8db250 P 7da14180d78e4f6298d0233978e33175: : Instructing follower fcb9039f22d34594bb6333b88935f0aa to start an election
I20260608 12:46:34.247258 16378 raft_consensus.cc:1081] T 3f516e27460c444290b8c8e4cf8db250 P 7da14180d78e4f6298d0233978e33175 [term 1 LEADER]: Signalling peer fcb9039f22d34594bb6333b88935f0aa to start an election
I20260608 12:46:34.248992 15752 tablet_service.cc:2044] Received Run Leader Election RPC: tablet_id: "3f516e27460c444290b8c8e4cf8db250"
dest_uuid: "fcb9039f22d34594bb6333b88935f0aa"
 from {username='slave'} at 127.0.0.1:57718
I20260608 12:46:34.249495 15752 raft_consensus.cc:493] T 3f516e27460c444290b8c8e4cf8db250 P fcb9039f22d34594bb6333b88935f0aa [term 1 FOLLOWER]: Starting forced leader election (received explicit request)
I20260608 12:46:34.249785 15752 raft_consensus.cc:3060] T 3f516e27460c444290b8c8e4cf8db250 P fcb9039f22d34594bb6333b88935f0aa [term 1 FOLLOWER]: Advancing to term 2
I20260608 12:46:34.254395 15752 raft_consensus.cc:515] T 3f516e27460c444290b8c8e4cf8db250 P fcb9039f22d34594bb6333b88935f0aa [term 2 FOLLOWER]: Starting forced leader election with config: opid_index: -1 OBSOLETE_local: false peers { permanent_uuid: "7ac64b63903943ee8f9190a663ffa087" member_type: VOTER last_known_addr { host: "127.12.122.131" port: 38391 } } peers { permanent_uuid: "7da14180d78e4f6298d0233978e33175" member_type: VOTER last_known_addr { host: "127.12.122.130" port: 43121 } } peers { permanent_uuid: "fcb9039f22d34594bb6333b88935f0aa" member_type: VOTER last_known_addr { host: "127.12.122.129" port: 44023 } }
I20260608 12:46:34.256184 16057 raft_consensus.cc:1275] T 7616941cf3dd47028400322c82e1856b P 0cf62eb1cb164b2680f6c80007248d70 [term 3 FOLLOWER]: Refusing update from remote peer 7ac64b63903943ee8f9190a663ffa087: Log matching property violated. Preceding OpId in replica: term: 2 index: 5. Preceding OpId from leader: term: 3 index: 6. (index mismatch)
I20260608 12:46:34.257421 16366 consensus_queue.cc:1048] T 7616941cf3dd47028400322c82e1856b P 7ac64b63903943ee8f9190a663ffa087 [LEADER]: Connected to new peer: Peer: permanent_uuid: "0cf62eb1cb164b2680f6c80007248d70" member_type: VOTER last_known_addr { host: "127.12.122.132" port: 35155 } attrs { promote: false }, Status: LMP_MISMATCH, Last received: 0.0, Next index: 6, Last known committed idx: 5, Time since last communication: 0.000s
I20260608 12:46:34.257745 15752 leader_election.cc:290] T 3f516e27460c444290b8c8e4cf8db250 P fcb9039f22d34594bb6333b88935f0aa [CANDIDATE]: Term 2 election: Requested vote from peers 7ac64b63903943ee8f9190a663ffa087 (127.12.122.131:38391), 7da14180d78e4f6298d0233978e33175 (127.12.122.130:43121)
I20260608 12:46:34.258507 15905 tablet_service.cc:1917] Received RequestConsensusVote() RPC: tablet_id: "3f516e27460c444290b8c8e4cf8db250" candidate_uuid: "fcb9039f22d34594bb6333b88935f0aa" candidate_term: 2 candidate_status { last_received { term: 1 index: 1 } } ignore_live_leader: true dest_uuid: "7ac64b63903943ee8f9190a663ffa087"
I20260608 12:46:34.258873 15830 tablet_service.cc:1917] Received RequestConsensusVote() RPC: tablet_id: "3f516e27460c444290b8c8e4cf8db250" candidate_uuid: "fcb9039f22d34594bb6333b88935f0aa" candidate_term: 2 candidate_status { last_received { term: 1 index: 1 } } ignore_live_leader: true dest_uuid: "7da14180d78e4f6298d0233978e33175"
I20260608 12:46:34.259081 15905 raft_consensus.cc:3060] T 3f516e27460c444290b8c8e4cf8db250 P 7ac64b63903943ee8f9190a663ffa087 [term 1 FOLLOWER]: Advancing to term 2
I20260608 12:46:34.259496 15830 raft_consensus.cc:3055] T 3f516e27460c444290b8c8e4cf8db250 P 7da14180d78e4f6298d0233978e33175 [term 1 LEADER]: Stepping down as leader of term 1
I20260608 12:46:34.259866 15830 raft_consensus.cc:740] T 3f516e27460c444290b8c8e4cf8db250 P 7da14180d78e4f6298d0233978e33175 [term 1 LEADER]: Becoming Follower/Learner. State: Replica: 7da14180d78e4f6298d0233978e33175, State: Running, Role: LEADER
I20260608 12:46:34.260728 15830 consensus_queue.cc:260] T 3f516e27460c444290b8c8e4cf8db250 P 7da14180d78e4f6298d0233978e33175 [NON_LEADER]: Queue going to NON_LEADER mode. State: All replicated index: 0, Majority replicated index: 1, Committed index: 1, Last appended: 1.1, Last appended by leader: 1, Current term: 1, Majority size: -1, State: 0, Mode: NON_LEADER, active raft config: opid_index: -1 OBSOLETE_local: false peers { permanent_uuid: "7ac64b63903943ee8f9190a663ffa087" member_type: VOTER last_known_addr { host: "127.12.122.131" port: 38391 } } peers { permanent_uuid: "7da14180d78e4f6298d0233978e33175" member_type: VOTER last_known_addr { host: "127.12.122.130" port: 43121 } } peers { permanent_uuid: "fcb9039f22d34594bb6333b88935f0aa" member_type: VOTER last_known_addr { host: "127.12.122.129" port: 44023 } }
I20260608 12:46:34.262039 15830 raft_consensus.cc:3060] T 3f516e27460c444290b8c8e4cf8db250 P 7da14180d78e4f6298d0233978e33175 [term 1 FOLLOWER]: Advancing to term 2
I20260608 12:46:34.266153 15905 raft_consensus.cc:2468] T 3f516e27460c444290b8c8e4cf8db250 P 7ac64b63903943ee8f9190a663ffa087 [term 2 FOLLOWER]: Leader election vote request: Granting yes vote for candidate fcb9039f22d34594bb6333b88935f0aa in term 2.
I20260608 12:46:34.267378 15722 leader_election.cc:304] T 3f516e27460c444290b8c8e4cf8db250 P fcb9039f22d34594bb6333b88935f0aa [CANDIDATE]: Term 2 election: Election decided. Result: candidate won. Election summary: received 2 responses out of 3 voters: 2 yes votes; 0 no votes. yes voters: 7ac64b63903943ee8f9190a663ffa087, fcb9039f22d34594bb6333b88935f0aa; no voters: 
I20260608 12:46:34.268260 16388 raft_consensus.cc:2804] T 3f516e27460c444290b8c8e4cf8db250 P fcb9039f22d34594bb6333b88935f0aa [term 2 FOLLOWER]: Leader election won for term 2
I20260608 12:46:34.268765 16388 raft_consensus.cc:697] T 3f516e27460c444290b8c8e4cf8db250 P fcb9039f22d34594bb6333b88935f0aa [term 2 LEADER]: Becoming Leader. State: Replica: fcb9039f22d34594bb6333b88935f0aa, State: Running, Role: LEADER
I20260608 12:46:34.269871 15830 raft_consensus.cc:2468] T 3f516e27460c444290b8c8e4cf8db250 P 7da14180d78e4f6298d0233978e33175 [term 2 FOLLOWER]: Leader election vote request: Granting yes vote for candidate fcb9039f22d34594bb6333b88935f0aa in term 2.
I20260608 12:46:34.269589 16388 consensus_queue.cc:237] T 3f516e27460c444290b8c8e4cf8db250 P fcb9039f22d34594bb6333b88935f0aa [LEADER]: Queue going to LEADER mode. State: All replicated index: 0, Majority replicated index: 1, Committed index: 1, Last appended: 1.1, Last appended by leader: 1, Current term: 2, Majority size: 2, State: 0, Mode: LEADER, active raft config: opid_index: -1 OBSOLETE_local: false peers { permanent_uuid: "7ac64b63903943ee8f9190a663ffa087" member_type: VOTER last_known_addr { host: "127.12.122.131" port: 38391 } } peers { permanent_uuid: "7da14180d78e4f6298d0233978e33175" member_type: VOTER last_known_addr { host: "127.12.122.130" port: 43121 } } peers { permanent_uuid: "fcb9039f22d34594bb6333b88935f0aa" member_type: VOTER last_known_addr { host: "127.12.122.129" port: 44023 } }
I20260608 12:46:34.277887 15650 catalog_manager.cc:5696] T 3f516e27460c444290b8c8e4cf8db250 P fcb9039f22d34594bb6333b88935f0aa reported cstate change: term changed from 1 to 2, leader changed from 7da14180d78e4f6298d0233978e33175 (127.12.122.130) to fcb9039f22d34594bb6333b88935f0aa (127.12.122.129). New cstate: current_term: 2 leader_uuid: "fcb9039f22d34594bb6333b88935f0aa" committed_config { opid_index: -1 OBSOLETE_local: false peers { permanent_uuid: "7ac64b63903943ee8f9190a663ffa087" member_type: VOTER last_known_addr { host: "127.12.122.131" port: 38391 } health_report { overall_health: UNKNOWN } } peers { permanent_uuid: "7da14180d78e4f6298d0233978e33175" member_type: VOTER last_known_addr { host: "127.12.122.130" port: 43121 } health_report { overall_health: UNKNOWN } } peers { permanent_uuid: "fcb9039f22d34594bb6333b88935f0aa" member_type: VOTER last_known_addr { host: "127.12.122.129" port: 44023 } health_report { overall_health: HEALTHY } } }
I20260608 12:46:34.288264 15830 raft_consensus.cc:1275] T 7616941cf3dd47028400322c82e1856b P 7da14180d78e4f6298d0233978e33175 [term 3 FOLLOWER]: Refusing update from remote peer 7ac64b63903943ee8f9190a663ffa087: Log matching property violated. Preceding OpId in replica: term: 2 index: 5. Preceding OpId from leader: term: 3 index: 6. (index mismatch)
I20260608 12:46:34.290050 16366 consensus_queue.cc:1048] T 7616941cf3dd47028400322c82e1856b P 7ac64b63903943ee8f9190a663ffa087 [LEADER]: Connected to new peer: Peer: permanent_uuid: "7da14180d78e4f6298d0233978e33175" member_type: VOTER last_known_addr { host: "127.12.122.130" port: 43121 }, Status: LMP_MISMATCH, Last received: 0.0, Next index: 6, Last known committed idx: 5, Time since last communication: 0.000s
I20260608 12:46:34.347862 12778 tablet_server.cc:179] TabletServer@127.12.122.129:0 shutting down...
W20260608 12:46:34.367605 15795 proxy.cc:239] Call had error, refreshing address and retrying: Remote error: Service unavailable: service kudu.consensus.ConsensusService not registered on TabletServer [suppressed 6 similar messages]
W20260608 12:46:34.371117 15795 consensus_peers.cc:597] T 2a7e7f61602643a996263c402a7694c5 P 7da14180d78e4f6298d0233978e33175 -> Peer fcb9039f22d34594bb6333b88935f0aa (127.12.122.129:44023): Couldn't send request to peer fcb9039f22d34594bb6333b88935f0aa. Status: Remote error: Service unavailable: service kudu.consensus.ConsensusService not registered on TabletServer. This is attempt 1: this message will repeat every 5th retry.
I20260608 12:46:34.378010 12778 ts_tablet_manager.cc:1507] Shutting down tablet manager...
I20260608 12:46:34.378860 12778 tablet_replica.cc:333] T eb3c00295a2d4ffdb70cbe5663045275 P fcb9039f22d34594bb6333b88935f0aa: stopping tablet replica
I20260608 12:46:34.379719 12778 raft_consensus.cc:2243] T eb3c00295a2d4ffdb70cbe5663045275 P fcb9039f22d34594bb6333b88935f0aa [term 2 FOLLOWER]: Raft consensus shutting down.
I20260608 12:46:34.380236 12778 raft_consensus.cc:2272] T eb3c00295a2d4ffdb70cbe5663045275 P fcb9039f22d34594bb6333b88935f0aa [term 2 FOLLOWER]: Raft consensus is shut down!
I20260608 12:46:34.382189 12778 tablet_replica.cc:333] T cf5b3e443bb54cd6acf9fc0bc872d589 P fcb9039f22d34594bb6333b88935f0aa: stopping tablet replica
I20260608 12:46:34.382699 12778 raft_consensus.cc:2243] T cf5b3e443bb54cd6acf9fc0bc872d589 P fcb9039f22d34594bb6333b88935f0aa [term 2 LEADER]: Raft consensus shutting down.
I20260608 12:46:34.383240 12778 pending_rounds.cc:70] T cf5b3e443bb54cd6acf9fc0bc872d589 P fcb9039f22d34594bb6333b88935f0aa: Trying to abort 1 pending ops.
I20260608 12:46:34.383396 12778 pending_rounds.cc:77] T cf5b3e443bb54cd6acf9fc0bc872d589 P fcb9039f22d34594bb6333b88935f0aa: Aborting op as it isn't in flight: id { term: 2 index: 2 } timestamp: 7294659764614098944 op_type: NO_OP noop_request { }
I20260608 12:46:34.383749 12778 raft_consensus.cc:2889] T cf5b3e443bb54cd6acf9fc0bc872d589 P fcb9039f22d34594bb6333b88935f0aa [term 2 LEADER]: NO_OP replication failed: Aborted: Op aborted
I20260608 12:46:34.384001 12778 raft_consensus.cc:2272] T cf5b3e443bb54cd6acf9fc0bc872d589 P fcb9039f22d34594bb6333b88935f0aa [term 2 FOLLOWER]: Raft consensus is shut down!
I20260608 12:46:34.386420 12778 tablet_replica.cc:333] T 8dea13d09b9246b08ca6ff1925f76c43 P fcb9039f22d34594bb6333b88935f0aa: stopping tablet replica
I20260608 12:46:34.386998 12778 raft_consensus.cc:2243] T 8dea13d09b9246b08ca6ff1925f76c43 P fcb9039f22d34594bb6333b88935f0aa [term 4 FOLLOWER]: Raft consensus shutting down.
I20260608 12:46:34.387452 12778 raft_consensus.cc:2272] T 8dea13d09b9246b08ca6ff1925f76c43 P fcb9039f22d34594bb6333b88935f0aa [term 4 FOLLOWER]: Raft consensus is shut down!
I20260608 12:46:34.389813 12778 tablet_replica.cc:333] T 2a7e7f61602643a996263c402a7694c5 P fcb9039f22d34594bb6333b88935f0aa: stopping tablet replica
I20260608 12:46:34.390341 12778 raft_consensus.cc:2243] T 2a7e7f61602643a996263c402a7694c5 P fcb9039f22d34594bb6333b88935f0aa [term 1 FOLLOWER]: Raft consensus shutting down.
I20260608 12:46:34.390861 12778 raft_consensus.cc:2272] T 2a7e7f61602643a996263c402a7694c5 P fcb9039f22d34594bb6333b88935f0aa [term 1 FOLLOWER]: Raft consensus is shut down!
I20260608 12:46:34.392673 12778 tablet_replica.cc:333] T 7eb836698f2b4954aa1144b313d71b9f P fcb9039f22d34594bb6333b88935f0aa: stopping tablet replica
I20260608 12:46:34.393214 12778 raft_consensus.cc:2243] T 7eb836698f2b4954aa1144b313d71b9f P fcb9039f22d34594bb6333b88935f0aa [term 2 FOLLOWER]: Raft consensus shutting down.
I20260608 12:46:34.393584 12778 raft_consensus.cc:2272] T 7eb836698f2b4954aa1144b313d71b9f P fcb9039f22d34594bb6333b88935f0aa [term 2 FOLLOWER]: Raft consensus is shut down!
I20260608 12:46:34.395352 12778 tablet_replica.cc:333] T 67d6ea030f7f41b48dcb1cc41fb21d5b P fcb9039f22d34594bb6333b88935f0aa: stopping tablet replica
I20260608 12:46:34.395871 12778 raft_consensus.cc:2243] T 67d6ea030f7f41b48dcb1cc41fb21d5b P fcb9039f22d34594bb6333b88935f0aa [term 2 LEADER]: Raft consensus shutting down.
I20260608 12:46:34.396395 12778 pending_rounds.cc:70] T 67d6ea030f7f41b48dcb1cc41fb21d5b P fcb9039f22d34594bb6333b88935f0aa: Trying to abort 1 pending ops.
I20260608 12:46:34.396564 12778 pending_rounds.cc:77] T 67d6ea030f7f41b48dcb1cc41fb21d5b P fcb9039f22d34594bb6333b88935f0aa: Aborting op as it isn't in flight: id { term: 2 index: 2 } timestamp: 7294659764929179648 op_type: NO_OP noop_request { }
I20260608 12:46:34.396818 12778 raft_consensus.cc:2889] T 67d6ea030f7f41b48dcb1cc41fb21d5b P fcb9039f22d34594bb6333b88935f0aa [term 2 LEADER]: NO_OP replication failed: Aborted: Op aborted
I20260608 12:46:34.397094 12778 raft_consensus.cc:2272] T 67d6ea030f7f41b48dcb1cc41fb21d5b P fcb9039f22d34594bb6333b88935f0aa [term 2 FOLLOWER]: Raft consensus is shut down!
I20260608 12:46:34.399272 12778 tablet_replica.cc:333] T c359f122ec1b49ecac4eff7380ff45d6 P fcb9039f22d34594bb6333b88935f0aa: stopping tablet replica
I20260608 12:46:34.399833 12778 raft_consensus.cc:2243] T c359f122ec1b49ecac4eff7380ff45d6 P fcb9039f22d34594bb6333b88935f0aa [term 2 FOLLOWER]: Raft consensus shutting down.
I20260608 12:46:34.400205 12778 raft_consensus.cc:2272] T c359f122ec1b49ecac4eff7380ff45d6 P fcb9039f22d34594bb6333b88935f0aa [term 2 FOLLOWER]: Raft consensus is shut down!
I20260608 12:46:34.401929 12778 tablet_replica.cc:333] T 14e636f0eea64fbf99d585fb1b3547e6 P fcb9039f22d34594bb6333b88935f0aa: stopping tablet replica
I20260608 12:46:34.402372 12778 raft_consensus.cc:2243] T 14e636f0eea64fbf99d585fb1b3547e6 P fcb9039f22d34594bb6333b88935f0aa [term 2 FOLLOWER]: Raft consensus shutting down.
I20260608 12:46:34.402927 12778 raft_consensus.cc:2272] T 14e636f0eea64fbf99d585fb1b3547e6 P fcb9039f22d34594bb6333b88935f0aa [term 2 FOLLOWER]: Raft consensus is shut down!
I20260608 12:46:34.404698 12778 tablet_replica.cc:333] T 3f516e27460c444290b8c8e4cf8db250 P fcb9039f22d34594bb6333b88935f0aa: stopping tablet replica
I20260608 12:46:34.405177 12778 raft_consensus.cc:2243] T 3f516e27460c444290b8c8e4cf8db250 P fcb9039f22d34594bb6333b88935f0aa [term 2 LEADER]: Raft consensus shutting down.
I20260608 12:46:34.405725 12778 pending_rounds.cc:70] T 3f516e27460c444290b8c8e4cf8db250 P fcb9039f22d34594bb6333b88935f0aa: Trying to abort 1 pending ops.
I20260608 12:46:34.405917 12778 pending_rounds.cc:77] T 3f516e27460c444290b8c8e4cf8db250 P fcb9039f22d34594bb6333b88935f0aa: Aborting op as it isn't in flight: id { term: 2 index: 2 } timestamp: 7294659765339127808 op_type: NO_OP noop_request { }
I20260608 12:46:34.406162 12778 raft_consensus.cc:2889] T 3f516e27460c444290b8c8e4cf8db250 P fcb9039f22d34594bb6333b88935f0aa [term 2 LEADER]: NO_OP replication failed: Aborted: Op aborted
I20260608 12:46:34.406409 12778 raft_consensus.cc:2272] T 3f516e27460c444290b8c8e4cf8db250 P fcb9039f22d34594bb6333b88935f0aa [term 2 FOLLOWER]: Raft consensus is shut down!
I20260608 12:46:34.407667 16378 raft_consensus.cc:493] T 67d6ea030f7f41b48dcb1cc41fb21d5b P 7da14180d78e4f6298d0233978e33175 [term 2 FOLLOWER]: Starting pre-election (no leader contacted us within the election timeout)
I20260608 12:46:34.408174 16378 raft_consensus.cc:515] T 67d6ea030f7f41b48dcb1cc41fb21d5b P 7da14180d78e4f6298d0233978e33175 [term 2 FOLLOWER]: Starting pre-election with config: opid_index: -1 OBSOLETE_local: false peers { permanent_uuid: "7da14180d78e4f6298d0233978e33175" member_type: VOTER last_known_addr { host: "127.12.122.130" port: 43121 } } peers { permanent_uuid: "fcb9039f22d34594bb6333b88935f0aa" member_type: VOTER last_known_addr { host: "127.12.122.129" port: 44023 } } peers { permanent_uuid: "7ac64b63903943ee8f9190a663ffa087" member_type: VOTER last_known_addr { host: "127.12.122.131" port: 38391 } }
I20260608 12:46:34.409263 12778 tablet_replica.cc:333] T 8c35352d410949a3aaeb3dce6e4f00e7 P fcb9039f22d34594bb6333b88935f0aa: stopping tablet replica
I20260608 12:46:34.410014 12778 raft_consensus.cc:2243] T 8c35352d410949a3aaeb3dce6e4f00e7 P fcb9039f22d34594bb6333b88935f0aa [term 1 FOLLOWER]: Raft consensus shutting down.
I20260608 12:46:34.410404 16378 leader_election.cc:290] T 67d6ea030f7f41b48dcb1cc41fb21d5b P 7da14180d78e4f6298d0233978e33175 [CANDIDATE]: Term 3 pre-election: Requested pre-vote from peers fcb9039f22d34594bb6333b88935f0aa (127.12.122.129:44023), 7ac64b63903943ee8f9190a663ffa087 (127.12.122.131:38391)
I20260608 12:46:34.410748 12778 raft_consensus.cc:2272] T 8c35352d410949a3aaeb3dce6e4f00e7 P fcb9039f22d34594bb6333b88935f0aa [term 1 FOLLOWER]: Raft consensus is shut down!
I20260608 12:46:34.411700 15905 tablet_service.cc:1917] Received RequestConsensusVote() RPC: tablet_id: "67d6ea030f7f41b48dcb1cc41fb21d5b" candidate_uuid: "7da14180d78e4f6298d0233978e33175" candidate_term: 3 candidate_status { last_received { term: 1 index: 1 } } ignore_live_leader: false dest_uuid: "7ac64b63903943ee8f9190a663ffa087" is_pre_election: true
I20260608 12:46:34.412335 15905 raft_consensus.cc:2468] T 67d6ea030f7f41b48dcb1cc41fb21d5b P 7ac64b63903943ee8f9190a663ffa087 [term 2 FOLLOWER]: Leader pre-election vote request: Granting yes vote for candidate 7da14180d78e4f6298d0233978e33175 in term 2.
I20260608 12:46:34.413491 12778 tablet_replica.cc:333] T 6f810819f98e4e458280981e18e97621 P fcb9039f22d34594bb6333b88935f0aa: stopping tablet replica
I20260608 12:46:34.413563 15797 leader_election.cc:304] T 67d6ea030f7f41b48dcb1cc41fb21d5b P 7da14180d78e4f6298d0233978e33175 [CANDIDATE]: Term 3 pre-election: Election decided. Result: candidate won. Election summary: received 2 responses out of 3 voters: 2 yes votes; 0 no votes. yes voters: 7ac64b63903943ee8f9190a663ffa087, 7da14180d78e4f6298d0233978e33175; no voters: 
I20260608 12:46:34.414831 12778 raft_consensus.cc:2243] T 6f810819f98e4e458280981e18e97621 P fcb9039f22d34594bb6333b88935f0aa [term 1 LEADER]: Raft consensus shutting down.
W20260608 12:46:34.414747 15795 leader_election.cc:336] T 67d6ea030f7f41b48dcb1cc41fb21d5b P 7da14180d78e4f6298d0233978e33175 [CANDIDATE]: Term 3 pre-election: RPC error from VoteRequest() call to peer fcb9039f22d34594bb6333b88935f0aa (127.12.122.129:44023): Remote error: Service unavailable: service kudu.consensus.ConsensusService not registered on TabletServer
I20260608 12:46:34.414747 16378 raft_consensus.cc:2804] T 67d6ea030f7f41b48dcb1cc41fb21d5b P 7da14180d78e4f6298d0233978e33175 [term 2 FOLLOWER]: Leader pre-election won for term 3
I20260608 12:46:34.415812 16378 raft_consensus.cc:493] T 67d6ea030f7f41b48dcb1cc41fb21d5b P 7da14180d78e4f6298d0233978e33175 [term 2 FOLLOWER]: Starting leader election (no leader contacted us within the election timeout)
I20260608 12:46:34.415989 12778 raft_consensus.cc:2272] T 6f810819f98e4e458280981e18e97621 P fcb9039f22d34594bb6333b88935f0aa [term 1 FOLLOWER]: Raft consensus is shut down!
I20260608 12:46:34.416342 16378 raft_consensus.cc:3060] T 67d6ea030f7f41b48dcb1cc41fb21d5b P 7da14180d78e4f6298d0233978e33175 [term 2 FOLLOWER]: Advancing to term 3
I20260608 12:46:34.418892 12778 tablet_replica.cc:333] T 5daa6fae54294ab69bfe3be25dc90166 P fcb9039f22d34594bb6333b88935f0aa: stopping tablet replica
I20260608 12:46:34.419598 12778 raft_consensus.cc:2243] T 5daa6fae54294ab69bfe3be25dc90166 P fcb9039f22d34594bb6333b88935f0aa [term 2 FOLLOWER]: Raft consensus shutting down.
I20260608 12:46:34.420189 12778 raft_consensus.cc:2272] T 5daa6fae54294ab69bfe3be25dc90166 P fcb9039f22d34594bb6333b88935f0aa [term 2 FOLLOWER]: Raft consensus is shut down!
I20260608 12:46:34.423256 16378 raft_consensus.cc:515] T 67d6ea030f7f41b48dcb1cc41fb21d5b P 7da14180d78e4f6298d0233978e33175 [term 3 FOLLOWER]: Starting leader election with config: opid_index: -1 OBSOLETE_local: false peers { permanent_uuid: "7da14180d78e4f6298d0233978e33175" member_type: VOTER last_known_addr { host: "127.12.122.130" port: 43121 } } peers { permanent_uuid: "fcb9039f22d34594bb6333b88935f0aa" member_type: VOTER last_known_addr { host: "127.12.122.129" port: 44023 } } peers { permanent_uuid: "7ac64b63903943ee8f9190a663ffa087" member_type: VOTER last_known_addr { host: "127.12.122.131" port: 38391 } }
