I20260608 12:44:59.342918 24937 ts_tablet_manager.cc:595] Time spent register tablets: real 0.000s	user 0.000s	sys 0.000s
I20260608 12:44:59.346395 25271 sys_catalog.cc:455] T 00000000000000000000000000000000 P 69f9efb743794bce8fb50a8118ce3c58 [sys.catalog]: SysCatalogTable state changed. Reason: New leader 69f9efb743794bce8fb50a8118ce3c58. Latest consensus state: current_term: 1 leader_uuid: "69f9efb743794bce8fb50a8118ce3c58" committed_config { opid_index: -1 OBSOLETE_local: false peers { permanent_uuid: "69f9efb743794bce8fb50a8118ce3c58" member_type: VOTER last_known_addr { host: "127.24.90.126" port: 44467 } } peers { permanent_uuid: "b0ca80b8ec55436891658aea434cd443" member_type: VOTER last_known_addr { host: "127.24.90.125" port: 34691 } } peers { permanent_uuid: "f9a62997c43847398bcd72a3eda7a828" member_type: VOTER last_known_addr { host: "127.24.90.124" port: 32937 } } }
I20260608 12:44:59.347275 25271 sys_catalog.cc:458] T 00000000000000000000000000000000 P 69f9efb743794bce8fb50a8118ce3c58 [sys.catalog]: This master's current role is: LEADER
I20260608 12:44:59.350220 25275 catalog_manager.cc:1510] Loading table and tablet metadata into memory...
I20260608 12:44:59.360607 25275 catalog_manager.cc:1519] Initializing Kudu cluster ID...
I20260608 12:44:59.390039 25109 raft_consensus.cc:1275] T 00000000000000000000000000000000 P f9a62997c43847398bcd72a3eda7a828 [term 1 FOLLOWER]: Refusing update from remote peer 69f9efb743794bce8fb50a8118ce3c58: Log matching property violated. Preceding OpId in replica: term: 0 index: 0. Preceding OpId from leader: term: 1 index: 2. (index mismatch)
I20260608 12:44:59.391996 25271 consensus_queue.cc:1048] T 00000000000000000000000000000000 P 69f9efb743794bce8fb50a8118ce3c58 [LEADER]: Connected to new peer: Peer: permanent_uuid: "f9a62997c43847398bcd72a3eda7a828" member_type: VOTER last_known_addr { host: "127.24.90.124" port: 32937 }, Status: LMP_MISMATCH, Last received: 0.0, Next index: 1, Last known committed idx: 0, Time since last communication: 0.000s
I20260608 12:44:59.392788 25044 raft_consensus.cc:1275] T 00000000000000000000000000000000 P b0ca80b8ec55436891658aea434cd443 [term 1 FOLLOWER]: Refusing update from remote peer 69f9efb743794bce8fb50a8118ce3c58: Log matching property violated. Preceding OpId in replica: term: 0 index: 0. Preceding OpId from leader: term: 1 index: 2. (index mismatch)
I20260608 12:44:59.394889 25271 consensus_queue.cc:1048] T 00000000000000000000000000000000 P 69f9efb743794bce8fb50a8118ce3c58 [LEADER]: Connected to new peer: Peer: permanent_uuid: "b0ca80b8ec55436891658aea434cd443" member_type: VOTER last_known_addr { host: "127.24.90.125" port: 34691 }, Status: LMP_MISMATCH, Last received: 0.0, Next index: 1, Last known committed idx: 0, Time since last communication: 0.000s
I20260608 12:44:59.423226 25144 sys_catalog.cc:455] T 00000000000000000000000000000000 P f9a62997c43847398bcd72a3eda7a828 [sys.catalog]: SysCatalogTable state changed. Reason: New leader 69f9efb743794bce8fb50a8118ce3c58. Latest consensus state: current_term: 1 leader_uuid: "69f9efb743794bce8fb50a8118ce3c58" committed_config { opid_index: -1 OBSOLETE_local: false peers { permanent_uuid: "69f9efb743794bce8fb50a8118ce3c58" member_type: VOTER last_known_addr { host: "127.24.90.126" port: 44467 } } peers { permanent_uuid: "b0ca80b8ec55436891658aea434cd443" member_type: VOTER last_known_addr { host: "127.24.90.125" port: 34691 } } peers { permanent_uuid: "f9a62997c43847398bcd72a3eda7a828" member_type: VOTER last_known_addr { host: "127.24.90.124" port: 32937 } } }
I20260608 12:44:59.424084 25144 sys_catalog.cc:458] T 00000000000000000000000000000000 P f9a62997c43847398bcd72a3eda7a828 [sys.catalog]: This master's current role is: FOLLOWER
I20260608 12:44:59.424623 25143 sys_catalog.cc:455] T 00000000000000000000000000000000 P b0ca80b8ec55436891658aea434cd443 [sys.catalog]: SysCatalogTable state changed. Reason: New leader 69f9efb743794bce8fb50a8118ce3c58. Latest consensus state: current_term: 1 leader_uuid: "69f9efb743794bce8fb50a8118ce3c58" committed_config { opid_index: -1 OBSOLETE_local: false peers { permanent_uuid: "69f9efb743794bce8fb50a8118ce3c58" member_type: VOTER last_known_addr { host: "127.24.90.126" port: 44467 } } peers { permanent_uuid: "b0ca80b8ec55436891658aea434cd443" member_type: VOTER last_known_addr { host: "127.24.90.125" port: 34691 } } peers { permanent_uuid: "f9a62997c43847398bcd72a3eda7a828" member_type: VOTER last_known_addr { host: "127.24.90.124" port: 32937 } } }
I20260608 12:44:59.425591 25143 sys_catalog.cc:458] T 00000000000000000000000000000000 P b0ca80b8ec55436891658aea434cd443 [sys.catalog]: This master's current role is: FOLLOWER
I20260608 12:44:59.436831 25280 mvcc.cc:204] Tried to move back new op lower bound from 7294659376678187008 to 7294659376497766400. Current Snapshot: MvccSnapshot[applied={T|T < 7294659376678187008}]
I20260608 12:44:59.444198 25143 sys_catalog.cc:455] T 00000000000000000000000000000000 P b0ca80b8ec55436891658aea434cd443 [sys.catalog]: SysCatalogTable state changed. Reason: Replicated consensus-only round. Latest consensus state: current_term: 1 leader_uuid: "69f9efb743794bce8fb50a8118ce3c58" committed_config { opid_index: -1 OBSOLETE_local: false peers { permanent_uuid: "69f9efb743794bce8fb50a8118ce3c58" member_type: VOTER last_known_addr { host: "127.24.90.126" port: 44467 } } peers { permanent_uuid: "b0ca80b8ec55436891658aea434cd443" member_type: VOTER last_known_addr { host: "127.24.90.125" port: 34691 } } peers { permanent_uuid: "f9a62997c43847398bcd72a3eda7a828" member_type: VOTER last_known_addr { host: "127.24.90.124" port: 32937 } } }
I20260608 12:44:59.444942 25143 sys_catalog.cc:458] T 00000000000000000000000000000000 P b0ca80b8ec55436891658aea434cd443 [sys.catalog]: This master's current role is: FOLLOWER
I20260608 12:44:59.449757 25144 sys_catalog.cc:455] T 00000000000000000000000000000000 P f9a62997c43847398bcd72a3eda7a828 [sys.catalog]: SysCatalogTable state changed. Reason: Replicated consensus-only round. Latest consensus state: current_term: 1 leader_uuid: "69f9efb743794bce8fb50a8118ce3c58" committed_config { opid_index: -1 OBSOLETE_local: false peers { permanent_uuid: "69f9efb743794bce8fb50a8118ce3c58" member_type: VOTER last_known_addr { host: "127.24.90.126" port: 44467 } } peers { permanent_uuid: "b0ca80b8ec55436891658aea434cd443" member_type: VOTER last_known_addr { host: "127.24.90.125" port: 34691 } } peers { permanent_uuid: "f9a62997c43847398bcd72a3eda7a828" member_type: VOTER last_known_addr { host: "127.24.90.124" port: 32937 } } }
I20260608 12:44:59.450527 25144 sys_catalog.cc:458] T 00000000000000000000000000000000 P f9a62997c43847398bcd72a3eda7a828 [sys.catalog]: This master's current role is: FOLLOWER
I20260608 12:44:59.455241 25142 sys_catalog.cc:455] T 00000000000000000000000000000000 P 69f9efb743794bce8fb50a8118ce3c58 [sys.catalog]: SysCatalogTable state changed. Reason: Peer health change. Latest consensus state: current_term: 1 leader_uuid: "69f9efb743794bce8fb50a8118ce3c58" committed_config { opid_index: -1 OBSOLETE_local: false peers { permanent_uuid: "69f9efb743794bce8fb50a8118ce3c58" member_type: VOTER last_known_addr { host: "127.24.90.126" port: 44467 } } peers { permanent_uuid: "b0ca80b8ec55436891658aea434cd443" member_type: VOTER last_known_addr { host: "127.24.90.125" port: 34691 } } peers { permanent_uuid: "f9a62997c43847398bcd72a3eda7a828" member_type: VOTER last_known_addr { host: "127.24.90.124" port: 32937 } } }
I20260608 12:44:59.456193 25142 sys_catalog.cc:458] T 00000000000000000000000000000000 P 69f9efb743794bce8fb50a8118ce3c58 [sys.catalog]: This master's current role is: LEADER
I20260608 12:44:59.462560 25142 sys_catalog.cc:455] T 00000000000000000000000000000000 P 69f9efb743794bce8fb50a8118ce3c58 [sys.catalog]: SysCatalogTable state changed. Reason: Peer health change. Latest consensus state: current_term: 1 leader_uuid: "69f9efb743794bce8fb50a8118ce3c58" committed_config { opid_index: -1 OBSOLETE_local: false peers { permanent_uuid: "69f9efb743794bce8fb50a8118ce3c58" member_type: VOTER last_known_addr { host: "127.24.90.126" port: 44467 } } peers { permanent_uuid: "b0ca80b8ec55436891658aea434cd443" member_type: VOTER last_known_addr { host: "127.24.90.125" port: 34691 } } peers { permanent_uuid: "f9a62997c43847398bcd72a3eda7a828" member_type: VOTER last_known_addr { host: "127.24.90.124" port: 32937 } } }
I20260608 12:44:59.463456 25142 sys_catalog.cc:458] T 00000000000000000000000000000000 P 69f9efb743794bce8fb50a8118ce3c58 [sys.catalog]: This master's current role is: LEADER
I20260608 12:44:59.464882 25275 catalog_manager.cc:1382] Generated new cluster ID: f2a67141b822416faa793b0b9502a281
I20260608 12:44:59.465318 25275 catalog_manager.cc:1530] Initializing Kudu internal certificate authority...
I20260608 12:44:59.515313 25275 catalog_manager.cc:1405] Generated new certificate authority record
I20260608 12:44:59.518941 25275 catalog_manager.cc:1539] Loading token signing keys...
I20260608 12:44:59.567014 24937 rpc_server.cc:307] RPC server started. Bound to: 127.24.90.66:35723
I20260608 12:44:59.567153 25339 acceptor_pool.cc:272] collecting diagnostics on the listening RPC socket 127.24.90.66:35723 every 8 connection(s)
I20260608 12:44:59.571456 25275 catalog_manager.cc:6069] T 00000000000000000000000000000000 P 69f9efb743794bce8fb50a8118ce3c58: Generated new TSK 0
I20260608 12:44:59.573019 25275 catalog_manager.cc:1549] Initializing in-progress tserver states...
I20260608 12:44:59.600087 25340 heartbeater.cc:344] Connected to a master server at 127.24.90.124:32937
I20260608 12:44:59.600590 25340 heartbeater.cc:461] Registering TS with master...
I20260608 12:44:59.601693 25340 heartbeater.cc:507] Master 127.24.90.124:32937 requested a full tablet report, sending...
I20260608 12:44:59.603068 24937 file_cache.cc:492] Constructed file cache file cache with capacity 419430
I20260608 12:44:59.604372 25341 heartbeater.cc:344] Connected to a master server at 127.24.90.125:34691
I20260608 12:44:59.604770 25341 heartbeater.cc:461] Registering TS with master...
I20260608 12:44:59.605062 25099 ts_manager.cc:194] Registered new tserver with Master: efdeaafb19e44b10a599c4c3677b96e8 (127.24.90.66:35723)
I20260608 12:44:59.605723 25341 heartbeater.cc:507] Master 127.24.90.125:34691 requested a full tablet report, sending...
I20260608 12:44:59.609017 25034 ts_manager.cc:194] Registered new tserver with Master: efdeaafb19e44b10a599c4c3677b96e8 (127.24.90.66:35723)
W20260608 12:44:59.614141 25347 instance_detector.cc:116] could not retrieve AWS instance metadata: Network error: curl error: HTTP response code said error: The requested URL returned error: 404
I20260608 12:44:59.614760 25343 heartbeater.cc:344] Connected to a master server at 127.24.90.126:44467
I20260608 12:44:59.615170 25343 heartbeater.cc:461] Registering TS with master...
W20260608 12:44:59.615698 25348 instance_detector.cc:116] could not retrieve Azure instance metadata: Network error: curl error: HTTP response code said error: The requested URL returned error: 404
I20260608 12:44:59.616122 25343 heartbeater.cc:507] Master 127.24.90.126:44467 requested a full tablet report, sending...
I20260608 12:44:59.618901 24969 ts_manager.cc:194] Registered new tserver with Master: efdeaafb19e44b10a599c4c3677b96e8 (127.24.90.66:35723)
I20260608 12:44:59.622771 24969 master_service.cc:502] Signed X509 certificate for tserver {username='slave'} at 127.0.0.1:53296
W20260608 12:44:59.631253 25350 instance_detector.cc:116] could not retrieve OpenStack instance metadata: Network error: curl error: HTTP response code said error: The requested URL returned error: 404
I20260608 12:44:59.631821 24937 server_base.cc:1061] running on GCE node
I20260608 12:44:59.632944 24937 hybrid_clock.cc:584] initializing the hybrid clock with 'system_unsync' time source
W20260608 12:44:59.633229 24937 system_unsync_time.cc:38] NTP support is disabled. Clock error bounds will not be accurate. This configuration is not suitable for distributed clusters.
I20260608 12:44:59.633446 24937 hybrid_clock.cc:648] HybridClock initialized: now 1780922699633429 us; error 0 us; skew 500 ppm
I20260608 12:44:59.634222 24937 server_base.cc:861] Flag tcmalloc_max_total_thread_cache_bytes is not working since tcmalloc is not enabled.
I20260608 12:44:59.637040 24937 webserver.cc:533] Webserver started at http://127.24.90.67:33863/ using document root <none> and password file <none>
I20260608 12:44:59.637727 24937 fs_manager.cc:362] Metadata directory not provided
I20260608 12:44:59.637972 24937 fs_manager.cc:368] Using write-ahead log directory (fs_wal_dir) as metadata directory
I20260608 12:44:59.638301 24937 server_base.cc:909] This appears to be a new deployment of Kudu; creating new FS layout
I20260608 12:44:59.639704 24937 fs_manager.cc:1068] Generated new instance metadata in path /tmp/dist-test-task_hZhaB/test-tmp/auto_rebalancer-test.0.AutoRebalancerTest.OnlyLeaderDoesAutoRebalancing.1780922697027529-24937-0/minicluster-data/ts-2-root/instance:
uuid: "1123b815460f44ccaf81528523eee5df"
format_stamp: "Formatted at 2026-06-08 12:44:59 on dist-test-slave-j9fj"
I20260608 12:44:59.645682 24937 fs_manager.cc:696] Time spent creating directory manager: real 0.005s	user 0.005s	sys 0.000s
I20260608 12:44:59.650177 25355 log_block_manager.cc:4031] Time spent loading block containers with low live blocks: real 0.000s	user 0.000s	sys 0.000s
I20260608 12:44:59.651063 24937 fs_manager.cc:730] Time spent opening block manager: real 0.003s	user 0.002s	sys 0.000s
I20260608 12:44:59.651432 24937 fs_manager.cc:647] Opened local filesystem: /tmp/dist-test-task_hZhaB/test-tmp/auto_rebalancer-test.0.AutoRebalancerTest.OnlyLeaderDoesAutoRebalancing.1780922697027529-24937-0/minicluster-data/ts-2-root
uuid: "1123b815460f44ccaf81528523eee5df"
format_stamp: "Formatted at 2026-06-08 12:44:59 on dist-test-slave-j9fj"
I20260608 12:44:59.651793 24937 fs_report.cc:389] FS layout report
--------------------
wal directory: /tmp/dist-test-task_hZhaB/test-tmp/auto_rebalancer-test.0.AutoRebalancerTest.OnlyLeaderDoesAutoRebalancing.1780922697027529-24937-0/minicluster-data/ts-2-root
metadata directory: /tmp/dist-test-task_hZhaB/test-tmp/auto_rebalancer-test.0.AutoRebalancerTest.OnlyLeaderDoesAutoRebalancing.1780922697027529-24937-0/minicluster-data/ts-2-root
1 data directories: /tmp/dist-test-task_hZhaB/test-tmp/auto_rebalancer-test.0.AutoRebalancerTest.OnlyLeaderDoesAutoRebalancing.1780922697027529-24937-0/minicluster-data/ts-2-root/data
Total live blocks: 0
Total live bytes: 0
Total live bytes (after alignment): 0
Total number of LBM containers: 0 (0 full)
Did not check for missing blocks
Did not check for orphaned blocks
Total full LBM containers with extra space: 0 (0 repaired)
Total full LBM container extra space in bytes: 0 (0 repaired)
Total incomplete LBM containers: 0 (0 repaired)
Total LBM partial records: 0 (0 repaired)
Total corrupted LBM metadata records in RocksDB: 0 (0 repaired)
I20260608 12:44:59.683697 24937 rpc_server.cc:225] running with OpenSSL 1.1.1  11 Sep 2018
I20260608 12:44:59.685458 24937 kserver.cc:163] Server-wide thread pool size limit: 3276
I20260608 12:44:59.688024 24937 txn_system_client.cc:432] TxnSystemClient initialization is disabled...
I20260608 12:44:59.691989 24937 ts_tablet_manager.cc:585] Loaded tablet metadata (0 total tablets, 0 live tablets)
I20260608 12:44:59.692262 24937 ts_tablet_manager.cc:531] Time spent load tablet metadata: real 0.000s	user 0.000s	sys 0.000s
I20260608 12:44:59.692541 24937 ts_tablet_manager.cc:616] Registered 0 tablets
I20260608 12:44:59.692750 24937 ts_tablet_manager.cc:595] Time spent register tablets: real 0.000s	user 0.000s	sys 0.000s
I20260608 12:44:59.782025 24937 rpc_server.cc:307] RPC server started. Bound to: 127.24.90.67:44601
I20260608 12:44:59.782297 25417 acceptor_pool.cc:272] collecting diagnostics on the listening RPC socket 127.24.90.67:44601 every 8 connection(s)
I20260608 12:44:59.806602 25418 heartbeater.cc:344] Connected to a master server at 127.24.90.124:32937
I20260608 12:44:59.807060 25418 heartbeater.cc:461] Registering TS with master...
I20260608 12:44:59.808768 25418 heartbeater.cc:507] Master 127.24.90.124:32937 requested a full tablet report, sending...
I20260608 12:44:59.811661 25099 ts_manager.cc:194] Registered new tserver with Master: 1123b815460f44ccaf81528523eee5df (127.24.90.67:44601)
I20260608 12:44:59.826779 25419 heartbeater.cc:344] Connected to a master server at 127.24.90.125:34691
I20260608 12:44:59.827255 25419 heartbeater.cc:461] Registering TS with master...
I20260608 12:44:59.828282 25419 heartbeater.cc:507] Master 127.24.90.125:34691 requested a full tablet report, sending...
I20260608 12:44:59.831691 25034 ts_manager.cc:194] Registered new tserver with Master: 1123b815460f44ccaf81528523eee5df (127.24.90.67:44601)
I20260608 12:44:59.834116 25421 heartbeater.cc:344] Connected to a master server at 127.24.90.126:44467
I20260608 12:44:59.834545 25421 heartbeater.cc:461] Registering TS with master...
I20260608 12:44:59.835391 25421 heartbeater.cc:507] Master 127.24.90.126:44467 requested a full tablet report, sending...
I20260608 12:44:59.837726 24969 ts_manager.cc:194] Registered new tserver with Master: 1123b815460f44ccaf81528523eee5df (127.24.90.67:44601)
I20260608 12:44:59.838270 24937 internal_mini_cluster.cc:371] 3 TS(s) registered with all masters after 0.004270043s
I20260608 12:44:59.839529 24969 master_service.cc:502] Signed X509 certificate for tserver {username='slave'} at 127.0.0.1:53302
I20260608 12:45:00.025085 25177 catalog_manager.cc:1294] Loaded cluster ID: f2a67141b822416faa793b0b9502a281
I20260608 12:45:00.025450 25177 catalog_manager.cc:1587] T 00000000000000000000000000000000 P f9a62997c43847398bcd72a3eda7a828: loading cluster ID for follower catalog manager: success
I20260608 12:45:00.027086 25174 catalog_manager.cc:1294] Loaded cluster ID: f2a67141b822416faa793b0b9502a281
I20260608 12:45:00.027406 25174 catalog_manager.cc:1587] T 00000000000000000000000000000000 P b0ca80b8ec55436891658aea434cd443: loading cluster ID for follower catalog manager: success
I20260608 12:45:00.033135 25177 catalog_manager.cc:1609] T 00000000000000000000000000000000 P f9a62997c43847398bcd72a3eda7a828: acquiring CA information for follower catalog manager: success
I20260608 12:45:00.034492 25174 catalog_manager.cc:1609] T 00000000000000000000000000000000 P b0ca80b8ec55436891658aea434cd443: acquiring CA information for follower catalog manager: success
I20260608 12:45:00.039106 25177 catalog_manager.cc:1637] T 00000000000000000000000000000000 P f9a62997c43847398bcd72a3eda7a828: importing token verification keys for follower catalog manager: success; most recent TSK sequence number 0
I20260608 12:45:00.040167 25174 catalog_manager.cc:1637] T 00000000000000000000000000000000 P b0ca80b8ec55436891658aea434cd443: importing token verification keys for follower catalog manager: success; most recent TSK sequence number 0
I20260608 12:45:00.273856 24969 master_service.cc:502] Signed X509 certificate for tserver {username='slave'} at 127.0.0.1:53286
I20260608 12:45:00.627820 25343 heartbeater.cc:499] Master 127.24.90.126:44467 was elected leader, sending a full tablet report...
I20260608 12:45:00.842916 25421 heartbeater.cc:499] Master 127.24.90.126:44467 was elected leader, sending a full tablet report...
I20260608 12:45:01.009423 25169 auto_leader_rebalancer.cc:451] All tables' leader rebalancing finished this round
I20260608 12:45:01.197870 24969 catalog_manager.cc:2282] Servicing CreateTable request from {username='slave'} at 127.0.0.1:53308:
name: "test-workload"
schema {
  columns {
    name: "key"
    type: INT32
    is_key: true
    is_nullable: false
    encoding: AUTO_ENCODING
    compression: DEFAULT_COMPRESSION
    cfile_block_size: 0
    immutable: false
  }
  columns {
    name: "int_val"
    type: INT32
    is_key: false
    is_nullable: false
    encoding: AUTO_ENCODING
    compression: DEFAULT_COMPRESSION
    cfile_block_size: 0
    immutable: false
  }
  columns {
    name: "string_val"
    type: STRING
    is_key: false
    is_nullable: true
    encoding: AUTO_ENCODING
    compression: DEFAULT_COMPRESSION
    cfile_block_size: 0
    immutable: false
  }
}
num_replicas: 1
split_rows_range_bounds {
  rows: "\004\001\000\377\377\377\037\004\001\000\376\377\377?\004\001\000\375\377\377_""\004\001\000\377\377\377\037\004\001\000\376\377\377?\004\001\000\375\377\377_"
  indirect_data: """"
}
partition_schema {
  range_schema {
    columns {
      name: "key"
    }
  }
}
I20260608 12:45:01.276800 25252 heartbeater.cc:499] Master 127.24.90.126:44467 was elected leader, sending a full tablet report...
I20260608 12:45:01.285794 25305 tablet_service.cc:1511] Processing CreateTablet for tablet dfd6c1eaa5f34fa98b7ac2802de8116e (DEFAULT_TABLE table=test-workload [id=0397a8ab1a69429485f3829e9647654f]), partition=RANGE (key) PARTITION VALUES < 536870911
I20260608 12:45:01.287480 25305 data_dirs.cc:400] Could only allocate 1 dirs of requested 3 for tablet dfd6c1eaa5f34fa98b7ac2802de8116e. 1 dirs total, 0 dirs full, 0 dirs failed
I20260608 12:45:01.289366 25383 tablet_service.cc:1511] Processing CreateTablet for tablet 41fdef265f3641009e002c91b6ee6c8d (DEFAULT_TABLE table=test-workload [id=0397a8ab1a69429485f3829e9647654f]), partition=RANGE (key) PARTITION 1073741822 <= VALUES < 1610612733
I20260608 12:45:01.290710 25383 data_dirs.cc:400] Could only allocate 1 dirs of requested 3 for tablet 41fdef265f3641009e002c91b6ee6c8d. 1 dirs total, 0 dirs full, 0 dirs failed
I20260608 12:45:01.297698 25215 tablet_service.cc:1511] Processing CreateTablet for tablet 1ab20088cbf84036be04ef543a815323 (DEFAULT_TABLE table=test-workload [id=0397a8ab1a69429485f3829e9647654f]), partition=RANGE (key) PARTITION 536870911 <= VALUES < 1073741822
I20260608 12:45:01.298127 25214 tablet_service.cc:1511] Processing CreateTablet for tablet a6a3ebf7b85c420f9a09cc823139512b (DEFAULT_TABLE table=test-workload [id=0397a8ab1a69429485f3829e9647654f]), partition=RANGE (key) PARTITION 1610612733 <= VALUES
I20260608 12:45:01.299213 25215 data_dirs.cc:400] Could only allocate 1 dirs of requested 3 for tablet 1ab20088cbf84036be04ef543a815323. 1 dirs total, 0 dirs full, 0 dirs failed
I20260608 12:45:01.299925 25214 data_dirs.cc:400] Could only allocate 1 dirs of requested 3 for tablet a6a3ebf7b85c420f9a09cc823139512b. 1 dirs total, 0 dirs full, 0 dirs failed
I20260608 12:45:01.307085 25454 tablet_bootstrap.cc:492] T 41fdef265f3641009e002c91b6ee6c8d P 1123b815460f44ccaf81528523eee5df: Bootstrap starting.
I20260608 12:45:01.315368 25453 tablet_bootstrap.cc:492] T dfd6c1eaa5f34fa98b7ac2802de8116e P efdeaafb19e44b10a599c4c3677b96e8: Bootstrap starting.
I20260608 12:45:01.319669 25454 tablet_bootstrap.cc:654] T 41fdef265f3641009e002c91b6ee6c8d P 1123b815460f44ccaf81528523eee5df: Neither blocks nor log segments found. Creating new log.
I20260608 12:45:01.320914 25455 tablet_bootstrap.cc:492] T 1ab20088cbf84036be04ef543a815323 P 6fdc0e40ad024b77943ec7b215d4be4b: Bootstrap starting.
I20260608 12:45:01.323309 25453 tablet_bootstrap.cc:654] T dfd6c1eaa5f34fa98b7ac2802de8116e P efdeaafb19e44b10a599c4c3677b96e8: Neither blocks nor log segments found. Creating new log.
I20260608 12:45:01.326640 25455 tablet_bootstrap.cc:654] T 1ab20088cbf84036be04ef543a815323 P 6fdc0e40ad024b77943ec7b215d4be4b: Neither blocks nor log segments found. Creating new log.
I20260608 12:45:01.331570 25453 tablet_bootstrap.cc:492] T dfd6c1eaa5f34fa98b7ac2802de8116e P efdeaafb19e44b10a599c4c3677b96e8: No bootstrap required, opened a new log
I20260608 12:45:01.332115 25453 ts_tablet_manager.cc:1403] T dfd6c1eaa5f34fa98b7ac2802de8116e P efdeaafb19e44b10a599c4c3677b96e8: Time spent bootstrapping tablet: real 0.017s	user 0.013s	sys 0.004s
I20260608 12:45:01.332733 25454 tablet_bootstrap.cc:492] T 41fdef265f3641009e002c91b6ee6c8d P 1123b815460f44ccaf81528523eee5df: No bootstrap required, opened a new log
I20260608 12:45:01.333261 25454 ts_tablet_manager.cc:1403] T 41fdef265f3641009e002c91b6ee6c8d P 1123b815460f44ccaf81528523eee5df: Time spent bootstrapping tablet: real 0.026s	user 0.005s	sys 0.013s
I20260608 12:45:01.333573 25455 tablet_bootstrap.cc:492] T 1ab20088cbf84036be04ef543a815323 P 6fdc0e40ad024b77943ec7b215d4be4b: No bootstrap required, opened a new log
I20260608 12:45:01.333978 25455 ts_tablet_manager.cc:1403] T 1ab20088cbf84036be04ef543a815323 P 6fdc0e40ad024b77943ec7b215d4be4b: Time spent bootstrapping tablet: real 0.013s	user 0.010s	sys 0.000s
I20260608 12:45:01.335441 25453 raft_consensus.cc:359] T dfd6c1eaa5f34fa98b7ac2802de8116e P efdeaafb19e44b10a599c4c3677b96e8 [term 0 FOLLOWER]: Replica starting. Triggering 0 pending ops. Active config: opid_index: -1 OBSOLETE_local: true peers { permanent_uuid: "efdeaafb19e44b10a599c4c3677b96e8" member_type: VOTER last_known_addr { host: "127.24.90.66" port: 35723 } }
I20260608 12:45:01.336082 25453 raft_consensus.cc:385] T dfd6c1eaa5f34fa98b7ac2802de8116e P efdeaafb19e44b10a599c4c3677b96e8 [term 0 FOLLOWER]: Consensus starting up: Expiring failure detector timer to make a prompt election more likely
I20260608 12:45:01.336202 25454 raft_consensus.cc:359] T 41fdef265f3641009e002c91b6ee6c8d P 1123b815460f44ccaf81528523eee5df [term 0 FOLLOWER]: Replica starting. Triggering 0 pending ops. Active config: opid_index: -1 OBSOLETE_local: true peers { permanent_uuid: "1123b815460f44ccaf81528523eee5df" member_type: VOTER last_known_addr { host: "127.24.90.67" port: 44601 } }
I20260608 12:45:01.336438 25453 raft_consensus.cc:740] T dfd6c1eaa5f34fa98b7ac2802de8116e P efdeaafb19e44b10a599c4c3677b96e8 [term 0 FOLLOWER]: Becoming Follower/Learner. State: Replica: efdeaafb19e44b10a599c4c3677b96e8, State: Initialized, Role: FOLLOWER
I20260608 12:45:01.336385 25455 raft_consensus.cc:359] T 1ab20088cbf84036be04ef543a815323 P 6fdc0e40ad024b77943ec7b215d4be4b [term 0 FOLLOWER]: Replica starting. Triggering 0 pending ops. Active config: opid_index: -1 OBSOLETE_local: true peers { permanent_uuid: "6fdc0e40ad024b77943ec7b215d4be4b" member_type: VOTER last_known_addr { host: "127.24.90.65" port: 36419 } }
I20260608 12:45:01.336835 25454 raft_consensus.cc:385] T 41fdef265f3641009e002c91b6ee6c8d P 1123b815460f44ccaf81528523eee5df [term 0 FOLLOWER]: Consensus starting up: Expiring failure detector timer to make a prompt election more likely
I20260608 12:45:01.337255 25455 raft_consensus.cc:385] T 1ab20088cbf84036be04ef543a815323 P 6fdc0e40ad024b77943ec7b215d4be4b [term 0 FOLLOWER]: Consensus starting up: Expiring failure detector timer to make a prompt election more likely
I20260608 12:45:01.337316 25454 raft_consensus.cc:740] T 41fdef265f3641009e002c91b6ee6c8d P 1123b815460f44ccaf81528523eee5df [term 0 FOLLOWER]: Becoming Follower/Learner. State: Replica: 1123b815460f44ccaf81528523eee5df, State: Initialized, Role: FOLLOWER
I20260608 12:45:01.337759 25455 raft_consensus.cc:740] T 1ab20088cbf84036be04ef543a815323 P 6fdc0e40ad024b77943ec7b215d4be4b [term 0 FOLLOWER]: Becoming Follower/Learner. State: Replica: 6fdc0e40ad024b77943ec7b215d4be4b, State: Initialized, Role: FOLLOWER
I20260608 12:45:01.337556 25453 consensus_queue.cc:260] T dfd6c1eaa5f34fa98b7ac2802de8116e P efdeaafb19e44b10a599c4c3677b96e8 [NON_LEADER]: Queue going to NON_LEADER mode. State: All replicated index: 0, Majority replicated index: 0, Committed index: 0, Last appended: 0.0, Last appended by leader: 0, Current term: 0, Majority size: -1, State: 0, Mode: NON_LEADER, active raft config: opid_index: -1 OBSOLETE_local: true peers { permanent_uuid: "efdeaafb19e44b10a599c4c3677b96e8" member_type: VOTER last_known_addr { host: "127.24.90.66" port: 35723 } }
I20260608 12:45:01.338357 25453 raft_consensus.cc:399] T dfd6c1eaa5f34fa98b7ac2802de8116e P efdeaafb19e44b10a599c4c3677b96e8 [term 0 FOLLOWER]: Only one voter in the Raft config. Triggering election immediately
I20260608 12:45:01.338200 25454 consensus_queue.cc:260] T 41fdef265f3641009e002c91b6ee6c8d P 1123b815460f44ccaf81528523eee5df [NON_LEADER]: Queue going to NON_LEADER mode. State: All replicated index: 0, Majority replicated index: 0, Committed index: 0, Last appended: 0.0, Last appended by leader: 0, Current term: 0, Majority size: -1, State: 0, Mode: NON_LEADER, active raft config: opid_index: -1 OBSOLETE_local: true peers { permanent_uuid: "1123b815460f44ccaf81528523eee5df" member_type: VOTER last_known_addr { host: "127.24.90.67" port: 44601 } }
I20260608 12:45:01.338740 25453 raft_consensus.cc:493] T dfd6c1eaa5f34fa98b7ac2802de8116e P efdeaafb19e44b10a599c4c3677b96e8 [term 0 FOLLOWER]: Starting leader election (initial election of a single-replica configuration)
I20260608 12:45:01.338510 25455 consensus_queue.cc:260] T 1ab20088cbf84036be04ef543a815323 P 6fdc0e40ad024b77943ec7b215d4be4b [NON_LEADER]: Queue going to NON_LEADER mode. State: All replicated index: 0, Majority replicated index: 0, Committed index: 0, Last appended: 0.0, Last appended by leader: 0, Current term: 0, Majority size: -1, State: 0, Mode: NON_LEADER, active raft config: opid_index: -1 OBSOLETE_local: true peers { permanent_uuid: "6fdc0e40ad024b77943ec7b215d4be4b" member_type: VOTER last_known_addr { host: "127.24.90.65" port: 36419 } }
I20260608 12:45:01.338903 25454 raft_consensus.cc:399] T 41fdef265f3641009e002c91b6ee6c8d P 1123b815460f44ccaf81528523eee5df [term 0 FOLLOWER]: Only one voter in the Raft config. Triggering election immediately
I20260608 12:45:01.339156 25453 raft_consensus.cc:3060] T dfd6c1eaa5f34fa98b7ac2802de8116e P efdeaafb19e44b10a599c4c3677b96e8 [term 0 FOLLOWER]: Advancing to term 1
I20260608 12:45:01.339249 25455 raft_consensus.cc:399] T 1ab20088cbf84036be04ef543a815323 P 6fdc0e40ad024b77943ec7b215d4be4b [term 0 FOLLOWER]: Only one voter in the Raft config. Triggering election immediately
I20260608 12:45:01.339295 25454 raft_consensus.cc:493] T 41fdef265f3641009e002c91b6ee6c8d P 1123b815460f44ccaf81528523eee5df [term 0 FOLLOWER]: Starting leader election (initial election of a single-replica configuration)
I20260608 12:45:01.339900 25455 raft_consensus.cc:493] T 1ab20088cbf84036be04ef543a815323 P 6fdc0e40ad024b77943ec7b215d4be4b [term 0 FOLLOWER]: Starting leader election (initial election of a single-replica configuration)
I20260608 12:45:01.340013 25454 raft_consensus.cc:3060] T 41fdef265f3641009e002c91b6ee6c8d P 1123b815460f44ccaf81528523eee5df [term 0 FOLLOWER]: Advancing to term 1
I20260608 12:45:01.340360 25455 raft_consensus.cc:3060] T 1ab20088cbf84036be04ef543a815323 P 6fdc0e40ad024b77943ec7b215d4be4b [term 0 FOLLOWER]: Advancing to term 1
I20260608 12:45:01.344012 25453 raft_consensus.cc:515] T dfd6c1eaa5f34fa98b7ac2802de8116e P efdeaafb19e44b10a599c4c3677b96e8 [term 1 FOLLOWER]: Starting leader election with config: opid_index: -1 OBSOLETE_local: true peers { permanent_uuid: "efdeaafb19e44b10a599c4c3677b96e8" member_type: VOTER last_known_addr { host: "127.24.90.66" port: 35723 } }
I20260608 12:45:01.344700 25453 leader_election.cc:304] T dfd6c1eaa5f34fa98b7ac2802de8116e P efdeaafb19e44b10a599c4c3677b96e8 [CANDIDATE]: Term 1 election: Election decided. Result: candidate won. Election summary: received 1 responses out of 1 voters: 1 yes votes; 0 no votes. yes voters: efdeaafb19e44b10a599c4c3677b96e8; no voters: 
I20260608 12:45:01.346665 25454 raft_consensus.cc:515] T 41fdef265f3641009e002c91b6ee6c8d P 1123b815460f44ccaf81528523eee5df [term 1 FOLLOWER]: Starting leader election with config: opid_index: -1 OBSOLETE_local: true peers { permanent_uuid: "1123b815460f44ccaf81528523eee5df" member_type: VOTER last_known_addr { host: "127.24.90.67" port: 44601 } }
I20260608 12:45:01.346665 25455 raft_consensus.cc:515] T 1ab20088cbf84036be04ef543a815323 P 6fdc0e40ad024b77943ec7b215d4be4b [term 1 FOLLOWER]: Starting leader election with config: opid_index: -1 OBSOLETE_local: true peers { permanent_uuid: "6fdc0e40ad024b77943ec7b215d4be4b" member_type: VOTER last_known_addr { host: "127.24.90.65" port: 36419 } }
I20260608 12:45:01.347642 25454 leader_election.cc:304] T 41fdef265f3641009e002c91b6ee6c8d P 1123b815460f44ccaf81528523eee5df [CANDIDATE]: Term 1 election: Election decided. Result: candidate won. Election summary: received 1 responses out of 1 voters: 1 yes votes; 0 no votes. yes voters: 1123b815460f44ccaf81528523eee5df; no voters: 
I20260608 12:45:01.347728 25455 leader_election.cc:304] T 1ab20088cbf84036be04ef543a815323 P 6fdc0e40ad024b77943ec7b215d4be4b [CANDIDATE]: Term 1 election: Election decided. Result: candidate won. Election summary: received 1 responses out of 1 voters: 1 yes votes; 0 no votes. yes voters: 6fdc0e40ad024b77943ec7b215d4be4b; no voters: 
I20260608 12:45:01.351318 25453 leader_election.cc:290] T dfd6c1eaa5f34fa98b7ac2802de8116e P efdeaafb19e44b10a599c4c3677b96e8 [CANDIDATE]: Term 1 election: Requested vote from peers 
I20260608 12:45:01.351922 25459 raft_consensus.cc:2804] T dfd6c1eaa5f34fa98b7ac2802de8116e P efdeaafb19e44b10a599c4c3677b96e8 [term 1 FOLLOWER]: Leader election won for term 1
I20260608 12:45:01.357327 25453 ts_tablet_manager.cc:1434] T dfd6c1eaa5f34fa98b7ac2802de8116e P efdeaafb19e44b10a599c4c3677b96e8: Time spent starting tablet: real 0.025s	user 0.014s	sys 0.009s
I20260608 12:45:01.358872 25454 leader_election.cc:290] T 41fdef265f3641009e002c91b6ee6c8d P 1123b815460f44ccaf81528523eee5df [CANDIDATE]: Term 1 election: Requested vote from peers 
I20260608 12:45:01.360726 25455 leader_election.cc:290] T 1ab20088cbf84036be04ef543a815323 P 6fdc0e40ad024b77943ec7b215d4be4b [CANDIDATE]: Term 1 election: Requested vote from peers 
I20260608 12:45:01.362088 25459 raft_consensus.cc:697] T dfd6c1eaa5f34fa98b7ac2802de8116e P efdeaafb19e44b10a599c4c3677b96e8 [term 1 LEADER]: Becoming Leader. State: Replica: efdeaafb19e44b10a599c4c3677b96e8, State: Running, Role: LEADER
I20260608 12:45:01.360630 25460 raft_consensus.cc:2804] T 41fdef265f3641009e002c91b6ee6c8d P 1123b815460f44ccaf81528523eee5df [term 1 FOLLOWER]: Leader election won for term 1
I20260608 12:45:01.363054 25459 consensus_queue.cc:237] T dfd6c1eaa5f34fa98b7ac2802de8116e P efdeaafb19e44b10a599c4c3677b96e8 [LEADER]: Queue going to LEADER mode. State: All replicated index: 0, Majority replicated index: 0, Committed index: 0, Last appended: 0.0, Last appended by leader: 0, Current term: 1, Majority size: 1, State: 0, Mode: LEADER, active raft config: opid_index: -1 OBSOLETE_local: true peers { permanent_uuid: "efdeaafb19e44b10a599c4c3677b96e8" member_type: VOTER last_known_addr { host: "127.24.90.66" port: 35723 } }
I20260608 12:45:01.363613 25461 raft_consensus.cc:2804] T 1ab20088cbf84036be04ef543a815323 P 6fdc0e40ad024b77943ec7b215d4be4b [term 1 FOLLOWER]: Leader election won for term 1
I20260608 12:45:01.371915 25455 ts_tablet_manager.cc:1434] T 1ab20088cbf84036be04ef543a815323 P 6fdc0e40ad024b77943ec7b215d4be4b: Time spent starting tablet: real 0.038s	user 0.025s	sys 0.011s
I20260608 12:45:01.373651 25455 tablet_bootstrap.cc:492] T a6a3ebf7b85c420f9a09cc823139512b P 6fdc0e40ad024b77943ec7b215d4be4b: Bootstrap starting.
I20260608 12:45:01.377755 25461 raft_consensus.cc:697] T 1ab20088cbf84036be04ef543a815323 P 6fdc0e40ad024b77943ec7b215d4be4b [term 1 LEADER]: Becoming Leader. State: Replica: 6fdc0e40ad024b77943ec7b215d4be4b, State: Running, Role: LEADER
I20260608 12:45:01.379091 25461 consensus_queue.cc:237] T 1ab20088cbf84036be04ef543a815323 P 6fdc0e40ad024b77943ec7b215d4be4b [LEADER]: Queue going to LEADER mode. State: All replicated index: 0, Majority replicated index: 0, Committed index: 0, Last appended: 0.0, Last appended by leader: 0, Current term: 1, Majority size: 1, State: 0, Mode: LEADER, active raft config: opid_index: -1 OBSOLETE_local: true peers { permanent_uuid: "6fdc0e40ad024b77943ec7b215d4be4b" member_type: VOTER last_known_addr { host: "127.24.90.65" port: 36419 } }
I20260608 12:45:01.383261 25455 tablet_bootstrap.cc:654] T a6a3ebf7b85c420f9a09cc823139512b P 6fdc0e40ad024b77943ec7b215d4be4b: Neither blocks nor log segments found. Creating new log.
I20260608 12:45:01.384421 25454 ts_tablet_manager.cc:1434] T 41fdef265f3641009e002c91b6ee6c8d P 1123b815460f44ccaf81528523eee5df: Time spent starting tablet: real 0.051s	user 0.030s	sys 0.016s
I20260608 12:45:01.391177 25455 tablet_bootstrap.cc:492] T a6a3ebf7b85c420f9a09cc823139512b P 6fdc0e40ad024b77943ec7b215d4be4b: No bootstrap required, opened a new log
I20260608 12:45:01.392747 25455 ts_tablet_manager.cc:1403] T a6a3ebf7b85c420f9a09cc823139512b P 6fdc0e40ad024b77943ec7b215d4be4b: Time spent bootstrapping tablet: real 0.019s	user 0.007s	sys 0.010s
I20260608 12:45:01.396502 25455 raft_consensus.cc:359] T a6a3ebf7b85c420f9a09cc823139512b P 6fdc0e40ad024b77943ec7b215d4be4b [term 0 FOLLOWER]: Replica starting. Triggering 0 pending ops. Active config: opid_index: -1 OBSOLETE_local: true peers { permanent_uuid: "6fdc0e40ad024b77943ec7b215d4be4b" member_type: VOTER last_known_addr { host: "127.24.90.65" port: 36419 } }
I20260608 12:45:01.397233 25455 raft_consensus.cc:385] T a6a3ebf7b85c420f9a09cc823139512b P 6fdc0e40ad024b77943ec7b215d4be4b [term 0 FOLLOWER]: Consensus starting up: Expiring failure detector timer to make a prompt election more likely
I20260608 12:45:01.397617 25455 raft_consensus.cc:740] T a6a3ebf7b85c420f9a09cc823139512b P 6fdc0e40ad024b77943ec7b215d4be4b [term 0 FOLLOWER]: Becoming Follower/Learner. State: Replica: 6fdc0e40ad024b77943ec7b215d4be4b, State: Initialized, Role: FOLLOWER
I20260608 12:45:01.398540 25455 consensus_queue.cc:260] T a6a3ebf7b85c420f9a09cc823139512b P 6fdc0e40ad024b77943ec7b215d4be4b [NON_LEADER]: Queue going to NON_LEADER mode. State: All replicated index: 0, Majority replicated index: 0, Committed index: 0, Last appended: 0.0, Last appended by leader: 0, Current term: 0, Majority size: -1, State: 0, Mode: NON_LEADER, active raft config: opid_index: -1 OBSOLETE_local: true peers { permanent_uuid: "6fdc0e40ad024b77943ec7b215d4be4b" member_type: VOTER last_known_addr { host: "127.24.90.65" port: 36419 } }
I20260608 12:45:01.399263 25455 raft_consensus.cc:399] T a6a3ebf7b85c420f9a09cc823139512b P 6fdc0e40ad024b77943ec7b215d4be4b [term 0 FOLLOWER]: Only one voter in the Raft config. Triggering election immediately
I20260608 12:45:01.399652 25455 raft_consensus.cc:493] T a6a3ebf7b85c420f9a09cc823139512b P 6fdc0e40ad024b77943ec7b215d4be4b [term 0 FOLLOWER]: Starting leader election (initial election of a single-replica configuration)
I20260608 12:45:01.400079 25455 raft_consensus.cc:3060] T a6a3ebf7b85c420f9a09cc823139512b P 6fdc0e40ad024b77943ec7b215d4be4b [term 0 FOLLOWER]: Advancing to term 1
I20260608 12:45:01.402030 25460 raft_consensus.cc:697] T 41fdef265f3641009e002c91b6ee6c8d P 1123b815460f44ccaf81528523eee5df [term 1 LEADER]: Becoming Leader. State: Replica: 1123b815460f44ccaf81528523eee5df, State: Running, Role: LEADER
I20260608 12:45:01.402503 24968 catalog_manager.cc:5696] T dfd6c1eaa5f34fa98b7ac2802de8116e P efdeaafb19e44b10a599c4c3677b96e8 reported cstate change: term changed from 0 to 1, leader changed from <none> to efdeaafb19e44b10a599c4c3677b96e8 (127.24.90.66). New cstate: current_term: 1 leader_uuid: "efdeaafb19e44b10a599c4c3677b96e8" committed_config { opid_index: -1 OBSOLETE_local: true peers { permanent_uuid: "efdeaafb19e44b10a599c4c3677b96e8" member_type: VOTER last_known_addr { host: "127.24.90.66" port: 35723 } health_report { overall_health: HEALTHY } } }
I20260608 12:45:01.414486 24969 catalog_manager.cc:5696] T 1ab20088cbf84036be04ef543a815323 P 6fdc0e40ad024b77943ec7b215d4be4b reported cstate change: term changed from 0 to 1, leader changed from <none> to 6fdc0e40ad024b77943ec7b215d4be4b (127.24.90.65). New cstate: current_term: 1 leader_uuid: "6fdc0e40ad024b77943ec7b215d4be4b" committed_config { opid_index: -1 OBSOLETE_local: true peers { permanent_uuid: "6fdc0e40ad024b77943ec7b215d4be4b" member_type: VOTER last_known_addr { host: "127.24.90.65" port: 36419 } health_report { overall_health: HEALTHY } } }
I20260608 12:45:01.419333 25455 raft_consensus.cc:515] T a6a3ebf7b85c420f9a09cc823139512b P 6fdc0e40ad024b77943ec7b215d4be4b [term 1 FOLLOWER]: Starting leader election with config: opid_index: -1 OBSOLETE_local: true peers { permanent_uuid: "6fdc0e40ad024b77943ec7b215d4be4b" member_type: VOTER last_known_addr { host: "127.24.90.65" port: 36419 } }
I20260608 12:45:01.421962 25455 leader_election.cc:304] T a6a3ebf7b85c420f9a09cc823139512b P 6fdc0e40ad024b77943ec7b215d4be4b [CANDIDATE]: Term 1 election: Election decided. Result: candidate won. Election summary: received 1 responses out of 1 voters: 1 yes votes; 0 no votes. yes voters: 6fdc0e40ad024b77943ec7b215d4be4b; no voters: 
I20260608 12:45:01.422960 25455 leader_election.cc:290] T a6a3ebf7b85c420f9a09cc823139512b P 6fdc0e40ad024b77943ec7b215d4be4b [CANDIDATE]: Term 1 election: Requested vote from peers 
I20260608 12:45:01.423838 25467 raft_consensus.cc:2804] T a6a3ebf7b85c420f9a09cc823139512b P 6fdc0e40ad024b77943ec7b215d4be4b [term 1 FOLLOWER]: Leader election won for term 1
I20260608 12:45:01.424443 25467 raft_consensus.cc:697] T a6a3ebf7b85c420f9a09cc823139512b P 6fdc0e40ad024b77943ec7b215d4be4b [term 1 LEADER]: Becoming Leader. State: Replica: 6fdc0e40ad024b77943ec7b215d4be4b, State: Running, Role: LEADER
I20260608 12:45:01.420943 25460 consensus_queue.cc:237] T 41fdef265f3641009e002c91b6ee6c8d P 1123b815460f44ccaf81528523eee5df [LEADER]: Queue going to LEADER mode. State: All replicated index: 0, Majority replicated index: 0, Committed index: 0, Last appended: 0.0, Last appended by leader: 0, Current term: 1, Majority size: 1, State: 0, Mode: LEADER, active raft config: opid_index: -1 OBSOLETE_local: true peers { permanent_uuid: "1123b815460f44ccaf81528523eee5df" member_type: VOTER last_known_addr { host: "127.24.90.67" port: 44601 } }
I20260608 12:45:01.424912 25455 ts_tablet_manager.cc:1434] T a6a3ebf7b85c420f9a09cc823139512b P 6fdc0e40ad024b77943ec7b215d4be4b: Time spent starting tablet: real 0.032s	user 0.016s	sys 0.001s
I20260608 12:45:01.425251 25467 consensus_queue.cc:237] T a6a3ebf7b85c420f9a09cc823139512b P 6fdc0e40ad024b77943ec7b215d4be4b [LEADER]: Queue going to LEADER mode. State: All replicated index: 0, Majority replicated index: 0, Committed index: 0, Last appended: 0.0, Last appended by leader: 0, Current term: 1, Majority size: 1, State: 0, Mode: LEADER, active raft config: opid_index: -1 OBSOLETE_local: true peers { permanent_uuid: "6fdc0e40ad024b77943ec7b215d4be4b" member_type: VOTER last_known_addr { host: "127.24.90.65" port: 36419 } }
I20260608 12:45:01.462004 24967 catalog_manager.cc:5696] T 41fdef265f3641009e002c91b6ee6c8d P 1123b815460f44ccaf81528523eee5df reported cstate change: term changed from 0 to 1, leader changed from <none> to 1123b815460f44ccaf81528523eee5df (127.24.90.67). New cstate: current_term: 1 leader_uuid: "1123b815460f44ccaf81528523eee5df" committed_config { opid_index: -1 OBSOLETE_local: true peers { permanent_uuid: "1123b815460f44ccaf81528523eee5df" member_type: VOTER last_known_addr { host: "127.24.90.67" port: 44601 } health_report { overall_health: HEALTHY } } }
I20260608 12:45:01.498973 24966 catalog_manager.cc:5696] T a6a3ebf7b85c420f9a09cc823139512b P 6fdc0e40ad024b77943ec7b215d4be4b reported cstate change: term changed from 0 to 1, leader changed from <none> to 6fdc0e40ad024b77943ec7b215d4be4b (127.24.90.65). New cstate: current_term: 1 leader_uuid: "6fdc0e40ad024b77943ec7b215d4be4b" committed_config { opid_index: -1 OBSOLETE_local: true peers { permanent_uuid: "6fdc0e40ad024b77943ec7b215d4be4b" member_type: VOTER last_known_addr { host: "127.24.90.65" port: 36419 } health_report { overall_health: HEALTHY } } }
I20260608 12:45:01.545650 24937 tablet_server.cc:179] TabletServer@127.24.90.65:0 shutting down...
I20260608 12:45:01.564465 24937 ts_tablet_manager.cc:1507] Shutting down tablet manager...
I20260608 12:45:01.565434 24937 tablet_replica.cc:333] T a6a3ebf7b85c420f9a09cc823139512b P 6fdc0e40ad024b77943ec7b215d4be4b: stopping tablet replica
I20260608 12:45:01.566098 24937 raft_consensus.cc:2243] T a6a3ebf7b85c420f9a09cc823139512b P 6fdc0e40ad024b77943ec7b215d4be4b [term 1 LEADER]: Raft consensus shutting down.
I20260608 12:45:01.566596 24937 raft_consensus.cc:2272] T a6a3ebf7b85c420f9a09cc823139512b P 6fdc0e40ad024b77943ec7b215d4be4b [term 1 FOLLOWER]: Raft consensus is shut down!
I20260608 12:45:01.569402 24937 tablet_replica.cc:333] T 1ab20088cbf84036be04ef543a815323 P 6fdc0e40ad024b77943ec7b215d4be4b: stopping tablet replica
I20260608 12:45:01.569891 24937 raft_consensus.cc:2243] T 1ab20088cbf84036be04ef543a815323 P 6fdc0e40ad024b77943ec7b215d4be4b [term 1 LEADER]: Raft consensus shutting down.
I20260608 12:45:01.570307 24937 raft_consensus.cc:2272] T 1ab20088cbf84036be04ef543a815323 P 6fdc0e40ad024b77943ec7b215d4be4b [term 1 FOLLOWER]: Raft consensus is shut down!
I20260608 12:45:01.718762 24937 tablet_server.cc:196] TabletServer@127.24.90.65:0 shutdown complete.
I20260608 12:45:01.728470 24937 tablet_server.cc:179] TabletServer@127.24.90.66:0 shutting down...
I20260608 12:45:01.744236 24937 ts_tablet_manager.cc:1507] Shutting down tablet manager...
I20260608 12:45:01.745016 24937 tablet_replica.cc:333] T dfd6c1eaa5f34fa98b7ac2802de8116e P efdeaafb19e44b10a599c4c3677b96e8: stopping tablet replica
I20260608 12:45:01.745549 24937 raft_consensus.cc:2243] T dfd6c1eaa5f34fa98b7ac2802de8116e P efdeaafb19e44b10a599c4c3677b96e8 [term 1 LEADER]: Raft consensus shutting down.
I20260608 12:45:01.746025 24937 raft_consensus.cc:2272] T dfd6c1eaa5f34fa98b7ac2802de8116e P efdeaafb19e44b10a599c4c3677b96e8 [term 1 FOLLOWER]: Raft consensus is shut down!
I20260608 12:45:01.765723 24937 tablet_server.cc:196] TabletServer@127.24.90.66:0 shutdown complete.
I20260608 12:45:01.773496 24937 tablet_server.cc:179] TabletServer@127.24.90.67:0 shutting down...
I20260608 12:45:01.790982 24937 ts_tablet_manager.cc:1507] Shutting down tablet manager...
I20260608 12:45:01.791817 24937 tablet_replica.cc:333] T 41fdef265f3641009e002c91b6ee6c8d P 1123b815460f44ccaf81528523eee5df: stopping tablet replica
I20260608 12:45:01.792420 24937 raft_consensus.cc:2243] T 41fdef265f3641009e002c91b6ee6c8d P 1123b815460f44ccaf81528523eee5df [term 1 LEADER]: Raft consensus shutting down.
I20260608 12:45:01.792888 24937 raft_consensus.cc:2272] T 41fdef265f3641009e002c91b6ee6c8d P 1123b815460f44ccaf81528523eee5df [term 1 FOLLOWER]: Raft consensus is shut down!
I20260608 12:45:01.802062 24937 tablet_server.cc:196] TabletServer@127.24.90.67:0 shutdown complete.
I20260608 12:45:01.810020 24937 master.cc:562] Master@127.24.90.126:44467 shutting down...
I20260608 12:45:01.909027 24937 raft_consensus.cc:2243] T 00000000000000000000000000000000 P 69f9efb743794bce8fb50a8118ce3c58 [term 1 LEADER]: Raft consensus shutting down.
I20260608 12:45:01.909907 24937 raft_consensus.cc:2272] T 00000000000000000000000000000000 P 69f9efb743794bce8fb50a8118ce3c58 [term 1 FOLLOWER]: Raft consensus is shut down!
I20260608 12:45:01.910297 24937 tablet_replica.cc:333] T 00000000000000000000000000000000 P 69f9efb743794bce8fb50a8118ce3c58: stopping tablet replica
I20260608 12:45:01.930048 24937 master.cc:584] Master@127.24.90.126:44467 shutdown complete.
I20260608 12:45:01.941471 24937 master.cc:562] Master@127.24.90.125:34691 shutting down...
I20260608 12:45:01.955132 24937 raft_consensus.cc:2243] T 00000000000000000000000000000000 P b0ca80b8ec55436891658aea434cd443 [term 1 FOLLOWER]: Raft consensus shutting down.
I20260608 12:45:01.955693 24937 raft_consensus.cc:2272] T 00000000000000000000000000000000 P b0ca80b8ec55436891658aea434cd443 [term 1 FOLLOWER]: Raft consensus is shut down!
I20260608 12:45:01.956106 24937 tablet_replica.cc:333] T 00000000000000000000000000000000 P b0ca80b8ec55436891658aea434cd443: stopping tablet replica
I20260608 12:45:01.989236 24937 master.cc:584] Master@127.24.90.125:34691 shutdown complete.
I20260608 12:45:01.999915 24937 master.cc:562] Master@127.24.90.124:32937 shutting down...
I20260608 12:45:02.017777 24937 raft_consensus.cc:2243] T 00000000000000000000000000000000 P f9a62997c43847398bcd72a3eda7a828 [term 1 FOLLOWER]: Raft consensus shutting down.
I20260608 12:45:02.018325 24937 raft_consensus.cc:2272] T 00000000000000000000000000000000 P f9a62997c43847398bcd72a3eda7a828 [term 1 FOLLOWER]: Raft consensus is shut down!
I20260608 12:45:02.018596 24937 tablet_replica.cc:333] T 00000000000000000000000000000000 P f9a62997c43847398bcd72a3eda7a828: stopping tablet replica
I20260608 12:45:02.036906 24937 master.cc:584] Master@127.24.90.124:32937 shutdown complete.
[       OK ] AutoRebalancerTest.OnlyLeaderDoesAutoRebalancing (4866 ms)
[ RUN      ] AutoRebalancerTest.AutoRebalancingTurnOffAndOn
I20260608 12:45:02.063217 24937 internal_mini_cluster.cc:156] Creating distributed mini masters. Addrs: 127.24.90.126:45153
I20260608 12:45:02.064414 24937 file_cache.cc:492] Constructed file cache file cache with capacity 419430
W20260608 12:45:02.068931 25477 instance_detector.cc:116] could not retrieve AWS instance metadata: Network error: curl error: HTTP response code said error: The requested URL returned error: 404
W20260608 12:45:02.070160 25478 instance_detector.cc:116] could not retrieve Azure instance metadata: Network error: curl error: HTTP response code said error: The requested URL returned error: 404
W20260608 12:45:02.071929 25480 instance_detector.cc:116] could not retrieve OpenStack instance metadata: Network error: curl error: HTTP response code said error: The requested URL returned error: 404
I20260608 12:45:02.072249 24937 server_base.cc:1061] running on GCE node
I20260608 12:45:02.073024 24937 hybrid_clock.cc:584] initializing the hybrid clock with 'system_unsync' time source
W20260608 12:45:02.073238 24937 system_unsync_time.cc:38] NTP support is disabled. Clock error bounds will not be accurate. This configuration is not suitable for distributed clusters.
