I20260608 12:46:22.394466 27974 raft_consensus.cc:2955] T 51a8548fb25b4439851ea6cb092a0401 P b0dd807ccb774d35b1c0a442637a8915 [term 1 FOLLOWER]: Committing config change with OpId 1.3: config changed from index 2 to 3, 71aa52b87e6643ce9f33c9c2fe039590 (127.24.90.67) changed from NON_VOTER to VOTER. New config: { opid_index: 3 OBSOLETE_local: false peers { permanent_uuid: "1e81f95404a3425083a840edf8a53037" member_type: VOTER last_known_addr { host: "127.24.90.68" port: 45775 } attrs { replace: true } } peers { permanent_uuid: "dcf286a71c094356b9e1d42b5b27b16c" member_type: VOTER last_known_addr { host: "127.24.90.65" port: 38075 } } peers { permanent_uuid: "b0dd807ccb774d35b1c0a442637a8915" member_type: VOTER last_known_addr { host: "127.24.90.66" port: 43621 } } peers { permanent_uuid: "71aa52b87e6643ce9f33c9c2fe039590" member_type: VOTER last_known_addr { host: "127.24.90.67" port: 41201 } attrs { promote: false } } }
I20260608 12:46:22.397603 28048 consensus_queue.cc:237] T 8d8c22252a824be0a1fed0ea8e227ce1 P 71aa52b87e6643ce9f33c9c2fe039590 [LEADER]: Queue going to LEADER mode. State: All replicated index: 0, Majority replicated index: 4, Committed index: 4, Last appended: 2.4, Last appended by leader: 1, Current term: 2, Majority size: 2, State: 0, Mode: LEADER, active raft config: opid_index: 5 OBSOLETE_local: false peers { permanent_uuid: "b0dd807ccb774d35b1c0a442637a8915" member_type: VOTER last_known_addr { host: "127.24.90.66" port: 43621 } } peers { permanent_uuid: "71aa52b87e6643ce9f33c9c2fe039590" member_type: VOTER last_known_addr { host: "127.24.90.67" port: 41201 } } peers { permanent_uuid: "1e81f95404a3425083a840edf8a53037" member_type: VOTER last_known_addr { host: "127.24.90.68" port: 45775 } attrs { promote: false } }
I20260608 12:46:22.416301 28436 raft_consensus.cc:1064] T 58f97691696144bf9772fe3d1aab2ccf P dcf286a71c094356b9e1d42b5b27b16c: attempting to promote NON_VOTER b0dd807ccb774d35b1c0a442637a8915 to VOTER
I20260608 12:46:22.418399 28436 consensus_queue.cc:237] T 58f97691696144bf9772fe3d1aab2ccf P dcf286a71c094356b9e1d42b5b27b16c [LEADER]: Queue going to LEADER mode. State: All replicated index: 0, Majority replicated index: 2, Committed index: 2, Last appended: 1.2, Last appended by leader: 0, Current term: 1, Majority size: 3, State: 0, Mode: LEADER, active raft config: opid_index: 3 OBSOLETE_local: false peers { permanent_uuid: "71aa52b87e6643ce9f33c9c2fe039590" member_type: VOTER last_known_addr { host: "127.24.90.67" port: 41201 } } peers { permanent_uuid: "1e81f95404a3425083a840edf8a53037" member_type: VOTER last_known_addr { host: "127.24.90.68" port: 45775 } attrs { replace: true } } peers { permanent_uuid: "dcf286a71c094356b9e1d42b5b27b16c" member_type: VOTER last_known_addr { host: "127.24.90.65" port: 38075 } } peers { permanent_uuid: "b0dd807ccb774d35b1c0a442637a8915" member_type: VOTER last_known_addr { host: "127.24.90.66" port: 43621 } attrs { promote: false } }
I20260608 12:46:22.427583 27896 raft_consensus.cc:1275] T dd8ccf76037d4e84a20f242660f59169 P dcf286a71c094356b9e1d42b5b27b16c [term 2 FOLLOWER]: Refusing update from remote peer 1e81f95404a3425083a840edf8a53037: Log matching property violated. Preceding OpId in replica: term: 1 index: 1. Preceding OpId from leader: term: 2 index: 2. (index mismatch)
I20260608 12:46:22.428858 27899 consensus_queue.cc:237] T 51a8548fb25b4439851ea6cb092a0401 P dcf286a71c094356b9e1d42b5b27b16c [LEADER]: Queue going to LEADER mode. State: All replicated index: 0, Majority replicated index: 3, Committed index: 3, Last appended: 1.3, Last appended by leader: 0, Current term: 1, Majority size: 2, State: 0, Mode: LEADER, active raft config: opid_index: 4 OBSOLETE_local: false peers { permanent_uuid: "dcf286a71c094356b9e1d42b5b27b16c" member_type: VOTER last_known_addr { host: "127.24.90.65" port: 38075 } } peers { permanent_uuid: "b0dd807ccb774d35b1c0a442637a8915" member_type: VOTER last_known_addr { host: "127.24.90.66" port: 43621 } } peers { permanent_uuid: "71aa52b87e6643ce9f33c9c2fe039590" member_type: VOTER last_known_addr { host: "127.24.90.67" port: 41201 } attrs { promote: false } }
I20260608 12:46:22.431363 28394 consensus_queue.cc:1048] T dd8ccf76037d4e84a20f242660f59169 P 1e81f95404a3425083a840edf8a53037 [LEADER]: Connected to new peer: Peer: permanent_uuid: "dcf286a71c094356b9e1d42b5b27b16c" member_type: VOTER last_known_addr { host: "127.24.90.65" port: 38075 }, Status: LMP_MISMATCH, Last received: 0.0, Next index: 2, Last known committed idx: 1, Time since last communication: 0.000s
I20260608 12:46:22.436589 27973 raft_consensus.cc:1275] T 8d8c22252a824be0a1fed0ea8e227ce1 P b0dd807ccb774d35b1c0a442637a8915 [term 2 FOLLOWER]: Refusing update from remote peer 71aa52b87e6643ce9f33c9c2fe039590: Log matching property violated. Preceding OpId in replica: term: 2 index: 4. Preceding OpId from leader: term: 2 index: 5. (index mismatch)
I20260608 12:46:22.439476 28452 consensus_queue.cc:1048] T 8d8c22252a824be0a1fed0ea8e227ce1 P 71aa52b87e6643ce9f33c9c2fe039590 [LEADER]: Connected to new peer: Peer: permanent_uuid: "b0dd807ccb774d35b1c0a442637a8915" member_type: VOTER last_known_addr { host: "127.24.90.66" port: 43621 }, Status: LMP_MISMATCH, Last received: 0.0, Next index: 5, Last known committed idx: 4, Time since last communication: 0.001s
I20260608 12:46:22.446496 28048 raft_consensus.cc:1275] T 51a8548fb25b4439851ea6cb092a0401 P 71aa52b87e6643ce9f33c9c2fe039590 [term 1 FOLLOWER]: Refusing update from remote peer dcf286a71c094356b9e1d42b5b27b16c: Log matching property violated. Preceding OpId in replica: term: 1 index: 3. Preceding OpId from leader: term: 1 index: 4. (index mismatch)
I20260608 12:46:22.447448 27975 raft_consensus.cc:1275] T 51a8548fb25b4439851ea6cb092a0401 P b0dd807ccb774d35b1c0a442637a8915 [term 1 FOLLOWER]: Refusing update from remote peer dcf286a71c094356b9e1d42b5b27b16c: Log matching property violated. Preceding OpId in replica: term: 1 index: 3. Preceding OpId from leader: term: 1 index: 4. (index mismatch)
I20260608 12:46:22.449157 28437 consensus_queue.cc:1048] T 51a8548fb25b4439851ea6cb092a0401 P dcf286a71c094356b9e1d42b5b27b16c [LEADER]: Connected to new peer: Peer: permanent_uuid: "71aa52b87e6643ce9f33c9c2fe039590" member_type: VOTER last_known_addr { host: "127.24.90.67" port: 41201 } attrs { promote: false }, Status: LMP_MISMATCH, Last received: 0.0, Next index: 4, Last known committed idx: 3, Time since last communication: 0.000s
I20260608 12:46:22.451682 28451 raft_consensus.cc:2955] T 8d8c22252a824be0a1fed0ea8e227ce1 P 71aa52b87e6643ce9f33c9c2fe039590 [term 2 LEADER]: Committing config change with OpId 2.5: config changed from index 4 to 5, VOTER dcf286a71c094356b9e1d42b5b27b16c (127.24.90.65) evicted. New config: { opid_index: 5 OBSOLETE_local: false peers { permanent_uuid: "b0dd807ccb774d35b1c0a442637a8915" member_type: VOTER last_known_addr { host: "127.24.90.66" port: 43621 } } peers { permanent_uuid: "71aa52b87e6643ce9f33c9c2fe039590" member_type: VOTER last_known_addr { host: "127.24.90.67" port: 41201 } } peers { permanent_uuid: "1e81f95404a3425083a840edf8a53037" member_type: VOTER last_known_addr { host: "127.24.90.68" port: 45775 } attrs { promote: false } } }
I20260608 12:46:22.452975 27973 raft_consensus.cc:2955] T 8d8c22252a824be0a1fed0ea8e227ce1 P b0dd807ccb774d35b1c0a442637a8915 [term 2 FOLLOWER]: Committing config change with OpId 2.5: config changed from index 4 to 5, VOTER dcf286a71c094356b9e1d42b5b27b16c (127.24.90.65) evicted. New config: { opid_index: 5 OBSOLETE_local: false peers { permanent_uuid: "b0dd807ccb774d35b1c0a442637a8915" member_type: VOTER last_known_addr { host: "127.24.90.66" port: 43621 } } peers { permanent_uuid: "71aa52b87e6643ce9f33c9c2fe039590" member_type: VOTER last_known_addr { host: "127.24.90.67" port: 41201 } } peers { permanent_uuid: "1e81f95404a3425083a840edf8a53037" member_type: VOTER last_known_addr { host: "127.24.90.68" port: 45775 } attrs { promote: false } } }
I20260608 12:46:22.454169 28197 raft_consensus.cc:1275] T 58f97691696144bf9772fe3d1aab2ccf P 1e81f95404a3425083a840edf8a53037 [term 1 FOLLOWER]: Refusing update from remote peer dcf286a71c094356b9e1d42b5b27b16c: Log matching property violated. Preceding OpId in replica: term: 1 index: 2. Preceding OpId from leader: term: 1 index: 3. (index mismatch)
I20260608 12:46:22.457675 27975 raft_consensus.cc:1275] T 58f97691696144bf9772fe3d1aab2ccf P b0dd807ccb774d35b1c0a442637a8915 [term 1 LEARNER]: Refusing update from remote peer dcf286a71c094356b9e1d42b5b27b16c: Log matching property violated. Preceding OpId in replica: term: 1 index: 2. Preceding OpId from leader: term: 1 index: 3. (index mismatch)
I20260608 12:46:22.458806 28418 raft_consensus.cc:2955] T 51a8548fb25b4439851ea6cb092a0401 P dcf286a71c094356b9e1d42b5b27b16c [term 1 LEADER]: Committing config change with OpId 1.4: config changed from index 3 to 4, VOTER 1e81f95404a3425083a840edf8a53037 (127.24.90.68) evicted. New config: { opid_index: 4 OBSOLETE_local: false peers { permanent_uuid: "dcf286a71c094356b9e1d42b5b27b16c" member_type: VOTER last_known_addr { host: "127.24.90.65" port: 38075 } } peers { permanent_uuid: "b0dd807ccb774d35b1c0a442637a8915" member_type: VOTER last_known_addr { host: "127.24.90.66" port: 43621 } } peers { permanent_uuid: "71aa52b87e6643ce9f33c9c2fe039590" member_type: VOTER last_known_addr { host: "127.24.90.67" port: 41201 } attrs { promote: false } } }
I20260608 12:46:22.461404 28048 raft_consensus.cc:2955] T 51a8548fb25b4439851ea6cb092a0401 P 71aa52b87e6643ce9f33c9c2fe039590 [term 1 FOLLOWER]: Committing config change with OpId 1.4: config changed from index 3 to 4, VOTER 1e81f95404a3425083a840edf8a53037 (127.24.90.68) evicted. New config: { opid_index: 4 OBSOLETE_local: false peers { permanent_uuid: "dcf286a71c094356b9e1d42b5b27b16c" member_type: VOTER last_known_addr { host: "127.24.90.65" port: 38075 } } peers { permanent_uuid: "b0dd807ccb774d35b1c0a442637a8915" member_type: VOTER last_known_addr { host: "127.24.90.66" port: 43621 } } peers { permanent_uuid: "71aa52b87e6643ce9f33c9c2fe039590" member_type: VOTER last_known_addr { host: "127.24.90.67" port: 41201 } attrs { promote: false } } }
I20260608 12:46:22.464339 28464 consensus_queue.cc:1048] T 51a8548fb25b4439851ea6cb092a0401 P dcf286a71c094356b9e1d42b5b27b16c [LEADER]: Connected to new peer: Peer: permanent_uuid: "b0dd807ccb774d35b1c0a442637a8915" member_type: VOTER last_known_addr { host: "127.24.90.66" port: 43621 }, Status: LMP_MISMATCH, Last received: 0.0, Next index: 4, Last known committed idx: 3, Time since last communication: 0.001s
I20260608 12:46:22.469390 27975 raft_consensus.cc:2955] T 51a8548fb25b4439851ea6cb092a0401 P b0dd807ccb774d35b1c0a442637a8915 [term 1 FOLLOWER]: Committing config change with OpId 1.4: config changed from index 3 to 4, VOTER 1e81f95404a3425083a840edf8a53037 (127.24.90.68) evicted. New config: { opid_index: 4 OBSOLETE_local: false peers { permanent_uuid: "dcf286a71c094356b9e1d42b5b27b16c" member_type: VOTER last_known_addr { host: "127.24.90.65" port: 38075 } } peers { permanent_uuid: "b0dd807ccb774d35b1c0a442637a8915" member_type: VOTER last_known_addr { host: "127.24.90.66" port: 43621 } } peers { permanent_uuid: "71aa52b87e6643ce9f33c9c2fe039590" member_type: VOTER last_known_addr { host: "127.24.90.67" port: 41201 } attrs { promote: false } } }
I20260608 12:46:22.463136 28437 consensus_queue.cc:1048] T 58f97691696144bf9772fe3d1aab2ccf P dcf286a71c094356b9e1d42b5b27b16c [LEADER]: Connected to new peer: Peer: permanent_uuid: "1e81f95404a3425083a840edf8a53037" member_type: VOTER last_known_addr { host: "127.24.90.68" port: 45775 } attrs { replace: true }, Status: LMP_MISMATCH, Last received: 0.0, Next index: 3, Last known committed idx: 2, Time since last communication: 0.001s
I20260608 12:46:22.481737 28463 consensus_queue.cc:1048] T 58f97691696144bf9772fe3d1aab2ccf P dcf286a71c094356b9e1d42b5b27b16c [LEADER]: Connected to new peer: Peer: permanent_uuid: "b0dd807ccb774d35b1c0a442637a8915" member_type: VOTER last_known_addr { host: "127.24.90.66" port: 43621 } attrs { promote: false }, Status: LMP_MISMATCH, Last received: 0.0, Next index: 3, Last known committed idx: 2, Time since last communication: 0.001s
I20260608 12:46:22.482208 28046 raft_consensus.cc:1275] T dd8ccf76037d4e84a20f242660f59169 P 71aa52b87e6643ce9f33c9c2fe039590 [term 2 FOLLOWER]: Refusing update from remote peer 1e81f95404a3425083a840edf8a53037: Log matching property violated. Preceding OpId in replica: term: 1 index: 1. Preceding OpId from leader: term: 2 index: 2. (index mismatch)
I20260608 12:46:22.484570 28394 consensus_queue.cc:1048] T dd8ccf76037d4e84a20f242660f59169 P 1e81f95404a3425083a840edf8a53037 [LEADER]: Connected to new peer: Peer: permanent_uuid: "71aa52b87e6643ce9f33c9c2fe039590" member_type: VOTER last_known_addr { host: "127.24.90.67" port: 41201 }, Status: LMP_MISMATCH, Last received: 0.0, Next index: 2, Last known committed idx: 1, Time since last communication: 0.000s
I20260608 12:46:22.486382 27785 catalog_manager.cc:5209] ChangeConfig:REMOVE_PEER RPC for tablet 8d8c22252a824be0a1fed0ea8e227ce1 with cas_config_opid_index 4: ChangeConfig:REMOVE_PEER succeeded (attempt 1)
I20260608 12:46:22.489121 28046 raft_consensus.cc:1275] T 58f97691696144bf9772fe3d1aab2ccf P 71aa52b87e6643ce9f33c9c2fe039590 [term 1 FOLLOWER]: Refusing update from remote peer dcf286a71c094356b9e1d42b5b27b16c: Log matching property violated. Preceding OpId in replica: term: 1 index: 2. Preceding OpId from leader: term: 1 index: 3. (index mismatch)
I20260608 12:46:22.490666 28464 consensus_queue.cc:1048] T 58f97691696144bf9772fe3d1aab2ccf P dcf286a71c094356b9e1d42b5b27b16c [LEADER]: Connected to new peer: Peer: permanent_uuid: "71aa52b87e6643ce9f33c9c2fe039590" member_type: VOTER last_known_addr { host: "127.24.90.67" port: 41201 }, Status: LMP_MISMATCH, Last received: 0.0, Next index: 3, Last known committed idx: 2, Time since last communication: 0.000s
I20260608 12:46:22.503450 27796 catalog_manager.cc:5696] T 51a8548fb25b4439851ea6cb092a0401 P 71aa52b87e6643ce9f33c9c2fe039590 reported cstate change: config changed from index 3 to 4, VOTER 1e81f95404a3425083a840edf8a53037 (127.24.90.68) evicted. New cstate: current_term: 1 leader_uuid: "dcf286a71c094356b9e1d42b5b27b16c" committed_config { opid_index: 4 OBSOLETE_local: false peers { permanent_uuid: "dcf286a71c094356b9e1d42b5b27b16c" member_type: VOTER last_known_addr { host: "127.24.90.65" port: 38075 } } peers { permanent_uuid: "b0dd807ccb774d35b1c0a442637a8915" member_type: VOTER last_known_addr { host: "127.24.90.66" port: 43621 } } peers { permanent_uuid: "71aa52b87e6643ce9f33c9c2fe039590" member_type: VOTER last_known_addr { host: "127.24.90.67" port: 41201 } attrs { promote: false } } }
I20260608 12:46:22.538213 28463 raft_consensus.cc:2955] T 58f97691696144bf9772fe3d1aab2ccf P dcf286a71c094356b9e1d42b5b27b16c [term 1 LEADER]: Committing config change with OpId 1.3: config changed from index 2 to 3, b0dd807ccb774d35b1c0a442637a8915 (127.24.90.66) changed from NON_VOTER to VOTER. New config: { opid_index: 3 OBSOLETE_local: false peers { permanent_uuid: "71aa52b87e6643ce9f33c9c2fe039590" member_type: VOTER last_known_addr { host: "127.24.90.67" port: 41201 } } peers { permanent_uuid: "1e81f95404a3425083a840edf8a53037" member_type: VOTER last_known_addr { host: "127.24.90.68" port: 45775 } attrs { replace: true } } peers { permanent_uuid: "dcf286a71c094356b9e1d42b5b27b16c" member_type: VOTER last_known_addr { host: "127.24.90.65" port: 38075 } } peers { permanent_uuid: "b0dd807ccb774d35b1c0a442637a8915" member_type: VOTER last_known_addr { host: "127.24.90.66" port: 43621 } attrs { promote: false } } }
I20260608 12:46:22.543838 27783 catalog_manager.cc:5209] ChangeConfig:REMOVE_PEER RPC for tablet 51a8548fb25b4439851ea6cb092a0401 with cas_config_opid_index 3: ChangeConfig:REMOVE_PEER succeeded (attempt 1)
I20260608 12:46:22.544894 28184 tablet_service.cc:1558] Processing DeleteTablet for tablet 51a8548fb25b4439851ea6cb092a0401 with delete_type TABLET_DATA_TOMBSTONED (TS 1e81f95404a3425083a840edf8a53037 not found in new config with opid_index 4) from {username='slave'} at 127.0.0.1:33724
I20260608 12:46:22.548549 28197 raft_consensus.cc:2955] T 58f97691696144bf9772fe3d1aab2ccf P 1e81f95404a3425083a840edf8a53037 [term 1 FOLLOWER]: Committing config change with OpId 1.3: config changed from index 2 to 3, b0dd807ccb774d35b1c0a442637a8915 (127.24.90.66) changed from NON_VOTER to VOTER. New config: { opid_index: 3 OBSOLETE_local: false peers { permanent_uuid: "71aa52b87e6643ce9f33c9c2fe039590" member_type: VOTER last_known_addr { host: "127.24.90.67" port: 41201 } } peers { permanent_uuid: "1e81f95404a3425083a840edf8a53037" member_type: VOTER last_known_addr { host: "127.24.90.68" port: 45775 } attrs { replace: true } } peers { permanent_uuid: "dcf286a71c094356b9e1d42b5b27b16c" member_type: VOTER last_known_addr { host: "127.24.90.65" port: 38075 } } peers { permanent_uuid: "b0dd807ccb774d35b1c0a442637a8915" member_type: VOTER last_known_addr { host: "127.24.90.66" port: 43621 } attrs { promote: false } } }
I20260608 12:46:22.548676 27798 catalog_manager.cc:5696] T 8d8c22252a824be0a1fed0ea8e227ce1 P b0dd807ccb774d35b1c0a442637a8915 reported cstate change: config changed from index 4 to 5, VOTER dcf286a71c094356b9e1d42b5b27b16c (127.24.90.65) evicted. New cstate: current_term: 2 leader_uuid: "71aa52b87e6643ce9f33c9c2fe039590" committed_config { opid_index: 5 OBSOLETE_local: false peers { permanent_uuid: "b0dd807ccb774d35b1c0a442637a8915" member_type: VOTER last_known_addr { host: "127.24.90.66" port: 43621 } } peers { permanent_uuid: "71aa52b87e6643ce9f33c9c2fe039590" member_type: VOTER last_known_addr { host: "127.24.90.67" port: 41201 } } peers { permanent_uuid: "1e81f95404a3425083a840edf8a53037" member_type: VOTER last_known_addr { host: "127.24.90.68" port: 45775 } attrs { promote: false } } }
I20260608 12:46:22.550921 28047 raft_consensus.cc:2955] T 58f97691696144bf9772fe3d1aab2ccf P 71aa52b87e6643ce9f33c9c2fe039590 [term 1 FOLLOWER]: Committing config change with OpId 1.3: config changed from index 2 to 3, b0dd807ccb774d35b1c0a442637a8915 (127.24.90.66) changed from NON_VOTER to VOTER. New config: { opid_index: 3 OBSOLETE_local: false peers { permanent_uuid: "71aa52b87e6643ce9f33c9c2fe039590" member_type: VOTER last_known_addr { host: "127.24.90.67" port: 41201 } } peers { permanent_uuid: "1e81f95404a3425083a840edf8a53037" member_type: VOTER last_known_addr { host: "127.24.90.68" port: 45775 } attrs { replace: true } } peers { permanent_uuid: "dcf286a71c094356b9e1d42b5b27b16c" member_type: VOTER last_known_addr { host: "127.24.90.65" port: 38075 } } peers { permanent_uuid: "b0dd807ccb774d35b1c0a442637a8915" member_type: VOTER last_known_addr { host: "127.24.90.66" port: 43621 } attrs { promote: false } } }
I20260608 12:46:22.564201 28195 raft_consensus.cc:1275] T 8d8c22252a824be0a1fed0ea8e227ce1 P 1e81f95404a3425083a840edf8a53037 [term 2 FOLLOWER]: Refusing update from remote peer 71aa52b87e6643ce9f33c9c2fe039590: Log matching property violated. Preceding OpId in replica: term: 2 index: 4. Preceding OpId from leader: term: 2 index: 5. (index mismatch)
I20260608 12:46:22.566335 27973 raft_consensus.cc:2955] T 58f97691696144bf9772fe3d1aab2ccf P b0dd807ccb774d35b1c0a442637a8915 [term 1 FOLLOWER]: Committing config change with OpId 1.3: config changed from index 2 to 3, b0dd807ccb774d35b1c0a442637a8915 (127.24.90.66) changed from NON_VOTER to VOTER. New config: { opid_index: 3 OBSOLETE_local: false peers { permanent_uuid: "71aa52b87e6643ce9f33c9c2fe039590" member_type: VOTER last_known_addr { host: "127.24.90.67" port: 41201 } } peers { permanent_uuid: "1e81f95404a3425083a840edf8a53037" member_type: VOTER last_known_addr { host: "127.24.90.68" port: 45775 } attrs { replace: true } } peers { permanent_uuid: "dcf286a71c094356b9e1d42b5b27b16c" member_type: VOTER last_known_addr { host: "127.24.90.65" port: 38075 } } peers { permanent_uuid: "b0dd807ccb774d35b1c0a442637a8915" member_type: VOTER last_known_addr { host: "127.24.90.66" port: 43621 } attrs { promote: false } } }
I20260608 12:46:22.572141 28451 consensus_queue.cc:1048] T 8d8c22252a824be0a1fed0ea8e227ce1 P 71aa52b87e6643ce9f33c9c2fe039590 [LEADER]: Connected to new peer: Peer: permanent_uuid: "1e81f95404a3425083a840edf8a53037" member_type: VOTER last_known_addr { host: "127.24.90.68" port: 45775 } attrs { promote: false }, Status: LMP_MISMATCH, Last received: 0.0, Next index: 5, Last known committed idx: 4, Time since last communication: 0.001s
I20260608 12:46:22.578948 28194 raft_consensus.cc:2955] T 8d8c22252a824be0a1fed0ea8e227ce1 P 1e81f95404a3425083a840edf8a53037 [term 2 FOLLOWER]: Committing config change with OpId 2.5: config changed from index 4 to 5, VOTER dcf286a71c094356b9e1d42b5b27b16c (127.24.90.65) evicted. New config: { opid_index: 5 OBSOLETE_local: false peers { permanent_uuid: "b0dd807ccb774d35b1c0a442637a8915" member_type: VOTER last_known_addr { host: "127.24.90.66" port: 43621 } } peers { permanent_uuid: "71aa52b87e6643ce9f33c9c2fe039590" member_type: VOTER last_known_addr { host: "127.24.90.67" port: 41201 } } peers { permanent_uuid: "1e81f95404a3425083a840edf8a53037" member_type: VOTER last_known_addr { host: "127.24.90.68" port: 45775 } attrs { promote: false } } }
I20260608 12:46:22.613790 27797 catalog_manager.cc:5696] T 58f97691696144bf9772fe3d1aab2ccf P 1e81f95404a3425083a840edf8a53037 reported cstate change: config changed from index 2 to 3, b0dd807ccb774d35b1c0a442637a8915 (127.24.90.66) changed from NON_VOTER to VOTER. New cstate: current_term: 1 leader_uuid: "dcf286a71c094356b9e1d42b5b27b16c" committed_config { opid_index: 3 OBSOLETE_local: false peers { permanent_uuid: "71aa52b87e6643ce9f33c9c2fe039590" member_type: VOTER last_known_addr { host: "127.24.90.67" port: 41201 } } peers { permanent_uuid: "1e81f95404a3425083a840edf8a53037" member_type: VOTER last_known_addr { host: "127.24.90.68" port: 45775 } attrs { replace: true } } peers { permanent_uuid: "dcf286a71c094356b9e1d42b5b27b16c" member_type: VOTER last_known_addr { host: "127.24.90.65" port: 38075 } } peers { permanent_uuid: "b0dd807ccb774d35b1c0a442637a8915" member_type: VOTER last_known_addr { host: "127.24.90.66" port: 43621 } attrs { promote: false } } }
I20260608 12:46:22.618306 27889 tablet_service.cc:1558] Processing DeleteTablet for tablet 8d8c22252a824be0a1fed0ea8e227ce1 with delete_type TABLET_DATA_TOMBSTONED (TS dcf286a71c094356b9e1d42b5b27b16c not found in new config with opid_index 5) from {username='slave'} at 127.0.0.1:49890
I20260608 12:46:22.627363 28471 tablet_replica.cc:333] T 51a8548fb25b4439851ea6cb092a0401 P 1e81f95404a3425083a840edf8a53037: stopping tablet replica
W20260608 12:46:22.632416 28163 outbound_call.cc:321] RPC callback for RPC call kudu.consensus.ConsensusService.UpdateConsensus -> {remote=127.24.90.67:41201, user_credentials={real_user=slave}} blocked reactor thread for 50259.5us
I20260608 12:46:22.639200 28475 tablet_replica.cc:333] T 8d8c22252a824be0a1fed0ea8e227ce1 P dcf286a71c094356b9e1d42b5b27b16c: stopping tablet replica
I20260608 12:46:22.640314 28475 raft_consensus.cc:2243] T 8d8c22252a824be0a1fed0ea8e227ce1 P dcf286a71c094356b9e1d42b5b27b16c [term 2 FOLLOWER]: Raft consensus shutting down.
I20260608 12:46:22.646046 28475 raft_consensus.cc:2272] T 8d8c22252a824be0a1fed0ea8e227ce1 P dcf286a71c094356b9e1d42b5b27b16c [term 2 FOLLOWER]: Raft consensus is shut down!
I20260608 12:46:22.652144 28475 ts_tablet_manager.cc:1916] T 8d8c22252a824be0a1fed0ea8e227ce1 P dcf286a71c094356b9e1d42b5b27b16c: Deleting tablet data with delete state TABLET_DATA_TOMBSTONED
I20260608 12:46:22.672834 27896 consensus_queue.cc:237] T 58f97691696144bf9772fe3d1aab2ccf P dcf286a71c094356b9e1d42b5b27b16c [LEADER]: Queue going to LEADER mode. State: All replicated index: 0, Majority replicated index: 3, Committed index: 3, Last appended: 1.3, Last appended by leader: 0, Current term: 1, Majority size: 2, State: 0, Mode: LEADER, active raft config: opid_index: 4 OBSOLETE_local: false peers { permanent_uuid: "71aa52b87e6643ce9f33c9c2fe039590" member_type: VOTER last_known_addr { host: "127.24.90.67" port: 41201 } } peers { permanent_uuid: "dcf286a71c094356b9e1d42b5b27b16c" member_type: VOTER last_known_addr { host: "127.24.90.65" port: 38075 } } peers { permanent_uuid: "b0dd807ccb774d35b1c0a442637a8915" member_type: VOTER last_known_addr { host: "127.24.90.66" port: 43621 } attrs { promote: false } }
I20260608 12:46:22.679203 27973 raft_consensus.cc:1275] T 58f97691696144bf9772fe3d1aab2ccf P b0dd807ccb774d35b1c0a442637a8915 [term 1 FOLLOWER]: Refusing update from remote peer dcf286a71c094356b9e1d42b5b27b16c: Log matching property violated. Preceding OpId in replica: term: 1 index: 3. Preceding OpId from leader: term: 1 index: 4. (index mismatch)
I20260608 12:46:22.682080 28046 raft_consensus.cc:1275] T 58f97691696144bf9772fe3d1aab2ccf P 71aa52b87e6643ce9f33c9c2fe039590 [term 1 FOLLOWER]: Refusing update from remote peer dcf286a71c094356b9e1d42b5b27b16c: Log matching property violated. Preceding OpId in replica: term: 1 index: 3. Preceding OpId from leader: term: 1 index: 4. (index mismatch)
I20260608 12:46:22.684269 28463 consensus_queue.cc:1048] T 58f97691696144bf9772fe3d1aab2ccf P dcf286a71c094356b9e1d42b5b27b16c [LEADER]: Connected to new peer: Peer: permanent_uuid: "b0dd807ccb774d35b1c0a442637a8915" member_type: VOTER last_known_addr { host: "127.24.90.66" port: 43621 } attrs { promote: false }, Status: LMP_MISMATCH, Last received: 0.0, Next index: 4, Last known committed idx: 3, Time since last communication: 0.001s
I20260608 12:46:22.684930 28471 raft_consensus.cc:2243] T 51a8548fb25b4439851ea6cb092a0401 P 1e81f95404a3425083a840edf8a53037 [term 1 FOLLOWER]: Raft consensus shutting down.
I20260608 12:46:22.687137 28471 raft_consensus.cc:2272] T 51a8548fb25b4439851ea6cb092a0401 P 1e81f95404a3425083a840edf8a53037 [term 1 FOLLOWER]: Raft consensus is shut down!
I20260608 12:46:22.691514 28463 consensus_queue.cc:1048] T 58f97691696144bf9772fe3d1aab2ccf P dcf286a71c094356b9e1d42b5b27b16c [LEADER]: Connected to new peer: Peer: permanent_uuid: "71aa52b87e6643ce9f33c9c2fe039590" member_type: VOTER last_known_addr { host: "127.24.90.67" port: 41201 }, Status: LMP_MISMATCH, Last received: 0.0, Next index: 4, Last known committed idx: 3, Time since last communication: 0.000s
I20260608 12:46:22.697142 28475 ts_tablet_manager.cc:1929] T 8d8c22252a824be0a1fed0ea8e227ce1 P dcf286a71c094356b9e1d42b5b27b16c: tablet deleted with delete type TABLET_DATA_TOMBSTONED: last-logged OpId 2.4
I20260608 12:46:22.696415 28437 raft_consensus.cc:2955] T 58f97691696144bf9772fe3d1aab2ccf P dcf286a71c094356b9e1d42b5b27b16c [term 1 LEADER]: Committing config change with OpId 1.4: config changed from index 3 to 4, VOTER 1e81f95404a3425083a840edf8a53037 (127.24.90.68) evicted. New config: { opid_index: 4 OBSOLETE_local: false peers { permanent_uuid: "71aa52b87e6643ce9f33c9c2fe039590" member_type: VOTER last_known_addr { host: "127.24.90.67" port: 41201 } } peers { permanent_uuid: "dcf286a71c094356b9e1d42b5b27b16c" member_type: VOTER last_known_addr { host: "127.24.90.65" port: 38075 } } peers { permanent_uuid: "b0dd807ccb774d35b1c0a442637a8915" member_type: VOTER last_known_addr { host: "127.24.90.66" port: 43621 } attrs { promote: false } } }
I20260608 12:46:22.697561 28475 log.cc:1199] T 8d8c22252a824be0a1fed0ea8e227ce1 P dcf286a71c094356b9e1d42b5b27b16c: Deleting WAL directory at /tmp/dist-test-task_hZhaB/test-tmp/auto_rebalancer-test.0.AutoRebalancerTest.RangeAwareRebalancesNewRangeReplicas.1780922697027529-24937-0/minicluster-data/ts-0-root/wals/8d8c22252a824be0a1fed0ea8e227ce1
I20260608 12:46:22.703342 28047 raft_consensus.cc:2955] T 58f97691696144bf9772fe3d1aab2ccf P 71aa52b87e6643ce9f33c9c2fe039590 [term 1 FOLLOWER]: Committing config change with OpId 1.4: config changed from index 3 to 4, VOTER 1e81f95404a3425083a840edf8a53037 (127.24.90.68) evicted. New config: { opid_index: 4 OBSOLETE_local: false peers { permanent_uuid: "71aa52b87e6643ce9f33c9c2fe039590" member_type: VOTER last_known_addr { host: "127.24.90.67" port: 41201 } } peers { permanent_uuid: "dcf286a71c094356b9e1d42b5b27b16c" member_type: VOTER last_known_addr { host: "127.24.90.65" port: 38075 } } peers { permanent_uuid: "b0dd807ccb774d35b1c0a442637a8915" member_type: VOTER last_known_addr { host: "127.24.90.66" port: 43621 } attrs { promote: false } } }
I20260608 12:46:22.708003 27975 raft_consensus.cc:2955] T 58f97691696144bf9772fe3d1aab2ccf P b0dd807ccb774d35b1c0a442637a8915 [term 1 FOLLOWER]: Committing config change with OpId 1.4: config changed from index 3 to 4, VOTER 1e81f95404a3425083a840edf8a53037 (127.24.90.68) evicted. New config: { opid_index: 4 OBSOLETE_local: false peers { permanent_uuid: "71aa52b87e6643ce9f33c9c2fe039590" member_type: VOTER last_known_addr { host: "127.24.90.67" port: 41201 } } peers { permanent_uuid: "dcf286a71c094356b9e1d42b5b27b16c" member_type: VOTER last_known_addr { host: "127.24.90.65" port: 38075 } } peers { permanent_uuid: "b0dd807ccb774d35b1c0a442637a8915" member_type: VOTER last_known_addr { host: "127.24.90.66" port: 43621 } attrs { promote: false } } }
I20260608 12:46:22.711135 28471 ts_tablet_manager.cc:1916] T 51a8548fb25b4439851ea6cb092a0401 P 1e81f95404a3425083a840edf8a53037: Deleting tablet data with delete state TABLET_DATA_TOMBSTONED
I20260608 12:46:22.718415 27783 catalog_manager.cc:5027] TS dcf286a71c094356b9e1d42b5b27b16c (127.24.90.65:38075): tablet 8d8c22252a824be0a1fed0ea8e227ce1 (table range_aware_rebalance_new_range [id=686c8153e1ff422b94664a5c74efb7c8]) successfully deleted
I20260608 12:46:22.719476 27783 catalog_manager.cc:5209] ChangeConfig:REMOVE_PEER RPC for tablet 58f97691696144bf9772fe3d1aab2ccf with cas_config_opid_index 3: ChangeConfig:REMOVE_PEER succeeded (attempt 1)
I20260608 12:46:22.741789 27793 catalog_manager.cc:5696] T 58f97691696144bf9772fe3d1aab2ccf P b0dd807ccb774d35b1c0a442637a8915 reported cstate change: config changed from index 3 to 4, VOTER 1e81f95404a3425083a840edf8a53037 (127.24.90.68) evicted. New cstate: current_term: 1 leader_uuid: "dcf286a71c094356b9e1d42b5b27b16c" committed_config { opid_index: 4 OBSOLETE_local: false peers { permanent_uuid: "71aa52b87e6643ce9f33c9c2fe039590" member_type: VOTER last_known_addr { host: "127.24.90.67" port: 41201 } } peers { permanent_uuid: "dcf286a71c094356b9e1d42b5b27b16c" member_type: VOTER last_known_addr { host: "127.24.90.65" port: 38075 } } peers { permanent_uuid: "b0dd807ccb774d35b1c0a442637a8915" member_type: VOTER last_known_addr { host: "127.24.90.66" port: 43621 } attrs { promote: false } } }
I20260608 12:46:22.750399 28471 ts_tablet_manager.cc:1929] T 51a8548fb25b4439851ea6cb092a0401 P 1e81f95404a3425083a840edf8a53037: tablet deleted with delete type TABLET_DATA_TOMBSTONED: last-logged OpId 1.3
I20260608 12:46:22.750932 28471 log.cc:1199] T 51a8548fb25b4439851ea6cb092a0401 P 1e81f95404a3425083a840edf8a53037: Deleting WAL directory at /tmp/dist-test-task_hZhaB/test-tmp/auto_rebalancer-test.0.AutoRebalancerTest.RangeAwareRebalancesNewRangeReplicas.1780922697027529-24937-0/minicluster-data/ts-3-root/wals/51a8548fb25b4439851ea6cb092a0401
I20260608 12:46:22.752687 27785 catalog_manager.cc:5027] TS 1e81f95404a3425083a840edf8a53037 (127.24.90.68:45775): tablet 51a8548fb25b4439851ea6cb092a0401 (table range_aware_rebalance_new_range [id=686c8153e1ff422b94664a5c74efb7c8]) successfully deleted
I20260608 12:46:22.754185 28184 tablet_service.cc:1558] Processing DeleteTablet for tablet 58f97691696144bf9772fe3d1aab2ccf with delete_type TABLET_DATA_TOMBSTONED (TS 1e81f95404a3425083a840edf8a53037 not found in new config with opid_index 4) from {username='slave'} at 127.0.0.1:33724
I20260608 12:46:22.755051 28471 tablet_replica.cc:333] T 58f97691696144bf9772fe3d1aab2ccf P 1e81f95404a3425083a840edf8a53037: stopping tablet replica
I20260608 12:46:22.756012 28471 raft_consensus.cc:2243] T 58f97691696144bf9772fe3d1aab2ccf P 1e81f95404a3425083a840edf8a53037 [term 1 FOLLOWER]: Raft consensus shutting down.
I20260608 12:46:22.756687 28471 raft_consensus.cc:2272] T 58f97691696144bf9772fe3d1aab2ccf P 1e81f95404a3425083a840edf8a53037 [term 1 FOLLOWER]: Raft consensus is shut down!
I20260608 12:46:22.760244 28471 ts_tablet_manager.cc:1916] T 58f97691696144bf9772fe3d1aab2ccf P 1e81f95404a3425083a840edf8a53037: Deleting tablet data with delete state TABLET_DATA_TOMBSTONED
I20260608 12:46:22.771463 28471 ts_tablet_manager.cc:1929] T 58f97691696144bf9772fe3d1aab2ccf P 1e81f95404a3425083a840edf8a53037: tablet deleted with delete type TABLET_DATA_TOMBSTONED: last-logged OpId 1.3
I20260608 12:46:22.771806 28471 log.cc:1199] T 58f97691696144bf9772fe3d1aab2ccf P 1e81f95404a3425083a840edf8a53037: Deleting WAL directory at /tmp/dist-test-task_hZhaB/test-tmp/auto_rebalancer-test.0.AutoRebalancerTest.RangeAwareRebalancesNewRangeReplicas.1780922697027529-24937-0/minicluster-data/ts-3-root/wals/58f97691696144bf9772fe3d1aab2ccf
I20260608 12:46:22.773180 27785 catalog_manager.cc:5027] TS 1e81f95404a3425083a840edf8a53037 (127.24.90.68:45775): tablet 58f97691696144bf9772fe3d1aab2ccf (table range_aware_rebalance_new_range [id=686c8153e1ff422b94664a5c74efb7c8]) successfully deleted
I20260608 12:46:23.578703 27851 auto_leader_rebalancer.cc:140] leader rebalance for table range_aware_rebalance_new_range
I20260608 12:46:23.590750 27851 auto_leader_rebalancer.cc:388] table: range_aware_rebalance_new_range, leader rebalance finish, leader transfer count: 0
I20260608 12:46:23.591248 27851 auto_leader_rebalancer.cc:451] All tables' leader rebalancing finished this round
I20260608 12:46:23.777745 28048 consensus_queue.cc:237] T ecf692df6dd5446aab7f8cb0be53a67c P 71aa52b87e6643ce9f33c9c2fe039590 [LEADER]: Queue going to LEADER mode. State: All replicated index: 0, Majority replicated index: 2, Committed index: 2, Last appended: 2.2, Last appended by leader: 1, Current term: 2, Majority size: 2, State: 0, Mode: LEADER, active raft config: opid_index: 3 OBSOLETE_local: false peers { permanent_uuid: "dcf286a71c094356b9e1d42b5b27b16c" member_type: VOTER last_known_addr { host: "127.24.90.65" port: 38075 } } peers { permanent_uuid: "b0dd807ccb774d35b1c0a442637a8915" member_type: VOTER last_known_addr { host: "127.24.90.66" port: 43621 } attrs { replace: true } } peers { permanent_uuid: "71aa52b87e6643ce9f33c9c2fe039590" member_type: VOTER last_known_addr { host: "127.24.90.67" port: 41201 } } peers { permanent_uuid: "1e81f95404a3425083a840edf8a53037" member_type: NON_VOTER last_known_addr { host: "127.24.90.68" port: 45775 } attrs { promote: true } }
I20260608 12:46:23.785476 27975 raft_consensus.cc:1275] T ecf692df6dd5446aab7f8cb0be53a67c P b0dd807ccb774d35b1c0a442637a8915 [term 2 FOLLOWER]: Refusing update from remote peer 71aa52b87e6643ce9f33c9c2fe039590: Log matching property violated. Preceding OpId in replica: term: 2 index: 2. Preceding OpId from leader: term: 2 index: 3. (index mismatch)
W20260608 12:46:23.785674 28015 consensus_peers.cc:597] T ecf692df6dd5446aab7f8cb0be53a67c P 71aa52b87e6643ce9f33c9c2fe039590 -> Peer 1e81f95404a3425083a840edf8a53037 (127.24.90.68:45775): Couldn't send request to peer 1e81f95404a3425083a840edf8a53037. Error code: TABLET_NOT_FOUND (6). Status: Not found: Tablet not found: ecf692df6dd5446aab7f8cb0be53a67c. This is attempt 1: this message will repeat every 5th retry.
I20260608 12:46:23.785633 27896 raft_consensus.cc:1275] T ecf692df6dd5446aab7f8cb0be53a67c P dcf286a71c094356b9e1d42b5b27b16c [term 2 FOLLOWER]: Refusing update from remote peer 71aa52b87e6643ce9f33c9c2fe039590: Log matching property violated. Preceding OpId in replica: term: 2 index: 2. Preceding OpId from leader: term: 2 index: 3. (index mismatch)
I20260608 12:46:23.787267 28478 consensus_queue.cc:1048] T ecf692df6dd5446aab7f8cb0be53a67c P 71aa52b87e6643ce9f33c9c2fe039590 [LEADER]: Connected to new peer: Peer: permanent_uuid: "b0dd807ccb774d35b1c0a442637a8915" member_type: VOTER last_known_addr { host: "127.24.90.66" port: 43621 } attrs { replace: true }, Status: LMP_MISMATCH, Last received: 0.0, Next index: 3, Last known committed idx: 2, Time since last communication: 0.000s
I20260608 12:46:23.788975 28481 consensus_queue.cc:1048] T ecf692df6dd5446aab7f8cb0be53a67c P 71aa52b87e6643ce9f33c9c2fe039590 [LEADER]: Connected to new peer: Peer: permanent_uuid: "dcf286a71c094356b9e1d42b5b27b16c" member_type: VOTER last_known_addr { host: "127.24.90.65" port: 38075 }, Status: LMP_MISMATCH, Last received: 0.0, Next index: 3, Last known committed idx: 2, Time since last communication: 0.000s
I20260608 12:46:23.795504 28482 raft_consensus.cc:2955] T ecf692df6dd5446aab7f8cb0be53a67c P 71aa52b87e6643ce9f33c9c2fe039590 [term 2 LEADER]: Committing config change with OpId 2.3: config changed from index -1 to 3, NON_VOTER 1e81f95404a3425083a840edf8a53037 (127.24.90.68) added. New config: { opid_index: 3 OBSOLETE_local: false peers { permanent_uuid: "dcf286a71c094356b9e1d42b5b27b16c" member_type: VOTER last_known_addr { host: "127.24.90.65" port: 38075 } } peers { permanent_uuid: "b0dd807ccb774d35b1c0a442637a8915" member_type: VOTER last_known_addr { host: "127.24.90.66" port: 43621 } attrs { replace: true } } peers { permanent_uuid: "71aa52b87e6643ce9f33c9c2fe039590" member_type: VOTER last_known_addr { host: "127.24.90.67" port: 41201 } } peers { permanent_uuid: "1e81f95404a3425083a840edf8a53037" member_type: NON_VOTER last_known_addr { host: "127.24.90.68" port: 45775 } attrs { promote: true } } }
I20260608 12:46:23.797384 27975 raft_consensus.cc:2955] T ecf692df6dd5446aab7f8cb0be53a67c P b0dd807ccb774d35b1c0a442637a8915 [term 2 FOLLOWER]: Committing config change with OpId 2.3: config changed from index -1 to 3, NON_VOTER 1e81f95404a3425083a840edf8a53037 (127.24.90.68) added. New config: { opid_index: 3 OBSOLETE_local: false peers { permanent_uuid: "dcf286a71c094356b9e1d42b5b27b16c" member_type: VOTER last_known_addr { host: "127.24.90.65" port: 38075 } } peers { permanent_uuid: "b0dd807ccb774d35b1c0a442637a8915" member_type: VOTER last_known_addr { host: "127.24.90.66" port: 43621 } attrs { replace: true } } peers { permanent_uuid: "71aa52b87e6643ce9f33c9c2fe039590" member_type: VOTER last_known_addr { host: "127.24.90.67" port: 41201 } } peers { permanent_uuid: "1e81f95404a3425083a840edf8a53037" member_type: NON_VOTER last_known_addr { host: "127.24.90.68" port: 45775 } attrs { promote: true } } }
I20260608 12:46:23.799443 27896 raft_consensus.cc:2955] T ecf692df6dd5446aab7f8cb0be53a67c P dcf286a71c094356b9e1d42b5b27b16c [term 2 FOLLOWER]: Committing config change with OpId 2.3: config changed from index -1 to 3, NON_VOTER 1e81f95404a3425083a840edf8a53037 (127.24.90.68) added. New config: { opid_index: 3 OBSOLETE_local: false peers { permanent_uuid: "dcf286a71c094356b9e1d42b5b27b16c" member_type: VOTER last_known_addr { host: "127.24.90.65" port: 38075 } } peers { permanent_uuid: "b0dd807ccb774d35b1c0a442637a8915" member_type: VOTER last_known_addr { host: "127.24.90.66" port: 43621 } attrs { replace: true } } peers { permanent_uuid: "71aa52b87e6643ce9f33c9c2fe039590" member_type: VOTER last_known_addr { host: "127.24.90.67" port: 41201 } } peers { permanent_uuid: "1e81f95404a3425083a840edf8a53037" member_type: NON_VOTER last_known_addr { host: "127.24.90.68" port: 45775 } attrs { promote: true } } }
I20260608 12:46:23.810468 27795 catalog_manager.cc:5696] T ecf692df6dd5446aab7f8cb0be53a67c P 71aa52b87e6643ce9f33c9c2fe039590 reported cstate change: config changed from index -1 to 3, NON_VOTER 1e81f95404a3425083a840edf8a53037 (127.24.90.68) added. New cstate: current_term: 2 leader_uuid: "71aa52b87e6643ce9f33c9c2fe039590" committed_config { opid_index: 3 OBSOLETE_local: false peers { permanent_uuid: "dcf286a71c094356b9e1d42b5b27b16c" member_type: VOTER last_known_addr { host: "127.24.90.65" port: 38075 } health_report { overall_health: HEALTHY } } peers { permanent_uuid: "b0dd807ccb774d35b1c0a442637a8915" member_type: VOTER last_known_addr { host: "127.24.90.66" port: 43621 } attrs { replace: true } health_report { overall_health: HEALTHY } } peers { permanent_uuid: "71aa52b87e6643ce9f33c9c2fe039590" member_type: VOTER last_known_addr { host: "127.24.90.67" port: 41201 } health_report { overall_health: HEALTHY } } peers { permanent_uuid: "1e81f95404a3425083a840edf8a53037" member_type: NON_VOTER last_known_addr { host: "127.24.90.68" port: 45775 } attrs { promote: true } health_report { overall_health: UNKNOWN } } }
I20260608 12:46:24.543043 28497 ts_tablet_manager.cc:933] T ecf692df6dd5446aab7f8cb0be53a67c P 1e81f95404a3425083a840edf8a53037: Initiating tablet copy from peer 71aa52b87e6643ce9f33c9c2fe039590 (127.24.90.67:41201)
I20260608 12:46:24.551934 28497 tablet_copy_client.cc:323] T ecf692df6dd5446aab7f8cb0be53a67c P 1e81f95404a3425083a840edf8a53037: tablet copy: Beginning tablet copy session from remote peer at address 127.24.90.67:41201
I20260608 12:46:24.553756 28059 tablet_copy_service.cc:140] P 71aa52b87e6643ce9f33c9c2fe039590: Received BeginTabletCopySession request for tablet ecf692df6dd5446aab7f8cb0be53a67c from peer 1e81f95404a3425083a840edf8a53037 ({username='slave'} at 127.0.0.1:56672)
I20260608 12:46:24.554338 28059 tablet_copy_service.cc:161] P 71aa52b87e6643ce9f33c9c2fe039590: Beginning new tablet copy session on tablet ecf692df6dd5446aab7f8cb0be53a67c from peer 1e81f95404a3425083a840edf8a53037 at {username='slave'} at 127.0.0.1:56672: session id = 1e81f95404a3425083a840edf8a53037-ecf692df6dd5446aab7f8cb0be53a67c
I20260608 12:46:24.561380 28059 tablet_copy_source_session.cc:215] T ecf692df6dd5446aab7f8cb0be53a67c P 71aa52b87e6643ce9f33c9c2fe039590: Tablet Copy: opened 0 blocks and 1 log segments
I20260608 12:46:24.563990 28497 data_dirs.cc:400] Could only allocate 1 dirs of requested 3 for tablet ecf692df6dd5446aab7f8cb0be53a67c. 1 dirs total, 0 dirs full, 0 dirs failed
I20260608 12:46:24.574334 28497 tablet_copy_client.cc:806] T ecf692df6dd5446aab7f8cb0be53a67c P 1e81f95404a3425083a840edf8a53037: tablet copy: Starting download of 0 data blocks...
I20260608 12:46:24.574858 28497 tablet_copy_client.cc:670] T ecf692df6dd5446aab7f8cb0be53a67c P 1e81f95404a3425083a840edf8a53037: tablet copy: Starting download of 1 WAL segments...
I20260608 12:46:24.578534 28497 tablet_copy_client.cc:538] T ecf692df6dd5446aab7f8cb0be53a67c P 1e81f95404a3425083a840edf8a53037: tablet copy: Tablet Copy complete. Replacing tablet superblock.
I20260608 12:46:24.585819 28497 tablet_bootstrap.cc:492] T ecf692df6dd5446aab7f8cb0be53a67c P 1e81f95404a3425083a840edf8a53037: Bootstrap starting.
I20260608 12:46:24.604563 28497 tablet_bootstrap.cc:492] T ecf692df6dd5446aab7f8cb0be53a67c P 1e81f95404a3425083a840edf8a53037: Bootstrap replayed 1/1 log segments. Stats: ops{read=3 overwritten=0 applied=3 ignored=0} inserts{seen=0 ignored=0} mutations{seen=0 ignored=0} orphaned_commits=0. Pending: 0 replicates
I20260608 12:46:24.605290 28497 tablet_bootstrap.cc:492] T ecf692df6dd5446aab7f8cb0be53a67c P 1e81f95404a3425083a840edf8a53037: Bootstrap complete.
I20260608 12:46:24.605854 28497 ts_tablet_manager.cc:1403] T ecf692df6dd5446aab7f8cb0be53a67c P 1e81f95404a3425083a840edf8a53037: Time spent bootstrapping tablet: real 0.020s	user 0.017s	sys 0.003s
I20260608 12:46:24.608541 28497 raft_consensus.cc:359] T ecf692df6dd5446aab7f8cb0be53a67c P 1e81f95404a3425083a840edf8a53037 [term 2 LEARNER]: Replica starting. Triggering 0 pending ops. Active config: opid_index: 3 OBSOLETE_local: false peers { permanent_uuid: "dcf286a71c094356b9e1d42b5b27b16c" member_type: VOTER last_known_addr { host: "127.24.90.65" port: 38075 } } peers { permanent_uuid: "b0dd807ccb774d35b1c0a442637a8915" member_type: VOTER last_known_addr { host: "127.24.90.66" port: 43621 } attrs { replace: true } } peers { permanent_uuid: "71aa52b87e6643ce9f33c9c2fe039590" member_type: VOTER last_known_addr { host: "127.24.90.67" port: 41201 } } peers { permanent_uuid: "1e81f95404a3425083a840edf8a53037" member_type: NON_VOTER last_known_addr { host: "127.24.90.68" port: 45775 } attrs { promote: true } }
I20260608 12:46:24.609253 28497 raft_consensus.cc:740] T ecf692df6dd5446aab7f8cb0be53a67c P 1e81f95404a3425083a840edf8a53037 [term 2 LEARNER]: Becoming Follower/Learner. State: Replica: 1e81f95404a3425083a840edf8a53037, State: Initialized, Role: LEARNER
I20260608 12:46:24.610347 28497 consensus_queue.cc:260] T ecf692df6dd5446aab7f8cb0be53a67c P 1e81f95404a3425083a840edf8a53037 [NON_LEADER]: Queue going to NON_LEADER mode. State: All replicated index: 0, Majority replicated index: 0, Committed index: 3, Last appended: 2.3, Last appended by leader: 3, Current term: 0, Majority size: -1, State: 0, Mode: NON_LEADER, active raft config: opid_index: 3 OBSOLETE_local: false peers { permanent_uuid: "dcf286a71c094356b9e1d42b5b27b16c" member_type: VOTER last_known_addr { host: "127.24.90.65" port: 38075 } } peers { permanent_uuid: "b0dd807ccb774d35b1c0a442637a8915" member_type: VOTER last_known_addr { host: "127.24.90.66" port: 43621 } attrs { replace: true } } peers { permanent_uuid: "71aa52b87e6643ce9f33c9c2fe039590" member_type: VOTER last_known_addr { host: "127.24.90.67" port: 41201 } } peers { permanent_uuid: "1e81f95404a3425083a840edf8a53037" member_type: NON_VOTER last_known_addr { host: "127.24.90.68" port: 45775 } attrs { promote: true } }
I20260608 12:46:24.612617 28497 ts_tablet_manager.cc:1434] T ecf692df6dd5446aab7f8cb0be53a67c P 1e81f95404a3425083a840edf8a53037: Time spent starting tablet: real 0.006s	user 0.005s	sys 0.003s
I20260608 12:46:24.614200 28059 tablet_copy_service.cc:342] P 71aa52b87e6643ce9f33c9c2fe039590: Request end of tablet copy session 1e81f95404a3425083a840edf8a53037-ecf692df6dd5446aab7f8cb0be53a67c received from {username='slave'} at 127.0.0.1:56672
I20260608 12:46:24.614677 28059 tablet_copy_service.cc:434] P 71aa52b87e6643ce9f33c9c2fe039590: ending tablet copy session 1e81f95404a3425083a840edf8a53037-ecf692df6dd5446aab7f8cb0be53a67c on tablet ecf692df6dd5446aab7f8cb0be53a67c with peer 1e81f95404a3425083a840edf8a53037
I20260608 12:46:25.078135 28196 raft_consensus.cc:1217] T ecf692df6dd5446aab7f8cb0be53a67c P 1e81f95404a3425083a840edf8a53037 [term 2 LEARNER]: Deduplicated request from leader. Original: 2.2->[2.3-2.3]   Dedup: 2.3->[]
W20260608 12:46:25.424860 27829 debug-util.cc:398] Leaking SignalData structure 0x7b08001917c0 after lost signal to thread 24940
W20260608 12:46:25.426010 27829 debug-util.cc:398] Leaking SignalData structure 0x7b08001d4040 after lost signal to thread 27832
W20260608 12:46:25.427099 27829 debug-util.cc:398] Leaking SignalData structure 0x7b0800043920 after lost signal to thread 27924
W20260608 12:46:25.428001 27829 debug-util.cc:398] Leaking SignalData structure 0x7b08000cb280 after lost signal to thread 27999
W20260608 12:46:25.428855 27829 debug-util.cc:398] Leaking SignalData structure 0x7b0800263ba0 after lost signal to thread 28073
W20260608 12:46:25.429697 27829 debug-util.cc:398] Leaking SignalData structure 0x7b0800107f80 after lost signal to thread 28221
I20260608 12:46:25.585029 28502 raft_consensus.cc:1064] T ecf692df6dd5446aab7f8cb0be53a67c P 71aa52b87e6643ce9f33c9c2fe039590: attempting to promote NON_VOTER 1e81f95404a3425083a840edf8a53037 to VOTER
I20260608 12:46:25.587919 28502 consensus_queue.cc:237] T ecf692df6dd5446aab7f8cb0be53a67c P 71aa52b87e6643ce9f33c9c2fe039590 [LEADER]: Queue going to LEADER mode. State: All replicated index: 0, Majority replicated index: 3, Committed index: 3, Last appended: 2.3, Last appended by leader: 1, Current term: 2, Majority size: 3, State: 0, Mode: LEADER, active raft config: opid_index: 4 OBSOLETE_local: false peers { permanent_uuid: "dcf286a71c094356b9e1d42b5b27b16c" member_type: VOTER last_known_addr { host: "127.24.90.65" port: 38075 } } peers { permanent_uuid: "b0dd807ccb774d35b1c0a442637a8915" member_type: VOTER last_known_addr { host: "127.24.90.66" port: 43621 } attrs { replace: true } } peers { permanent_uuid: "71aa52b87e6643ce9f33c9c2fe039590" member_type: VOTER last_known_addr { host: "127.24.90.67" port: 41201 } } peers { permanent_uuid: "1e81f95404a3425083a840edf8a53037" member_type: VOTER last_known_addr { host: "127.24.90.68" port: 45775 } attrs { promote: false } }
I20260608 12:46:25.592280 27851 auto_leader_rebalancer.cc:140] leader rebalance for table range_aware_rebalance_new_range
I20260608 12:46:25.599049 28196 raft_consensus.cc:1275] T ecf692df6dd5446aab7f8cb0be53a67c P 1e81f95404a3425083a840edf8a53037 [term 2 LEARNER]: Refusing update from remote peer 71aa52b87e6643ce9f33c9c2fe039590: Log matching property violated. Preceding OpId in replica: term: 2 index: 3. Preceding OpId from leader: term: 2 index: 4. (index mismatch)
I20260608 12:46:25.602393 27973 raft_consensus.cc:1275] T ecf692df6dd5446aab7f8cb0be53a67c P b0dd807ccb774d35b1c0a442637a8915 [term 2 FOLLOWER]: Refusing update from remote peer 71aa52b87e6643ce9f33c9c2fe039590: Log matching property violated. Preceding OpId in replica: term: 2 index: 3. Preceding OpId from leader: term: 2 index: 4. (index mismatch)
I20260608 12:46:25.602558 27896 raft_consensus.cc:1275] T ecf692df6dd5446aab7f8cb0be53a67c P dcf286a71c094356b9e1d42b5b27b16c [term 2 FOLLOWER]: Refusing update from remote peer 71aa52b87e6643ce9f33c9c2fe039590: Log matching property violated. Preceding OpId in replica: term: 2 index: 3. Preceding OpId from leader: term: 2 index: 4. (index mismatch)
I20260608 12:46:25.609021 28504 consensus_queue.cc:1048] T ecf692df6dd5446aab7f8cb0be53a67c P 71aa52b87e6643ce9f33c9c2fe039590 [LEADER]: Connected to new peer: Peer: permanent_uuid: "1e81f95404a3425083a840edf8a53037" member_type: VOTER last_known_addr { host: "127.24.90.68" port: 45775 } attrs { promote: false }, Status: LMP_MISMATCH, Last received: 0.0, Next index: 4, Last known committed idx: 3, Time since last communication: 0.001s
