I20260608 12:46:21.416801 12663 fs_manager.cc:1068] Generated new instance metadata in path /tmp/dist-test-taskbnmpZS/test-tmp/auto_rebalancer-test.0.AutoRebalancerTest.RangeAwareBuildClusterInfoGroupsByRange.1780922695395484-12663-0/minicluster-data/ts-0-root/instance:
uuid: "1abcace3bd384aea81ed4975bf58eb06"
format_stamp: "Formatted at 2026-06-08 12:46:21 on dist-test-slave-gczx"
I20260608 12:46:21.421694 12663 fs_manager.cc:696] Time spent creating directory manager: real 0.004s	user 0.006s	sys 0.000s
I20260608 12:46:21.425384 15315 log_block_manager.cc:4031] Time spent loading block containers with low live blocks: real 0.000s	user 0.000s	sys 0.000s
I20260608 12:46:21.426280 12663 fs_manager.cc:730] Time spent opening block manager: real 0.002s	user 0.002s	sys 0.000s
I20260608 12:46:21.426563 12663 fs_manager.cc:647] Opened local filesystem: /tmp/dist-test-taskbnmpZS/test-tmp/auto_rebalancer-test.0.AutoRebalancerTest.RangeAwareBuildClusterInfoGroupsByRange.1780922695395484-12663-0/minicluster-data/ts-0-root
uuid: "1abcace3bd384aea81ed4975bf58eb06"
format_stamp: "Formatted at 2026-06-08 12:46:21 on dist-test-slave-gczx"
I20260608 12:46:21.426959 12663 fs_report.cc:389] FS layout report
--------------------
wal directory: /tmp/dist-test-taskbnmpZS/test-tmp/auto_rebalancer-test.0.AutoRebalancerTest.RangeAwareBuildClusterInfoGroupsByRange.1780922695395484-12663-0/minicluster-data/ts-0-root
metadata directory: /tmp/dist-test-taskbnmpZS/test-tmp/auto_rebalancer-test.0.AutoRebalancerTest.RangeAwareBuildClusterInfoGroupsByRange.1780922695395484-12663-0/minicluster-data/ts-0-root
1 data directories: /tmp/dist-test-taskbnmpZS/test-tmp/auto_rebalancer-test.0.AutoRebalancerTest.RangeAwareBuildClusterInfoGroupsByRange.1780922695395484-12663-0/minicluster-data/ts-0-root/data
Total live blocks: 0
Total live bytes: 0
Total live bytes (after alignment): 0
Total number of LBM containers: 0 (0 full)
Did not check for missing blocks
Did not check for orphaned blocks
Total full LBM containers with extra space: 0 (0 repaired)
Total full LBM container extra space in bytes: 0 (0 repaired)
Total incomplete LBM containers: 0 (0 repaired)
Total LBM partial records: 0 (0 repaired)
Total corrupted LBM metadata records in RocksDB: 0 (0 repaired)
I20260608 12:46:21.455678 12663 rpc_server.cc:225] running with OpenSSL 1.1.1  11 Sep 2018
I20260608 12:46:21.456919 12663 kserver.cc:163] Server-wide thread pool size limit: 3276
I20260608 12:46:21.458376 12663 txn_system_client.cc:432] TxnSystemClient initialization is disabled...
I20260608 12:46:21.460832 12663 ts_tablet_manager.cc:585] Loaded tablet metadata (0 total tablets, 0 live tablets)
I20260608 12:46:21.461010 12663 ts_tablet_manager.cc:531] Time spent load tablet metadata: real 0.000s	user 0.000s	sys 0.000s
I20260608 12:46:21.461316 12663 ts_tablet_manager.cc:616] Registered 0 tablets
I20260608 12:46:21.461479 12663 ts_tablet_manager.cc:595] Time spent register tablets: real 0.000s	user 0.000s	sys 0.000s
I20260608 12:46:21.503328 12663 rpc_server.cc:307] RPC server started. Bound to: 127.12.93.193:43473
I20260608 12:46:21.503450 15377 acceptor_pool.cc:272] collecting diagnostics on the listening RPC socket 127.12.93.193:43473 every 8 connection(s)
I20260608 12:46:21.508806 12663 file_cache.cc:492] Constructed file cache file cache with capacity 419430
W20260608 12:46:21.516227 15382 instance_detector.cc:116] could not retrieve AWS instance metadata: Network error: curl error: HTTP response code said error: The requested URL returned error: 404
W20260608 12:46:21.518196 15383 instance_detector.cc:116] could not retrieve Azure instance metadata: Network error: curl error: HTTP response code said error: The requested URL returned error: 404
I20260608 12:46:21.520826 12663 server_base.cc:1061] running on GCE node
W20260608 12:46:21.520726 15385 instance_detector.cc:116] could not retrieve OpenStack instance metadata: Network error: curl error: HTTP response code said error: The requested URL returned error: 404
I20260608 12:46:21.522185 12663 hybrid_clock.cc:584] initializing the hybrid clock with 'system_unsync' time source
W20260608 12:46:21.522378 12663 system_unsync_time.cc:38] NTP support is disabled. Clock error bounds will not be accurate. This configuration is not suitable for distributed clusters.
I20260608 12:46:21.522605 12663 hybrid_clock.cc:648] HybridClock initialized: now 1780922781522588 us; error 0 us; skew 500 ppm
I20260608 12:46:21.523415 12663 server_base.cc:861] Flag tcmalloc_max_total_thread_cache_bytes is not working since tcmalloc is not enabled.
I20260608 12:46:21.525552 15378 heartbeater.cc:344] Connected to a master server at 127.12.93.254:33365
I20260608 12:46:21.526013 15378 heartbeater.cc:461] Registering TS with master...
I20260608 12:46:21.526295 12663 webserver.cc:533] Webserver started at http://127.12.93.194:33967/ using document root <none> and password file <none>
I20260608 12:46:21.527010 12663 fs_manager.cc:362] Metadata directory not provided
I20260608 12:46:21.526954 15378 heartbeater.cc:507] Master 127.12.93.254:33365 requested a full tablet report, sending...
I20260608 12:46:21.527455 12663 fs_manager.cc:368] Using write-ahead log directory (fs_wal_dir) as metadata directory
I20260608 12:46:21.527813 12663 server_base.cc:909] This appears to be a new deployment of Kudu; creating new FS layout
I20260608 12:46:21.529328 12663 fs_manager.cc:1068] Generated new instance metadata in path /tmp/dist-test-taskbnmpZS/test-tmp/auto_rebalancer-test.0.AutoRebalancerTest.RangeAwareBuildClusterInfoGroupsByRange.1780922695395484-12663-0/minicluster-data/ts-1-root/instance:
uuid: "0b7906842b234d70a1ec6fc3f31d4136"
format_stamp: "Formatted at 2026-06-08 12:46:21 on dist-test-slave-gczx"
I20260608 12:46:21.529908 15251 ts_manager.cc:194] Registered new tserver with Master: 1abcace3bd384aea81ed4975bf58eb06 (127.12.93.193:43473)
I20260608 12:46:21.532658 15251 master_service.cc:502] Signed X509 certificate for tserver {username='slave'} at 127.0.0.1:52538
I20260608 12:46:21.535629 12663 fs_manager.cc:696] Time spent creating directory manager: real 0.006s	user 0.007s	sys 0.000s
I20260608 12:46:21.539364 15390 log_block_manager.cc:4031] Time spent loading block containers with low live blocks: real 0.000s	user 0.000s	sys 0.000s
I20260608 12:46:21.540298 12663 fs_manager.cc:730] Time spent opening block manager: real 0.003s	user 0.002s	sys 0.001s
I20260608 12:46:21.540560 12663 fs_manager.cc:647] Opened local filesystem: /tmp/dist-test-taskbnmpZS/test-tmp/auto_rebalancer-test.0.AutoRebalancerTest.RangeAwareBuildClusterInfoGroupsByRange.1780922695395484-12663-0/minicluster-data/ts-1-root
uuid: "0b7906842b234d70a1ec6fc3f31d4136"
format_stamp: "Formatted at 2026-06-08 12:46:21 on dist-test-slave-gczx"
I20260608 12:46:21.540793 12663 fs_report.cc:389] FS layout report
--------------------
wal directory: /tmp/dist-test-taskbnmpZS/test-tmp/auto_rebalancer-test.0.AutoRebalancerTest.RangeAwareBuildClusterInfoGroupsByRange.1780922695395484-12663-0/minicluster-data/ts-1-root
metadata directory: /tmp/dist-test-taskbnmpZS/test-tmp/auto_rebalancer-test.0.AutoRebalancerTest.RangeAwareBuildClusterInfoGroupsByRange.1780922695395484-12663-0/minicluster-data/ts-1-root
1 data directories: /tmp/dist-test-taskbnmpZS/test-tmp/auto_rebalancer-test.0.AutoRebalancerTest.RangeAwareBuildClusterInfoGroupsByRange.1780922695395484-12663-0/minicluster-data/ts-1-root/data
Total live blocks: 0
Total live bytes: 0
Total live bytes (after alignment): 0
Total number of LBM containers: 0 (0 full)
Did not check for missing blocks
Did not check for orphaned blocks
Total full LBM containers with extra space: 0 (0 repaired)
Total full LBM container extra space in bytes: 0 (0 repaired)
Total incomplete LBM containers: 0 (0 repaired)
Total LBM partial records: 0 (0 repaired)
Total corrupted LBM metadata records in RocksDB: 0 (0 repaired)
I20260608 12:46:21.551373 12663 rpc_server.cc:225] running with OpenSSL 1.1.1  11 Sep 2018
I20260608 12:46:21.552546 12663 kserver.cc:163] Server-wide thread pool size limit: 3276
I20260608 12:46:21.553956 12663 txn_system_client.cc:432] TxnSystemClient initialization is disabled...
I20260608 12:46:21.556294 12663 ts_tablet_manager.cc:585] Loaded tablet metadata (0 total tablets, 0 live tablets)
I20260608 12:46:21.556476 12663 ts_tablet_manager.cc:531] Time spent load tablet metadata: real 0.000s	user 0.000s	sys 0.000s
I20260608 12:46:21.556787 12663 ts_tablet_manager.cc:616] Registered 0 tablets
I20260608 12:46:21.556937 12663 ts_tablet_manager.cc:595] Time spent register tablets: real 0.000s	user 0.000s	sys 0.000s
I20260608 12:46:21.599462 12663 rpc_server.cc:307] RPC server started. Bound to: 127.12.93.194:36293
I20260608 12:46:21.599586 15452 acceptor_pool.cc:272] collecting diagnostics on the listening RPC socket 127.12.93.194:36293 every 8 connection(s)
I20260608 12:46:21.604676 12663 file_cache.cc:492] Constructed file cache file cache with capacity 419430
W20260608 12:46:21.612702 15456 instance_detector.cc:116] could not retrieve AWS instance metadata: Network error: curl error: HTTP response code said error: The requested URL returned error: 404
W20260608 12:46:21.614555 15457 instance_detector.cc:116] could not retrieve Azure instance metadata: Network error: curl error: HTTP response code said error: The requested URL returned error: 404
W20260608 12:46:21.617832 15459 instance_detector.cc:116] could not retrieve OpenStack instance metadata: Network error: curl error: HTTP response code said error: The requested URL returned error: 404
I20260608 12:46:21.618748 15453 heartbeater.cc:344] Connected to a master server at 127.12.93.254:33365
I20260608 12:46:21.619009 12663 server_base.cc:1061] running on GCE node
I20260608 12:46:21.619246 15453 heartbeater.cc:461] Registering TS with master...
I20260608 12:46:21.620057 12663 hybrid_clock.cc:584] initializing the hybrid clock with 'system_unsync' time source
W20260608 12:46:21.620347 12663 system_unsync_time.cc:38] NTP support is disabled. Clock error bounds will not be accurate. This configuration is not suitable for distributed clusters.
I20260608 12:46:21.620297 15453 heartbeater.cc:507] Master 127.12.93.254:33365 requested a full tablet report, sending...
I20260608 12:46:21.620769 12663 hybrid_clock.cc:648] HybridClock initialized: now 1780922781620748 us; error 0 us; skew 500 ppm
I20260608 12:46:21.621704 12663 server_base.cc:861] Flag tcmalloc_max_total_thread_cache_bytes is not working since tcmalloc is not enabled.
I20260608 12:46:21.622951 15251 ts_manager.cc:194] Registered new tserver with Master: 0b7906842b234d70a1ec6fc3f31d4136 (127.12.93.194:36293)
I20260608 12:46:21.624467 12663 webserver.cc:533] Webserver started at http://127.12.93.195:44431/ using document root <none> and password file <none>
I20260608 12:46:21.624684 15251 master_service.cc:502] Signed X509 certificate for tserver {username='slave'} at 127.0.0.1:52548
I20260608 12:46:21.625088 12663 fs_manager.cc:362] Metadata directory not provided
I20260608 12:46:21.625350 12663 fs_manager.cc:368] Using write-ahead log directory (fs_wal_dir) as metadata directory
I20260608 12:46:21.625659 12663 server_base.cc:909] This appears to be a new deployment of Kudu; creating new FS layout
I20260608 12:46:21.627346 12663 fs_manager.cc:1068] Generated new instance metadata in path /tmp/dist-test-taskbnmpZS/test-tmp/auto_rebalancer-test.0.AutoRebalancerTest.RangeAwareBuildClusterInfoGroupsByRange.1780922695395484-12663-0/minicluster-data/ts-2-root/instance:
uuid: "ecd13561a2434327a4805fa497a298c8"
format_stamp: "Formatted at 2026-06-08 12:46:21 on dist-test-slave-gczx"
I20260608 12:46:21.632158 12663 fs_manager.cc:696] Time spent creating directory manager: real 0.004s	user 0.004s	sys 0.000s
I20260608 12:46:21.635882 15464 log_block_manager.cc:4031] Time spent loading block containers with low live blocks: real 0.000s	user 0.000s	sys 0.000s
I20260608 12:46:21.636788 12663 fs_manager.cc:730] Time spent opening block manager: real 0.003s	user 0.002s	sys 0.001s
I20260608 12:46:21.637109 12663 fs_manager.cc:647] Opened local filesystem: /tmp/dist-test-taskbnmpZS/test-tmp/auto_rebalancer-test.0.AutoRebalancerTest.RangeAwareBuildClusterInfoGroupsByRange.1780922695395484-12663-0/minicluster-data/ts-2-root
uuid: "ecd13561a2434327a4805fa497a298c8"
format_stamp: "Formatted at 2026-06-08 12:46:21 on dist-test-slave-gczx"
I20260608 12:46:21.637428 12663 fs_report.cc:389] FS layout report
--------------------
wal directory: /tmp/dist-test-taskbnmpZS/test-tmp/auto_rebalancer-test.0.AutoRebalancerTest.RangeAwareBuildClusterInfoGroupsByRange.1780922695395484-12663-0/minicluster-data/ts-2-root
metadata directory: /tmp/dist-test-taskbnmpZS/test-tmp/auto_rebalancer-test.0.AutoRebalancerTest.RangeAwareBuildClusterInfoGroupsByRange.1780922695395484-12663-0/minicluster-data/ts-2-root
1 data directories: /tmp/dist-test-taskbnmpZS/test-tmp/auto_rebalancer-test.0.AutoRebalancerTest.RangeAwareBuildClusterInfoGroupsByRange.1780922695395484-12663-0/minicluster-data/ts-2-root/data
Total live blocks: 0
Total live bytes: 0
Total live bytes (after alignment): 0
Total number of LBM containers: 0 (0 full)
Did not check for missing blocks
Did not check for orphaned blocks
Total full LBM containers with extra space: 0 (0 repaired)
Total full LBM container extra space in bytes: 0 (0 repaired)
Total incomplete LBM containers: 0 (0 repaired)
Total LBM partial records: 0 (0 repaired)
Total corrupted LBM metadata records in RocksDB: 0 (0 repaired)
I20260608 12:46:21.653119 12663 rpc_server.cc:225] running with OpenSSL 1.1.1  11 Sep 2018
I20260608 12:46:21.654381 12663 kserver.cc:163] Server-wide thread pool size limit: 3276
I20260608 12:46:21.655925 12663 txn_system_client.cc:432] TxnSystemClient initialization is disabled...
I20260608 12:46:21.658317 12663 ts_tablet_manager.cc:585] Loaded tablet metadata (0 total tablets, 0 live tablets)
I20260608 12:46:21.658571 12663 ts_tablet_manager.cc:531] Time spent load tablet metadata: real 0.000s	user 0.000s	sys 0.000s
I20260608 12:46:21.658816 12663 ts_tablet_manager.cc:616] Registered 0 tablets
I20260608 12:46:21.658998 12663 ts_tablet_manager.cc:595] Time spent register tablets: real 0.000s	user 0.000s	sys 0.000s
I20260608 12:46:21.702759 12663 rpc_server.cc:307] RPC server started. Bound to: 127.12.93.195:40997
I20260608 12:46:21.702920 15526 acceptor_pool.cc:272] collecting diagnostics on the listening RPC socket 127.12.93.195:40997 every 8 connection(s)
I20260608 12:46:21.719717 15527 heartbeater.cc:344] Connected to a master server at 127.12.93.254:33365
I20260608 12:46:21.720094 15527 heartbeater.cc:461] Registering TS with master...
I20260608 12:46:21.720927 15527 heartbeater.cc:507] Master 127.12.93.254:33365 requested a full tablet report, sending...
I20260608 12:46:21.723006 15251 ts_manager.cc:194] Registered new tserver with Master: ecd13561a2434327a4805fa497a298c8 (127.12.93.195:40997)
I20260608 12:46:21.723270 12663 internal_mini_cluster.cc:371] 3 TS(s) registered with all masters after 0.016997188s
I20260608 12:46:21.724570 15251 master_service.cc:502] Signed X509 certificate for tserver {username='slave'} at 127.0.0.1:52552
I20260608 12:46:22.536069 15378 heartbeater.cc:499] Master 127.12.93.254:33365 was elected leader, sending a full tablet report...
I20260608 12:46:22.627628 15453 heartbeater.cc:499] Master 127.12.93.254:33365 was elected leader, sending a full tablet report...
I20260608 12:46:22.727303 15527 heartbeater.cc:499] Master 127.12.93.254:33365 was elected leader, sending a full tablet report...
I20260608 12:46:22.780386 15251 catalog_manager.cc:2282] Servicing CreateTable request from {username='slave'} at 127.0.0.1:52568:
name: "range_aware_auto_rebalancer_test"
schema {
  columns {
    name: "key"
    type: INT32
    is_key: true
    is_nullable: false
    encoding: AUTO_ENCODING
    compression: DEFAULT_COMPRESSION
    cfile_block_size: 0
    immutable: false
  }
}
num_replicas: 3
split_rows_range_bounds {
  rows: "\006\001\000\000\000\000\007\001\n\000\000\000\006\001\n\000\000\000\007\001\024\000\000\000""\006\001\000\000\000\000\007\001\n\000\000\000\006\001\n\000\000\000\007\001\024\000\000\000"
  indirect_data: """"
}
partition_schema {
  hash_schema {
    columns {
      name: "key"
    }
    num_buckets: 2
    seed: 0
  }
  range_schema {
    columns {
      name: "key"
    }
  }
}
W20260608 12:46:22.782948 15251 catalog_manager.cc:7076] The number of live tablet servers is not enough to re-replicate a tablet replica of the newly created table range_aware_auto_rebalancer_test in case of a server failure: 4 tablet servers would be needed, 3 are available. Consider bringing up more tablet servers.
I20260608 12:46:22.866688 15418 tablet_service.cc:1511] Processing CreateTablet for tablet 32e194a3f45946119f5e80942831cb3c (DEFAULT_TABLE table=range_aware_auto_rebalancer_test [id=8e85e5a42e8c40ec8476edc6fb717665]), partition=HASH (key) PARTITION 0, RANGE (key) PARTITION 0 <= VALUES < 10
I20260608 12:46:22.867828 15416 tablet_service.cc:1511] Processing CreateTablet for tablet a6d9779e3e4a4545bcf5d73797f08faa (DEFAULT_TABLE table=range_aware_auto_rebalancer_test [id=8e85e5a42e8c40ec8476edc6fb717665]), partition=HASH (key) PARTITION 1, RANGE (key) PARTITION 0 <= VALUES < 10
I20260608 12:46:22.868491 15418 data_dirs.cc:400] Could only allocate 1 dirs of requested 3 for tablet 32e194a3f45946119f5e80942831cb3c. 1 dirs total, 0 dirs full, 0 dirs failed
I20260608 12:46:22.869315 15416 data_dirs.cc:400] Could only allocate 1 dirs of requested 3 for tablet a6d9779e3e4a4545bcf5d73797f08faa. 1 dirs total, 0 dirs full, 0 dirs failed
I20260608 12:46:22.870702 15417 tablet_service.cc:1511] Processing CreateTablet for tablet 2698552b74a942058b879555c93f0609 (DEFAULT_TABLE table=range_aware_auto_rebalancer_test [id=8e85e5a42e8c40ec8476edc6fb717665]), partition=HASH (key) PARTITION 0, RANGE (key) PARTITION 10 <= VALUES < 20
I20260608 12:46:22.872303 15417 data_dirs.cc:400] Could only allocate 1 dirs of requested 3 for tablet 2698552b74a942058b879555c93f0609. 1 dirs total, 0 dirs full, 0 dirs failed
I20260608 12:46:22.872182 15415 tablet_service.cc:1511] Processing CreateTablet for tablet 463250962a0848ddb62c89424306cfca (DEFAULT_TABLE table=range_aware_auto_rebalancer_test [id=8e85e5a42e8c40ec8476edc6fb717665]), partition=HASH (key) PARTITION 1, RANGE (key) PARTITION 10 <= VALUES < 20
I20260608 12:46:22.873647 15415 data_dirs.cc:400] Could only allocate 1 dirs of requested 3 for tablet 463250962a0848ddb62c89424306cfca. 1 dirs total, 0 dirs full, 0 dirs failed
I20260608 12:46:22.874692 15492 tablet_service.cc:1511] Processing CreateTablet for tablet 32e194a3f45946119f5e80942831cb3c (DEFAULT_TABLE table=range_aware_auto_rebalancer_test [id=8e85e5a42e8c40ec8476edc6fb717665]), partition=HASH (key) PARTITION 0, RANGE (key) PARTITION 0 <= VALUES < 10
I20260608 12:46:22.876183 15492 data_dirs.cc:400] Could only allocate 1 dirs of requested 3 for tablet 32e194a3f45946119f5e80942831cb3c. 1 dirs total, 0 dirs full, 0 dirs failed
I20260608 12:46:22.876271 15343 tablet_service.cc:1511] Processing CreateTablet for tablet 32e194a3f45946119f5e80942831cb3c (DEFAULT_TABLE table=range_aware_auto_rebalancer_test [id=8e85e5a42e8c40ec8476edc6fb717665]), partition=HASH (key) PARTITION 0, RANGE (key) PARTITION 0 <= VALUES < 10
I20260608 12:46:22.877888 15343 data_dirs.cc:400] Could only allocate 1 dirs of requested 3 for tablet 32e194a3f45946119f5e80942831cb3c. 1 dirs total, 0 dirs full, 0 dirs failed
I20260608 12:46:22.877564 15491 tablet_service.cc:1511] Processing CreateTablet for tablet 2698552b74a942058b879555c93f0609 (DEFAULT_TABLE table=range_aware_auto_rebalancer_test [id=8e85e5a42e8c40ec8476edc6fb717665]), partition=HASH (key) PARTITION 0, RANGE (key) PARTITION 10 <= VALUES < 20
I20260608 12:46:22.878319 15341 tablet_service.cc:1511] Processing CreateTablet for tablet a6d9779e3e4a4545bcf5d73797f08faa (DEFAULT_TABLE table=range_aware_auto_rebalancer_test [id=8e85e5a42e8c40ec8476edc6fb717665]), partition=HASH (key) PARTITION 1, RANGE (key) PARTITION 0 <= VALUES < 10
I20260608 12:46:22.879794 15341 data_dirs.cc:400] Could only allocate 1 dirs of requested 3 for tablet a6d9779e3e4a4545bcf5d73797f08faa. 1 dirs total, 0 dirs full, 0 dirs failed
I20260608 12:46:22.880345 15489 tablet_service.cc:1511] Processing CreateTablet for tablet 463250962a0848ddb62c89424306cfca (DEFAULT_TABLE table=range_aware_auto_rebalancer_test [id=8e85e5a42e8c40ec8476edc6fb717665]), partition=HASH (key) PARTITION 1, RANGE (key) PARTITION 10 <= VALUES < 20
I20260608 12:46:22.882768 15342 tablet_service.cc:1511] Processing CreateTablet for tablet 2698552b74a942058b879555c93f0609 (DEFAULT_TABLE table=range_aware_auto_rebalancer_test [id=8e85e5a42e8c40ec8476edc6fb717665]), partition=HASH (key) PARTITION 0, RANGE (key) PARTITION 10 <= VALUES < 20
I20260608 12:46:22.884311 15342 data_dirs.cc:400] Could only allocate 1 dirs of requested 3 for tablet 2698552b74a942058b879555c93f0609. 1 dirs total, 0 dirs full, 0 dirs failed
I20260608 12:46:22.888325 15340 tablet_service.cc:1511] Processing CreateTablet for tablet 463250962a0848ddb62c89424306cfca (DEFAULT_TABLE table=range_aware_auto_rebalancer_test [id=8e85e5a42e8c40ec8476edc6fb717665]), partition=HASH (key) PARTITION 1, RANGE (key) PARTITION 10 <= VALUES < 20
I20260608 12:46:22.891494 15490 tablet_service.cc:1511] Processing CreateTablet for tablet a6d9779e3e4a4545bcf5d73797f08faa (DEFAULT_TABLE table=range_aware_auto_rebalancer_test [id=8e85e5a42e8c40ec8476edc6fb717665]), partition=HASH (key) PARTITION 1, RANGE (key) PARTITION 0 <= VALUES < 10
I20260608 12:46:22.893088 15491 data_dirs.cc:400] Could only allocate 1 dirs of requested 3 for tablet 2698552b74a942058b879555c93f0609. 1 dirs total, 0 dirs full, 0 dirs failed
I20260608 12:46:22.899600 15489 data_dirs.cc:400] Could only allocate 1 dirs of requested 3 for tablet 463250962a0848ddb62c89424306cfca. 1 dirs total, 0 dirs full, 0 dirs failed
I20260608 12:46:22.903570 15490 data_dirs.cc:400] Could only allocate 1 dirs of requested 3 for tablet a6d9779e3e4a4545bcf5d73797f08faa. 1 dirs total, 0 dirs full, 0 dirs failed
I20260608 12:46:22.889798 15340 data_dirs.cc:400] Could only allocate 1 dirs of requested 3 for tablet 463250962a0848ddb62c89424306cfca. 1 dirs total, 0 dirs full, 0 dirs failed
I20260608 12:46:22.928877 15547 tablet_bootstrap.cc:492] T 32e194a3f45946119f5e80942831cb3c P 1abcace3bd384aea81ed4975bf58eb06: Bootstrap starting.
I20260608 12:46:22.939805 15547 tablet_bootstrap.cc:654] T 32e194a3f45946119f5e80942831cb3c P 1abcace3bd384aea81ed4975bf58eb06: Neither blocks nor log segments found. Creating new log.
I20260608 12:46:22.941311 15548 tablet_bootstrap.cc:492] T a6d9779e3e4a4545bcf5d73797f08faa P ecd13561a2434327a4805fa497a298c8: Bootstrap starting.
I20260608 12:46:22.965658 15547 tablet_bootstrap.cc:492] T 32e194a3f45946119f5e80942831cb3c P 1abcace3bd384aea81ed4975bf58eb06: No bootstrap required, opened a new log
I20260608 12:46:22.966295 15547 ts_tablet_manager.cc:1403] T 32e194a3f45946119f5e80942831cb3c P 1abcace3bd384aea81ed4975bf58eb06: Time spent bootstrapping tablet: real 0.038s	user 0.017s	sys 0.006s
I20260608 12:46:22.969642 15547 raft_consensus.cc:359] T 32e194a3f45946119f5e80942831cb3c P 1abcace3bd384aea81ed4975bf58eb06 [term 0 FOLLOWER]: Replica starting. Triggering 0 pending ops. Active config: opid_index: -1 OBSOLETE_local: false peers { permanent_uuid: "ecd13561a2434327a4805fa497a298c8" member_type: VOTER last_known_addr { host: "127.12.93.195" port: 40997 } } peers { permanent_uuid: "0b7906842b234d70a1ec6fc3f31d4136" member_type: VOTER last_known_addr { host: "127.12.93.194" port: 36293 } } peers { permanent_uuid: "1abcace3bd384aea81ed4975bf58eb06" member_type: VOTER last_known_addr { host: "127.12.93.193" port: 43473 } }
I20260608 12:46:22.970279 15547 raft_consensus.cc:385] T 32e194a3f45946119f5e80942831cb3c P 1abcace3bd384aea81ed4975bf58eb06 [term 0 FOLLOWER]: Consensus starting up: Expiring failure detector timer to make a prompt election more likely
I20260608 12:46:22.970543 15547 raft_consensus.cc:740] T 32e194a3f45946119f5e80942831cb3c P 1abcace3bd384aea81ed4975bf58eb06 [term 0 FOLLOWER]: Becoming Follower/Learner. State: Replica: 1abcace3bd384aea81ed4975bf58eb06, State: Initialized, Role: FOLLOWER
I20260608 12:46:22.971351 15547 consensus_queue.cc:260] T 32e194a3f45946119f5e80942831cb3c P 1abcace3bd384aea81ed4975bf58eb06 [NON_LEADER]: Queue going to NON_LEADER mode. State: All replicated index: 0, Majority replicated index: 0, Committed index: 0, Last appended: 0.0, Last appended by leader: 0, Current term: 0, Majority size: -1, State: 0, Mode: NON_LEADER, active raft config: opid_index: -1 OBSOLETE_local: false peers { permanent_uuid: "ecd13561a2434327a4805fa497a298c8" member_type: VOTER last_known_addr { host: "127.12.93.195" port: 40997 } } peers { permanent_uuid: "0b7906842b234d70a1ec6fc3f31d4136" member_type: VOTER last_known_addr { host: "127.12.93.194" port: 36293 } } peers { permanent_uuid: "1abcace3bd384aea81ed4975bf58eb06" member_type: VOTER last_known_addr { host: "127.12.93.193" port: 43473 } }
I20260608 12:46:22.972503 15549 tablet_bootstrap.cc:492] T 2698552b74a942058b879555c93f0609 P 0b7906842b234d70a1ec6fc3f31d4136: Bootstrap starting.
I20260608 12:46:22.974211 15547 ts_tablet_manager.cc:1434] T 32e194a3f45946119f5e80942831cb3c P 1abcace3bd384aea81ed4975bf58eb06: Time spent starting tablet: real 0.008s	user 0.002s	sys 0.004s
I20260608 12:46:22.976286 15547 tablet_bootstrap.cc:492] T a6d9779e3e4a4545bcf5d73797f08faa P 1abcace3bd384aea81ed4975bf58eb06: Bootstrap starting.
I20260608 12:46:22.983242 15547 tablet_bootstrap.cc:654] T a6d9779e3e4a4545bcf5d73797f08faa P 1abcace3bd384aea81ed4975bf58eb06: Neither blocks nor log segments found. Creating new log.
I20260608 12:46:22.989898 15548 tablet_bootstrap.cc:654] T a6d9779e3e4a4545bcf5d73797f08faa P ecd13561a2434327a4805fa497a298c8: Neither blocks nor log segments found. Creating new log.
I20260608 12:46:22.990530 15549 tablet_bootstrap.cc:654] T 2698552b74a942058b879555c93f0609 P 0b7906842b234d70a1ec6fc3f31d4136: Neither blocks nor log segments found. Creating new log.
I20260608 12:46:22.990865 15547 tablet_bootstrap.cc:492] T a6d9779e3e4a4545bcf5d73797f08faa P 1abcace3bd384aea81ed4975bf58eb06: No bootstrap required, opened a new log
I20260608 12:46:22.991485 15547 ts_tablet_manager.cc:1403] T a6d9779e3e4a4545bcf5d73797f08faa P 1abcace3bd384aea81ed4975bf58eb06: Time spent bootstrapping tablet: real 0.015s	user 0.010s	sys 0.004s
I20260608 12:46:22.994946 15547 raft_consensus.cc:359] T a6d9779e3e4a4545bcf5d73797f08faa P 1abcace3bd384aea81ed4975bf58eb06 [term 0 FOLLOWER]: Replica starting. Triggering 0 pending ops. Active config: opid_index: -1 OBSOLETE_local: false peers { permanent_uuid: "1abcace3bd384aea81ed4975bf58eb06" member_type: VOTER last_known_addr { host: "127.12.93.193" port: 43473 } } peers { permanent_uuid: "0b7906842b234d70a1ec6fc3f31d4136" member_type: VOTER last_known_addr { host: "127.12.93.194" port: 36293 } } peers { permanent_uuid: "ecd13561a2434327a4805fa497a298c8" member_type: VOTER last_known_addr { host: "127.12.93.195" port: 40997 } }
I20260608 12:46:22.995586 15547 raft_consensus.cc:385] T a6d9779e3e4a4545bcf5d73797f08faa P 1abcace3bd384aea81ed4975bf58eb06 [term 0 FOLLOWER]: Consensus starting up: Expiring failure detector timer to make a prompt election more likely
I20260608 12:46:22.995864 15547 raft_consensus.cc:740] T a6d9779e3e4a4545bcf5d73797f08faa P 1abcace3bd384aea81ed4975bf58eb06 [term 0 FOLLOWER]: Becoming Follower/Learner. State: Replica: 1abcace3bd384aea81ed4975bf58eb06, State: Initialized, Role: FOLLOWER
I20260608 12:46:22.996454 15549 tablet_bootstrap.cc:492] T 2698552b74a942058b879555c93f0609 P 0b7906842b234d70a1ec6fc3f31d4136: No bootstrap required, opened a new log
I20260608 12:46:22.996450 15548 tablet_bootstrap.cc:492] T a6d9779e3e4a4545bcf5d73797f08faa P ecd13561a2434327a4805fa497a298c8: No bootstrap required, opened a new log
I20260608 12:46:22.996598 15547 consensus_queue.cc:260] T a6d9779e3e4a4545bcf5d73797f08faa P 1abcace3bd384aea81ed4975bf58eb06 [NON_LEADER]: Queue going to NON_LEADER mode. State: All replicated index: 0, Majority replicated index: 0, Committed index: 0, Last appended: 0.0, Last appended by leader: 0, Current term: 0, Majority size: -1, State: 0, Mode: NON_LEADER, active raft config: opid_index: -1 OBSOLETE_local: false peers { permanent_uuid: "1abcace3bd384aea81ed4975bf58eb06" member_type: VOTER last_known_addr { host: "127.12.93.193" port: 43473 } } peers { permanent_uuid: "0b7906842b234d70a1ec6fc3f31d4136" member_type: VOTER last_known_addr { host: "127.12.93.194" port: 36293 } } peers { permanent_uuid: "ecd13561a2434327a4805fa497a298c8" member_type: VOTER last_known_addr { host: "127.12.93.195" port: 40997 } }
I20260608 12:46:22.997363 15549 ts_tablet_manager.cc:1403] T 2698552b74a942058b879555c93f0609 P 0b7906842b234d70a1ec6fc3f31d4136: Time spent bootstrapping tablet: real 0.025s	user 0.005s	sys 0.009s
I20260608 12:46:22.997400 15548 ts_tablet_manager.cc:1403] T a6d9779e3e4a4545bcf5d73797f08faa P ecd13561a2434327a4805fa497a298c8: Time spent bootstrapping tablet: real 0.057s	user 0.007s	sys 0.012s
I20260608 12:46:22.999461 15547 ts_tablet_manager.cc:1434] T a6d9779e3e4a4545bcf5d73797f08faa P 1abcace3bd384aea81ed4975bf58eb06: Time spent starting tablet: real 0.008s	user 0.007s	sys 0.001s
I20260608 12:46:23.000509 15547 tablet_bootstrap.cc:492] T 463250962a0848ddb62c89424306cfca P 1abcace3bd384aea81ed4975bf58eb06: Bootstrap starting.
I20260608 12:46:23.002162 15548 raft_consensus.cc:359] T a6d9779e3e4a4545bcf5d73797f08faa P ecd13561a2434327a4805fa497a298c8 [term 0 FOLLOWER]: Replica starting. Triggering 0 pending ops. Active config: opid_index: -1 OBSOLETE_local: false peers { permanent_uuid: "1abcace3bd384aea81ed4975bf58eb06" member_type: VOTER last_known_addr { host: "127.12.93.193" port: 43473 } } peers { permanent_uuid: "0b7906842b234d70a1ec6fc3f31d4136" member_type: VOTER last_known_addr { host: "127.12.93.194" port: 36293 } } peers { permanent_uuid: "ecd13561a2434327a4805fa497a298c8" member_type: VOTER last_known_addr { host: "127.12.93.195" port: 40997 } }
I20260608 12:46:23.002988 15548 raft_consensus.cc:385] T a6d9779e3e4a4545bcf5d73797f08faa P ecd13561a2434327a4805fa497a298c8 [term 0 FOLLOWER]: Consensus starting up: Expiring failure detector timer to make a prompt election more likely
I20260608 12:46:23.003402 15548 raft_consensus.cc:740] T a6d9779e3e4a4545bcf5d73797f08faa P ecd13561a2434327a4805fa497a298c8 [term 0 FOLLOWER]: Becoming Follower/Learner. State: Replica: ecd13561a2434327a4805fa497a298c8, State: Initialized, Role: FOLLOWER
I20260608 12:46:23.003504 15549 raft_consensus.cc:359] T 2698552b74a942058b879555c93f0609 P 0b7906842b234d70a1ec6fc3f31d4136 [term 0 FOLLOWER]: Replica starting. Triggering 0 pending ops. Active config: opid_index: -1 OBSOLETE_local: false peers { permanent_uuid: "1abcace3bd384aea81ed4975bf58eb06" member_type: VOTER last_known_addr { host: "127.12.93.193" port: 43473 } } peers { permanent_uuid: "0b7906842b234d70a1ec6fc3f31d4136" member_type: VOTER last_known_addr { host: "127.12.93.194" port: 36293 } } peers { permanent_uuid: "ecd13561a2434327a4805fa497a298c8" member_type: VOTER last_known_addr { host: "127.12.93.195" port: 40997 } }
I20260608 12:46:23.004467 15549 raft_consensus.cc:385] T 2698552b74a942058b879555c93f0609 P 0b7906842b234d70a1ec6fc3f31d4136 [term 0 FOLLOWER]: Consensus starting up: Expiring failure detector timer to make a prompt election more likely
I20260608 12:46:23.004544 15548 consensus_queue.cc:260] T a6d9779e3e4a4545bcf5d73797f08faa P ecd13561a2434327a4805fa497a298c8 [NON_LEADER]: Queue going to NON_LEADER mode. State: All replicated index: 0, Majority replicated index: 0, Committed index: 0, Last appended: 0.0, Last appended by leader: 0, Current term: 0, Majority size: -1, State: 0, Mode: NON_LEADER, active raft config: opid_index: -1 OBSOLETE_local: false peers { permanent_uuid: "1abcace3bd384aea81ed4975bf58eb06" member_type: VOTER last_known_addr { host: "127.12.93.193" port: 43473 } } peers { permanent_uuid: "0b7906842b234d70a1ec6fc3f31d4136" member_type: VOTER last_known_addr { host: "127.12.93.194" port: 36293 } } peers { permanent_uuid: "ecd13561a2434327a4805fa497a298c8" member_type: VOTER last_known_addr { host: "127.12.93.195" port: 40997 } }
I20260608 12:46:23.004997 15549 raft_consensus.cc:740] T 2698552b74a942058b879555c93f0609 P 0b7906842b234d70a1ec6fc3f31d4136 [term 0 FOLLOWER]: Becoming Follower/Learner. State: Replica: 0b7906842b234d70a1ec6fc3f31d4136, State: Initialized, Role: FOLLOWER
I20260608 12:46:23.006279 15549 consensus_queue.cc:260] T 2698552b74a942058b879555c93f0609 P 0b7906842b234d70a1ec6fc3f31d4136 [NON_LEADER]: Queue going to NON_LEADER mode. State: All replicated index: 0, Majority replicated index: 0, Committed index: 0, Last appended: 0.0, Last appended by leader: 0, Current term: 0, Majority size: -1, State: 0, Mode: NON_LEADER, active raft config: opid_index: -1 OBSOLETE_local: false peers { permanent_uuid: "1abcace3bd384aea81ed4975bf58eb06" member_type: VOTER last_known_addr { host: "127.12.93.193" port: 43473 } } peers { permanent_uuid: "0b7906842b234d70a1ec6fc3f31d4136" member_type: VOTER last_known_addr { host: "127.12.93.194" port: 36293 } } peers { permanent_uuid: "ecd13561a2434327a4805fa497a298c8" member_type: VOTER last_known_addr { host: "127.12.93.195" port: 40997 } }
W20260608 12:46:23.009620 15379 tablet.cc:2404] T 32e194a3f45946119f5e80942831cb3c P 1abcace3bd384aea81ed4975bf58eb06: Can't schedule compaction. Clean time has not been advanced past its initial value.
I20260608 12:46:23.010646 15547 tablet_bootstrap.cc:654] T 463250962a0848ddb62c89424306cfca P 1abcace3bd384aea81ed4975bf58eb06: Neither blocks nor log segments found. Creating new log.
I20260608 12:46:23.018837 15548 ts_tablet_manager.cc:1434] T a6d9779e3e4a4545bcf5d73797f08faa P ecd13561a2434327a4805fa497a298c8: Time spent starting tablet: real 0.020s	user 0.010s	sys 0.007s
I20260608 12:46:23.028687 15557 raft_consensus.cc:493] T 2698552b74a942058b879555c93f0609 P 0b7906842b234d70a1ec6fc3f31d4136 [term 0 FOLLOWER]: Starting pre-election (no leader contacted us within the election timeout)
I20260608 12:46:23.029114 15548 tablet_bootstrap.cc:492] T 32e194a3f45946119f5e80942831cb3c P ecd13561a2434327a4805fa497a298c8: Bootstrap starting.
I20260608 12:46:23.029559 15557 raft_consensus.cc:515] T 2698552b74a942058b879555c93f0609 P 0b7906842b234d70a1ec6fc3f31d4136 [term 0 FOLLOWER]: Starting pre-election with config: opid_index: -1 OBSOLETE_local: false peers { permanent_uuid: "1abcace3bd384aea81ed4975bf58eb06" member_type: VOTER last_known_addr { host: "127.12.93.193" port: 43473 } } peers { permanent_uuid: "0b7906842b234d70a1ec6fc3f31d4136" member_type: VOTER last_known_addr { host: "127.12.93.194" port: 36293 } } peers { permanent_uuid: "ecd13561a2434327a4805fa497a298c8" member_type: VOTER last_known_addr { host: "127.12.93.195" port: 40997 } }
I20260608 12:46:23.033849 15549 ts_tablet_manager.cc:1434] T 2698552b74a942058b879555c93f0609 P 0b7906842b234d70a1ec6fc3f31d4136: Time spent starting tablet: real 0.036s	user 0.005s	sys 0.008s
I20260608 12:46:23.034116 15547 tablet_bootstrap.cc:492] T 463250962a0848ddb62c89424306cfca P 1abcace3bd384aea81ed4975bf58eb06: No bootstrap required, opened a new log
I20260608 12:46:23.034787 15547 ts_tablet_manager.cc:1403] T 463250962a0848ddb62c89424306cfca P 1abcace3bd384aea81ed4975bf58eb06: Time spent bootstrapping tablet: real 0.034s	user 0.009s	sys 0.023s
I20260608 12:46:23.036643 15548 tablet_bootstrap.cc:654] T 32e194a3f45946119f5e80942831cb3c P ecd13561a2434327a4805fa497a298c8: Neither blocks nor log segments found. Creating new log.
I20260608 12:46:23.037464 15549 tablet_bootstrap.cc:492] T 32e194a3f45946119f5e80942831cb3c P 0b7906842b234d70a1ec6fc3f31d4136: Bootstrap starting.
I20260608 12:46:23.038130 15547 raft_consensus.cc:359] T 463250962a0848ddb62c89424306cfca P 1abcace3bd384aea81ed4975bf58eb06 [term 0 FOLLOWER]: Replica starting. Triggering 0 pending ops. Active config: opid_index: -1 OBSOLETE_local: false peers { permanent_uuid: "1abcace3bd384aea81ed4975bf58eb06" member_type: VOTER last_known_addr { host: "127.12.93.193" port: 43473 } } peers { permanent_uuid: "0b7906842b234d70a1ec6fc3f31d4136" member_type: VOTER last_known_addr { host: "127.12.93.194" port: 36293 } } peers { permanent_uuid: "ecd13561a2434327a4805fa497a298c8" member_type: VOTER last_known_addr { host: "127.12.93.195" port: 40997 } }
I20260608 12:46:23.038964 15547 raft_consensus.cc:385] T 463250962a0848ddb62c89424306cfca P 1abcace3bd384aea81ed4975bf58eb06 [term 0 FOLLOWER]: Consensus starting up: Expiring failure detector timer to make a prompt election more likely
I20260608 12:46:23.039428 15547 raft_consensus.cc:740] T 463250962a0848ddb62c89424306cfca P 1abcace3bd384aea81ed4975bf58eb06 [term 0 FOLLOWER]: Becoming Follower/Learner. State: Replica: 1abcace3bd384aea81ed4975bf58eb06, State: Initialized, Role: FOLLOWER
I20260608 12:46:23.040635 15547 consensus_queue.cc:260] T 463250962a0848ddb62c89424306cfca P 1abcace3bd384aea81ed4975bf58eb06 [NON_LEADER]: Queue going to NON_LEADER mode. State: All replicated index: 0, Majority replicated index: 0, Committed index: 0, Last appended: 0.0, Last appended by leader: 0, Current term: 0, Majority size: -1, State: 0, Mode: NON_LEADER, active raft config: opid_index: -1 OBSOLETE_local: false peers { permanent_uuid: "1abcace3bd384aea81ed4975bf58eb06" member_type: VOTER last_known_addr { host: "127.12.93.193" port: 43473 } } peers { permanent_uuid: "0b7906842b234d70a1ec6fc3f31d4136" member_type: VOTER last_known_addr { host: "127.12.93.194" port: 36293 } } peers { permanent_uuid: "ecd13561a2434327a4805fa497a298c8" member_type: VOTER last_known_addr { host: "127.12.93.195" port: 40997 } }
I20260608 12:46:23.047174 15547 ts_tablet_manager.cc:1434] T 463250962a0848ddb62c89424306cfca P 1abcace3bd384aea81ed4975bf58eb06: Time spent starting tablet: real 0.012s	user 0.008s	sys 0.000s
I20260608 12:46:23.050196 15547 tablet_bootstrap.cc:492] T 2698552b74a942058b879555c93f0609 P 1abcace3bd384aea81ed4975bf58eb06: Bootstrap starting.
I20260608 12:46:23.048900 15548 tablet_bootstrap.cc:492] T 32e194a3f45946119f5e80942831cb3c P ecd13561a2434327a4805fa497a298c8: No bootstrap required, opened a new log
I20260608 12:46:23.050323 15549 tablet_bootstrap.cc:654] T 32e194a3f45946119f5e80942831cb3c P 0b7906842b234d70a1ec6fc3f31d4136: Neither blocks nor log segments found. Creating new log.
I20260608 12:46:23.050880 15548 ts_tablet_manager.cc:1403] T 32e194a3f45946119f5e80942831cb3c P ecd13561a2434327a4805fa497a298c8: Time spent bootstrapping tablet: real 0.022s	user 0.014s	sys 0.005s
I20260608 12:46:23.051565 15557 leader_election.cc:290] T 2698552b74a942058b879555c93f0609 P 0b7906842b234d70a1ec6fc3f31d4136 [CANDIDATE]: Term 1 pre-election: Requested pre-vote from peers 1abcace3bd384aea81ed4975bf58eb06 (127.12.93.193:43473), ecd13561a2434327a4805fa497a298c8 (127.12.93.195:40997)
I20260608 12:46:23.058487 15547 tablet_bootstrap.cc:654] T 2698552b74a942058b879555c93f0609 P 1abcace3bd384aea81ed4975bf58eb06: Neither blocks nor log segments found. Creating new log.
I20260608 12:46:23.056923 15548 raft_consensus.cc:359] T 32e194a3f45946119f5e80942831cb3c P ecd13561a2434327a4805fa497a298c8 [term 0 FOLLOWER]: Replica starting. Triggering 0 pending ops. Active config: opid_index: -1 OBSOLETE_local: false peers { permanent_uuid: "ecd13561a2434327a4805fa497a298c8" member_type: VOTER last_known_addr { host: "127.12.93.195" port: 40997 } } peers { permanent_uuid: "0b7906842b234d70a1ec6fc3f31d4136" member_type: VOTER last_known_addr { host: "127.12.93.194" port: 36293 } } peers { permanent_uuid: "1abcace3bd384aea81ed4975bf58eb06" member_type: VOTER last_known_addr { host: "127.12.93.193" port: 43473 } }
I20260608 12:46:23.061770 15548 raft_consensus.cc:385] T 32e194a3f45946119f5e80942831cb3c P ecd13561a2434327a4805fa497a298c8 [term 0 FOLLOWER]: Consensus starting up: Expiring failure detector timer to make a prompt election more likely
I20260608 12:46:23.062173 15548 raft_consensus.cc:740] T 32e194a3f45946119f5e80942831cb3c P ecd13561a2434327a4805fa497a298c8 [term 0 FOLLOWER]: Becoming Follower/Learner. State: Replica: ecd13561a2434327a4805fa497a298c8, State: Initialized, Role: FOLLOWER
I20260608 12:46:23.064867 15548 consensus_queue.cc:260] T 32e194a3f45946119f5e80942831cb3c P ecd13561a2434327a4805fa497a298c8 [NON_LEADER]: Queue going to NON_LEADER mode. State: All replicated index: 0, Majority replicated index: 0, Committed index: 0, Last appended: 0.0, Last appended by leader: 0, Current term: 0, Majority size: -1, State: 0, Mode: NON_LEADER, active raft config: opid_index: -1 OBSOLETE_local: false peers { permanent_uuid: "ecd13561a2434327a4805fa497a298c8" member_type: VOTER last_known_addr { host: "127.12.93.195" port: 40997 } } peers { permanent_uuid: "0b7906842b234d70a1ec6fc3f31d4136" member_type: VOTER last_known_addr { host: "127.12.93.194" port: 36293 } } peers { permanent_uuid: "1abcace3bd384aea81ed4975bf58eb06" member_type: VOTER last_known_addr { host: "127.12.93.193" port: 43473 } }
I20260608 12:46:23.067032 15551 raft_consensus.cc:493] T 32e194a3f45946119f5e80942831cb3c P 1abcace3bd384aea81ed4975bf58eb06 [term 0 FOLLOWER]: Starting pre-election (no leader contacted us within the election timeout)
I20260608 12:46:23.067786 15551 raft_consensus.cc:515] T 32e194a3f45946119f5e80942831cb3c P 1abcace3bd384aea81ed4975bf58eb06 [term 0 FOLLOWER]: Starting pre-election with config: opid_index: -1 OBSOLETE_local: false peers { permanent_uuid: "ecd13561a2434327a4805fa497a298c8" member_type: VOTER last_known_addr { host: "127.12.93.195" port: 40997 } } peers { permanent_uuid: "0b7906842b234d70a1ec6fc3f31d4136" member_type: VOTER last_known_addr { host: "127.12.93.194" port: 36293 } } peers { permanent_uuid: "1abcace3bd384aea81ed4975bf58eb06" member_type: VOTER last_known_addr { host: "127.12.93.193" port: 43473 } }
I20260608 12:46:23.070909 15548 ts_tablet_manager.cc:1434] T 32e194a3f45946119f5e80942831cb3c P ecd13561a2434327a4805fa497a298c8: Time spent starting tablet: real 0.018s	user 0.008s	sys 0.000s
I20260608 12:46:23.077221 15548 tablet_bootstrap.cc:492] T 2698552b74a942058b879555c93f0609 P ecd13561a2434327a4805fa497a298c8: Bootstrap starting.
I20260608 12:46:23.076823 15353 tablet_service.cc:1917] Received RequestConsensusVote() RPC: tablet_id: "2698552b74a942058b879555c93f0609" candidate_uuid: "0b7906842b234d70a1ec6fc3f31d4136" candidate_term: 1 candidate_status { last_received { term: 0 index: 0 } } ignore_live_leader: false dest_uuid: "1abcace3bd384aea81ed4975bf58eb06" is_pre_election: true
W20260608 12:46:23.079408 15393 leader_election.cc:343] T 2698552b74a942058b879555c93f0609 P 0b7906842b234d70a1ec6fc3f31d4136 [CANDIDATE]: Term 1 pre-election: Tablet error from VoteRequest() call to peer 1abcace3bd384aea81ed4975bf58eb06 (127.12.93.193:43473): Illegal state: must be running to vote when last-logged opid is not known
I20260608 12:46:23.086263 15548 tablet_bootstrap.cc:654] T 2698552b74a942058b879555c93f0609 P ecd13561a2434327a4805fa497a298c8: Neither blocks nor log segments found. Creating new log.
I20260608 12:46:23.088023 15551 leader_election.cc:290] T 32e194a3f45946119f5e80942831cb3c P 1abcace3bd384aea81ed4975bf58eb06 [CANDIDATE]: Term 1 pre-election: Requested pre-vote from peers ecd13561a2434327a4805fa497a298c8 (127.12.93.195:40997), 0b7906842b234d70a1ec6fc3f31d4136 (127.12.93.194:36293)
I20260608 12:46:23.099593 15548 tablet_bootstrap.cc:492] T 2698552b74a942058b879555c93f0609 P ecd13561a2434327a4805fa497a298c8: No bootstrap required, opened a new log
I20260608 12:46:23.100519 15548 ts_tablet_manager.cc:1403] T 2698552b74a942058b879555c93f0609 P ecd13561a2434327a4805fa497a298c8: Time spent bootstrapping tablet: real 0.024s	user 0.012s	sys 0.006s
I20260608 12:46:23.105244 15548 raft_consensus.cc:359] T 2698552b74a942058b879555c93f0609 P ecd13561a2434327a4805fa497a298c8 [term 0 FOLLOWER]: Replica starting. Triggering 0 pending ops. Active config: opid_index: -1 OBSOLETE_local: false peers { permanent_uuid: "1abcace3bd384aea81ed4975bf58eb06" member_type: VOTER last_known_addr { host: "127.12.93.193" port: 43473 } } peers { permanent_uuid: "0b7906842b234d70a1ec6fc3f31d4136" member_type: VOTER last_known_addr { host: "127.12.93.194" port: 36293 } } peers { permanent_uuid: "ecd13561a2434327a4805fa497a298c8" member_type: VOTER last_known_addr { host: "127.12.93.195" port: 40997 } }
I20260608 12:46:23.106580 15548 raft_consensus.cc:385] T 2698552b74a942058b879555c93f0609 P ecd13561a2434327a4805fa497a298c8 [term 0 FOLLOWER]: Consensus starting up: Expiring failure detector timer to make a prompt election more likely
I20260608 12:46:23.107113 15548 raft_consensus.cc:740] T 2698552b74a942058b879555c93f0609 P ecd13561a2434327a4805fa497a298c8 [term 0 FOLLOWER]: Becoming Follower/Learner. State: Replica: ecd13561a2434327a4805fa497a298c8, State: Initialized, Role: FOLLOWER
I20260608 12:46:23.108528 15548 consensus_queue.cc:260] T 2698552b74a942058b879555c93f0609 P ecd13561a2434327a4805fa497a298c8 [NON_LEADER]: Queue going to NON_LEADER mode. State: All replicated index: 0, Majority replicated index: 0, Committed index: 0, Last appended: 0.0, Last appended by leader: 0, Current term: 0, Majority size: -1, State: 0, Mode: NON_LEADER, active raft config: opid_index: -1 OBSOLETE_local: false peers { permanent_uuid: "1abcace3bd384aea81ed4975bf58eb06" member_type: VOTER last_known_addr { host: "127.12.93.193" port: 43473 } } peers { permanent_uuid: "0b7906842b234d70a1ec6fc3f31d4136" member_type: VOTER last_known_addr { host: "127.12.93.194" port: 36293 } } peers { permanent_uuid: "ecd13561a2434327a4805fa497a298c8" member_type: VOTER last_known_addr { host: "127.12.93.195" port: 40997 } }
I20260608 12:46:23.111444 15548 ts_tablet_manager.cc:1434] T 2698552b74a942058b879555c93f0609 P ecd13561a2434327a4805fa497a298c8: Time spent starting tablet: real 0.010s	user 0.009s	sys 0.000s
I20260608 12:46:23.112638 15548 tablet_bootstrap.cc:492] T 463250962a0848ddb62c89424306cfca P ecd13561a2434327a4805fa497a298c8: Bootstrap starting.
I20260608 12:46:23.120553 15548 tablet_bootstrap.cc:654] T 463250962a0848ddb62c89424306cfca P ecd13561a2434327a4805fa497a298c8: Neither blocks nor log segments found. Creating new log.
I20260608 12:46:23.135627 15502 tablet_service.cc:1917] Received RequestConsensusVote() RPC: tablet_id: "2698552b74a942058b879555c93f0609" candidate_uuid: "0b7906842b234d70a1ec6fc3f31d4136" candidate_term: 1 candidate_status { last_received { term: 0 index: 0 } } ignore_live_leader: false dest_uuid: "ecd13561a2434327a4805fa497a298c8" is_pre_election: true
I20260608 12:46:23.137813 15502 raft_consensus.cc:2468] T 2698552b74a942058b879555c93f0609 P ecd13561a2434327a4805fa497a298c8 [term 0 FOLLOWER]: Leader pre-election vote request: Granting yes vote for candidate 0b7906842b234d70a1ec6fc3f31d4136 in term 0.
I20260608 12:46:23.139876 15393 leader_election.cc:304] T 2698552b74a942058b879555c93f0609 P 0b7906842b234d70a1ec6fc3f31d4136 [CANDIDATE]: Term 1 pre-election: Election decided. Result: candidate won. Election summary: received 3 responses out of 3 voters: 2 yes votes; 1 no votes. yes voters: 0b7906842b234d70a1ec6fc3f31d4136, ecd13561a2434327a4805fa497a298c8; no voters: 1abcace3bd384aea81ed4975bf58eb06
I20260608 12:46:23.141476 15557 raft_consensus.cc:2804] T 2698552b74a942058b879555c93f0609 P 0b7906842b234d70a1ec6fc3f31d4136 [term 0 FOLLOWER]: Leader pre-election won for term 1
I20260608 12:46:23.142037 15557 raft_consensus.cc:493] T 2698552b74a942058b879555c93f0609 P 0b7906842b234d70a1ec6fc3f31d4136 [term 0 FOLLOWER]: Starting leader election (no leader contacted us within the election timeout)
I20260608 12:46:23.142246 15549 tablet_bootstrap.cc:492] T 32e194a3f45946119f5e80942831cb3c P 0b7906842b234d70a1ec6fc3f31d4136: No bootstrap required, opened a new log
I20260608 12:46:23.142505 15557 raft_consensus.cc:3060] T 2698552b74a942058b879555c93f0609 P 0b7906842b234d70a1ec6fc3f31d4136 [term 0 FOLLOWER]: Advancing to term 1
I20260608 12:46:23.142885 15549 ts_tablet_manager.cc:1403] T 32e194a3f45946119f5e80942831cb3c P 0b7906842b234d70a1ec6fc3f31d4136: Time spent bootstrapping tablet: real 0.106s	user 0.018s	sys 0.023s
I20260608 12:46:23.145120 15502 tablet_service.cc:1917] Received RequestConsensusVote() RPC: tablet_id: "32e194a3f45946119f5e80942831cb3c" candidate_uuid: "1abcace3bd384aea81ed4975bf58eb06" candidate_term: 1 candidate_status { last_received { term: 0 index: 0 } } ignore_live_leader: false dest_uuid: "ecd13561a2434327a4805fa497a298c8" is_pre_election: true
I20260608 12:46:23.145493 15547 tablet_bootstrap.cc:492] T 2698552b74a942058b879555c93f0609 P 1abcace3bd384aea81ed4975bf58eb06: No bootstrap required, opened a new log
I20260608 12:46:23.145906 15502 raft_consensus.cc:2468] T 32e194a3f45946119f5e80942831cb3c P ecd13561a2434327a4805fa497a298c8 [term 0 FOLLOWER]: Leader pre-election vote request: Granting yes vote for candidate 1abcace3bd384aea81ed4975bf58eb06 in term 0.
I20260608 12:46:23.141625 15548 tablet_bootstrap.cc:492] T 463250962a0848ddb62c89424306cfca P ecd13561a2434327a4805fa497a298c8: No bootstrap required, opened a new log
I20260608 12:46:23.147116 15548 ts_tablet_manager.cc:1403] T 463250962a0848ddb62c89424306cfca P ecd13561a2434327a4805fa497a298c8: Time spent bootstrapping tablet: real 0.035s	user 0.013s	sys 0.004s
I20260608 12:46:23.147579 15318 leader_election.cc:304] T 32e194a3f45946119f5e80942831cb3c P 1abcace3bd384aea81ed4975bf58eb06 [CANDIDATE]: Term 1 pre-election: Election decided. Result: candidate won. Election summary: received 2 responses out of 3 voters: 2 yes votes; 0 no votes. yes voters: 1abcace3bd384aea81ed4975bf58eb06, ecd13561a2434327a4805fa497a298c8; no voters: 
