W20260608 12:46:56.039220 29445 outbound_call.cc:321] RPC callback for RPC call kudu.consensus.ConsensusService.UpdateConsensus -> {remote=127.24.103.66:36137, user_credentials={real_user=slave}} blocked reactor thread for 159262us
I20260608 12:46:56.174880 24989 file_cache.cc:492] Constructed file cache file cache with capacity 419430
W20260608 12:46:56.194955 29888 instance_detector.cc:116] could not retrieve AWS instance metadata: Network error: curl error: HTTP response code said error: The requested URL returned error: 404
W20260608 12:46:56.210435 29889 instance_detector.cc:116] could not retrieve Azure instance metadata: Network error: curl error: HTTP response code said error: The requested URL returned error: 404
W20260608 12:46:56.213663 29891 instance_detector.cc:116] could not retrieve OpenStack instance metadata: Network error: curl error: HTTP response code said error: The requested URL returned error: 404
I20260608 12:46:56.214095 24989 server_base.cc:1061] running on GCE node
I20260608 12:46:56.216943 24989 hybrid_clock.cc:584] initializing the hybrid clock with 'system_unsync' time source
W20260608 12:46:56.217190 24989 system_unsync_time.cc:38] NTP support is disabled. Clock error bounds will not be accurate. This configuration is not suitable for distributed clusters.
I20260608 12:46:56.217406 24989 hybrid_clock.cc:648] HybridClock initialized: now 1780922816217385 us; error 0 us; skew 500 ppm
I20260608 12:46:56.218034 24989 server_base.cc:861] Flag tcmalloc_max_total_thread_cache_bytes is not working since tcmalloc is not enabled.
I20260608 12:46:56.221983 24989 webserver.cc:533] Webserver started at http://127.24.103.68:44157/ using document root <none> and password file <none>
I20260608 12:46:56.222568 24989 fs_manager.cc:362] Metadata directory not provided
I20260608 12:46:56.222815 24989 fs_manager.cc:368] Using write-ahead log directory (fs_wal_dir) as metadata directory
I20260608 12:46:56.223176 24989 server_base.cc:909] This appears to be a new deployment of Kudu; creating new FS layout
I20260608 12:46:56.224608 24989 fs_manager.cc:1068] Generated new instance metadata in path /tmp/dist-test-taskfzIV1X/test-tmp/auto_rebalancer-test.0.AutoRebalancerTest.TestMaxMovesPerServer.1780922690312829-24989-0/minicluster-data/ts-3-root/instance:
uuid: "7edeb89ef875404d90a41f342a2abe97"
format_stamp: "Formatted at 2026-06-08 12:46:56 on dist-test-slave-zll8"
I20260608 12:46:56.230244 24989 fs_manager.cc:696] Time spent creating directory manager: real 0.005s	user 0.005s	sys 0.000s
I20260608 12:46:56.234588 29896 log_block_manager.cc:4031] Time spent loading block containers with low live blocks: real 0.000s	user 0.000s	sys 0.000s
I20260608 12:46:56.235595 24989 fs_manager.cc:730] Time spent opening block manager: real 0.003s	user 0.002s	sys 0.000s
I20260608 12:46:56.235908 24989 fs_manager.cc:647] Opened local filesystem: /tmp/dist-test-taskfzIV1X/test-tmp/auto_rebalancer-test.0.AutoRebalancerTest.TestMaxMovesPerServer.1780922690312829-24989-0/minicluster-data/ts-3-root
uuid: "7edeb89ef875404d90a41f342a2abe97"
format_stamp: "Formatted at 2026-06-08 12:46:56 on dist-test-slave-zll8"
I20260608 12:46:56.236193 24989 fs_report.cc:389] FS layout report
--------------------
wal directory: /tmp/dist-test-taskfzIV1X/test-tmp/auto_rebalancer-test.0.AutoRebalancerTest.TestMaxMovesPerServer.1780922690312829-24989-0/minicluster-data/ts-3-root
metadata directory: /tmp/dist-test-taskfzIV1X/test-tmp/auto_rebalancer-test.0.AutoRebalancerTest.TestMaxMovesPerServer.1780922690312829-24989-0/minicluster-data/ts-3-root
1 data directories: /tmp/dist-test-taskfzIV1X/test-tmp/auto_rebalancer-test.0.AutoRebalancerTest.TestMaxMovesPerServer.1780922690312829-24989-0/minicluster-data/ts-3-root/data
Total live blocks: 0
Total live bytes: 0
Total live bytes (after alignment): 0
Total number of LBM containers: 0 (0 full)
Did not check for missing blocks
Did not check for orphaned blocks
Total full LBM containers with extra space: 0 (0 repaired)
Total full LBM container extra space in bytes: 0 (0 repaired)
Total incomplete LBM containers: 0 (0 repaired)
Total LBM partial records: 0 (0 repaired)
Total corrupted LBM metadata records in RocksDB: 0 (0 repaired)
I20260608 12:46:56.246358 24989 rpc_server.cc:225] running with OpenSSL 1.1.1  11 Sep 2018
I20260608 12:46:56.248234 24989 kserver.cc:163] Server-wide thread pool size limit: 3276
I20260608 12:46:56.250056 24989 txn_system_client.cc:432] TxnSystemClient initialization is disabled...
I20260608 12:46:56.252697 24989 ts_tablet_manager.cc:585] Loaded tablet metadata (0 total tablets, 0 live tablets)
I20260608 12:46:56.252957 24989 ts_tablet_manager.cc:531] Time spent load tablet metadata: real 0.000s	user 0.000s	sys 0.000s
I20260608 12:46:56.253242 24989 ts_tablet_manager.cc:616] Registered 0 tablets
I20260608 12:46:56.253425 24989 ts_tablet_manager.cc:595] Time spent register tablets: real 0.000s	user 0.000s	sys 0.000s
I20260608 12:46:56.328899 24989 rpc_server.cc:307] RPC server started. Bound to: 127.24.103.68:41877
I20260608 12:46:56.329044 29958 acceptor_pool.cc:272] collecting diagnostics on the listening RPC socket 127.24.103.68:41877 every 8 connection(s)
I20260608 12:46:56.335337 24989 file_cache.cc:492] Constructed file cache file cache with capacity 419430
W20260608 12:46:56.344233 29964 instance_detector.cc:116] could not retrieve Azure instance metadata: Network error: curl error: HTTP response code said error: The requested URL returned error: 404
I20260608 12:46:56.351356 29959 heartbeater.cc:344] Connected to a master server at 127.24.103.126:41431
W20260608 12:46:56.351498 29963 instance_detector.cc:116] could not retrieve AWS instance metadata: Network error: curl error: HTTP response code said error: The requested URL returned error: 404
I20260608 12:46:56.351980 29959 heartbeater.cc:461] Registering TS with master...
I20260608 12:46:56.353123 29959 heartbeater.cc:507] Master 127.24.103.126:41431 requested a full tablet report, sending...
W20260608 12:46:56.353936 29966 instance_detector.cc:116] could not retrieve OpenStack instance metadata: Network error: curl error: HTTP response code said error: The requested URL returned error: 404
I20260608 12:46:56.356040 29375 ts_manager.cc:194] Registered new tserver with Master: 7edeb89ef875404d90a41f342a2abe97 (127.24.103.68:41877)
I20260608 12:46:56.357712 24989 server_base.cc:1061] running on GCE node
I20260608 12:46:56.358347 29375 master_service.cc:502] Signed X509 certificate for tserver {username='slave'} at 127.0.0.1:34324
I20260608 12:46:56.362169 24989 hybrid_clock.cc:584] initializing the hybrid clock with 'system_unsync' time source
W20260608 12:46:56.362416 24989 system_unsync_time.cc:38] NTP support is disabled. Clock error bounds will not be accurate. This configuration is not suitable for distributed clusters.
I20260608 12:46:56.362636 24989 hybrid_clock.cc:648] HybridClock initialized: now 1780922816362614 us; error 0 us; skew 500 ppm
I20260608 12:46:56.363229 24989 server_base.cc:861] Flag tcmalloc_max_total_thread_cache_bytes is not working since tcmalloc is not enabled.
I20260608 12:46:56.365811 24989 webserver.cc:533] Webserver started at http://127.24.103.69:45217/ using document root <none> and password file <none>
I20260608 12:46:56.366345 24989 fs_manager.cc:362] Metadata directory not provided
I20260608 12:46:56.366555 24989 fs_manager.cc:368] Using write-ahead log directory (fs_wal_dir) as metadata directory
I20260608 12:46:56.366838 24989 server_base.cc:909] This appears to be a new deployment of Kudu; creating new FS layout
I20260608 12:46:56.367990 24989 fs_manager.cc:1068] Generated new instance metadata in path /tmp/dist-test-taskfzIV1X/test-tmp/auto_rebalancer-test.0.AutoRebalancerTest.TestMaxMovesPerServer.1780922690312829-24989-0/minicluster-data/ts-4-root/instance:
uuid: "219290443b5e473988bc14b1580fc729"
format_stamp: "Formatted at 2026-06-08 12:46:56 on dist-test-slave-zll8"
I20260608 12:46:56.374229 24989 fs_manager.cc:696] Time spent creating directory manager: real 0.006s	user 0.003s	sys 0.001s
I20260608 12:46:56.377821 29971 log_block_manager.cc:4031] Time spent loading block containers with low live blocks: real 0.000s	user 0.000s	sys 0.000s
I20260608 12:46:56.378631 24989 fs_manager.cc:730] Time spent opening block manager: real 0.003s	user 0.003s	sys 0.000s
I20260608 12:46:56.378958 24989 fs_manager.cc:647] Opened local filesystem: /tmp/dist-test-taskfzIV1X/test-tmp/auto_rebalancer-test.0.AutoRebalancerTest.TestMaxMovesPerServer.1780922690312829-24989-0/minicluster-data/ts-4-root
uuid: "219290443b5e473988bc14b1580fc729"
format_stamp: "Formatted at 2026-06-08 12:46:56 on dist-test-slave-zll8"
I20260608 12:46:56.379233 24989 fs_report.cc:389] FS layout report
--------------------
wal directory: /tmp/dist-test-taskfzIV1X/test-tmp/auto_rebalancer-test.0.AutoRebalancerTest.TestMaxMovesPerServer.1780922690312829-24989-0/minicluster-data/ts-4-root
metadata directory: /tmp/dist-test-taskfzIV1X/test-tmp/auto_rebalancer-test.0.AutoRebalancerTest.TestMaxMovesPerServer.1780922690312829-24989-0/minicluster-data/ts-4-root
1 data directories: /tmp/dist-test-taskfzIV1X/test-tmp/auto_rebalancer-test.0.AutoRebalancerTest.TestMaxMovesPerServer.1780922690312829-24989-0/minicluster-data/ts-4-root/data
Total live blocks: 0
Total live bytes: 0
Total live bytes (after alignment): 0
Total number of LBM containers: 0 (0 full)
Did not check for missing blocks
Did not check for orphaned blocks
Total full LBM containers with extra space: 0 (0 repaired)
Total full LBM container extra space in bytes: 0 (0 repaired)
Total incomplete LBM containers: 0 (0 repaired)
Total LBM partial records: 0 (0 repaired)
Total corrupted LBM metadata records in RocksDB: 0 (0 repaired)
I20260608 12:46:56.389156 24989 rpc_server.cc:225] running with OpenSSL 1.1.1  11 Sep 2018
I20260608 12:46:56.390515 24989 kserver.cc:163] Server-wide thread pool size limit: 3276
I20260608 12:46:56.392119 24989 txn_system_client.cc:432] TxnSystemClient initialization is disabled...
I20260608 12:46:56.394997 24989 ts_tablet_manager.cc:585] Loaded tablet metadata (0 total tablets, 0 live tablets)
I20260608 12:46:56.395239 24989 ts_tablet_manager.cc:531] Time spent load tablet metadata: real 0.000s	user 0.000s	sys 0.000s
I20260608 12:46:56.395495 24989 ts_tablet_manager.cc:616] Registered 0 tablets
I20260608 12:46:56.395689 24989 ts_tablet_manager.cc:595] Time spent register tablets: real 0.000s	user 0.000s	sys 0.000s
I20260608 12:46:56.457116 24989 rpc_server.cc:307] RPC server started. Bound to: 127.24.103.69:38719
I20260608 12:46:56.457217 30033 acceptor_pool.cc:272] collecting diagnostics on the listening RPC socket 127.24.103.69:38719 every 8 connection(s)
I20260608 12:46:56.464114 24989 file_cache.cc:492] Constructed file cache file cache with capacity 419430
W20260608 12:46:56.473206 30037 instance_detector.cc:116] could not retrieve AWS instance metadata: Network error: curl error: HTTP response code said error: The requested URL returned error: 404
W20260608 12:46:56.474237 30038 instance_detector.cc:116] could not retrieve Azure instance metadata: Network error: curl error: HTTP response code said error: The requested URL returned error: 404
I20260608 12:46:56.477241 30034 heartbeater.cc:344] Connected to a master server at 127.24.103.126:41431
I20260608 12:46:56.477705 30034 heartbeater.cc:461] Registering TS with master...
I20260608 12:46:56.478856 30034 heartbeater.cc:507] Master 127.24.103.126:41431 requested a full tablet report, sending...
W20260608 12:46:56.479490 30040 instance_detector.cc:116] could not retrieve OpenStack instance metadata: Network error: curl error: HTTP response code said error: The requested URL returned error: 404
I20260608 12:46:56.482161 24989 server_base.cc:1061] running on GCE node
I20260608 12:46:56.482362 29375 ts_manager.cc:194] Registered new tserver with Master: 219290443b5e473988bc14b1580fc729 (127.24.103.69:38719)
I20260608 12:46:56.483928 24989 hybrid_clock.cc:584] initializing the hybrid clock with 'system_unsync' time source
W20260608 12:46:56.484241 24989 system_unsync_time.cc:38] NTP support is disabled. Clock error bounds will not be accurate. This configuration is not suitable for distributed clusters.
I20260608 12:46:56.484366 29375 master_service.cc:502] Signed X509 certificate for tserver {username='slave'} at 127.0.0.1:34340
I20260608 12:46:56.484495 24989 hybrid_clock.cc:648] HybridClock initialized: now 1780922816484474 us; error 0 us; skew 500 ppm
I20260608 12:46:56.485476 24989 server_base.cc:861] Flag tcmalloc_max_total_thread_cache_bytes is not working since tcmalloc is not enabled.
I20260608 12:46:56.488022 24989 webserver.cc:533] Webserver started at http://127.24.103.70:39871/ using document root <none> and password file <none>
I20260608 12:46:56.488583 24989 fs_manager.cc:362] Metadata directory not provided
I20260608 12:46:56.488794 24989 fs_manager.cc:368] Using write-ahead log directory (fs_wal_dir) as metadata directory
I20260608 12:46:56.489079 24989 server_base.cc:909] This appears to be a new deployment of Kudu; creating new FS layout
I20260608 12:46:56.490182 24989 fs_manager.cc:1068] Generated new instance metadata in path /tmp/dist-test-taskfzIV1X/test-tmp/auto_rebalancer-test.0.AutoRebalancerTest.TestMaxMovesPerServer.1780922690312829-24989-0/minicluster-data/ts-5-root/instance:
uuid: "208ef1dbd1b949209fd4c8d964656e2f"
format_stamp: "Formatted at 2026-06-08 12:46:56 on dist-test-slave-zll8"
I20260608 12:46:56.494868 24989 fs_manager.cc:696] Time spent creating directory manager: real 0.004s	user 0.006s	sys 0.000s
I20260608 12:46:56.498529 30045 log_block_manager.cc:4031] Time spent loading block containers with low live blocks: real 0.000s	user 0.000s	sys 0.000s
I20260608 12:46:56.499460 24989 fs_manager.cc:730] Time spent opening block manager: real 0.003s	user 0.002s	sys 0.000s
I20260608 12:46:56.499822 24989 fs_manager.cc:647] Opened local filesystem: /tmp/dist-test-taskfzIV1X/test-tmp/auto_rebalancer-test.0.AutoRebalancerTest.TestMaxMovesPerServer.1780922690312829-24989-0/minicluster-data/ts-5-root
uuid: "208ef1dbd1b949209fd4c8d964656e2f"
format_stamp: "Formatted at 2026-06-08 12:46:56 on dist-test-slave-zll8"
I20260608 12:46:56.500147 24989 fs_report.cc:389] FS layout report
--------------------
wal directory: /tmp/dist-test-taskfzIV1X/test-tmp/auto_rebalancer-test.0.AutoRebalancerTest.TestMaxMovesPerServer.1780922690312829-24989-0/minicluster-data/ts-5-root
metadata directory: /tmp/dist-test-taskfzIV1X/test-tmp/auto_rebalancer-test.0.AutoRebalancerTest.TestMaxMovesPerServer.1780922690312829-24989-0/minicluster-data/ts-5-root
1 data directories: /tmp/dist-test-taskfzIV1X/test-tmp/auto_rebalancer-test.0.AutoRebalancerTest.TestMaxMovesPerServer.1780922690312829-24989-0/minicluster-data/ts-5-root/data
Total live blocks: 0
Total live bytes: 0
Total live bytes (after alignment): 0
Total number of LBM containers: 0 (0 full)
Did not check for missing blocks
Did not check for orphaned blocks
Total full LBM containers with extra space: 0 (0 repaired)
Total full LBM container extra space in bytes: 0 (0 repaired)
Total incomplete LBM containers: 0 (0 repaired)
Total LBM partial records: 0 (0 repaired)
Total corrupted LBM metadata records in RocksDB: 0 (0 repaired)
I20260608 12:46:56.517884 24989 rpc_server.cc:225] running with OpenSSL 1.1.1  11 Sep 2018
I20260608 12:46:56.519166 24989 kserver.cc:163] Server-wide thread pool size limit: 3276
I20260608 12:46:56.521281 24989 txn_system_client.cc:432] TxnSystemClient initialization is disabled...
I20260608 12:46:56.524463 24989 ts_tablet_manager.cc:585] Loaded tablet metadata (0 total tablets, 0 live tablets)
I20260608 12:46:56.524705 24989 ts_tablet_manager.cc:531] Time spent load tablet metadata: real 0.000s	user 0.000s	sys 0.000s
I20260608 12:46:56.524951 24989 ts_tablet_manager.cc:616] Registered 0 tablets
I20260608 12:46:56.525139 24989 ts_tablet_manager.cc:595] Time spent register tablets: real 0.000s	user 0.000s	sys 0.000s
I20260608 12:46:56.607832 24989 rpc_server.cc:307] RPC server started. Bound to: 127.24.103.70:37141
I20260608 12:46:56.608039 30107 acceptor_pool.cc:272] collecting diagnostics on the listening RPC socket 127.24.103.70:37141 every 8 connection(s)
I20260608 12:46:56.623997 30108 heartbeater.cc:344] Connected to a master server at 127.24.103.126:41431
I20260608 12:46:56.624492 30108 heartbeater.cc:461] Registering TS with master...
I20260608 12:46:56.625636 30108 heartbeater.cc:507] Master 127.24.103.126:41431 requested a full tablet report, sending...
I20260608 12:46:56.627609 29375 ts_manager.cc:194] Registered new tserver with Master: 208ef1dbd1b949209fd4c8d964656e2f (127.24.103.70:37141)
I20260608 12:46:56.628926 29375 master_service.cc:502] Signed X509 certificate for tserver {username='slave'} at 127.0.0.1:34344
I20260608 12:46:56.686403 29624 consensus_queue.cc:237] T dd431015ff294dcca9b26d1a71fab6a4 P e88c84b064bf40e1b5815afe2a629196 [LEADER]: Queue going to LEADER mode. State: All replicated index: 0, Majority replicated index: 25, Committed index: 25, Last appended: 1.25, Last appended by leader: 0, Current term: 1, Majority size: 2, State: 0, Mode: LEADER, active raft config: opid_index: 26 OBSOLETE_local: false peers { permanent_uuid: "5e05b8aee0eb400d83b4c07a5660ab64" member_type: VOTER last_known_addr { host: "127.24.103.65" port: 42541 } attrs { replace: true } } peers { permanent_uuid: "d8609dcd22224f5b81d9063aaa180132" member_type: VOTER last_known_addr { host: "127.24.103.66" port: 36137 } } peers { permanent_uuid: "e88c84b064bf40e1b5815afe2a629196" member_type: VOTER last_known_addr { host: "127.24.103.67" port: 43613 } } peers { permanent_uuid: "208ef1dbd1b949209fd4c8d964656e2f" member_type: NON_VOTER last_known_addr { host: "127.24.103.70" port: 37141 } attrs { promote: true } }
I20260608 12:46:56.692754 29555 raft_consensus.cc:1275] T dd431015ff294dcca9b26d1a71fab6a4 P d8609dcd22224f5b81d9063aaa180132 [term 1 FOLLOWER]: Refusing update from remote peer e88c84b064bf40e1b5815afe2a629196: Log matching property violated. Preceding OpId in replica: term: 1 index: 25. Preceding OpId from leader: term: 1 index: 26. (index mismatch)
I20260608 12:46:56.693943 29477 raft_consensus.cc:1275] T dd431015ff294dcca9b26d1a71fab6a4 P 5e05b8aee0eb400d83b4c07a5660ab64 [term 1 FOLLOWER]: Refusing update from remote peer e88c84b064bf40e1b5815afe2a629196: Log matching property violated. Preceding OpId in replica: term: 1 index: 25. Preceding OpId from leader: term: 1 index: 26. (index mismatch)
I20260608 12:46:56.695817 29874 consensus_queue.cc:1048] T dd431015ff294dcca9b26d1a71fab6a4 P e88c84b064bf40e1b5815afe2a629196 [LEADER]: Connected to new peer: Peer: permanent_uuid: "5e05b8aee0eb400d83b4c07a5660ab64" member_type: VOTER last_known_addr { host: "127.24.103.65" port: 42541 } attrs { replace: true }, Status: LMP_MISMATCH, Last received: 0.0, Next index: 26, Last known committed idx: 25, Time since last communication: 0.001s
I20260608 12:46:56.697497 30113 consensus_queue.cc:1048] T dd431015ff294dcca9b26d1a71fab6a4 P e88c84b064bf40e1b5815afe2a629196 [LEADER]: Connected to new peer: Peer: permanent_uuid: "d8609dcd22224f5b81d9063aaa180132" member_type: VOTER last_known_addr { host: "127.24.103.66" port: 36137 }, Status: LMP_MISMATCH, Last received: 0.0, Next index: 26, Last known committed idx: 25, Time since last communication: 0.001s
I20260608 12:46:56.708235 30113 raft_consensus.cc:2955] T dd431015ff294dcca9b26d1a71fab6a4 P e88c84b064bf40e1b5815afe2a629196 [term 1 LEADER]: Committing config change with OpId 1.26: config changed from index -1 to 26, NON_VOTER 208ef1dbd1b949209fd4c8d964656e2f (127.24.103.70) added. New config: { opid_index: 26 OBSOLETE_local: false peers { permanent_uuid: "5e05b8aee0eb400d83b4c07a5660ab64" member_type: VOTER last_known_addr { host: "127.24.103.65" port: 42541 } attrs { replace: true } } peers { permanent_uuid: "d8609dcd22224f5b81d9063aaa180132" member_type: VOTER last_known_addr { host: "127.24.103.66" port: 36137 } } peers { permanent_uuid: "e88c84b064bf40e1b5815afe2a629196" member_type: VOTER last_known_addr { host: "127.24.103.67" port: 43613 } } peers { permanent_uuid: "208ef1dbd1b949209fd4c8d964656e2f" member_type: NON_VOTER last_known_addr { host: "127.24.103.70" port: 37141 } attrs { promote: true } } }
I20260608 12:46:56.711427 29555 raft_consensus.cc:2955] T dd431015ff294dcca9b26d1a71fab6a4 P d8609dcd22224f5b81d9063aaa180132 [term 1 FOLLOWER]: Committing config change with OpId 1.26: config changed from index -1 to 26, NON_VOTER 208ef1dbd1b949209fd4c8d964656e2f (127.24.103.70) added. New config: { opid_index: 26 OBSOLETE_local: false peers { permanent_uuid: "5e05b8aee0eb400d83b4c07a5660ab64" member_type: VOTER last_known_addr { host: "127.24.103.65" port: 42541 } attrs { replace: true } } peers { permanent_uuid: "d8609dcd22224f5b81d9063aaa180132" member_type: VOTER last_known_addr { host: "127.24.103.66" port: 36137 } } peers { permanent_uuid: "e88c84b064bf40e1b5815afe2a629196" member_type: VOTER last_known_addr { host: "127.24.103.67" port: 43613 } } peers { permanent_uuid: "208ef1dbd1b949209fd4c8d964656e2f" member_type: NON_VOTER last_known_addr { host: "127.24.103.70" port: 37141 } attrs { promote: true } } }
I20260608 12:46:56.711877 29477 raft_consensus.cc:2955] T dd431015ff294dcca9b26d1a71fab6a4 P 5e05b8aee0eb400d83b4c07a5660ab64 [term 1 FOLLOWER]: Committing config change with OpId 1.26: config changed from index -1 to 26, NON_VOTER 208ef1dbd1b949209fd4c8d964656e2f (127.24.103.70) added. New config: { opid_index: 26 OBSOLETE_local: false peers { permanent_uuid: "5e05b8aee0eb400d83b4c07a5660ab64" member_type: VOTER last_known_addr { host: "127.24.103.65" port: 42541 } attrs { replace: true } } peers { permanent_uuid: "d8609dcd22224f5b81d9063aaa180132" member_type: VOTER last_known_addr { host: "127.24.103.66" port: 36137 } } peers { permanent_uuid: "e88c84b064bf40e1b5815afe2a629196" member_type: VOTER last_known_addr { host: "127.24.103.67" port: 43613 } } peers { permanent_uuid: "208ef1dbd1b949209fd4c8d964656e2f" member_type: NON_VOTER last_known_addr { host: "127.24.103.70" port: 37141 } attrs { promote: true } } }
W20260608 12:46:56.720667 29595 consensus_peers.cc:597] T dd431015ff294dcca9b26d1a71fab6a4 P e88c84b064bf40e1b5815afe2a629196 -> Peer 208ef1dbd1b949209fd4c8d964656e2f (127.24.103.70:37141): Couldn't send request to peer 208ef1dbd1b949209fd4c8d964656e2f. Error code: TABLET_NOT_FOUND (6). Status: Not found: Tablet not found: dd431015ff294dcca9b26d1a71fab6a4. This is attempt 1: this message will repeat every 5th retry.
I20260608 12:46:56.729463 29375 catalog_manager.cc:5696] T dd431015ff294dcca9b26d1a71fab6a4 P e88c84b064bf40e1b5815afe2a629196 reported cstate change: config changed from index -1 to 26, NON_VOTER 208ef1dbd1b949209fd4c8d964656e2f (127.24.103.70) added. New cstate: current_term: 1 leader_uuid: "e88c84b064bf40e1b5815afe2a629196" committed_config { opid_index: 26 OBSOLETE_local: false peers { permanent_uuid: "5e05b8aee0eb400d83b4c07a5660ab64" member_type: VOTER last_known_addr { host: "127.24.103.65" port: 42541 } attrs { replace: true } health_report { overall_health: HEALTHY } } peers { permanent_uuid: "d8609dcd22224f5b81d9063aaa180132" member_type: VOTER last_known_addr { host: "127.24.103.66" port: 36137 } health_report { overall_health: HEALTHY } } peers { permanent_uuid: "e88c84b064bf40e1b5815afe2a629196" member_type: VOTER last_known_addr { host: "127.24.103.67" port: 43613 } health_report { overall_health: HEALTHY } } peers { permanent_uuid: "208ef1dbd1b949209fd4c8d964656e2f" member_type: NON_VOTER last_known_addr { host: "127.24.103.70" port: 37141 } attrs { promote: true } health_report { overall_health: UNKNOWN } } }
I20260608 12:46:56.742108 29555 consensus_queue.cc:237] T e0c0de00c8704aa2a350855b2731c2f7 P d8609dcd22224f5b81d9063aaa180132 [LEADER]: Queue going to LEADER mode. State: All replicated index: 0, Majority replicated index: 26, Committed index: 26, Last appended: 1.26, Last appended by leader: 0, Current term: 1, Majority size: 2, State: 0, Mode: LEADER, active raft config: opid_index: 27 OBSOLETE_local: false peers { permanent_uuid: "5e05b8aee0eb400d83b4c07a5660ab64" member_type: VOTER last_known_addr { host: "127.24.103.65" port: 42541 } } peers { permanent_uuid: "d8609dcd22224f5b81d9063aaa180132" member_type: VOTER last_known_addr { host: "127.24.103.66" port: 36137 } } peers { permanent_uuid: "e88c84b064bf40e1b5815afe2a629196" member_type: VOTER last_known_addr { host: "127.24.103.67" port: 43613 } attrs { replace: true } } peers { permanent_uuid: "7edeb89ef875404d90a41f342a2abe97" member_type: NON_VOTER last_known_addr { host: "127.24.103.68" port: 41877 } attrs { promote: true } }
I20260608 12:46:56.751580 29624 raft_consensus.cc:1275] T e0c0de00c8704aa2a350855b2731c2f7 P e88c84b064bf40e1b5815afe2a629196 [term 1 FOLLOWER]: Refusing update from remote peer d8609dcd22224f5b81d9063aaa180132: Log matching property violated. Preceding OpId in replica: term: 1 index: 26. Preceding OpId from leader: term: 1 index: 27. (index mismatch)
I20260608 12:46:56.753930 29882 consensus_queue.cc:1048] T e0c0de00c8704aa2a350855b2731c2f7 P d8609dcd22224f5b81d9063aaa180132 [LEADER]: Connected to new peer: Peer: permanent_uuid: "e88c84b064bf40e1b5815afe2a629196" member_type: VOTER last_known_addr { host: "127.24.103.67" port: 43613 } attrs { replace: true }, Status: LMP_MISMATCH, Last received: 0.0, Next index: 27, Last known committed idx: 26, Time since last communication: 0.001s
I20260608 12:46:56.761070 29478 raft_consensus.cc:1275] T e0c0de00c8704aa2a350855b2731c2f7 P 5e05b8aee0eb400d83b4c07a5660ab64 [term 1 FOLLOWER]: Refusing update from remote peer d8609dcd22224f5b81d9063aaa180132: Log matching property violated. Preceding OpId in replica: term: 1 index: 26. Preceding OpId from leader: term: 1 index: 27. (index mismatch)
I20260608 12:46:56.769219 30124 consensus_queue.cc:1048] T e0c0de00c8704aa2a350855b2731c2f7 P d8609dcd22224f5b81d9063aaa180132 [LEADER]: Connected to new peer: Peer: permanent_uuid: "5e05b8aee0eb400d83b4c07a5660ab64" member_type: VOTER last_known_addr { host: "127.24.103.65" port: 42541 }, Status: LMP_MISMATCH, Last received: 0.0, Next index: 27, Last known committed idx: 26, Time since last communication: 0.001s
I20260608 12:46:56.768399 30121 raft_consensus.cc:2955] T e0c0de00c8704aa2a350855b2731c2f7 P d8609dcd22224f5b81d9063aaa180132 [term 1 LEADER]: Committing config change with OpId 1.27: config changed from index -1 to 27, NON_VOTER 7edeb89ef875404d90a41f342a2abe97 (127.24.103.68) added. New config: { opid_index: 27 OBSOLETE_local: false peers { permanent_uuid: "5e05b8aee0eb400d83b4c07a5660ab64" member_type: VOTER last_known_addr { host: "127.24.103.65" port: 42541 } } peers { permanent_uuid: "d8609dcd22224f5b81d9063aaa180132" member_type: VOTER last_known_addr { host: "127.24.103.66" port: 36137 } } peers { permanent_uuid: "e88c84b064bf40e1b5815afe2a629196" member_type: VOTER last_known_addr { host: "127.24.103.67" port: 43613 } attrs { replace: true } } peers { permanent_uuid: "7edeb89ef875404d90a41f342a2abe97" member_type: NON_VOTER last_known_addr { host: "127.24.103.68" port: 41877 } attrs { promote: true } } }
I20260608 12:46:56.771011 29624 raft_consensus.cc:2955] T e0c0de00c8704aa2a350855b2731c2f7 P e88c84b064bf40e1b5815afe2a629196 [term 1 FOLLOWER]: Committing config change with OpId 1.27: config changed from index -1 to 27, NON_VOTER 7edeb89ef875404d90a41f342a2abe97 (127.24.103.68) added. New config: { opid_index: 27 OBSOLETE_local: false peers { permanent_uuid: "5e05b8aee0eb400d83b4c07a5660ab64" member_type: VOTER last_known_addr { host: "127.24.103.65" port: 42541 } } peers { permanent_uuid: "d8609dcd22224f5b81d9063aaa180132" member_type: VOTER last_known_addr { host: "127.24.103.66" port: 36137 } } peers { permanent_uuid: "e88c84b064bf40e1b5815afe2a629196" member_type: VOTER last_known_addr { host: "127.24.103.67" port: 43613 } attrs { replace: true } } peers { permanent_uuid: "7edeb89ef875404d90a41f342a2abe97" member_type: NON_VOTER last_known_addr { host: "127.24.103.68" port: 41877 } attrs { promote: true } } }
I20260608 12:46:56.775775 29478 raft_consensus.cc:2955] T e0c0de00c8704aa2a350855b2731c2f7 P 5e05b8aee0eb400d83b4c07a5660ab64 [term 1 FOLLOWER]: Committing config change with OpId 1.27: config changed from index -1 to 27, NON_VOTER 7edeb89ef875404d90a41f342a2abe97 (127.24.103.68) added. New config: { opid_index: 27 OBSOLETE_local: false peers { permanent_uuid: "5e05b8aee0eb400d83b4c07a5660ab64" member_type: VOTER last_known_addr { host: "127.24.103.65" port: 42541 } } peers { permanent_uuid: "d8609dcd22224f5b81d9063aaa180132" member_type: VOTER last_known_addr { host: "127.24.103.66" port: 36137 } } peers { permanent_uuid: "e88c84b064bf40e1b5815afe2a629196" member_type: VOTER last_known_addr { host: "127.24.103.67" port: 43613 } attrs { replace: true } } peers { permanent_uuid: "7edeb89ef875404d90a41f342a2abe97" member_type: NON_VOTER last_known_addr { host: "127.24.103.68" port: 41877 } attrs { promote: true } } }
W20260608 12:46:56.779206 29520 consensus_peers.cc:597] T e0c0de00c8704aa2a350855b2731c2f7 P d8609dcd22224f5b81d9063aaa180132 -> Peer 7edeb89ef875404d90a41f342a2abe97 (127.24.103.68:41877): Couldn't send request to peer 7edeb89ef875404d90a41f342a2abe97. Error code: TABLET_NOT_FOUND (6). Status: Not found: Tablet not found: e0c0de00c8704aa2a350855b2731c2f7. This is attempt 1: this message will repeat every 5th retry.
I20260608 12:46:56.784818 29375 catalog_manager.cc:5696] T e0c0de00c8704aa2a350855b2731c2f7 P e88c84b064bf40e1b5815afe2a629196 reported cstate change: config changed from index -1 to 27, NON_VOTER 7edeb89ef875404d90a41f342a2abe97 (127.24.103.68) added. New cstate: current_term: 1 leader_uuid: "d8609dcd22224f5b81d9063aaa180132" committed_config { opid_index: 27 OBSOLETE_local: false peers { permanent_uuid: "5e05b8aee0eb400d83b4c07a5660ab64" member_type: VOTER last_known_addr { host: "127.24.103.65" port: 42541 } } peers { permanent_uuid: "d8609dcd22224f5b81d9063aaa180132" member_type: VOTER last_known_addr { host: "127.24.103.66" port: 36137 } } peers { permanent_uuid: "e88c84b064bf40e1b5815afe2a629196" member_type: VOTER last_known_addr { host: "127.24.103.67" port: 43613 } attrs { replace: true } } peers { permanent_uuid: "7edeb89ef875404d90a41f342a2abe97" member_type: NON_VOTER last_known_addr { host: "127.24.103.68" port: 41877 } attrs { promote: true } } }
I20260608 12:46:56.790278 29624 consensus_queue.cc:237] T 19d65311dd3d454eb594de3d17afa07a P e88c84b064bf40e1b5815afe2a629196 [LEADER]: Queue going to LEADER mode. State: All replicated index: 0, Majority replicated index: 26, Committed index: 26, Last appended: 1.26, Last appended by leader: 0, Current term: 1, Majority size: 2, State: 0, Mode: LEADER, active raft config: opid_index: 27 OBSOLETE_local: false peers { permanent_uuid: "5e05b8aee0eb400d83b4c07a5660ab64" member_type: VOTER last_known_addr { host: "127.24.103.65" port: 42541 } } peers { permanent_uuid: "d8609dcd22224f5b81d9063aaa180132" member_type: VOTER last_known_addr { host: "127.24.103.66" port: 36137 } attrs { replace: true } } peers { permanent_uuid: "e88c84b064bf40e1b5815afe2a629196" member_type: VOTER last_known_addr { host: "127.24.103.67" port: 43613 } } peers { permanent_uuid: "219290443b5e473988bc14b1580fc729" member_type: NON_VOTER last_known_addr { host: "127.24.103.69" port: 38719 } attrs { promote: true } }
I20260608 12:46:56.798106 29555 raft_consensus.cc:1275] T 19d65311dd3d454eb594de3d17afa07a P d8609dcd22224f5b81d9063aaa180132 [term 1 FOLLOWER]: Refusing update from remote peer e88c84b064bf40e1b5815afe2a629196: Log matching property violated. Preceding OpId in replica: term: 1 index: 26. Preceding OpId from leader: term: 1 index: 27. (index mismatch)
I20260608 12:46:56.798506 29478 raft_consensus.cc:1275] T 19d65311dd3d454eb594de3d17afa07a P 5e05b8aee0eb400d83b4c07a5660ab64 [term 1 FOLLOWER]: Refusing update from remote peer e88c84b064bf40e1b5815afe2a629196: Log matching property violated. Preceding OpId in replica: term: 1 index: 26. Preceding OpId from leader: term: 1 index: 27. (index mismatch)
I20260608 12:46:56.799698 29887 consensus_queue.cc:1048] T 19d65311dd3d454eb594de3d17afa07a P e88c84b064bf40e1b5815afe2a629196 [LEADER]: Connected to new peer: Peer: permanent_uuid: "d8609dcd22224f5b81d9063aaa180132" member_type: VOTER last_known_addr { host: "127.24.103.66" port: 36137 } attrs { replace: true }, Status: LMP_MISMATCH, Last received: 0.0, Next index: 27, Last known committed idx: 26, Time since last communication: 0.001s
I20260608 12:46:56.804140 29874 consensus_queue.cc:1048] T 19d65311dd3d454eb594de3d17afa07a P e88c84b064bf40e1b5815afe2a629196 [LEADER]: Connected to new peer: Peer: permanent_uuid: "5e05b8aee0eb400d83b4c07a5660ab64" member_type: VOTER last_known_addr { host: "127.24.103.65" port: 42541 }, Status: LMP_MISMATCH, Last received: 0.0, Next index: 27, Last known committed idx: 26, Time since last communication: 0.000s
I20260608 12:46:56.809947 30113 raft_consensus.cc:2955] T 19d65311dd3d454eb594de3d17afa07a P e88c84b064bf40e1b5815afe2a629196 [term 1 LEADER]: Committing config change with OpId 1.27: config changed from index -1 to 27, NON_VOTER 219290443b5e473988bc14b1580fc729 (127.24.103.69) added. New config: { opid_index: 27 OBSOLETE_local: false peers { permanent_uuid: "5e05b8aee0eb400d83b4c07a5660ab64" member_type: VOTER last_known_addr { host: "127.24.103.65" port: 42541 } } peers { permanent_uuid: "d8609dcd22224f5b81d9063aaa180132" member_type: VOTER last_known_addr { host: "127.24.103.66" port: 36137 } attrs { replace: true } } peers { permanent_uuid: "e88c84b064bf40e1b5815afe2a629196" member_type: VOTER last_known_addr { host: "127.24.103.67" port: 43613 } } peers { permanent_uuid: "219290443b5e473988bc14b1580fc729" member_type: NON_VOTER last_known_addr { host: "127.24.103.69" port: 38719 } attrs { promote: true } } }
I20260608 12:46:56.811576 29555 raft_consensus.cc:2955] T 19d65311dd3d454eb594de3d17afa07a P d8609dcd22224f5b81d9063aaa180132 [term 1 FOLLOWER]: Committing config change with OpId 1.27: config changed from index -1 to 27, NON_VOTER 219290443b5e473988bc14b1580fc729 (127.24.103.69) added. New config: { opid_index: 27 OBSOLETE_local: false peers { permanent_uuid: "5e05b8aee0eb400d83b4c07a5660ab64" member_type: VOTER last_known_addr { host: "127.24.103.65" port: 42541 } } peers { permanent_uuid: "d8609dcd22224f5b81d9063aaa180132" member_type: VOTER last_known_addr { host: "127.24.103.66" port: 36137 } attrs { replace: true } } peers { permanent_uuid: "e88c84b064bf40e1b5815afe2a629196" member_type: VOTER last_known_addr { host: "127.24.103.67" port: 43613 } } peers { permanent_uuid: "219290443b5e473988bc14b1580fc729" member_type: NON_VOTER last_known_addr { host: "127.24.103.69" port: 38719 } attrs { promote: true } } }
I20260608 12:46:56.819432 29477 raft_consensus.cc:2955] T 19d65311dd3d454eb594de3d17afa07a P 5e05b8aee0eb400d83b4c07a5660ab64 [term 1 FOLLOWER]: Committing config change with OpId 1.27: config changed from index -1 to 27, NON_VOTER 219290443b5e473988bc14b1580fc729 (127.24.103.69) added. New config: { opid_index: 27 OBSOLETE_local: false peers { permanent_uuid: "5e05b8aee0eb400d83b4c07a5660ab64" member_type: VOTER last_known_addr { host: "127.24.103.65" port: 42541 } } peers { permanent_uuid: "d8609dcd22224f5b81d9063aaa180132" member_type: VOTER last_known_addr { host: "127.24.103.66" port: 36137 } attrs { replace: true } } peers { permanent_uuid: "e88c84b064bf40e1b5815afe2a629196" member_type: VOTER last_known_addr { host: "127.24.103.67" port: 43613 } } peers { permanent_uuid: "219290443b5e473988bc14b1580fc729" member_type: NON_VOTER last_known_addr { host: "127.24.103.69" port: 38719 } attrs { promote: true } } }
I20260608 12:46:56.829053 29370 catalog_manager.cc:5696] T 19d65311dd3d454eb594de3d17afa07a P d8609dcd22224f5b81d9063aaa180132 reported cstate change: config changed from index -1 to 27, NON_VOTER 219290443b5e473988bc14b1580fc729 (127.24.103.69) added. New cstate: current_term: 1 leader_uuid: "e88c84b064bf40e1b5815afe2a629196" committed_config { opid_index: 27 OBSOLETE_local: false peers { permanent_uuid: "5e05b8aee0eb400d83b4c07a5660ab64" member_type: VOTER last_known_addr { host: "127.24.103.65" port: 42541 } } peers { permanent_uuid: "d8609dcd22224f5b81d9063aaa180132" member_type: VOTER last_known_addr { host: "127.24.103.66" port: 36137 } attrs { replace: true } } peers { permanent_uuid: "e88c84b064bf40e1b5815afe2a629196" member_type: VOTER last_known_addr { host: "127.24.103.67" port: 43613 } } peers { permanent_uuid: "219290443b5e473988bc14b1580fc729" member_type: NON_VOTER last_known_addr { host: "127.24.103.69" port: 38719 } attrs { promote: true } } }
W20260608 12:46:56.830627 29595 consensus_peers.cc:597] T 19d65311dd3d454eb594de3d17afa07a P e88c84b064bf40e1b5815afe2a629196 -> Peer 219290443b5e473988bc14b1580fc729 (127.24.103.69:38719): Couldn't send request to peer 219290443b5e473988bc14b1580fc729. Error code: TABLET_NOT_FOUND (6). Status: Not found: Tablet not found: 19d65311dd3d454eb594de3d17afa07a. This is attempt 1: this message will repeat every 5th retry.
I20260608 12:46:56.850239 29477 consensus_queue.cc:237] T 7cb7903ab95f4168ab2405286d9ba45a P 5e05b8aee0eb400d83b4c07a5660ab64 [LEADER]: Queue going to LEADER mode. State: All replicated index: 0, Majority replicated index: 26, Committed index: 26, Last appended: 1.26, Last appended by leader: 0, Current term: 1, Majority size: 2, State: 0, Mode: LEADER, active raft config: opid_index: 27 OBSOLETE_local: false peers { permanent_uuid: "5e05b8aee0eb400d83b4c07a5660ab64" member_type: VOTER last_known_addr { host: "127.24.103.65" port: 42541 } } peers { permanent_uuid: "d8609dcd22224f5b81d9063aaa180132" member_type: VOTER last_known_addr { host: "127.24.103.66" port: 36137 } attrs { replace: true } } peers { permanent_uuid: "e88c84b064bf40e1b5815afe2a629196" member_type: VOTER last_known_addr { host: "127.24.103.67" port: 43613 } } peers { permanent_uuid: "208ef1dbd1b949209fd4c8d964656e2f" member_type: NON_VOTER last_known_addr { host: "127.24.103.70" port: 37141 } attrs { promote: true } }
I20260608 12:46:56.858414 29555 raft_consensus.cc:1275] T 7cb7903ab95f4168ab2405286d9ba45a P d8609dcd22224f5b81d9063aaa180132 [term 1 FOLLOWER]: Refusing update from remote peer 5e05b8aee0eb400d83b4c07a5660ab64: Log matching property violated. Preceding OpId in replica: term: 1 index: 26. Preceding OpId from leader: term: 1 index: 27. (index mismatch)
I20260608 12:46:56.859719 29846 consensus_queue.cc:1048] T 7cb7903ab95f4168ab2405286d9ba45a P 5e05b8aee0eb400d83b4c07a5660ab64 [LEADER]: Connected to new peer: Peer: permanent_uuid: "d8609dcd22224f5b81d9063aaa180132" member_type: VOTER last_known_addr { host: "127.24.103.66" port: 36137 } attrs { replace: true }, Status: LMP_MISMATCH, Last received: 0.0, Next index: 27, Last known committed idx: 26, Time since last communication: 0.000s
I20260608 12:46:56.862205 29624 raft_consensus.cc:1275] T 7cb7903ab95f4168ab2405286d9ba45a P e88c84b064bf40e1b5815afe2a629196 [term 1 FOLLOWER]: Refusing update from remote peer 5e05b8aee0eb400d83b4c07a5660ab64: Log matching property violated. Preceding OpId in replica: term: 1 index: 26. Preceding OpId from leader: term: 1 index: 27. (index mismatch)
I20260608 12:46:56.866874 29846 consensus_queue.cc:1048] T 7cb7903ab95f4168ab2405286d9ba45a P 5e05b8aee0eb400d83b4c07a5660ab64 [LEADER]: Connected to new peer: Peer: permanent_uuid: "e88c84b064bf40e1b5815afe2a629196" member_type: VOTER last_known_addr { host: "127.24.103.67" port: 43613 }, Status: LMP_MISMATCH, Last received: 0.0, Next index: 27, Last known committed idx: 26, Time since last communication: 0.000s
I20260608 12:46:56.872437 29846 raft_consensus.cc:2955] T 7cb7903ab95f4168ab2405286d9ba45a P 5e05b8aee0eb400d83b4c07a5660ab64 [term 1 LEADER]: Committing config change with OpId 1.27: config changed from index -1 to 27, NON_VOTER 208ef1dbd1b949209fd4c8d964656e2f (127.24.103.70) added. New config: { opid_index: 27 OBSOLETE_local: false peers { permanent_uuid: "5e05b8aee0eb400d83b4c07a5660ab64" member_type: VOTER last_known_addr { host: "127.24.103.65" port: 42541 } } peers { permanent_uuid: "d8609dcd22224f5b81d9063aaa180132" member_type: VOTER last_known_addr { host: "127.24.103.66" port: 36137 } attrs { replace: true } } peers { permanent_uuid: "e88c84b064bf40e1b5815afe2a629196" member_type: VOTER last_known_addr { host: "127.24.103.67" port: 43613 } } peers { permanent_uuid: "208ef1dbd1b949209fd4c8d964656e2f" member_type: NON_VOTER last_known_addr { host: "127.24.103.70" port: 37141 } attrs { promote: true } } }
I20260608 12:46:56.873752 29555 raft_consensus.cc:2955] T 7cb7903ab95f4168ab2405286d9ba45a P d8609dcd22224f5b81d9063aaa180132 [term 1 FOLLOWER]: Committing config change with OpId 1.27: config changed from index -1 to 27, NON_VOTER 208ef1dbd1b949209fd4c8d964656e2f (127.24.103.70) added. New config: { opid_index: 27 OBSOLETE_local: false peers { permanent_uuid: "5e05b8aee0eb400d83b4c07a5660ab64" member_type: VOTER last_known_addr { host: "127.24.103.65" port: 42541 } } peers { permanent_uuid: "d8609dcd22224f5b81d9063aaa180132" member_type: VOTER last_known_addr { host: "127.24.103.66" port: 36137 } attrs { replace: true } } peers { permanent_uuid: "e88c84b064bf40e1b5815afe2a629196" member_type: VOTER last_known_addr { host: "127.24.103.67" port: 43613 } } peers { permanent_uuid: "208ef1dbd1b949209fd4c8d964656e2f" member_type: NON_VOTER last_known_addr { host: "127.24.103.70" port: 37141 } attrs { promote: true } } }
W20260608 12:46:56.877501 29446 consensus_peers.cc:597] T 7cb7903ab95f4168ab2405286d9ba45a P 5e05b8aee0eb400d83b4c07a5660ab64 -> Peer 208ef1dbd1b949209fd4c8d964656e2f (127.24.103.70:37141): Couldn't send request to peer 208ef1dbd1b949209fd4c8d964656e2f. Error code: TABLET_NOT_FOUND (6). Status: Not found: Tablet not found: 7cb7903ab95f4168ab2405286d9ba45a. This is attempt 1: this message will repeat every 5th retry.
I20260608 12:46:56.878646 29624 raft_consensus.cc:2955] T 7cb7903ab95f4168ab2405286d9ba45a P e88c84b064bf40e1b5815afe2a629196 [term 1 FOLLOWER]: Committing config change with OpId 1.27: config changed from index -1 to 27, NON_VOTER 208ef1dbd1b949209fd4c8d964656e2f (127.24.103.70) added. New config: { opid_index: 27 OBSOLETE_local: false peers { permanent_uuid: "5e05b8aee0eb400d83b4c07a5660ab64" member_type: VOTER last_known_addr { host: "127.24.103.65" port: 42541 } } peers { permanent_uuid: "d8609dcd22224f5b81d9063aaa180132" member_type: VOTER last_known_addr { host: "127.24.103.66" port: 36137 } attrs { replace: true } } peers { permanent_uuid: "e88c84b064bf40e1b5815afe2a629196" member_type: VOTER last_known_addr { host: "127.24.103.67" port: 43613 } } peers { permanent_uuid: "208ef1dbd1b949209fd4c8d964656e2f" member_type: NON_VOTER last_known_addr { host: "127.24.103.70" port: 37141 } attrs { promote: true } } }
I20260608 12:46:56.889426 29375 catalog_manager.cc:5696] T 7cb7903ab95f4168ab2405286d9ba45a P d8609dcd22224f5b81d9063aaa180132 reported cstate change: config changed from index -1 to 27, NON_VOTER 208ef1dbd1b949209fd4c8d964656e2f (127.24.103.70) added. New cstate: current_term: 1 leader_uuid: "5e05b8aee0eb400d83b4c07a5660ab64" committed_config { opid_index: 27 OBSOLETE_local: false peers { permanent_uuid: "5e05b8aee0eb400d83b4c07a5660ab64" member_type: VOTER last_known_addr { host: "127.24.103.65" port: 42541 } } peers { permanent_uuid: "d8609dcd22224f5b81d9063aaa180132" member_type: VOTER last_known_addr { host: "127.24.103.66" port: 36137 } attrs { replace: true } } peers { permanent_uuid: "e88c84b064bf40e1b5815afe2a629196" member_type: VOTER last_known_addr { host: "127.24.103.67" port: 43613 } } peers { permanent_uuid: "208ef1dbd1b949209fd4c8d964656e2f" member_type: NON_VOTER last_known_addr { host: "127.24.103.70" port: 37141 } attrs { promote: true } } }
I20260608 12:46:56.893278 29555 consensus_queue.cc:237] T c6d936196d5e4bfe97eda4944dde25ef P d8609dcd22224f5b81d9063aaa180132 [LEADER]: Queue going to LEADER mode. State: All replicated index: 0, Majority replicated index: 26, Committed index: 26, Last appended: 1.26, Last appended by leader: 0, Current term: 1, Majority size: 2, State: 0, Mode: LEADER, active raft config: opid_index: 27 OBSOLETE_local: false peers { permanent_uuid: "5e05b8aee0eb400d83b4c07a5660ab64" member_type: VOTER last_known_addr { host: "127.24.103.65" port: 42541 } } peers { permanent_uuid: "d8609dcd22224f5b81d9063aaa180132" member_type: VOTER last_known_addr { host: "127.24.103.66" port: 36137 } } peers { permanent_uuid: "e88c84b064bf40e1b5815afe2a629196" member_type: VOTER last_known_addr { host: "127.24.103.67" port: 43613 } attrs { replace: true } } peers { permanent_uuid: "7edeb89ef875404d90a41f342a2abe97" member_type: NON_VOTER last_known_addr { host: "127.24.103.68" port: 41877 } attrs { promote: true } }
I20260608 12:46:56.901610 29477 raft_consensus.cc:1275] T c6d936196d5e4bfe97eda4944dde25ef P 5e05b8aee0eb400d83b4c07a5660ab64 [term 1 FOLLOWER]: Refusing update from remote peer d8609dcd22224f5b81d9063aaa180132: Log matching property violated. Preceding OpId in replica: term: 1 index: 26. Preceding OpId from leader: term: 1 index: 27. (index mismatch)
I20260608 12:46:56.901870 29624 raft_consensus.cc:1275] T c6d936196d5e4bfe97eda4944dde25ef P e88c84b064bf40e1b5815afe2a629196 [term 1 FOLLOWER]: Refusing update from remote peer d8609dcd22224f5b81d9063aaa180132: Log matching property violated. Preceding OpId in replica: term: 1 index: 26. Preceding OpId from leader: term: 1 index: 27. (index mismatch)
W20260608 12:46:56.901835 29520 consensus_peers.cc:597] T c6d936196d5e4bfe97eda4944dde25ef P d8609dcd22224f5b81d9063aaa180132 -> Peer 7edeb89ef875404d90a41f342a2abe97 (127.24.103.68:41877): Couldn't send request to peer 7edeb89ef875404d90a41f342a2abe97. Error code: TABLET_NOT_FOUND (6). Status: Not found: Tablet not found: c6d936196d5e4bfe97eda4944dde25ef. This is attempt 1: this message will repeat every 5th retry.
I20260608 12:46:56.903316 29882 consensus_queue.cc:1048] T c6d936196d5e4bfe97eda4944dde25ef P d8609dcd22224f5b81d9063aaa180132 [LEADER]: Connected to new peer: Peer: permanent_uuid: "5e05b8aee0eb400d83b4c07a5660ab64" member_type: VOTER last_known_addr { host: "127.24.103.65" port: 42541 }, Status: LMP_MISMATCH, Last received: 0.0, Next index: 27, Last known committed idx: 26, Time since last communication: 0.000s
I20260608 12:46:56.904882 30124 consensus_queue.cc:1048] T c6d936196d5e4bfe97eda4944dde25ef P d8609dcd22224f5b81d9063aaa180132 [LEADER]: Connected to new peer: Peer: permanent_uuid: "e88c84b064bf40e1b5815afe2a629196" member_type: VOTER last_known_addr { host: "127.24.103.67" port: 43613 } attrs { replace: true }, Status: LMP_MISMATCH, Last received: 0.0, Next index: 27, Last known committed idx: 26, Time since last communication: 0.000s
I20260608 12:46:56.910372 29882 raft_consensus.cc:2955] T c6d936196d5e4bfe97eda4944dde25ef P d8609dcd22224f5b81d9063aaa180132 [term 1 LEADER]: Committing config change with OpId 1.27: config changed from index -1 to 27, NON_VOTER 7edeb89ef875404d90a41f342a2abe97 (127.24.103.68) added. New config: { opid_index: 27 OBSOLETE_local: false peers { permanent_uuid: "5e05b8aee0eb400d83b4c07a5660ab64" member_type: VOTER last_known_addr { host: "127.24.103.65" port: 42541 } } peers { permanent_uuid: "d8609dcd22224f5b81d9063aaa180132" member_type: VOTER last_known_addr { host: "127.24.103.66" port: 36137 } } peers { permanent_uuid: "e88c84b064bf40e1b5815afe2a629196" member_type: VOTER last_known_addr { host: "127.24.103.67" port: 43613 } attrs { replace: true } } peers { permanent_uuid: "7edeb89ef875404d90a41f342a2abe97" member_type: NON_VOTER last_known_addr { host: "127.24.103.68" port: 41877 } attrs { promote: true } } }
I20260608 12:46:56.913443 29477 raft_consensus.cc:2955] T c6d936196d5e4bfe97eda4944dde25ef P 5e05b8aee0eb400d83b4c07a5660ab64 [term 1 FOLLOWER]: Committing config change with OpId 1.27: config changed from index -1 to 27, NON_VOTER 7edeb89ef875404d90a41f342a2abe97 (127.24.103.68) added. New config: { opid_index: 27 OBSOLETE_local: false peers { permanent_uuid: "5e05b8aee0eb400d83b4c07a5660ab64" member_type: VOTER last_known_addr { host: "127.24.103.65" port: 42541 } } peers { permanent_uuid: "d8609dcd22224f5b81d9063aaa180132" member_type: VOTER last_known_addr { host: "127.24.103.66" port: 36137 } } peers { permanent_uuid: "e88c84b064bf40e1b5815afe2a629196" member_type: VOTER last_known_addr { host: "127.24.103.67" port: 43613 } attrs { replace: true } } peers { permanent_uuid: "7edeb89ef875404d90a41f342a2abe97" member_type: NON_VOTER last_known_addr { host: "127.24.103.68" port: 41877 } attrs { promote: true } } }
I20260608 12:46:56.914423 29624 raft_consensus.cc:2955] T c6d936196d5e4bfe97eda4944dde25ef P e88c84b064bf40e1b5815afe2a629196 [term 1 FOLLOWER]: Committing config change with OpId 1.27: config changed from index -1 to 27, NON_VOTER 7edeb89ef875404d90a41f342a2abe97 (127.24.103.68) added. New config: { opid_index: 27 OBSOLETE_local: false peers { permanent_uuid: "5e05b8aee0eb400d83b4c07a5660ab64" member_type: VOTER last_known_addr { host: "127.24.103.65" port: 42541 } } peers { permanent_uuid: "d8609dcd22224f5b81d9063aaa180132" member_type: VOTER last_known_addr { host: "127.24.103.66" port: 36137 } } peers { permanent_uuid: "e88c84b064bf40e1b5815afe2a629196" member_type: VOTER last_known_addr { host: "127.24.103.67" port: 43613 } attrs { replace: true } } peers { permanent_uuid: "7edeb89ef875404d90a41f342a2abe97" member_type: NON_VOTER last_known_addr { host: "127.24.103.68" port: 41877 } attrs { promote: true } } }
