I20260608 12:46:06.913787 24989 fs_manager.cc:1068] Generated new instance metadata in path /tmp/dist-test-taskfzIV1X/test-tmp/auto_rebalancer-test.0.AutoRebalancerTest.RangeAwareRebalancesNewRangeReplicas.1780922690312829-24989-0/minicluster-data/master-0-root/instance:
uuid: "ad2e5d2ef6ed496d82654380ec051943"
format_stamp: "Formatted at 2026-06-08 12:46:06 on dist-test-slave-zll8"
I20260608 12:46:06.918941 24989 fs_manager.cc:696] Time spent creating directory manager: real 0.005s	user 0.004s	sys 0.002s
I20260608 12:46:06.924813 27853 log_block_manager.cc:4031] Time spent loading block containers with low live blocks: real 0.000s	user 0.000s	sys 0.000s
I20260608 12:46:06.925895 24989 fs_manager.cc:730] Time spent opening block manager: real 0.003s	user 0.003s	sys 0.002s
I20260608 12:46:06.926353 24989 fs_manager.cc:647] Opened local filesystem: /tmp/dist-test-taskfzIV1X/test-tmp/auto_rebalancer-test.0.AutoRebalancerTest.RangeAwareRebalancesNewRangeReplicas.1780922690312829-24989-0/minicluster-data/master-0-root
uuid: "ad2e5d2ef6ed496d82654380ec051943"
format_stamp: "Formatted at 2026-06-08 12:46:06 on dist-test-slave-zll8"
I20260608 12:46:06.926789 24989 fs_report.cc:389] FS layout report
--------------------
wal directory: /tmp/dist-test-taskfzIV1X/test-tmp/auto_rebalancer-test.0.AutoRebalancerTest.RangeAwareRebalancesNewRangeReplicas.1780922690312829-24989-0/minicluster-data/master-0-root
metadata directory: /tmp/dist-test-taskfzIV1X/test-tmp/auto_rebalancer-test.0.AutoRebalancerTest.RangeAwareRebalancesNewRangeReplicas.1780922690312829-24989-0/minicluster-data/master-0-root
1 data directories: /tmp/dist-test-taskfzIV1X/test-tmp/auto_rebalancer-test.0.AutoRebalancerTest.RangeAwareRebalancesNewRangeReplicas.1780922690312829-24989-0/minicluster-data/master-0-root/data
Total live blocks: 0
Total live bytes: 0
Total live bytes (after alignment): 0
Total number of LBM containers: 0 (0 full)
Did not check for missing blocks
Did not check for orphaned blocks
Total full LBM containers with extra space: 0 (0 repaired)
Total full LBM container extra space in bytes: 0 (0 repaired)
Total incomplete LBM containers: 0 (0 repaired)
Total LBM partial records: 0 (0 repaired)
Total corrupted LBM metadata records in RocksDB: 0 (0 repaired)
I20260608 12:46:06.940294 24989 rpc_server.cc:225] running with OpenSSL 1.1.1  11 Sep 2018
I20260608 12:46:06.941339 24989 kserver.cc:163] Server-wide thread pool size limit: 3276
I20260608 12:46:06.976899 24989 rpc_server.cc:307] RPC server started. Bound to: 127.24.103.126:42771
I20260608 12:46:06.977059 27904 acceptor_pool.cc:272] collecting diagnostics on the listening RPC socket 127.24.103.126:42771 every 8 connection(s)
I20260608 12:46:06.980953 27905 data_dirs.cc:400] Could only allocate 1 dirs of requested 3 for tablet 00000000000000000000000000000000. 1 dirs total, 0 dirs full, 0 dirs failed
I20260608 12:46:06.990782 27905 tablet_bootstrap.cc:492] T 00000000000000000000000000000000 P ad2e5d2ef6ed496d82654380ec051943: Bootstrap starting.
I20260608 12:46:06.995639 27905 tablet_bootstrap.cc:654] T 00000000000000000000000000000000 P ad2e5d2ef6ed496d82654380ec051943: Neither blocks nor log segments found. Creating new log.
I20260608 12:46:06.999809 27905 tablet_bootstrap.cc:492] T 00000000000000000000000000000000 P ad2e5d2ef6ed496d82654380ec051943: No bootstrap required, opened a new log
I20260608 12:46:07.001935 27905 raft_consensus.cc:359] T 00000000000000000000000000000000 P ad2e5d2ef6ed496d82654380ec051943 [term 0 FOLLOWER]: Replica starting. Triggering 0 pending ops. Active config: opid_index: -1 OBSOLETE_local: true peers { permanent_uuid: "ad2e5d2ef6ed496d82654380ec051943" member_type: VOTER }
I20260608 12:46:07.002341 27905 raft_consensus.cc:385] T 00000000000000000000000000000000 P ad2e5d2ef6ed496d82654380ec051943 [term 0 FOLLOWER]: Consensus starting up: Expiring failure detector timer to make a prompt election more likely
I20260608 12:46:07.002588 27905 raft_consensus.cc:740] T 00000000000000000000000000000000 P ad2e5d2ef6ed496d82654380ec051943 [term 0 FOLLOWER]: Becoming Follower/Learner. State: Replica: ad2e5d2ef6ed496d82654380ec051943, State: Initialized, Role: FOLLOWER
I20260608 12:46:07.003234 27905 consensus_queue.cc:260] T 00000000000000000000000000000000 P ad2e5d2ef6ed496d82654380ec051943 [NON_LEADER]: Queue going to NON_LEADER mode. State: All replicated index: 0, Majority replicated index: 0, Committed index: 0, Last appended: 0.0, Last appended by leader: 0, Current term: 0, Majority size: -1, State: 0, Mode: NON_LEADER, active raft config: opid_index: -1 OBSOLETE_local: true peers { permanent_uuid: "ad2e5d2ef6ed496d82654380ec051943" member_type: VOTER }
I20260608 12:46:07.003718 27905 raft_consensus.cc:399] T 00000000000000000000000000000000 P ad2e5d2ef6ed496d82654380ec051943 [term 0 FOLLOWER]: Only one voter in the Raft config. Triggering election immediately
I20260608 12:46:07.003938 27905 raft_consensus.cc:493] T 00000000000000000000000000000000 P ad2e5d2ef6ed496d82654380ec051943 [term 0 FOLLOWER]: Starting leader election (initial election of a single-replica configuration)
I20260608 12:46:07.004221 27905 raft_consensus.cc:3060] T 00000000000000000000000000000000 P ad2e5d2ef6ed496d82654380ec051943 [term 0 FOLLOWER]: Advancing to term 1
I20260608 12:46:07.008594 27905 raft_consensus.cc:515] T 00000000000000000000000000000000 P ad2e5d2ef6ed496d82654380ec051943 [term 1 FOLLOWER]: Starting leader election with config: opid_index: -1 OBSOLETE_local: true peers { permanent_uuid: "ad2e5d2ef6ed496d82654380ec051943" member_type: VOTER }
I20260608 12:46:07.009105 27905 leader_election.cc:304] T 00000000000000000000000000000000 P ad2e5d2ef6ed496d82654380ec051943 [CANDIDATE]: Term 1 election: Election decided. Result: candidate won. Election summary: received 1 responses out of 1 voters: 1 yes votes; 0 no votes. yes voters: ad2e5d2ef6ed496d82654380ec051943; no voters: 
I20260608 12:46:07.010322 27905 leader_election.cc:290] T 00000000000000000000000000000000 P ad2e5d2ef6ed496d82654380ec051943 [CANDIDATE]: Term 1 election: Requested vote from peers 
I20260608 12:46:07.010712 27908 raft_consensus.cc:2804] T 00000000000000000000000000000000 P ad2e5d2ef6ed496d82654380ec051943 [term 1 FOLLOWER]: Leader election won for term 1
I20260608 12:46:07.012032 27908 raft_consensus.cc:697] T 00000000000000000000000000000000 P ad2e5d2ef6ed496d82654380ec051943 [term 1 LEADER]: Becoming Leader. State: Replica: ad2e5d2ef6ed496d82654380ec051943, State: Running, Role: LEADER
I20260608 12:46:07.012763 27908 consensus_queue.cc:237] T 00000000000000000000000000000000 P ad2e5d2ef6ed496d82654380ec051943 [LEADER]: Queue going to LEADER mode. State: All replicated index: 0, Majority replicated index: 0, Committed index: 0, Last appended: 0.0, Last appended by leader: 0, Current term: 1, Majority size: 1, State: 0, Mode: LEADER, active raft config: opid_index: -1 OBSOLETE_local: true peers { permanent_uuid: "ad2e5d2ef6ed496d82654380ec051943" member_type: VOTER }
I20260608 12:46:07.013397 27905 sys_catalog.cc:565] T 00000000000000000000000000000000 P ad2e5d2ef6ed496d82654380ec051943 [sys.catalog]: configured and running, proceeding with master startup.
I20260608 12:46:07.015702 27909 sys_catalog.cc:455] T 00000000000000000000000000000000 P ad2e5d2ef6ed496d82654380ec051943 [sys.catalog]: SysCatalogTable state changed. Reason: RaftConsensus started. Latest consensus state: current_term: 1 leader_uuid: "ad2e5d2ef6ed496d82654380ec051943" committed_config { opid_index: -1 OBSOLETE_local: true peers { permanent_uuid: "ad2e5d2ef6ed496d82654380ec051943" member_type: VOTER } }
I20260608 12:46:07.015796 27910 sys_catalog.cc:455] T 00000000000000000000000000000000 P ad2e5d2ef6ed496d82654380ec051943 [sys.catalog]: SysCatalogTable state changed. Reason: New leader ad2e5d2ef6ed496d82654380ec051943. Latest consensus state: current_term: 1 leader_uuid: "ad2e5d2ef6ed496d82654380ec051943" committed_config { opid_index: -1 OBSOLETE_local: true peers { permanent_uuid: "ad2e5d2ef6ed496d82654380ec051943" member_type: VOTER } }
I20260608 12:46:07.016398 27909 sys_catalog.cc:458] T 00000000000000000000000000000000 P ad2e5d2ef6ed496d82654380ec051943 [sys.catalog]: This master's current role is: LEADER
I20260608 12:46:07.016484 27910 sys_catalog.cc:458] T 00000000000000000000000000000000 P ad2e5d2ef6ed496d82654380ec051943 [sys.catalog]: This master's current role is: LEADER
I20260608 12:46:07.021800 27913 catalog_manager.cc:1510] Loading table and tablet metadata into memory...
I20260608 12:46:07.027990 27913 catalog_manager.cc:1519] Initializing Kudu cluster ID...
I20260608 12:46:07.029245 24989 internal_mini_cluster.cc:184] Waiting to initialize catalog manager on master 0
I20260608 12:46:07.037319 27913 catalog_manager.cc:1382] Generated new cluster ID: 22ca871352e14079a8363ba4e140bd08
I20260608 12:46:07.037627 27913 catalog_manager.cc:1530] Initializing Kudu internal certificate authority...
I20260608 12:46:07.064000 27913 catalog_manager.cc:1405] Generated new certificate authority record
I20260608 12:46:07.065289 27913 catalog_manager.cc:1539] Loading token signing keys...
I20260608 12:46:07.080770 27913 catalog_manager.cc:6069] T 00000000000000000000000000000000 P ad2e5d2ef6ed496d82654380ec051943: Generated new TSK 0
I20260608 12:46:07.081460 27913 catalog_manager.cc:1549] Initializing in-progress tserver states...
I20260608 12:46:07.095604 24989 file_cache.cc:492] Constructed file cache file cache with capacity 419430
W20260608 12:46:07.101384 27926 instance_detector.cc:116] could not retrieve AWS instance metadata: Network error: curl error: HTTP response code said error: The requested URL returned error: 404
W20260608 12:46:07.102898 27927 instance_detector.cc:116] could not retrieve Azure instance metadata: Network error: curl error: HTTP response code said error: The requested URL returned error: 404
I20260608 12:46:07.104620 24989 server_base.cc:1061] running on GCE node
W20260608 12:46:07.104717 27929 instance_detector.cc:116] could not retrieve OpenStack instance metadata: Network error: curl error: HTTP response code said error: The requested URL returned error: 404
I20260608 12:46:07.105659 24989 hybrid_clock.cc:584] initializing the hybrid clock with 'system_unsync' time source
W20260608 12:46:07.105859 24989 system_unsync_time.cc:38] NTP support is disabled. Clock error bounds will not be accurate. This configuration is not suitable for distributed clusters.
I20260608 12:46:07.105985 24989 hybrid_clock.cc:648] HybridClock initialized: now 1780922767105973 us; error 0 us; skew 500 ppm
I20260608 12:46:07.106480 24989 server_base.cc:861] Flag tcmalloc_max_total_thread_cache_bytes is not working since tcmalloc is not enabled.
I20260608 12:46:07.108743 24989 webserver.cc:533] Webserver started at http://127.24.103.65:38549/ using document root <none> and password file <none>
I20260608 12:46:07.109218 24989 fs_manager.cc:362] Metadata directory not provided
I20260608 12:46:07.109375 24989 fs_manager.cc:368] Using write-ahead log directory (fs_wal_dir) as metadata directory
I20260608 12:46:07.109587 24989 server_base.cc:909] This appears to be a new deployment of Kudu; creating new FS layout
I20260608 12:46:07.110679 24989 fs_manager.cc:1068] Generated new instance metadata in path /tmp/dist-test-taskfzIV1X/test-tmp/auto_rebalancer-test.0.AutoRebalancerTest.RangeAwareRebalancesNewRangeReplicas.1780922690312829-24989-0/minicluster-data/ts-0-root/instance:
uuid: "a823f4adbc2a4c67b2ddd7c98f938e6a"
format_stamp: "Formatted at 2026-06-08 12:46:07 on dist-test-slave-zll8"
I20260608 12:46:07.115410 24989 fs_manager.cc:696] Time spent creating directory manager: real 0.004s	user 0.002s	sys 0.004s
I20260608 12:46:07.118914 27934 log_block_manager.cc:4031] Time spent loading block containers with low live blocks: real 0.000s	user 0.000s	sys 0.000s
I20260608 12:46:07.119691 24989 fs_manager.cc:730] Time spent opening block manager: real 0.002s	user 0.002s	sys 0.000s
I20260608 12:46:07.119995 24989 fs_manager.cc:647] Opened local filesystem: /tmp/dist-test-taskfzIV1X/test-tmp/auto_rebalancer-test.0.AutoRebalancerTest.RangeAwareRebalancesNewRangeReplicas.1780922690312829-24989-0/minicluster-data/ts-0-root
uuid: "a823f4adbc2a4c67b2ddd7c98f938e6a"
format_stamp: "Formatted at 2026-06-08 12:46:07 on dist-test-slave-zll8"
I20260608 12:46:07.120342 24989 fs_report.cc:389] FS layout report
--------------------
wal directory: /tmp/dist-test-taskfzIV1X/test-tmp/auto_rebalancer-test.0.AutoRebalancerTest.RangeAwareRebalancesNewRangeReplicas.1780922690312829-24989-0/minicluster-data/ts-0-root
metadata directory: /tmp/dist-test-taskfzIV1X/test-tmp/auto_rebalancer-test.0.AutoRebalancerTest.RangeAwareRebalancesNewRangeReplicas.1780922690312829-24989-0/minicluster-data/ts-0-root
1 data directories: /tmp/dist-test-taskfzIV1X/test-tmp/auto_rebalancer-test.0.AutoRebalancerTest.RangeAwareRebalancesNewRangeReplicas.1780922690312829-24989-0/minicluster-data/ts-0-root/data
Total live blocks: 0
Total live bytes: 0
Total live bytes (after alignment): 0
Total number of LBM containers: 0 (0 full)
Did not check for missing blocks
Did not check for orphaned blocks
Total full LBM containers with extra space: 0 (0 repaired)
Total full LBM container extra space in bytes: 0 (0 repaired)
Total incomplete LBM containers: 0 (0 repaired)
Total LBM partial records: 0 (0 repaired)
Total corrupted LBM metadata records in RocksDB: 0 (0 repaired)
I20260608 12:46:07.145159 24989 rpc_server.cc:225] running with OpenSSL 1.1.1  11 Sep 2018
I20260608 12:46:07.146359 24989 kserver.cc:163] Server-wide thread pool size limit: 3276
I20260608 12:46:07.147960 24989 txn_system_client.cc:432] TxnSystemClient initialization is disabled...
I20260608 12:46:07.150349 24989 ts_tablet_manager.cc:585] Loaded tablet metadata (0 total tablets, 0 live tablets)
I20260608 12:46:07.150580 24989 ts_tablet_manager.cc:531] Time spent load tablet metadata: real 0.000s	user 0.000s	sys 0.000s
I20260608 12:46:07.150835 24989 ts_tablet_manager.cc:616] Registered 0 tablets
I20260608 12:46:07.151021 24989 ts_tablet_manager.cc:595] Time spent register tablets: real 0.000s	user 0.000s	sys 0.000s
I20260608 12:46:07.190056 24989 rpc_server.cc:307] RPC server started. Bound to: 127.24.103.65:46545
I20260608 12:46:07.190173 27996 acceptor_pool.cc:272] collecting diagnostics on the listening RPC socket 127.24.103.65:46545 every 8 connection(s)
I20260608 12:46:07.195397 24989 file_cache.cc:492] Constructed file cache file cache with capacity 419430
W20260608 12:46:07.202646 28001 instance_detector.cc:116] could not retrieve AWS instance metadata: Network error: curl error: HTTP response code said error: The requested URL returned error: 404
W20260608 12:46:07.205157 28002 instance_detector.cc:116] could not retrieve Azure instance metadata: Network error: curl error: HTTP response code said error: The requested URL returned error: 404
W20260608 12:46:07.206147 28004 instance_detector.cc:116] could not retrieve OpenStack instance metadata: Network error: curl error: HTTP response code said error: The requested URL returned error: 404
I20260608 12:46:07.207921 24989 server_base.cc:1061] running on GCE node
I20260608 12:46:07.209056 24989 hybrid_clock.cc:584] initializing the hybrid clock with 'system_unsync' time source
W20260608 12:46:07.209350 24989 system_unsync_time.cc:38] NTP support is disabled. Clock error bounds will not be accurate. This configuration is not suitable for distributed clusters.
I20260608 12:46:07.209542 24989 hybrid_clock.cc:648] HybridClock initialized: now 1780922767209526 us; error 0 us; skew 500 ppm
I20260608 12:46:07.210065 27997 heartbeater.cc:344] Connected to a master server at 127.24.103.126:42771
I20260608 12:46:07.210211 24989 server_base.cc:861] Flag tcmalloc_max_total_thread_cache_bytes is not working since tcmalloc is not enabled.
I20260608 12:46:07.210464 27997 heartbeater.cc:461] Registering TS with master...
I20260608 12:46:07.211239 27997 heartbeater.cc:507] Master 127.24.103.126:42771 requested a full tablet report, sending...
I20260608 12:46:07.213277 24989 webserver.cc:533] Webserver started at http://127.24.103.66:38983/ using document root <none> and password file <none>
I20260608 12:46:07.213778 27870 ts_manager.cc:194] Registered new tserver with Master: a823f4adbc2a4c67b2ddd7c98f938e6a (127.24.103.65:46545)
I20260608 12:46:07.213881 24989 fs_manager.cc:362] Metadata directory not provided
I20260608 12:46:07.214267 24989 fs_manager.cc:368] Using write-ahead log directory (fs_wal_dir) as metadata directory
I20260608 12:46:07.214627 24989 server_base.cc:909] This appears to be a new deployment of Kudu; creating new FS layout
I20260608 12:46:07.215729 24989 fs_manager.cc:1068] Generated new instance metadata in path /tmp/dist-test-taskfzIV1X/test-tmp/auto_rebalancer-test.0.AutoRebalancerTest.RangeAwareRebalancesNewRangeReplicas.1780922690312829-24989-0/minicluster-data/ts-1-root/instance:
uuid: "f6544e7379fc45d1be91a89250b3d2e8"
format_stamp: "Formatted at 2026-06-08 12:46:07 on dist-test-slave-zll8"
I20260608 12:46:07.215900 27870 master_service.cc:502] Signed X509 certificate for tserver {username='slave'} at 127.0.0.1:49616
I20260608 12:46:07.220299 24989 fs_manager.cc:696] Time spent creating directory manager: real 0.004s	user 0.004s	sys 0.000s
I20260608 12:46:07.223747 28009 log_block_manager.cc:4031] Time spent loading block containers with low live blocks: real 0.000s	user 0.000s	sys 0.000s
I20260608 12:46:07.224566 24989 fs_manager.cc:730] Time spent opening block manager: real 0.002s	user 0.003s	sys 0.000s
I20260608 12:46:07.224853 24989 fs_manager.cc:647] Opened local filesystem: /tmp/dist-test-taskfzIV1X/test-tmp/auto_rebalancer-test.0.AutoRebalancerTest.RangeAwareRebalancesNewRangeReplicas.1780922690312829-24989-0/minicluster-data/ts-1-root
uuid: "f6544e7379fc45d1be91a89250b3d2e8"
format_stamp: "Formatted at 2026-06-08 12:46:07 on dist-test-slave-zll8"
I20260608 12:46:07.225133 24989 fs_report.cc:389] FS layout report
--------------------
wal directory: /tmp/dist-test-taskfzIV1X/test-tmp/auto_rebalancer-test.0.AutoRebalancerTest.RangeAwareRebalancesNewRangeReplicas.1780922690312829-24989-0/minicluster-data/ts-1-root
metadata directory: /tmp/dist-test-taskfzIV1X/test-tmp/auto_rebalancer-test.0.AutoRebalancerTest.RangeAwareRebalancesNewRangeReplicas.1780922690312829-24989-0/minicluster-data/ts-1-root
1 data directories: /tmp/dist-test-taskfzIV1X/test-tmp/auto_rebalancer-test.0.AutoRebalancerTest.RangeAwareRebalancesNewRangeReplicas.1780922690312829-24989-0/minicluster-data/ts-1-root/data
Total live blocks: 0
Total live bytes: 0
Total live bytes (after alignment): 0
Total number of LBM containers: 0 (0 full)
Did not check for missing blocks
Did not check for orphaned blocks
Total full LBM containers with extra space: 0 (0 repaired)
Total full LBM container extra space in bytes: 0 (0 repaired)
Total incomplete LBM containers: 0 (0 repaired)
Total LBM partial records: 0 (0 repaired)
Total corrupted LBM metadata records in RocksDB: 0 (0 repaired)
I20260608 12:46:07.245083 24989 rpc_server.cc:225] running with OpenSSL 1.1.1  11 Sep 2018
I20260608 12:46:07.246258 24989 kserver.cc:163] Server-wide thread pool size limit: 3276
I20260608 12:46:07.247704 24989 txn_system_client.cc:432] TxnSystemClient initialization is disabled...
I20260608 12:46:07.250123 24989 ts_tablet_manager.cc:585] Loaded tablet metadata (0 total tablets, 0 live tablets)
I20260608 12:46:07.250344 24989 ts_tablet_manager.cc:531] Time spent load tablet metadata: real 0.000s	user 0.000s	sys 0.000s
I20260608 12:46:07.250588 24989 ts_tablet_manager.cc:616] Registered 0 tablets
I20260608 12:46:07.250761 24989 ts_tablet_manager.cc:595] Time spent register tablets: real 0.000s	user 0.000s	sys 0.000s
I20260608 12:46:07.288805 24989 rpc_server.cc:307] RPC server started. Bound to: 127.24.103.66:37609
I20260608 12:46:07.288923 28071 acceptor_pool.cc:272] collecting diagnostics on the listening RPC socket 127.24.103.66:37609 every 8 connection(s)
I20260608 12:46:07.293795 24989 file_cache.cc:492] Constructed file cache file cache with capacity 419430
W20260608 12:46:07.300800 28075 instance_detector.cc:116] could not retrieve AWS instance metadata: Network error: curl error: HTTP response code said error: The requested URL returned error: 404
W20260608 12:46:07.301537 28076 instance_detector.cc:116] could not retrieve Azure instance metadata: Network error: curl error: HTTP response code said error: The requested URL returned error: 404
I20260608 12:46:07.304111 24989 server_base.cc:1061] running on GCE node
W20260608 12:46:07.305025 28078 instance_detector.cc:116] could not retrieve OpenStack instance metadata: Network error: curl error: HTTP response code said error: The requested URL returned error: 404
I20260608 12:46:07.306107 24989 hybrid_clock.cc:584] initializing the hybrid clock with 'system_unsync' time source
W20260608 12:46:07.306330 24989 system_unsync_time.cc:38] NTP support is disabled. Clock error bounds will not be accurate. This configuration is not suitable for distributed clusters.
I20260608 12:46:07.306521 24989 hybrid_clock.cc:648] HybridClock initialized: now 1780922767306490 us; error 0 us; skew 500 ppm
I20260608 12:46:07.306779 28072 heartbeater.cc:344] Connected to a master server at 127.24.103.126:42771
I20260608 12:46:07.307170 28072 heartbeater.cc:461] Registering TS with master...
I20260608 12:46:07.307233 24989 server_base.cc:861] Flag tcmalloc_max_total_thread_cache_bytes is not working since tcmalloc is not enabled.
I20260608 12:46:07.308033 28072 heartbeater.cc:507] Master 127.24.103.126:42771 requested a full tablet report, sending...
I20260608 12:46:07.310148 24989 webserver.cc:533] Webserver started at http://127.24.103.67:39069/ using document root <none> and password file <none>
I20260608 12:46:07.310525 27870 ts_manager.cc:194] Registered new tserver with Master: f6544e7379fc45d1be91a89250b3d2e8 (127.24.103.66:37609)
I20260608 12:46:07.310886 24989 fs_manager.cc:362] Metadata directory not provided
I20260608 12:46:07.311157 24989 fs_manager.cc:368] Using write-ahead log directory (fs_wal_dir) as metadata directory
I20260608 12:46:07.311487 24989 server_base.cc:909] This appears to be a new deployment of Kudu; creating new FS layout
I20260608 12:46:07.312414 27870 master_service.cc:502] Signed X509 certificate for tserver {username='slave'} at 127.0.0.1:49624
I20260608 12:46:07.312976 24989 fs_manager.cc:1068] Generated new instance metadata in path /tmp/dist-test-taskfzIV1X/test-tmp/auto_rebalancer-test.0.AutoRebalancerTest.RangeAwareRebalancesNewRangeReplicas.1780922690312829-24989-0/minicluster-data/ts-2-root/instance:
uuid: "0cfab690726e46f68000e0a00cf457fa"
format_stamp: "Formatted at 2026-06-08 12:46:07 on dist-test-slave-zll8"
I20260608 12:46:07.317705 24989 fs_manager.cc:696] Time spent creating directory manager: real 0.004s	user 0.005s	sys 0.000s
I20260608 12:46:07.320941 28083 log_block_manager.cc:4031] Time spent loading block containers with low live blocks: real 0.000s	user 0.000s	sys 0.000s
I20260608 12:46:07.321770 24989 fs_manager.cc:730] Time spent opening block manager: real 0.002s	user 0.003s	sys 0.000s
I20260608 12:46:07.322006 24989 fs_manager.cc:647] Opened local filesystem: /tmp/dist-test-taskfzIV1X/test-tmp/auto_rebalancer-test.0.AutoRebalancerTest.RangeAwareRebalancesNewRangeReplicas.1780922690312829-24989-0/minicluster-data/ts-2-root
uuid: "0cfab690726e46f68000e0a00cf457fa"
format_stamp: "Formatted at 2026-06-08 12:46:07 on dist-test-slave-zll8"
I20260608 12:46:07.322309 24989 fs_report.cc:389] FS layout report
--------------------
wal directory: /tmp/dist-test-taskfzIV1X/test-tmp/auto_rebalancer-test.0.AutoRebalancerTest.RangeAwareRebalancesNewRangeReplicas.1780922690312829-24989-0/minicluster-data/ts-2-root
metadata directory: /tmp/dist-test-taskfzIV1X/test-tmp/auto_rebalancer-test.0.AutoRebalancerTest.RangeAwareRebalancesNewRangeReplicas.1780922690312829-24989-0/minicluster-data/ts-2-root
1 data directories: /tmp/dist-test-taskfzIV1X/test-tmp/auto_rebalancer-test.0.AutoRebalancerTest.RangeAwareRebalancesNewRangeReplicas.1780922690312829-24989-0/minicluster-data/ts-2-root/data
Total live blocks: 0
Total live bytes: 0
Total live bytes (after alignment): 0
Total number of LBM containers: 0 (0 full)
Did not check for missing blocks
Did not check for orphaned blocks
Total full LBM containers with extra space: 0 (0 repaired)
Total full LBM container extra space in bytes: 0 (0 repaired)
Total incomplete LBM containers: 0 (0 repaired)
Total LBM partial records: 0 (0 repaired)
Total corrupted LBM metadata records in RocksDB: 0 (0 repaired)
I20260608 12:46:07.344131 24989 rpc_server.cc:225] running with OpenSSL 1.1.1  11 Sep 2018
I20260608 12:46:07.345327 24989 kserver.cc:163] Server-wide thread pool size limit: 3276
I20260608 12:46:07.346714 24989 txn_system_client.cc:432] TxnSystemClient initialization is disabled...
I20260608 12:46:07.348996 24989 ts_tablet_manager.cc:585] Loaded tablet metadata (0 total tablets, 0 live tablets)
I20260608 12:46:07.349207 24989 ts_tablet_manager.cc:531] Time spent load tablet metadata: real 0.000s	user 0.000s	sys 0.000s
I20260608 12:46:07.349463 24989 ts_tablet_manager.cc:616] Registered 0 tablets
I20260608 12:46:07.349627 24989 ts_tablet_manager.cc:595] Time spent register tablets: real 0.000s	user 0.000s	sys 0.000s
I20260608 12:46:07.386657 24989 rpc_server.cc:307] RPC server started. Bound to: 127.24.103.67:42639
I20260608 12:46:07.386770 28145 acceptor_pool.cc:272] collecting diagnostics on the listening RPC socket 127.24.103.67:42639 every 8 connection(s)
I20260608 12:46:07.400576 28146 heartbeater.cc:344] Connected to a master server at 127.24.103.126:42771
I20260608 12:46:07.400975 28146 heartbeater.cc:461] Registering TS with master...
I20260608 12:46:07.401804 28146 heartbeater.cc:507] Master 127.24.103.126:42771 requested a full tablet report, sending...
I20260608 12:46:07.403707 27870 ts_manager.cc:194] Registered new tserver with Master: 0cfab690726e46f68000e0a00cf457fa (127.24.103.67:42639)
I20260608 12:46:07.404121 24989 internal_mini_cluster.cc:371] 3 TS(s) registered with all masters after 0.014320869s
I20260608 12:46:07.405444 27870 master_service.cc:502] Signed X509 certificate for tserver {username='slave'} at 127.0.0.1:49630
I20260608 12:46:08.218533 27997 heartbeater.cc:499] Master 127.24.103.126:42771 was elected leader, sending a full tablet report...
I20260608 12:46:08.315124 28072 heartbeater.cc:499] Master 127.24.103.126:42771 was elected leader, sending a full tablet report...
I20260608 12:46:08.407935 28146 heartbeater.cc:499] Master 127.24.103.126:42771 was elected leader, sending a full tablet report...
I20260608 12:46:08.457747 27870 catalog_manager.cc:2282] Servicing CreateTable request from {username='slave'} at 127.0.0.1:49644:
name: "range_aware_rebalance_new_range"
schema {
  columns {
    name: "key"
    type: INT32
    is_key: true
    is_nullable: false
    encoding: AUTO_ENCODING
    compression: DEFAULT_COMPRESSION
    cfile_block_size: 0
    immutable: false
  }
}
num_replicas: 3
split_rows_range_bounds {
  rows: "\006\001\000\000\000\000\007\001\n\000\000\000""\006\001\000\000\000\000\007\001\n\000\000\000"
  indirect_data: """"
}
partition_schema {
  hash_schema {
    columns {
      name: "key"
    }
    num_buckets: 8
    seed: 0
  }
  range_schema {
    columns {
      name: "key"
    }
  }
}
W20260608 12:46:08.459828 27870 catalog_manager.cc:7076] The number of live tablet servers is not enough to re-replicate a tablet replica of the newly created table range_aware_rebalance_new_range in case of a server failure: 4 tablet servers would be needed, 3 are available. Consider bringing up more tablet servers.
I20260608 12:46:08.516279 27962 tablet_service.cc:1511] Processing CreateTablet for tablet 5686632c46c94945adde82410a2c0be3 (DEFAULT_TABLE table=range_aware_rebalance_new_range [id=93953fec510d4c33bec70bf7176cb75b]), partition=HASH (key) PARTITION 0, RANGE (key) PARTITION 0 <= VALUES < 10
I20260608 12:46:08.517884 27962 data_dirs.cc:400] Could only allocate 1 dirs of requested 3 for tablet 5686632c46c94945adde82410a2c0be3. 1 dirs total, 0 dirs full, 0 dirs failed
I20260608 12:46:08.518841 27961 tablet_service.cc:1511] Processing CreateTablet for tablet 1a7ee687f0ba46d7965085117c672bb6 (DEFAULT_TABLE table=range_aware_rebalance_new_range [id=93953fec510d4c33bec70bf7176cb75b]), partition=HASH (key) PARTITION 1, RANGE (key) PARTITION 0 <= VALUES < 10
I20260608 12:46:08.520342 27961 data_dirs.cc:400] Could only allocate 1 dirs of requested 3 for tablet 1a7ee687f0ba46d7965085117c672bb6. 1 dirs total, 0 dirs full, 0 dirs failed
I20260608 12:46:08.529888 27960 tablet_service.cc:1511] Processing CreateTablet for tablet f3b43f07e09741c4898da3cc2e9cc569 (DEFAULT_TABLE table=range_aware_rebalance_new_range [id=93953fec510d4c33bec70bf7176cb75b]), partition=HASH (key) PARTITION 2, RANGE (key) PARTITION 0 <= VALUES < 10
I20260608 12:46:08.531466 27960 data_dirs.cc:400] Could only allocate 1 dirs of requested 3 for tablet f3b43f07e09741c4898da3cc2e9cc569. 1 dirs total, 0 dirs full, 0 dirs failed
I20260608 12:46:08.537608 27959 tablet_service.cc:1511] Processing CreateTablet for tablet e7410407125d45679471d1f20af96072 (DEFAULT_TABLE table=range_aware_rebalance_new_range [id=93953fec510d4c33bec70bf7176cb75b]), partition=HASH (key) PARTITION 3, RANGE (key) PARTITION 0 <= VALUES < 10
I20260608 12:46:08.539968 27956 tablet_service.cc:1511] Processing CreateTablet for tablet e5b7fb6bb3f34a9b8db020859cc65e5c (DEFAULT_TABLE table=range_aware_rebalance_new_range [id=93953fec510d4c33bec70bf7176cb75b]), partition=HASH (key) PARTITION 6, RANGE (key) PARTITION 0 <= VALUES < 10
I20260608 12:46:08.541060 27958 tablet_service.cc:1511] Processing CreateTablet for tablet ba57f49e50f34d0888a5e02f5802189d (DEFAULT_TABLE table=range_aware_rebalance_new_range [id=93953fec510d4c33bec70bf7176cb75b]), partition=HASH (key) PARTITION 4, RANGE (key) PARTITION 0 <= VALUES < 10
I20260608 12:46:08.541278 27955 tablet_service.cc:1511] Processing CreateTablet for tablet 69d628b301e341f68cddc3cd12f94415 (DEFAULT_TABLE table=range_aware_rebalance_new_range [id=93953fec510d4c33bec70bf7176cb75b]), partition=HASH (key) PARTITION 7, RANGE (key) PARTITION 0 <= VALUES < 10
I20260608 12:46:08.541543 27956 data_dirs.cc:400] Could only allocate 1 dirs of requested 3 for tablet e5b7fb6bb3f34a9b8db020859cc65e5c. 1 dirs total, 0 dirs full, 0 dirs failed
I20260608 12:46:08.539989 27957 tablet_service.cc:1511] Processing CreateTablet for tablet 17b0b5030fdf47038a2531cb3376bebf (DEFAULT_TABLE table=range_aware_rebalance_new_range [id=93953fec510d4c33bec70bf7176cb75b]), partition=HASH (key) PARTITION 5, RANGE (key) PARTITION 0 <= VALUES < 10
I20260608 12:46:08.543346 27955 data_dirs.cc:400] Could only allocate 1 dirs of requested 3 for tablet 69d628b301e341f68cddc3cd12f94415. 1 dirs total, 0 dirs full, 0 dirs failed
I20260608 12:46:08.544046 27957 data_dirs.cc:400] Could only allocate 1 dirs of requested 3 for tablet 17b0b5030fdf47038a2531cb3376bebf. 1 dirs total, 0 dirs full, 0 dirs failed
I20260608 12:46:08.543857 28111 tablet_service.cc:1511] Processing CreateTablet for tablet 5686632c46c94945adde82410a2c0be3 (DEFAULT_TABLE table=range_aware_rebalance_new_range [id=93953fec510d4c33bec70bf7176cb75b]), partition=HASH (key) PARTITION 0, RANGE (key) PARTITION 0 <= VALUES < 10
I20260608 12:46:08.544780 27958 data_dirs.cc:400] Could only allocate 1 dirs of requested 3 for tablet ba57f49e50f34d0888a5e02f5802189d. 1 dirs total, 0 dirs full, 0 dirs failed
I20260608 12:46:08.544375 28037 tablet_service.cc:1511] Processing CreateTablet for tablet 5686632c46c94945adde82410a2c0be3 (DEFAULT_TABLE table=range_aware_rebalance_new_range [id=93953fec510d4c33bec70bf7176cb75b]), partition=HASH (key) PARTITION 0, RANGE (key) PARTITION 0 <= VALUES < 10
I20260608 12:46:08.545518 28111 data_dirs.cc:400] Could only allocate 1 dirs of requested 3 for tablet 5686632c46c94945adde82410a2c0be3. 1 dirs total, 0 dirs full, 0 dirs failed
I20260608 12:46:08.545567 27959 data_dirs.cc:400] Could only allocate 1 dirs of requested 3 for tablet e7410407125d45679471d1f20af96072. 1 dirs total, 0 dirs full, 0 dirs failed
I20260608 12:46:08.545843 28037 data_dirs.cc:400] Could only allocate 1 dirs of requested 3 for tablet 5686632c46c94945adde82410a2c0be3. 1 dirs total, 0 dirs full, 0 dirs failed
I20260608 12:46:08.549576 28036 tablet_service.cc:1511] Processing CreateTablet for tablet 1a7ee687f0ba46d7965085117c672bb6 (DEFAULT_TABLE table=range_aware_rebalance_new_range [id=93953fec510d4c33bec70bf7176cb75b]), partition=HASH (key) PARTITION 1, RANGE (key) PARTITION 0 <= VALUES < 10
I20260608 12:46:08.551023 28036 data_dirs.cc:400] Could only allocate 1 dirs of requested 3 for tablet 1a7ee687f0ba46d7965085117c672bb6. 1 dirs total, 0 dirs full, 0 dirs failed
I20260608 12:46:08.557772 28035 tablet_service.cc:1511] Processing CreateTablet for tablet f3b43f07e09741c4898da3cc2e9cc569 (DEFAULT_TABLE table=range_aware_rebalance_new_range [id=93953fec510d4c33bec70bf7176cb75b]), partition=HASH (key) PARTITION 2, RANGE (key) PARTITION 0 <= VALUES < 10
I20260608 12:46:08.559245 28035 data_dirs.cc:400] Could only allocate 1 dirs of requested 3 for tablet f3b43f07e09741c4898da3cc2e9cc569. 1 dirs total, 0 dirs full, 0 dirs failed
I20260608 12:46:08.562709 28110 tablet_service.cc:1511] Processing CreateTablet for tablet 1a7ee687f0ba46d7965085117c672bb6 (DEFAULT_TABLE table=range_aware_rebalance_new_range [id=93953fec510d4c33bec70bf7176cb75b]), partition=HASH (key) PARTITION 1, RANGE (key) PARTITION 0 <= VALUES < 10
I20260608 12:46:08.564203 28110 data_dirs.cc:400] Could only allocate 1 dirs of requested 3 for tablet 1a7ee687f0ba46d7965085117c672bb6. 1 dirs total, 0 dirs full, 0 dirs failed
I20260608 12:46:08.567191 28109 tablet_service.cc:1511] Processing CreateTablet for tablet f3b43f07e09741c4898da3cc2e9cc569 (DEFAULT_TABLE table=range_aware_rebalance_new_range [id=93953fec510d4c33bec70bf7176cb75b]), partition=HASH (key) PARTITION 2, RANGE (key) PARTITION 0 <= VALUES < 10
I20260608 12:46:08.568634 28109 data_dirs.cc:400] Could only allocate 1 dirs of requested 3 for tablet f3b43f07e09741c4898da3cc2e9cc569. 1 dirs total, 0 dirs full, 0 dirs failed
I20260608 12:46:08.569658 28034 tablet_service.cc:1511] Processing CreateTablet for tablet e7410407125d45679471d1f20af96072 (DEFAULT_TABLE table=range_aware_rebalance_new_range [id=93953fec510d4c33bec70bf7176cb75b]), partition=HASH (key) PARTITION 3, RANGE (key) PARTITION 0 <= VALUES < 10
I20260608 12:46:08.571024 28034 data_dirs.cc:400] Could only allocate 1 dirs of requested 3 for tablet e7410407125d45679471d1f20af96072. 1 dirs total, 0 dirs full, 0 dirs failed
I20260608 12:46:08.577721 28033 tablet_service.cc:1511] Processing CreateTablet for tablet ba57f49e50f34d0888a5e02f5802189d (DEFAULT_TABLE table=range_aware_rebalance_new_range [id=93953fec510d4c33bec70bf7176cb75b]), partition=HASH (key) PARTITION 4, RANGE (key) PARTITION 0 <= VALUES < 10
I20260608 12:46:08.579201 28033 data_dirs.cc:400] Could only allocate 1 dirs of requested 3 for tablet ba57f49e50f34d0888a5e02f5802189d. 1 dirs total, 0 dirs full, 0 dirs failed
I20260608 12:46:08.589951 28108 tablet_service.cc:1511] Processing CreateTablet for tablet e7410407125d45679471d1f20af96072 (DEFAULT_TABLE table=range_aware_rebalance_new_range [id=93953fec510d4c33bec70bf7176cb75b]), partition=HASH (key) PARTITION 3, RANGE (key) PARTITION 0 <= VALUES < 10
I20260608 12:46:08.591456 28108 data_dirs.cc:400] Could only allocate 1 dirs of requested 3 for tablet e7410407125d45679471d1f20af96072. 1 dirs total, 0 dirs full, 0 dirs failed
I20260608 12:46:08.597944 28032 tablet_service.cc:1511] Processing CreateTablet for tablet 17b0b5030fdf47038a2531cb3376bebf (DEFAULT_TABLE table=range_aware_rebalance_new_range [id=93953fec510d4c33bec70bf7176cb75b]), partition=HASH (key) PARTITION 5, RANGE (key) PARTITION 0 <= VALUES < 10
I20260608 12:46:08.599426 28032 data_dirs.cc:400] Could only allocate 1 dirs of requested 3 for tablet 17b0b5030fdf47038a2531cb3376bebf. 1 dirs total, 0 dirs full, 0 dirs failed
I20260608 12:46:08.604686 28105 tablet_service.cc:1511] Processing CreateTablet for tablet 69d628b301e341f68cddc3cd12f94415 (DEFAULT_TABLE table=range_aware_rebalance_new_range [id=93953fec510d4c33bec70bf7176cb75b]), partition=HASH (key) PARTITION 7, RANGE (key) PARTITION 0 <= VALUES < 10
I20260608 12:46:08.604876 28107 tablet_service.cc:1511] Processing CreateTablet for tablet ba57f49e50f34d0888a5e02f5802189d (DEFAULT_TABLE table=range_aware_rebalance_new_range [id=93953fec510d4c33bec70bf7176cb75b]), partition=HASH (key) PARTITION 4, RANGE (key) PARTITION 0 <= VALUES < 10
I20260608 12:46:08.606316 28105 data_dirs.cc:400] Could only allocate 1 dirs of requested 3 for tablet 69d628b301e341f68cddc3cd12f94415. 1 dirs total, 0 dirs full, 0 dirs failed
I20260608 12:46:08.606768 28106 tablet_service.cc:1511] Processing CreateTablet for tablet e5b7fb6bb3f34a9b8db020859cc65e5c (DEFAULT_TABLE table=range_aware_rebalance_new_range [id=93953fec510d4c33bec70bf7176cb75b]), partition=HASH (key) PARTITION 6, RANGE (key) PARTITION 0 <= VALUES < 10
I20260608 12:46:08.608176 28106 data_dirs.cc:400] Could only allocate 1 dirs of requested 3 for tablet e5b7fb6bb3f34a9b8db020859cc65e5c. 1 dirs total, 0 dirs full, 0 dirs failed
I20260608 12:46:08.612550 28107 data_dirs.cc:400] Could only allocate 1 dirs of requested 3 for tablet ba57f49e50f34d0888a5e02f5802189d. 1 dirs total, 0 dirs full, 0 dirs failed
I20260608 12:46:08.619318 28166 tablet_bootstrap.cc:492] T 5686632c46c94945adde82410a2c0be3 P 0cfab690726e46f68000e0a00cf457fa: Bootstrap starting.
I20260608 12:46:08.621659 28167 tablet_bootstrap.cc:492] T 1a7ee687f0ba46d7965085117c672bb6 P a823f4adbc2a4c67b2ddd7c98f938e6a: Bootstrap starting.
I20260608 12:46:08.619623 28111 tablet_service.cc:1511] Processing CreateTablet for tablet 17b0b5030fdf47038a2531cb3376bebf (DEFAULT_TABLE table=range_aware_rebalance_new_range [id=93953fec510d4c33bec70bf7176cb75b]), partition=HASH (key) PARTITION 5, RANGE (key) PARTITION 0 <= VALUES < 10
I20260608 12:46:08.622781 28031 tablet_service.cc:1511] Processing CreateTablet for tablet 69d628b301e341f68cddc3cd12f94415 (DEFAULT_TABLE table=range_aware_rebalance_new_range [id=93953fec510d4c33bec70bf7176cb75b]), partition=HASH (key) PARTITION 7, RANGE (key) PARTITION 0 <= VALUES < 10
I20260608 12:46:08.625101 28031 data_dirs.cc:400] Could only allocate 1 dirs of requested 3 for tablet 69d628b301e341f68cddc3cd12f94415. 1 dirs total, 0 dirs full, 0 dirs failed
I20260608 12:46:08.625080 28033 tablet_service.cc:1511] Processing CreateTablet for tablet e5b7fb6bb3f34a9b8db020859cc65e5c (DEFAULT_TABLE table=range_aware_rebalance_new_range [id=93953fec510d4c33bec70bf7176cb75b]), partition=HASH (key) PARTITION 6, RANGE (key) PARTITION 0 <= VALUES < 10
I20260608 12:46:08.626533 28033 data_dirs.cc:400] Could only allocate 1 dirs of requested 3 for tablet e5b7fb6bb3f34a9b8db020859cc65e5c. 1 dirs total, 0 dirs full, 0 dirs failed
I20260608 12:46:08.637452 28111 data_dirs.cc:400] Could only allocate 1 dirs of requested 3 for tablet 17b0b5030fdf47038a2531cb3376bebf. 1 dirs total, 0 dirs full, 0 dirs failed
I20260608 12:46:08.648873 28168 tablet_bootstrap.cc:492] T 5686632c46c94945adde82410a2c0be3 P f6544e7379fc45d1be91a89250b3d2e8: Bootstrap starting.
I20260608 12:46:08.651279 28167 tablet_bootstrap.cc:654] T 1a7ee687f0ba46d7965085117c672bb6 P a823f4adbc2a4c67b2ddd7c98f938e6a: Neither blocks nor log segments found. Creating new log.
I20260608 12:46:08.654528 28166 tablet_bootstrap.cc:654] T 5686632c46c94945adde82410a2c0be3 P 0cfab690726e46f68000e0a00cf457fa: Neither blocks nor log segments found. Creating new log.
I20260608 12:46:08.656984 28167 tablet_bootstrap.cc:492] T 1a7ee687f0ba46d7965085117c672bb6 P a823f4adbc2a4c67b2ddd7c98f938e6a: No bootstrap required, opened a new log
I20260608 12:46:08.657473 28167 ts_tablet_manager.cc:1403] T 1a7ee687f0ba46d7965085117c672bb6 P a823f4adbc2a4c67b2ddd7c98f938e6a: Time spent bootstrapping tablet: real 0.036s	user 0.005s	sys 0.006s
I20260608 12:46:08.660234 28167 raft_consensus.cc:359] T 1a7ee687f0ba46d7965085117c672bb6 P a823f4adbc2a4c67b2ddd7c98f938e6a [term 0 FOLLOWER]: Replica starting. Triggering 0 pending ops. Active config: opid_index: -1 OBSOLETE_local: false peers { permanent_uuid: "a823f4adbc2a4c67b2ddd7c98f938e6a" member_type: VOTER last_known_addr { host: "127.24.103.65" port: 46545 } } peers { permanent_uuid: "f6544e7379fc45d1be91a89250b3d2e8" member_type: VOTER last_known_addr { host: "127.24.103.66" port: 37609 } } peers { permanent_uuid: "0cfab690726e46f68000e0a00cf457fa" member_type: VOTER last_known_addr { host: "127.24.103.67" port: 42639 } }
I20260608 12:46:08.660966 28167 raft_consensus.cc:385] T 1a7ee687f0ba46d7965085117c672bb6 P a823f4adbc2a4c67b2ddd7c98f938e6a [term 0 FOLLOWER]: Consensus starting up: Expiring failure detector timer to make a prompt election more likely
I20260608 12:46:08.661271 28167 raft_consensus.cc:740] T 1a7ee687f0ba46d7965085117c672bb6 P a823f4adbc2a4c67b2ddd7c98f938e6a [term 0 FOLLOWER]: Becoming Follower/Learner. State: Replica: a823f4adbc2a4c67b2ddd7c98f938e6a, State: Initialized, Role: FOLLOWER
I20260608 12:46:08.662216 28167 consensus_queue.cc:260] T 1a7ee687f0ba46d7965085117c672bb6 P a823f4adbc2a4c67b2ddd7c98f938e6a [NON_LEADER]: Queue going to NON_LEADER mode. State: All replicated index: 0, Majority replicated index: 0, Committed index: 0, Last appended: 0.0, Last appended by leader: 0, Current term: 0, Majority size: -1, State: 0, Mode: NON_LEADER, active raft config: opid_index: -1 OBSOLETE_local: false peers { permanent_uuid: "a823f4adbc2a4c67b2ddd7c98f938e6a" member_type: VOTER last_known_addr { host: "127.24.103.65" port: 46545 } } peers { permanent_uuid: "f6544e7379fc45d1be91a89250b3d2e8" member_type: VOTER last_known_addr { host: "127.24.103.66" port: 37609 } } peers { permanent_uuid: "0cfab690726e46f68000e0a00cf457fa" member_type: VOTER last_known_addr { host: "127.24.103.67" port: 42639 } }
I20260608 12:46:08.667536 28166 tablet_bootstrap.cc:492] T 5686632c46c94945adde82410a2c0be3 P 0cfab690726e46f68000e0a00cf457fa: No bootstrap required, opened a new log
I20260608 12:46:08.668224 28166 ts_tablet_manager.cc:1403] T 5686632c46c94945adde82410a2c0be3 P 0cfab690726e46f68000e0a00cf457fa: Time spent bootstrapping tablet: real 0.049s	user 0.006s	sys 0.004s
I20260608 12:46:08.671913 28166 raft_consensus.cc:359] T 5686632c46c94945adde82410a2c0be3 P 0cfab690726e46f68000e0a00cf457fa [term 0 FOLLOWER]: Replica starting. Triggering 0 pending ops. Active config: opid_index: -1 OBSOLETE_local: false peers { permanent_uuid: "a823f4adbc2a4c67b2ddd7c98f938e6a" member_type: VOTER last_known_addr { host: "127.24.103.65" port: 46545 } } peers { permanent_uuid: "f6544e7379fc45d1be91a89250b3d2e8" member_type: VOTER last_known_addr { host: "127.24.103.66" port: 37609 } } peers { permanent_uuid: "0cfab690726e46f68000e0a00cf457fa" member_type: VOTER last_known_addr { host: "127.24.103.67" port: 42639 } }
I20260608 12:46:08.672888 28166 raft_consensus.cc:385] T 5686632c46c94945adde82410a2c0be3 P 0cfab690726e46f68000e0a00cf457fa [term 0 FOLLOWER]: Consensus starting up: Expiring failure detector timer to make a prompt election more likely
I20260608 12:46:08.673275 28166 raft_consensus.cc:740] T 5686632c46c94945adde82410a2c0be3 P 0cfab690726e46f68000e0a00cf457fa [term 0 FOLLOWER]: Becoming Follower/Learner. State: Replica: 0cfab690726e46f68000e0a00cf457fa, State: Initialized, Role: FOLLOWER
I20260608 12:46:08.673501 28168 tablet_bootstrap.cc:654] T 5686632c46c94945adde82410a2c0be3 P f6544e7379fc45d1be91a89250b3d2e8: Neither blocks nor log segments found. Creating new log.
I20260608 12:46:08.674445 28166 consensus_queue.cc:260] T 5686632c46c94945adde82410a2c0be3 P 0cfab690726e46f68000e0a00cf457fa [NON_LEADER]: Queue going to NON_LEADER mode. State: All replicated index: 0, Majority replicated index: 0, Committed index: 0, Last appended: 0.0, Last appended by leader: 0, Current term: 0, Majority size: -1, State: 0, Mode: NON_LEADER, active raft config: opid_index: -1 OBSOLETE_local: false peers { permanent_uuid: "a823f4adbc2a4c67b2ddd7c98f938e6a" member_type: VOTER last_known_addr { host: "127.24.103.65" port: 46545 } } peers { permanent_uuid: "f6544e7379fc45d1be91a89250b3d2e8" member_type: VOTER last_known_addr { host: "127.24.103.66" port: 37609 } } peers { permanent_uuid: "0cfab690726e46f68000e0a00cf457fa" member_type: VOTER last_known_addr { host: "127.24.103.67" port: 42639 } }
I20260608 12:46:08.678491 28167 ts_tablet_manager.cc:1434] T 1a7ee687f0ba46d7965085117c672bb6 P a823f4adbc2a4c67b2ddd7c98f938e6a: Time spent starting tablet: real 0.021s	user 0.007s	sys 0.013s
I20260608 12:46:08.679437 28167 tablet_bootstrap.cc:492] T 5686632c46c94945adde82410a2c0be3 P a823f4adbc2a4c67b2ddd7c98f938e6a: Bootstrap starting.
I20260608 12:46:08.685489 28167 tablet_bootstrap.cc:654] T 5686632c46c94945adde82410a2c0be3 P a823f4adbc2a4c67b2ddd7c98f938e6a: Neither blocks nor log segments found. Creating new log.
I20260608 12:46:08.690142 28167 tablet_bootstrap.cc:492] T 5686632c46c94945adde82410a2c0be3 P a823f4adbc2a4c67b2ddd7c98f938e6a: No bootstrap required, opened a new log
I20260608 12:46:08.690579 28167 ts_tablet_manager.cc:1403] T 5686632c46c94945adde82410a2c0be3 P a823f4adbc2a4c67b2ddd7c98f938e6a: Time spent bootstrapping tablet: real 0.011s	user 0.009s	sys 0.000s
I20260608 12:46:08.692368 28166 ts_tablet_manager.cc:1434] T 5686632c46c94945adde82410a2c0be3 P 0cfab690726e46f68000e0a00cf457fa: Time spent starting tablet: real 0.024s	user 0.008s	sys 0.005s
I20260608 12:46:08.693369 28166 tablet_bootstrap.cc:492] T 1a7ee687f0ba46d7965085117c672bb6 P 0cfab690726e46f68000e0a00cf457fa: Bootstrap starting.
I20260608 12:46:08.693401 28167 raft_consensus.cc:359] T 5686632c46c94945adde82410a2c0be3 P a823f4adbc2a4c67b2ddd7c98f938e6a [term 0 FOLLOWER]: Replica starting. Triggering 0 pending ops. Active config: opid_index: -1 OBSOLETE_local: false peers { permanent_uuid: "a823f4adbc2a4c67b2ddd7c98f938e6a" member_type: VOTER last_known_addr { host: "127.24.103.65" port: 46545 } } peers { permanent_uuid: "f6544e7379fc45d1be91a89250b3d2e8" member_type: VOTER last_known_addr { host: "127.24.103.66" port: 37609 } } peers { permanent_uuid: "0cfab690726e46f68000e0a00cf457fa" member_type: VOTER last_known_addr { host: "127.24.103.67" port: 42639 } }
I20260608 12:46:08.694171 28167 raft_consensus.cc:385] T 5686632c46c94945adde82410a2c0be3 P a823f4adbc2a4c67b2ddd7c98f938e6a [term 0 FOLLOWER]: Consensus starting up: Expiring failure detector timer to make a prompt election more likely
I20260608 12:46:08.694422 28167 raft_consensus.cc:740] T 5686632c46c94945adde82410a2c0be3 P a823f4adbc2a4c67b2ddd7c98f938e6a [term 0 FOLLOWER]: Becoming Follower/Learner. State: Replica: a823f4adbc2a4c67b2ddd7c98f938e6a, State: Initialized, Role: FOLLOWER
I20260608 12:46:08.695092 28167 consensus_queue.cc:260] T 5686632c46c94945adde82410a2c0be3 P a823f4adbc2a4c67b2ddd7c98f938e6a [NON_LEADER]: Queue going to NON_LEADER mode. State: All replicated index: 0, Majority replicated index: 0, Committed index: 0, Last appended: 0.0, Last appended by leader: 0, Current term: 0, Majority size: -1, State: 0, Mode: NON_LEADER, active raft config: opid_index: -1 OBSOLETE_local: false peers { permanent_uuid: "a823f4adbc2a4c67b2ddd7c98f938e6a" member_type: VOTER last_known_addr { host: "127.24.103.65" port: 46545 } } peers { permanent_uuid: "f6544e7379fc45d1be91a89250b3d2e8" member_type: VOTER last_known_addr { host: "127.24.103.66" port: 37609 } } peers { permanent_uuid: "0cfab690726e46f68000e0a00cf457fa" member_type: VOTER last_known_addr { host: "127.24.103.67" port: 42639 } }
I20260608 12:46:08.696784 28167 ts_tablet_manager.cc:1434] T 5686632c46c94945adde82410a2c0be3 P a823f4adbc2a4c67b2ddd7c98f938e6a: Time spent starting tablet: real 0.006s	user 0.005s	sys 0.002s
I20260608 12:46:08.697739 28167 tablet_bootstrap.cc:492] T 17b0b5030fdf47038a2531cb3376bebf P a823f4adbc2a4c67b2ddd7c98f938e6a: Bootstrap starting.
I20260608 12:46:08.702802 28168 tablet_bootstrap.cc:492] T 5686632c46c94945adde82410a2c0be3 P f6544e7379fc45d1be91a89250b3d2e8: No bootstrap required, opened a new log
I20260608 12:46:08.703265 28168 ts_tablet_manager.cc:1403] T 5686632c46c94945adde82410a2c0be3 P f6544e7379fc45d1be91a89250b3d2e8: Time spent bootstrapping tablet: real 0.055s	user 0.008s	sys 0.005s
I20260608 12:46:08.704038 28167 tablet_bootstrap.cc:654] T 17b0b5030fdf47038a2531cb3376bebf P a823f4adbc2a4c67b2ddd7c98f938e6a: Neither blocks nor log segments found. Creating new log.
I20260608 12:46:08.706143 28168 raft_consensus.cc:359] T 5686632c46c94945adde82410a2c0be3 P f6544e7379fc45d1be91a89250b3d2e8 [term 0 FOLLOWER]: Replica starting. Triggering 0 pending ops. Active config: opid_index: -1 OBSOLETE_local: false peers { permanent_uuid: "a823f4adbc2a4c67b2ddd7c98f938e6a" member_type: VOTER last_known_addr { host: "127.24.103.65" port: 46545 } } peers { permanent_uuid: "f6544e7379fc45d1be91a89250b3d2e8" member_type: VOTER last_known_addr { host: "127.24.103.66" port: 37609 } } peers { permanent_uuid: "0cfab690726e46f68000e0a00cf457fa" member_type: VOTER last_known_addr { host: "127.24.103.67" port: 42639 } }
I20260608 12:46:08.706910 28168 raft_consensus.cc:385] T 5686632c46c94945adde82410a2c0be3 P f6544e7379fc45d1be91a89250b3d2e8 [term 0 FOLLOWER]: Consensus starting up: Expiring failure detector timer to make a prompt election more likely
I20260608 12:46:08.707197 28168 raft_consensus.cc:740] T 5686632c46c94945adde82410a2c0be3 P f6544e7379fc45d1be91a89250b3d2e8 [term 0 FOLLOWER]: Becoming Follower/Learner. State: Replica: f6544e7379fc45d1be91a89250b3d2e8, State: Initialized, Role: FOLLOWER
