I20260608 12:46:08.824486 28412 tablet_bootstrap.cc:492] T 437b66b52471450890e6b93cf778e299 P 7fd9eddbccc744b298542ca9295e638f: Bootstrap complete.
I20260608 12:46:08.825165 28412 ts_tablet_manager.cc:1403] T 437b66b52471450890e6b93cf778e299 P 7fd9eddbccc744b298542ca9295e638f: Time spent bootstrapping tablet: real 0.050s	user 0.030s	sys 0.019s
I20260608 12:46:08.825067 28389 raft_consensus.cc:2955] T 3f7d40d11a294a8399b5a787aac25539 P 814ea8222be040a2b2cf08984983e170 [term 2 LEADER]: Committing config change with OpId 2.4: config changed from index 3 to 4, d60fb08d95a04efbbae00d61ae0c0d39 (127.24.80.131) changed from NON_VOTER to VOTER. New config: { opid_index: 4 OBSOLETE_local: false peers { permanent_uuid: "814ea8222be040a2b2cf08984983e170" member_type: VOTER last_known_addr { host: "127.24.80.129" port: 44983 } } peers { permanent_uuid: "457d5067fdb34a8886f55440b7336875" member_type: VOTER last_known_addr { host: "127.24.80.132" port: 40193 } attrs { replace: true } } peers { permanent_uuid: "7fd9eddbccc744b298542ca9295e638f" member_type: VOTER last_known_addr { host: "127.24.80.130" port: 42641 } } peers { permanent_uuid: "d60fb08d95a04efbbae00d61ae0c0d39" member_type: VOTER last_known_addr { host: "127.24.80.131" port: 46183 } attrs { promote: false } } }
I20260608 12:46:08.828764 28412 raft_consensus.cc:359] T 437b66b52471450890e6b93cf778e299 P 7fd9eddbccc744b298542ca9295e638f [term 2 LEARNER]: Replica starting. Triggering 0 pending ops. Active config: opid_index: 2 OBSOLETE_local: false peers { permanent_uuid: "457d5067fdb34a8886f55440b7336875" member_type: VOTER last_known_addr { host: "127.24.80.132" port: 40193 } attrs { replace: true } } peers { permanent_uuid: "814ea8222be040a2b2cf08984983e170" member_type: VOTER last_known_addr { host: "127.24.80.129" port: 44983 } } peers { permanent_uuid: "d60fb08d95a04efbbae00d61ae0c0d39" member_type: VOTER last_known_addr { host: "127.24.80.131" port: 46183 } } peers { permanent_uuid: "7fd9eddbccc744b298542ca9295e638f" member_type: NON_VOTER last_known_addr { host: "127.24.80.130" port: 42641 } attrs { promote: true } }
I20260608 12:46:08.829651 28412 raft_consensus.cc:740] T 437b66b52471450890e6b93cf778e299 P 7fd9eddbccc744b298542ca9295e638f [term 2 LEARNER]: Becoming Follower/Learner. State: Replica: 7fd9eddbccc744b298542ca9295e638f, State: Initialized, Role: LEARNER
I20260608 12:46:08.828583 28010 raft_consensus.cc:2955] T 3f7d40d11a294a8399b5a787aac25539 P d60fb08d95a04efbbae00d61ae0c0d39 [term 2 FOLLOWER]: Committing config change with OpId 2.4: config changed from index 3 to 4, d60fb08d95a04efbbae00d61ae0c0d39 (127.24.80.131) changed from NON_VOTER to VOTER. New config: { opid_index: 4 OBSOLETE_local: false peers { permanent_uuid: "814ea8222be040a2b2cf08984983e170" member_type: VOTER last_known_addr { host: "127.24.80.129" port: 44983 } } peers { permanent_uuid: "457d5067fdb34a8886f55440b7336875" member_type: VOTER last_known_addr { host: "127.24.80.132" port: 40193 } attrs { replace: true } } peers { permanent_uuid: "7fd9eddbccc744b298542ca9295e638f" member_type: VOTER last_known_addr { host: "127.24.80.130" port: 42641 } } peers { permanent_uuid: "d60fb08d95a04efbbae00d61ae0c0d39" member_type: VOTER last_known_addr { host: "127.24.80.131" port: 46183 } attrs { promote: false } } }
I20260608 12:46:08.830318 28412 consensus_queue.cc:260] T 437b66b52471450890e6b93cf778e299 P 7fd9eddbccc744b298542ca9295e638f [NON_LEADER]: Queue going to NON_LEADER mode. State: All replicated index: 0, Majority replicated index: 0, Committed index: 3, Last appended: 2.3, Last appended by leader: 3, Current term: 0, Majority size: -1, State: 0, Mode: NON_LEADER, active raft config: opid_index: 2 OBSOLETE_local: false peers { permanent_uuid: "457d5067fdb34a8886f55440b7336875" member_type: VOTER last_known_addr { host: "127.24.80.132" port: 40193 } attrs { replace: true } } peers { permanent_uuid: "814ea8222be040a2b2cf08984983e170" member_type: VOTER last_known_addr { host: "127.24.80.129" port: 44983 } } peers { permanent_uuid: "d60fb08d95a04efbbae00d61ae0c0d39" member_type: VOTER last_known_addr { host: "127.24.80.131" port: 46183 } } peers { permanent_uuid: "7fd9eddbccc744b298542ca9295e638f" member_type: NON_VOTER last_known_addr { host: "127.24.80.130" port: 42641 } attrs { promote: true } }
I20260608 12:46:08.833264 28412 ts_tablet_manager.cc:1434] T 437b66b52471450890e6b93cf778e299 P 7fd9eddbccc744b298542ca9295e638f: Time spent starting tablet: real 0.008s	user 0.007s	sys 0.000s
I20260608 12:46:08.837551 27937 raft_consensus.cc:2955] T 3f7d40d11a294a8399b5a787aac25539 P 7fd9eddbccc744b298542ca9295e638f [term 2 FOLLOWER]: Committing config change with OpId 2.4: config changed from index 3 to 4, d60fb08d95a04efbbae00d61ae0c0d39 (127.24.80.131) changed from NON_VOTER to VOTER. New config: { opid_index: 4 OBSOLETE_local: false peers { permanent_uuid: "814ea8222be040a2b2cf08984983e170" member_type: VOTER last_known_addr { host: "127.24.80.129" port: 44983 } } peers { permanent_uuid: "457d5067fdb34a8886f55440b7336875" member_type: VOTER last_known_addr { host: "127.24.80.132" port: 40193 } attrs { replace: true } } peers { permanent_uuid: "7fd9eddbccc744b298542ca9295e638f" member_type: VOTER last_known_addr { host: "127.24.80.130" port: 42641 } } peers { permanent_uuid: "d60fb08d95a04efbbae00d61ae0c0d39" member_type: VOTER last_known_addr { host: "127.24.80.131" port: 46183 } attrs { promote: false } } }
I20260608 12:46:08.834607 28178 raft_consensus.cc:2955] T 3f7d40d11a294a8399b5a787aac25539 P 457d5067fdb34a8886f55440b7336875 [term 2 FOLLOWER]: Committing config change with OpId 2.4: config changed from index 3 to 4, d60fb08d95a04efbbae00d61ae0c0d39 (127.24.80.131) changed from NON_VOTER to VOTER. New config: { opid_index: 4 OBSOLETE_local: false peers { permanent_uuid: "814ea8222be040a2b2cf08984983e170" member_type: VOTER last_known_addr { host: "127.24.80.129" port: 44983 } } peers { permanent_uuid: "457d5067fdb34a8886f55440b7336875" member_type: VOTER last_known_addr { host: "127.24.80.132" port: 40193 } attrs { replace: true } } peers { permanent_uuid: "7fd9eddbccc744b298542ca9295e638f" member_type: VOTER last_known_addr { host: "127.24.80.130" port: 42641 } } peers { permanent_uuid: "d60fb08d95a04efbbae00d61ae0c0d39" member_type: VOTER last_known_addr { host: "127.24.80.131" port: 46183 } attrs { promote: false } } }
I20260608 12:46:08.841892 28022 tablet_copy_service.cc:342] P d60fb08d95a04efbbae00d61ae0c0d39: Request end of tablet copy session 7fd9eddbccc744b298542ca9295e638f-437b66b52471450890e6b93cf778e299 received from {username='slave'} at 127.0.0.1:48466
I20260608 12:46:08.842480 28022 tablet_copy_service.cc:434] P d60fb08d95a04efbbae00d61ae0c0d39: ending tablet copy session 7fd9eddbccc744b298542ca9295e638f-437b66b52471450890e6b93cf778e299 on tablet 437b66b52471450890e6b93cf778e299 with peer 7fd9eddbccc744b298542ca9295e638f
I20260608 12:46:08.859141 27758 catalog_manager.cc:5696] T 3f7d40d11a294a8399b5a787aac25539 P 814ea8222be040a2b2cf08984983e170 reported cstate change: config changed from index 3 to 4, d60fb08d95a04efbbae00d61ae0c0d39 (127.24.80.131) changed from NON_VOTER to VOTER. New cstate: current_term: 2 leader_uuid: "814ea8222be040a2b2cf08984983e170" committed_config { opid_index: 4 OBSOLETE_local: false peers { permanent_uuid: "814ea8222be040a2b2cf08984983e170" member_type: VOTER last_known_addr { host: "127.24.80.129" port: 44983 } health_report { overall_health: HEALTHY } } peers { permanent_uuid: "457d5067fdb34a8886f55440b7336875" member_type: VOTER last_known_addr { host: "127.24.80.132" port: 40193 } attrs { replace: true } health_report { overall_health: HEALTHY } } peers { permanent_uuid: "7fd9eddbccc744b298542ca9295e638f" member_type: VOTER last_known_addr { host: "127.24.80.130" port: 42641 } health_report { overall_health: HEALTHY } } peers { permanent_uuid: "d60fb08d95a04efbbae00d61ae0c0d39" member_type: VOTER last_known_addr { host: "127.24.80.131" port: 46183 } attrs { promote: false } health_report { overall_health: HEALTHY } } }
I20260608 12:46:08.883576 27862 consensus_queue.cc:237] T 3f7d40d11a294a8399b5a787aac25539 P 814ea8222be040a2b2cf08984983e170 [LEADER]: Queue going to LEADER mode. State: All replicated index: 0, Majority replicated index: 4, Committed index: 4, Last appended: 2.4, Last appended by leader: 1, Current term: 2, Majority size: 2, State: 0, Mode: LEADER, active raft config: opid_index: 5 OBSOLETE_local: false peers { permanent_uuid: "814ea8222be040a2b2cf08984983e170" member_type: VOTER last_known_addr { host: "127.24.80.129" port: 44983 } } peers { permanent_uuid: "7fd9eddbccc744b298542ca9295e638f" member_type: VOTER last_known_addr { host: "127.24.80.130" port: 42641 } } peers { permanent_uuid: "d60fb08d95a04efbbae00d61ae0c0d39" member_type: VOTER last_known_addr { host: "127.24.80.131" port: 46183 } attrs { promote: false } }
I20260608 12:46:08.888551 28010 raft_consensus.cc:1275] T 3f7d40d11a294a8399b5a787aac25539 P d60fb08d95a04efbbae00d61ae0c0d39 [term 2 FOLLOWER]: Refusing update from remote peer 814ea8222be040a2b2cf08984983e170: Log matching property violated. Preceding OpId in replica: term: 2 index: 4. Preceding OpId from leader: term: 2 index: 5. (index mismatch)
I20260608 12:46:08.889861 27937 raft_consensus.cc:1275] T 3f7d40d11a294a8399b5a787aac25539 P 7fd9eddbccc744b298542ca9295e638f [term 2 FOLLOWER]: Refusing update from remote peer 814ea8222be040a2b2cf08984983e170: Log matching property violated. Preceding OpId in replica: term: 2 index: 4. Preceding OpId from leader: term: 2 index: 5. (index mismatch)
I20260608 12:46:08.891870 28389 consensus_queue.cc:1048] T 3f7d40d11a294a8399b5a787aac25539 P 814ea8222be040a2b2cf08984983e170 [LEADER]: Connected to new peer: Peer: permanent_uuid: "7fd9eddbccc744b298542ca9295e638f" member_type: VOTER last_known_addr { host: "127.24.80.130" port: 42641 }, Status: LMP_MISMATCH, Last received: 0.0, Next index: 5, Last known committed idx: 4, Time since last communication: 0.000s
I20260608 12:46:08.895857 28337 consensus_queue.cc:1048] T 3f7d40d11a294a8399b5a787aac25539 P 814ea8222be040a2b2cf08984983e170 [LEADER]: Connected to new peer: Peer: permanent_uuid: "d60fb08d95a04efbbae00d61ae0c0d39" member_type: VOTER last_known_addr { host: "127.24.80.131" port: 46183 } attrs { promote: false }, Status: LMP_MISMATCH, Last received: 0.0, Next index: 5, Last known committed idx: 4, Time since last communication: 0.000s
I20260608 12:46:08.908483 28389 raft_consensus.cc:2955] T 3f7d40d11a294a8399b5a787aac25539 P 814ea8222be040a2b2cf08984983e170 [term 2 LEADER]: Committing config change with OpId 2.5: config changed from index 4 to 5, VOTER 457d5067fdb34a8886f55440b7336875 (127.24.80.132) evicted. New config: { opid_index: 5 OBSOLETE_local: false peers { permanent_uuid: "814ea8222be040a2b2cf08984983e170" member_type: VOTER last_known_addr { host: "127.24.80.129" port: 44983 } } peers { permanent_uuid: "7fd9eddbccc744b298542ca9295e638f" member_type: VOTER last_known_addr { host: "127.24.80.130" port: 42641 } } peers { permanent_uuid: "d60fb08d95a04efbbae00d61ae0c0d39" member_type: VOTER last_known_addr { host: "127.24.80.131" port: 46183 } attrs { promote: false } } }
I20260608 12:46:08.908689 28010 raft_consensus.cc:2955] T 3f7d40d11a294a8399b5a787aac25539 P d60fb08d95a04efbbae00d61ae0c0d39 [term 2 FOLLOWER]: Committing config change with OpId 2.5: config changed from index 4 to 5, VOTER 457d5067fdb34a8886f55440b7336875 (127.24.80.132) evicted. New config: { opid_index: 5 OBSOLETE_local: false peers { permanent_uuid: "814ea8222be040a2b2cf08984983e170" member_type: VOTER last_known_addr { host: "127.24.80.129" port: 44983 } } peers { permanent_uuid: "7fd9eddbccc744b298542ca9295e638f" member_type: VOTER last_known_addr { host: "127.24.80.130" port: 42641 } } peers { permanent_uuid: "d60fb08d95a04efbbae00d61ae0c0d39" member_type: VOTER last_known_addr { host: "127.24.80.131" port: 46183 } attrs { promote: false } } }
I20260608 12:46:08.917876 27747 catalog_manager.cc:5209] ChangeConfig:REMOVE_PEER RPC for tablet 3f7d40d11a294a8399b5a787aac25539 with cas_config_opid_index 4: ChangeConfig:REMOVE_PEER succeeded (attempt 1)
I20260608 12:46:08.916028 27937 raft_consensus.cc:2955] T 3f7d40d11a294a8399b5a787aac25539 P 7fd9eddbccc744b298542ca9295e638f [term 2 FOLLOWER]: Committing config change with OpId 2.5: config changed from index 4 to 5, VOTER 457d5067fdb34a8886f55440b7336875 (127.24.80.132) evicted. New config: { opid_index: 5 OBSOLETE_local: false peers { permanent_uuid: "814ea8222be040a2b2cf08984983e170" member_type: VOTER last_known_addr { host: "127.24.80.129" port: 44983 } } peers { permanent_uuid: "7fd9eddbccc744b298542ca9295e638f" member_type: VOTER last_known_addr { host: "127.24.80.130" port: 42641 } } peers { permanent_uuid: "d60fb08d95a04efbbae00d61ae0c0d39" member_type: VOTER last_known_addr { host: "127.24.80.131" port: 46183 } attrs { promote: false } } }
I20260608 12:46:08.922596 27756 catalog_manager.cc:5696] T 3f7d40d11a294a8399b5a787aac25539 P 814ea8222be040a2b2cf08984983e170 reported cstate change: config changed from index 4 to 5, VOTER 457d5067fdb34a8886f55440b7336875 (127.24.80.132) evicted. New cstate: current_term: 2 leader_uuid: "814ea8222be040a2b2cf08984983e170" committed_config { opid_index: 5 OBSOLETE_local: false peers { permanent_uuid: "814ea8222be040a2b2cf08984983e170" member_type: VOTER last_known_addr { host: "127.24.80.129" port: 44983 } health_report { overall_health: HEALTHY } } peers { permanent_uuid: "7fd9eddbccc744b298542ca9295e638f" member_type: VOTER last_known_addr { host: "127.24.80.130" port: 42641 } health_report { overall_health: HEALTHY } } peers { permanent_uuid: "d60fb08d95a04efbbae00d61ae0c0d39" member_type: VOTER last_known_addr { host: "127.24.80.131" port: 46183 } attrs { promote: false } health_report { overall_health: HEALTHY } } }
I20260608 12:46:08.939049 28165 tablet_service.cc:1558] Processing DeleteTablet for tablet 3f7d40d11a294a8399b5a787aac25539 with delete_type TABLET_DATA_TOMBSTONED (TS 457d5067fdb34a8886f55440b7336875 not found in new config with opid_index 5) from {username='slave'} at 127.0.0.1:47454
I20260608 12:46:08.953450 28409 raft_consensus.cc:1064] T abb911905b634911b630d6b037f96621 P 814ea8222be040a2b2cf08984983e170: attempting to promote NON_VOTER 457d5067fdb34a8886f55440b7336875 to VOTER
I20260608 12:46:08.956029 28409 consensus_queue.cc:237] T abb911905b634911b630d6b037f96621 P 814ea8222be040a2b2cf08984983e170 [LEADER]: Queue going to LEADER mode. State: All replicated index: 0, Majority replicated index: 2, Committed index: 2, Last appended: 1.2, Last appended by leader: 0, Current term: 1, Majority size: 3, State: 0, Mode: LEADER, active raft config: opid_index: 3 OBSOLETE_local: false peers { permanent_uuid: "814ea8222be040a2b2cf08984983e170" member_type: VOTER last_known_addr { host: "127.24.80.129" port: 44983 } } peers { permanent_uuid: "7fd9eddbccc744b298542ca9295e638f" member_type: VOTER last_known_addr { host: "127.24.80.130" port: 42641 } attrs { replace: true } } peers { permanent_uuid: "d60fb08d95a04efbbae00d61ae0c0d39" member_type: VOTER last_known_addr { host: "127.24.80.131" port: 46183 } } peers { permanent_uuid: "457d5067fdb34a8886f55440b7336875" member_type: VOTER last_known_addr { host: "127.24.80.132" port: 40193 } attrs { promote: false } }
I20260608 12:46:08.956755 28426 tablet_replica.cc:333] T 3f7d40d11a294a8399b5a787aac25539 P 457d5067fdb34a8886f55440b7336875: stopping tablet replica
I20260608 12:46:08.958737 28426 raft_consensus.cc:2243] T 3f7d40d11a294a8399b5a787aac25539 P 457d5067fdb34a8886f55440b7336875 [term 2 FOLLOWER]: Raft consensus shutting down.
I20260608 12:46:08.959604 28426 raft_consensus.cc:2272] T 3f7d40d11a294a8399b5a787aac25539 P 457d5067fdb34a8886f55440b7336875 [term 2 FOLLOWER]: Raft consensus is shut down!
I20260608 12:46:08.963336 28426 ts_tablet_manager.cc:1916] T 3f7d40d11a294a8399b5a787aac25539 P 457d5067fdb34a8886f55440b7336875: Deleting tablet data with delete state TABLET_DATA_TOMBSTONED
I20260608 12:46:08.971441 28178 raft_consensus.cc:1275] T abb911905b634911b630d6b037f96621 P 457d5067fdb34a8886f55440b7336875 [term 1 LEARNER]: Refusing update from remote peer 814ea8222be040a2b2cf08984983e170: Log matching property violated. Preceding OpId in replica: term: 1 index: 2. Preceding OpId from leader: term: 1 index: 3. (index mismatch)
I20260608 12:46:08.971879 28010 raft_consensus.cc:1275] T abb911905b634911b630d6b037f96621 P d60fb08d95a04efbbae00d61ae0c0d39 [term 1 FOLLOWER]: Refusing update from remote peer 814ea8222be040a2b2cf08984983e170: Log matching property violated. Preceding OpId in replica: term: 1 index: 2. Preceding OpId from leader: term: 1 index: 3. (index mismatch)
I20260608 12:46:08.973062 28337 consensus_queue.cc:1048] T abb911905b634911b630d6b037f96621 P 814ea8222be040a2b2cf08984983e170 [LEADER]: Connected to new peer: Peer: permanent_uuid: "457d5067fdb34a8886f55440b7336875" member_type: VOTER last_known_addr { host: "127.24.80.132" port: 40193 } attrs { promote: false }, Status: LMP_MISMATCH, Last received: 0.0, Next index: 3, Last known committed idx: 2, Time since last communication: 0.000s
I20260608 12:46:08.978086 27938 raft_consensus.cc:1275] T abb911905b634911b630d6b037f96621 P 7fd9eddbccc744b298542ca9295e638f [term 1 FOLLOWER]: Refusing update from remote peer 814ea8222be040a2b2cf08984983e170: Log matching property violated. Preceding OpId in replica: term: 1 index: 2. Preceding OpId from leader: term: 1 index: 3. (index mismatch)
I20260608 12:46:08.978222 28426 ts_tablet_manager.cc:1929] T 3f7d40d11a294a8399b5a787aac25539 P 457d5067fdb34a8886f55440b7336875: tablet deleted with delete type TABLET_DATA_TOMBSTONED: last-logged OpId 2.4
I20260608 12:46:08.980705 28426 log.cc:1199] T 3f7d40d11a294a8399b5a787aac25539 P 457d5067fdb34a8886f55440b7336875: Deleting WAL directory at /tmp/dist-test-task0HwXPr/test-tmp/auto_rebalancer-test.0.AutoRebalancerTest.RangeAwareRebalancesNewRangeReplicas.1780922682787979-24898-0/minicluster-data/ts-3-root/wals/3f7d40d11a294a8399b5a787aac25539
I20260608 12:46:08.982520 27747 catalog_manager.cc:5027] TS 457d5067fdb34a8886f55440b7336875 (127.24.80.132:40193): tablet 3f7d40d11a294a8399b5a787aac25539 (table range_aware_rebalance_new_range [id=4cf55d1cf20f41f8b20b0f5298be9d34]) successfully deleted
I20260608 12:46:08.982020 28337 consensus_queue.cc:1048] T abb911905b634911b630d6b037f96621 P 814ea8222be040a2b2cf08984983e170 [LEADER]: Connected to new peer: Peer: permanent_uuid: "7fd9eddbccc744b298542ca9295e638f" member_type: VOTER last_known_addr { host: "127.24.80.130" port: 42641 } attrs { replace: true }, Status: LMP_MISMATCH, Last received: 0.0, Next index: 3, Last known committed idx: 2, Time since last communication: 0.002s
I20260608 12:46:08.985325 28389 consensus_queue.cc:1048] T abb911905b634911b630d6b037f96621 P 814ea8222be040a2b2cf08984983e170 [LEADER]: Connected to new peer: Peer: permanent_uuid: "d60fb08d95a04efbbae00d61ae0c0d39" member_type: VOTER last_known_addr { host: "127.24.80.131" port: 46183 }, Status: LMP_MISMATCH, Last received: 0.0, Next index: 3, Last known committed idx: 2, Time since last communication: 0.000s
I20260608 12:46:08.991637 28409 raft_consensus.cc:2955] T abb911905b634911b630d6b037f96621 P 814ea8222be040a2b2cf08984983e170 [term 1 LEADER]: Committing config change with OpId 1.3: config changed from index 2 to 3, 457d5067fdb34a8886f55440b7336875 (127.24.80.132) changed from NON_VOTER to VOTER. New config: { opid_index: 3 OBSOLETE_local: false peers { permanent_uuid: "814ea8222be040a2b2cf08984983e170" member_type: VOTER last_known_addr { host: "127.24.80.129" port: 44983 } } peers { permanent_uuid: "7fd9eddbccc744b298542ca9295e638f" member_type: VOTER last_known_addr { host: "127.24.80.130" port: 42641 } attrs { replace: true } } peers { permanent_uuid: "d60fb08d95a04efbbae00d61ae0c0d39" member_type: VOTER last_known_addr { host: "127.24.80.131" port: 46183 } } peers { permanent_uuid: "457d5067fdb34a8886f55440b7336875" member_type: VOTER last_known_addr { host: "127.24.80.132" port: 40193 } attrs { promote: false } } }
I20260608 12:46:08.993687 27938 raft_consensus.cc:2955] T abb911905b634911b630d6b037f96621 P 7fd9eddbccc744b298542ca9295e638f [term 1 FOLLOWER]: Committing config change with OpId 1.3: config changed from index 2 to 3, 457d5067fdb34a8886f55440b7336875 (127.24.80.132) changed from NON_VOTER to VOTER. New config: { opid_index: 3 OBSOLETE_local: false peers { permanent_uuid: "814ea8222be040a2b2cf08984983e170" member_type: VOTER last_known_addr { host: "127.24.80.129" port: 44983 } } peers { permanent_uuid: "7fd9eddbccc744b298542ca9295e638f" member_type: VOTER last_known_addr { host: "127.24.80.130" port: 42641 } attrs { replace: true } } peers { permanent_uuid: "d60fb08d95a04efbbae00d61ae0c0d39" member_type: VOTER last_known_addr { host: "127.24.80.131" port: 46183 } } peers { permanent_uuid: "457d5067fdb34a8886f55440b7336875" member_type: VOTER last_known_addr { host: "127.24.80.132" port: 40193 } attrs { promote: false } } }
I20260608 12:46:09.003880 28178 raft_consensus.cc:2955] T abb911905b634911b630d6b037f96621 P 457d5067fdb34a8886f55440b7336875 [term 1 FOLLOWER]: Committing config change with OpId 1.3: config changed from index 2 to 3, 457d5067fdb34a8886f55440b7336875 (127.24.80.132) changed from NON_VOTER to VOTER. New config: { opid_index: 3 OBSOLETE_local: false peers { permanent_uuid: "814ea8222be040a2b2cf08984983e170" member_type: VOTER last_known_addr { host: "127.24.80.129" port: 44983 } } peers { permanent_uuid: "7fd9eddbccc744b298542ca9295e638f" member_type: VOTER last_known_addr { host: "127.24.80.130" port: 42641 } attrs { replace: true } } peers { permanent_uuid: "d60fb08d95a04efbbae00d61ae0c0d39" member_type: VOTER last_known_addr { host: "127.24.80.131" port: 46183 } } peers { permanent_uuid: "457d5067fdb34a8886f55440b7336875" member_type: VOTER last_known_addr { host: "127.24.80.132" port: 40193 } attrs { promote: false } } }
I20260608 12:46:09.008140 27760 catalog_manager.cc:5696] T abb911905b634911b630d6b037f96621 P 814ea8222be040a2b2cf08984983e170 reported cstate change: config changed from index 2 to 3, 457d5067fdb34a8886f55440b7336875 (127.24.80.132) changed from NON_VOTER to VOTER. New cstate: current_term: 1 leader_uuid: "814ea8222be040a2b2cf08984983e170" committed_config { opid_index: 3 OBSOLETE_local: false peers { permanent_uuid: "814ea8222be040a2b2cf08984983e170" member_type: VOTER last_known_addr { host: "127.24.80.129" port: 44983 } health_report { overall_health: HEALTHY } } peers { permanent_uuid: "7fd9eddbccc744b298542ca9295e638f" member_type: VOTER last_known_addr { host: "127.24.80.130" port: 42641 } attrs { replace: true } health_report { overall_health: HEALTHY } } peers { permanent_uuid: "d60fb08d95a04efbbae00d61ae0c0d39" member_type: VOTER last_known_addr { host: "127.24.80.131" port: 46183 } health_report { overall_health: UNKNOWN } } peers { permanent_uuid: "457d5067fdb34a8886f55440b7336875" member_type: VOTER last_known_addr { host: "127.24.80.132" port: 40193 } attrs { promote: false } health_report { overall_health: HEALTHY } } }
I20260608 12:46:09.015777 28010 raft_consensus.cc:2955] T abb911905b634911b630d6b037f96621 P d60fb08d95a04efbbae00d61ae0c0d39 [term 1 FOLLOWER]: Committing config change with OpId 1.3: config changed from index 2 to 3, 457d5067fdb34a8886f55440b7336875 (127.24.80.132) changed from NON_VOTER to VOTER. New config: { opid_index: 3 OBSOLETE_local: false peers { permanent_uuid: "814ea8222be040a2b2cf08984983e170" member_type: VOTER last_known_addr { host: "127.24.80.129" port: 44983 } } peers { permanent_uuid: "7fd9eddbccc744b298542ca9295e638f" member_type: VOTER last_known_addr { host: "127.24.80.130" port: 42641 } attrs { replace: true } } peers { permanent_uuid: "d60fb08d95a04efbbae00d61ae0c0d39" member_type: VOTER last_known_addr { host: "127.24.80.131" port: 46183 } } peers { permanent_uuid: "457d5067fdb34a8886f55440b7336875" member_type: VOTER last_known_addr { host: "127.24.80.132" port: 40193 } attrs { promote: false } } }
I20260608 12:46:09.030974 27862 consensus_queue.cc:237] T abb911905b634911b630d6b037f96621 P 814ea8222be040a2b2cf08984983e170 [LEADER]: Queue going to LEADER mode. State: All replicated index: 0, Majority replicated index: 3, Committed index: 3, Last appended: 1.3, Last appended by leader: 0, Current term: 1, Majority size: 2, State: 0, Mode: LEADER, active raft config: opid_index: 4 OBSOLETE_local: false peers { permanent_uuid: "814ea8222be040a2b2cf08984983e170" member_type: VOTER last_known_addr { host: "127.24.80.129" port: 44983 } } peers { permanent_uuid: "d60fb08d95a04efbbae00d61ae0c0d39" member_type: VOTER last_known_addr { host: "127.24.80.131" port: 46183 } } peers { permanent_uuid: "457d5067fdb34a8886f55440b7336875" member_type: VOTER last_known_addr { host: "127.24.80.132" port: 40193 } attrs { promote: false } }
I20260608 12:46:09.035612 28010 raft_consensus.cc:1275] T abb911905b634911b630d6b037f96621 P d60fb08d95a04efbbae00d61ae0c0d39 [term 1 FOLLOWER]: Refusing update from remote peer 814ea8222be040a2b2cf08984983e170: Log matching property violated. Preceding OpId in replica: term: 1 index: 3. Preceding OpId from leader: term: 1 index: 4. (index mismatch)
I20260608 12:46:09.035688 28178 raft_consensus.cc:1275] T abb911905b634911b630d6b037f96621 P 457d5067fdb34a8886f55440b7336875 [term 1 FOLLOWER]: Refusing update from remote peer 814ea8222be040a2b2cf08984983e170: Log matching property violated. Preceding OpId in replica: term: 1 index: 3. Preceding OpId from leader: term: 1 index: 4. (index mismatch)
I20260608 12:46:09.036837 28337 consensus_queue.cc:1048] T abb911905b634911b630d6b037f96621 P 814ea8222be040a2b2cf08984983e170 [LEADER]: Connected to new peer: Peer: permanent_uuid: "d60fb08d95a04efbbae00d61ae0c0d39" member_type: VOTER last_known_addr { host: "127.24.80.131" port: 46183 }, Status: LMP_MISMATCH, Last received: 0.0, Next index: 4, Last known committed idx: 3, Time since last communication: 0.000s
I20260608 12:46:09.037793 28428 consensus_queue.cc:1048] T abb911905b634911b630d6b037f96621 P 814ea8222be040a2b2cf08984983e170 [LEADER]: Connected to new peer: Peer: permanent_uuid: "457d5067fdb34a8886f55440b7336875" member_type: VOTER last_known_addr { host: "127.24.80.132" port: 40193 } attrs { promote: false }, Status: LMP_MISMATCH, Last received: 0.0, Next index: 4, Last known committed idx: 3, Time since last communication: 0.000s
I20260608 12:46:09.043637 28337 raft_consensus.cc:2955] T abb911905b634911b630d6b037f96621 P 814ea8222be040a2b2cf08984983e170 [term 1 LEADER]: Committing config change with OpId 1.4: config changed from index 3 to 4, VOTER 7fd9eddbccc744b298542ca9295e638f (127.24.80.130) evicted. New config: { opid_index: 4 OBSOLETE_local: false peers { permanent_uuid: "814ea8222be040a2b2cf08984983e170" member_type: VOTER last_known_addr { host: "127.24.80.129" port: 44983 } } peers { permanent_uuid: "d60fb08d95a04efbbae00d61ae0c0d39" member_type: VOTER last_known_addr { host: "127.24.80.131" port: 46183 } } peers { permanent_uuid: "457d5067fdb34a8886f55440b7336875" member_type: VOTER last_known_addr { host: "127.24.80.132" port: 40193 } attrs { promote: false } } }
I20260608 12:46:09.045549 28178 raft_consensus.cc:2955] T abb911905b634911b630d6b037f96621 P 457d5067fdb34a8886f55440b7336875 [term 1 FOLLOWER]: Committing config change with OpId 1.4: config changed from index 3 to 4, VOTER 7fd9eddbccc744b298542ca9295e638f (127.24.80.130) evicted. New config: { opid_index: 4 OBSOLETE_local: false peers { permanent_uuid: "814ea8222be040a2b2cf08984983e170" member_type: VOTER last_known_addr { host: "127.24.80.129" port: 44983 } } peers { permanent_uuid: "d60fb08d95a04efbbae00d61ae0c0d39" member_type: VOTER last_known_addr { host: "127.24.80.131" port: 46183 } } peers { permanent_uuid: "457d5067fdb34a8886f55440b7336875" member_type: VOTER last_known_addr { host: "127.24.80.132" port: 40193 } attrs { promote: false } } }
I20260608 12:46:09.046819 28009 raft_consensus.cc:2955] T abb911905b634911b630d6b037f96621 P d60fb08d95a04efbbae00d61ae0c0d39 [term 1 FOLLOWER]: Committing config change with OpId 1.4: config changed from index 3 to 4, VOTER 7fd9eddbccc744b298542ca9295e638f (127.24.80.130) evicted. New config: { opid_index: 4 OBSOLETE_local: false peers { permanent_uuid: "814ea8222be040a2b2cf08984983e170" member_type: VOTER last_known_addr { host: "127.24.80.129" port: 44983 } } peers { permanent_uuid: "d60fb08d95a04efbbae00d61ae0c0d39" member_type: VOTER last_known_addr { host: "127.24.80.131" port: 46183 } } peers { permanent_uuid: "457d5067fdb34a8886f55440b7336875" member_type: VOTER last_known_addr { host: "127.24.80.132" port: 40193 } attrs { promote: false } } }
I20260608 12:46:09.052960 27747 catalog_manager.cc:5209] ChangeConfig:REMOVE_PEER RPC for tablet abb911905b634911b630d6b037f96621 with cas_config_opid_index 3: ChangeConfig:REMOVE_PEER succeeded (attempt 1)
I20260608 12:46:09.058971 27756 catalog_manager.cc:5696] T abb911905b634911b630d6b037f96621 P 814ea8222be040a2b2cf08984983e170 reported cstate change: config changed from index 3 to 4, VOTER 7fd9eddbccc744b298542ca9295e638f (127.24.80.130) evicted. New cstate: current_term: 1 leader_uuid: "814ea8222be040a2b2cf08984983e170" committed_config { opid_index: 4 OBSOLETE_local: false peers { permanent_uuid: "814ea8222be040a2b2cf08984983e170" member_type: VOTER last_known_addr { host: "127.24.80.129" port: 44983 } health_report { overall_health: HEALTHY } } peers { permanent_uuid: "d60fb08d95a04efbbae00d61ae0c0d39" member_type: VOTER last_known_addr { host: "127.24.80.131" port: 46183 } health_report { overall_health: HEALTHY } } peers { permanent_uuid: "457d5067fdb34a8886f55440b7336875" member_type: VOTER last_known_addr { host: "127.24.80.132" port: 40193 } attrs { promote: false } health_report { overall_health: HEALTHY } } }
I20260608 12:46:09.072697 27926 tablet_service.cc:1558] Processing DeleteTablet for tablet abb911905b634911b630d6b037f96621 with delete_type TABLET_DATA_TOMBSTONED (TS 7fd9eddbccc744b298542ca9295e638f not found in new config with opid_index 4) from {username='slave'} at 127.0.0.1:48740
I20260608 12:46:09.078353 28432 tablet_replica.cc:333] T abb911905b634911b630d6b037f96621 P 7fd9eddbccc744b298542ca9295e638f: stopping tablet replica
I20260608 12:46:09.079193 28432 raft_consensus.cc:2243] T abb911905b634911b630d6b037f96621 P 7fd9eddbccc744b298542ca9295e638f [term 1 FOLLOWER]: Raft consensus shutting down.
I20260608 12:46:09.080049 28432 raft_consensus.cc:2272] T abb911905b634911b630d6b037f96621 P 7fd9eddbccc744b298542ca9295e638f [term 1 FOLLOWER]: Raft consensus is shut down!
I20260608 12:46:09.082882 28432 ts_tablet_manager.cc:1916] T abb911905b634911b630d6b037f96621 P 7fd9eddbccc744b298542ca9295e638f: Deleting tablet data with delete state TABLET_DATA_TOMBSTONED
I20260608 12:46:09.092885 28432 ts_tablet_manager.cc:1929] T abb911905b634911b630d6b037f96621 P 7fd9eddbccc744b298542ca9295e638f: tablet deleted with delete type TABLET_DATA_TOMBSTONED: last-logged OpId 1.3
I20260608 12:46:09.093279 28432 log.cc:1199] T abb911905b634911b630d6b037f96621 P 7fd9eddbccc744b298542ca9295e638f: Deleting WAL directory at /tmp/dist-test-task0HwXPr/test-tmp/auto_rebalancer-test.0.AutoRebalancerTest.RangeAwareRebalancesNewRangeReplicas.1780922682787979-24898-0/minicluster-data/ts-1-root/wals/abb911905b634911b630d6b037f96621
I20260608 12:46:09.094681 27746 catalog_manager.cc:5027] TS 7fd9eddbccc744b298542ca9295e638f (127.24.80.130:42641): tablet abb911905b634911b630d6b037f96621 (table range_aware_rebalance_new_range [id=4cf55d1cf20f41f8b20b0f5298be9d34]) successfully deleted
I20260608 12:46:09.177873 27938 raft_consensus.cc:1217] T 437b66b52471450890e6b93cf778e299 P 7fd9eddbccc744b298542ca9295e638f [term 2 LEARNER]: Deduplicated request from leader. Original: 1.2->[2.3-2.3]   Dedup: 2.3->[]
I20260608 12:46:09.311854 27814 auto_leader_rebalancer.cc:140] leader rebalance for table range_aware_rebalance_new_range
I20260608 12:46:09.336846 28010 tablet_service.cc:2072] Received LeaderStepDown RPC: tablet_id: "437b66b52471450890e6b93cf778e299"
dest_uuid: "d60fb08d95a04efbbae00d61ae0c0d39"
mode: GRACEFUL
new_leader_uuid: "457d5067fdb34a8886f55440b7336875"
 from {username='slave'} at 127.0.0.1:33210
I20260608 12:46:09.337397 28010 raft_consensus.cc:606] T 437b66b52471450890e6b93cf778e299 P d60fb08d95a04efbbae00d61ae0c0d39 [term 2 LEADER]: Received request to transfer leadership to TS 457d5067fdb34a8886f55440b7336875
I20260608 12:46:09.339990 27938 tablet_service.cc:2072] Received LeaderStepDown RPC: tablet_id: "88e80d6e9994480483c86966cee3580c"
dest_uuid: "7fd9eddbccc744b298542ca9295e638f"
mode: GRACEFUL
new_leader_uuid: "457d5067fdb34a8886f55440b7336875"
 from {username='slave'} at 127.0.0.1:37198
I20260608 12:46:09.340622 27938 raft_consensus.cc:606] T 88e80d6e9994480483c86966cee3580c P 7fd9eddbccc744b298542ca9295e638f [term 1 LEADER]: Received request to transfer leadership to TS 457d5067fdb34a8886f55440b7336875
I20260608 12:46:09.341856 27814 auto_leader_rebalancer.cc:388] table: range_aware_rebalance_new_range, leader rebalance finish, leader transfer count: 2
I20260608 12:46:09.342540 28433 raft_consensus.cc:993] T 88e80d6e9994480483c86966cee3580c P 7fd9eddbccc744b298542ca9295e638f: : Instructing follower 457d5067fdb34a8886f55440b7336875 to start an election
I20260608 12:46:09.342669 27814 auto_leader_rebalancer.cc:451] All tables' leader rebalancing finished this round
I20260608 12:46:09.343111 28410 raft_consensus.cc:1081] T 88e80d6e9994480483c86966cee3580c P 7fd9eddbccc744b298542ca9295e638f [term 1 LEADER]: Signalling peer 457d5067fdb34a8886f55440b7336875 to start an election
I20260608 12:46:09.344476 28178 tablet_service.cc:2044] Received Run Leader Election RPC: tablet_id: "88e80d6e9994480483c86966cee3580c"
dest_uuid: "457d5067fdb34a8886f55440b7336875"
 from {username='slave'} at 127.0.0.1:47472
I20260608 12:46:09.344874 28178 raft_consensus.cc:493] T 88e80d6e9994480483c86966cee3580c P 457d5067fdb34a8886f55440b7336875 [term 1 FOLLOWER]: Starting forced leader election (received explicit request)
I20260608 12:46:09.345258 28178 raft_consensus.cc:3060] T 88e80d6e9994480483c86966cee3580c P 457d5067fdb34a8886f55440b7336875 [term 1 FOLLOWER]: Advancing to term 2
I20260608 12:46:09.349341 28178 raft_consensus.cc:515] T 88e80d6e9994480483c86966cee3580c P 457d5067fdb34a8886f55440b7336875 [term 2 FOLLOWER]: Starting forced leader election with config: opid_index: -1 OBSOLETE_local: false peers { permanent_uuid: "7fd9eddbccc744b298542ca9295e638f" member_type: VOTER last_known_addr { host: "127.24.80.130" port: 42641 } } peers { permanent_uuid: "457d5067fdb34a8886f55440b7336875" member_type: VOTER last_known_addr { host: "127.24.80.132" port: 40193 } } peers { permanent_uuid: "814ea8222be040a2b2cf08984983e170" member_type: VOTER last_known_addr { host: "127.24.80.129" port: 44983 } }
I20260608 12:46:09.350885 28178 leader_election.cc:290] T 88e80d6e9994480483c86966cee3580c P 457d5067fdb34a8886f55440b7336875 [CANDIDATE]: Term 2 election: Requested vote from peers 7fd9eddbccc744b298542ca9295e638f (127.24.80.130:42641), 814ea8222be040a2b2cf08984983e170 (127.24.80.129:44983)
I20260608 12:46:09.351586 27938 tablet_service.cc:1917] Received RequestConsensusVote() RPC: tablet_id: "88e80d6e9994480483c86966cee3580c" candidate_uuid: "457d5067fdb34a8886f55440b7336875" candidate_term: 2 candidate_status { last_received { term: 1 index: 1 } } ignore_live_leader: true dest_uuid: "7fd9eddbccc744b298542ca9295e638f"
I20260608 12:46:09.351867 27863 tablet_service.cc:1917] Received RequestConsensusVote() RPC: tablet_id: "88e80d6e9994480483c86966cee3580c" candidate_uuid: "457d5067fdb34a8886f55440b7336875" candidate_term: 2 candidate_status { last_received { term: 1 index: 1 } } ignore_live_leader: true dest_uuid: "814ea8222be040a2b2cf08984983e170"
I20260608 12:46:09.352221 27938 raft_consensus.cc:3055] T 88e80d6e9994480483c86966cee3580c P 7fd9eddbccc744b298542ca9295e638f [term 1 LEADER]: Stepping down as leader of term 1
I20260608 12:46:09.352440 27863 raft_consensus.cc:3060] T 88e80d6e9994480483c86966cee3580c P 814ea8222be040a2b2cf08984983e170 [term 1 FOLLOWER]: Advancing to term 2
I20260608 12:46:09.352667 27938 raft_consensus.cc:740] T 88e80d6e9994480483c86966cee3580c P 7fd9eddbccc744b298542ca9295e638f [term 1 LEADER]: Becoming Follower/Learner. State: Replica: 7fd9eddbccc744b298542ca9295e638f, State: Running, Role: LEADER
I20260608 12:46:09.353639 27938 consensus_queue.cc:260] T 88e80d6e9994480483c86966cee3580c P 7fd9eddbccc744b298542ca9295e638f [NON_LEADER]: Queue going to NON_LEADER mode. State: All replicated index: 0, Majority replicated index: 1, Committed index: 1, Last appended: 1.1, Last appended by leader: 1, Current term: 1, Majority size: -1, State: 0, Mode: NON_LEADER, active raft config: opid_index: -1 OBSOLETE_local: false peers { permanent_uuid: "7fd9eddbccc744b298542ca9295e638f" member_type: VOTER last_known_addr { host: "127.24.80.130" port: 42641 } } peers { permanent_uuid: "457d5067fdb34a8886f55440b7336875" member_type: VOTER last_known_addr { host: "127.24.80.132" port: 40193 } } peers { permanent_uuid: "814ea8222be040a2b2cf08984983e170" member_type: VOTER last_known_addr { host: "127.24.80.129" port: 44983 } }
I20260608 12:46:09.354913 27938 raft_consensus.cc:3060] T 88e80d6e9994480483c86966cee3580c P 7fd9eddbccc744b298542ca9295e638f [term 1 FOLLOWER]: Advancing to term 2
I20260608 12:46:09.361050 27938 raft_consensus.cc:2468] T 88e80d6e9994480483c86966cee3580c P 7fd9eddbccc744b298542ca9295e638f [term 2 FOLLOWER]: Leader election vote request: Granting yes vote for candidate 457d5067fdb34a8886f55440b7336875 in term 2.
I20260608 12:46:09.361403 27863 raft_consensus.cc:2468] T 88e80d6e9994480483c86966cee3580c P 814ea8222be040a2b2cf08984983e170 [term 2 FOLLOWER]: Leader election vote request: Granting yes vote for candidate 457d5067fdb34a8886f55440b7336875 in term 2.
I20260608 12:46:09.362638 28142 leader_election.cc:304] T 88e80d6e9994480483c86966cee3580c P 457d5067fdb34a8886f55440b7336875 [CANDIDATE]: Term 2 election: Election decided. Result: candidate won. Election summary: received 2 responses out of 3 voters: 2 yes votes; 0 no votes. yes voters: 457d5067fdb34a8886f55440b7336875, 7fd9eddbccc744b298542ca9295e638f; no voters: 
I20260608 12:46:09.364579 28376 raft_consensus.cc:2804] T 88e80d6e9994480483c86966cee3580c P 457d5067fdb34a8886f55440b7336875 [term 2 FOLLOWER]: Leader election won for term 2
I20260608 12:46:09.365129 28376 raft_consensus.cc:697] T 88e80d6e9994480483c86966cee3580c P 457d5067fdb34a8886f55440b7336875 [term 2 LEADER]: Becoming Leader. State: Replica: 457d5067fdb34a8886f55440b7336875, State: Running, Role: LEADER
I20260608 12:46:09.366055 28376 consensus_queue.cc:237] T 88e80d6e9994480483c86966cee3580c P 457d5067fdb34a8886f55440b7336875 [LEADER]: Queue going to LEADER mode. State: All replicated index: 0, Majority replicated index: 1, Committed index: 1, Last appended: 1.1, Last appended by leader: 1, Current term: 2, Majority size: 2, State: 0, Mode: LEADER, active raft config: opid_index: -1 OBSOLETE_local: false peers { permanent_uuid: "7fd9eddbccc744b298542ca9295e638f" member_type: VOTER last_known_addr { host: "127.24.80.130" port: 42641 } } peers { permanent_uuid: "457d5067fdb34a8886f55440b7336875" member_type: VOTER last_known_addr { host: "127.24.80.132" port: 40193 } } peers { permanent_uuid: "814ea8222be040a2b2cf08984983e170" member_type: VOTER last_known_addr { host: "127.24.80.129" port: 44983 } }
I20260608 12:46:09.373586 27757 catalog_manager.cc:5696] T 88e80d6e9994480483c86966cee3580c P 457d5067fdb34a8886f55440b7336875 reported cstate change: term changed from 1 to 2, leader changed from 7fd9eddbccc744b298542ca9295e638f (127.24.80.130) to 457d5067fdb34a8886f55440b7336875 (127.24.80.132). New cstate: current_term: 2 leader_uuid: "457d5067fdb34a8886f55440b7336875" committed_config { opid_index: -1 OBSOLETE_local: false peers { permanent_uuid: "7fd9eddbccc744b298542ca9295e638f" member_type: VOTER last_known_addr { host: "127.24.80.130" port: 42641 } health_report { overall_health: UNKNOWN } } peers { permanent_uuid: "457d5067fdb34a8886f55440b7336875" member_type: VOTER last_known_addr { host: "127.24.80.132" port: 40193 } health_report { overall_health: HEALTHY } } peers { permanent_uuid: "814ea8222be040a2b2cf08984983e170" member_type: VOTER last_known_addr { host: "127.24.80.129" port: 44983 } health_report { overall_health: UNKNOWN } } }
I20260608 12:46:09.381812 28425 raft_consensus.cc:993] T 437b66b52471450890e6b93cf778e299 P d60fb08d95a04efbbae00d61ae0c0d39: : Instructing follower 457d5067fdb34a8886f55440b7336875 to start an election
I20260608 12:46:09.382345 28424 raft_consensus.cc:1081] T 437b66b52471450890e6b93cf778e299 P d60fb08d95a04efbbae00d61ae0c0d39 [term 2 LEADER]: Signalling peer 457d5067fdb34a8886f55440b7336875 to start an election
I20260608 12:46:09.383908 28178 tablet_service.cc:2044] Received Run Leader Election RPC: tablet_id: "437b66b52471450890e6b93cf778e299"
dest_uuid: "457d5067fdb34a8886f55440b7336875"
 from {username='slave'} at 127.0.0.1:47470
I20260608 12:46:09.384296 28178 raft_consensus.cc:493] T 437b66b52471450890e6b93cf778e299 P 457d5067fdb34a8886f55440b7336875 [term 2 FOLLOWER]: Starting forced leader election (received explicit request)
I20260608 12:46:09.384521 28178 raft_consensus.cc:3060] T 437b66b52471450890e6b93cf778e299 P 457d5067fdb34a8886f55440b7336875 [term 2 FOLLOWER]: Advancing to term 3
I20260608 12:46:09.388455 28178 raft_consensus.cc:515] T 437b66b52471450890e6b93cf778e299 P 457d5067fdb34a8886f55440b7336875 [term 3 FOLLOWER]: Starting forced leader election with config: opid_index: 2 OBSOLETE_local: false peers { permanent_uuid: "457d5067fdb34a8886f55440b7336875" member_type: VOTER last_known_addr { host: "127.24.80.132" port: 40193 } attrs { replace: true } } peers { permanent_uuid: "814ea8222be040a2b2cf08984983e170" member_type: VOTER last_known_addr { host: "127.24.80.129" port: 44983 } } peers { permanent_uuid: "d60fb08d95a04efbbae00d61ae0c0d39" member_type: VOTER last_known_addr { host: "127.24.80.131" port: 46183 } } peers { permanent_uuid: "7fd9eddbccc744b298542ca9295e638f" member_type: NON_VOTER last_known_addr { host: "127.24.80.130" port: 42641 } attrs { promote: true } }
I20260608 12:46:09.390125 28178 leader_election.cc:290] T 437b66b52471450890e6b93cf778e299 P 457d5067fdb34a8886f55440b7336875 [CANDIDATE]: Term 3 election: Requested vote from peers 814ea8222be040a2b2cf08984983e170 (127.24.80.129:44983), d60fb08d95a04efbbae00d61ae0c0d39 (127.24.80.131:46183)
I20260608 12:46:09.390820 27863 tablet_service.cc:1917] Received RequestConsensusVote() RPC: tablet_id: "437b66b52471450890e6b93cf778e299" candidate_uuid: "457d5067fdb34a8886f55440b7336875" candidate_term: 3 candidate_status { last_received { term: 2 index: 3 } } ignore_live_leader: true dest_uuid: "814ea8222be040a2b2cf08984983e170"
I20260608 12:46:09.391368 27863 raft_consensus.cc:3060] T 437b66b52471450890e6b93cf778e299 P 814ea8222be040a2b2cf08984983e170 [term 2 FOLLOWER]: Advancing to term 3
I20260608 12:46:09.391292 28010 tablet_service.cc:1917] Received RequestConsensusVote() RPC: tablet_id: "437b66b52471450890e6b93cf778e299" candidate_uuid: "457d5067fdb34a8886f55440b7336875" candidate_term: 3 candidate_status { last_received { term: 2 index: 3 } } ignore_live_leader: true dest_uuid: "d60fb08d95a04efbbae00d61ae0c0d39"
I20260608 12:46:09.391983 28010 raft_consensus.cc:3055] T 437b66b52471450890e6b93cf778e299 P d60fb08d95a04efbbae00d61ae0c0d39 [term 2 LEADER]: Stepping down as leader of term 2
I20260608 12:46:09.392294 28010 raft_consensus.cc:740] T 437b66b52471450890e6b93cf778e299 P d60fb08d95a04efbbae00d61ae0c0d39 [term 2 LEADER]: Becoming Follower/Learner. State: Replica: d60fb08d95a04efbbae00d61ae0c0d39, State: Running, Role: LEADER
I20260608 12:46:09.393100 28010 consensus_queue.cc:260] T 437b66b52471450890e6b93cf778e299 P d60fb08d95a04efbbae00d61ae0c0d39 [NON_LEADER]: Queue going to NON_LEADER mode. State: All replicated index: 0, Majority replicated index: 3, Committed index: 3, Last appended: 2.3, Last appended by leader: 3, Current term: 2, Majority size: -1, State: 0, Mode: NON_LEADER, active raft config: opid_index: 2 OBSOLETE_local: false peers { permanent_uuid: "457d5067fdb34a8886f55440b7336875" member_type: VOTER last_known_addr { host: "127.24.80.132" port: 40193 } attrs { replace: true } } peers { permanent_uuid: "814ea8222be040a2b2cf08984983e170" member_type: VOTER last_known_addr { host: "127.24.80.129" port: 44983 } } peers { permanent_uuid: "d60fb08d95a04efbbae00d61ae0c0d39" member_type: VOTER last_known_addr { host: "127.24.80.131" port: 46183 } } peers { permanent_uuid: "7fd9eddbccc744b298542ca9295e638f" member_type: NON_VOTER last_known_addr { host: "127.24.80.130" port: 42641 } attrs { promote: true } }
I20260608 12:46:09.394519 28010 raft_consensus.cc:3060] T 437b66b52471450890e6b93cf778e299 P d60fb08d95a04efbbae00d61ae0c0d39 [term 2 FOLLOWER]: Advancing to term 3
I20260608 12:46:09.397598 27863 raft_consensus.cc:2468] T 437b66b52471450890e6b93cf778e299 P 814ea8222be040a2b2cf08984983e170 [term 3 FOLLOWER]: Leader election vote request: Granting yes vote for candidate 457d5067fdb34a8886f55440b7336875 in term 3.
I20260608 12:46:09.398759 28143 leader_election.cc:304] T 437b66b52471450890e6b93cf778e299 P 457d5067fdb34a8886f55440b7336875 [CANDIDATE]: Term 3 election: Election decided. Result: candidate won. Election summary: received 2 responses out of 3 voters: 2 yes votes; 0 no votes. yes voters: 457d5067fdb34a8886f55440b7336875, 814ea8222be040a2b2cf08984983e170; no voters: 
I20260608 12:46:09.399464 28376 raft_consensus.cc:2804] T 437b66b52471450890e6b93cf778e299 P 457d5067fdb34a8886f55440b7336875 [term 3 FOLLOWER]: Leader election won for term 3
I20260608 12:46:09.399948 28376 raft_consensus.cc:697] T 437b66b52471450890e6b93cf778e299 P 457d5067fdb34a8886f55440b7336875 [term 3 LEADER]: Becoming Leader. State: Replica: 457d5067fdb34a8886f55440b7336875, State: Running, Role: LEADER
I20260608 12:46:09.400322 28010 raft_consensus.cc:2468] T 437b66b52471450890e6b93cf778e299 P d60fb08d95a04efbbae00d61ae0c0d39 [term 3 FOLLOWER]: Leader election vote request: Granting yes vote for candidate 457d5067fdb34a8886f55440b7336875 in term 3.
I20260608 12:46:09.400866 28376 consensus_queue.cc:237] T 437b66b52471450890e6b93cf778e299 P 457d5067fdb34a8886f55440b7336875 [LEADER]: Queue going to LEADER mode. State: All replicated index: 0, Majority replicated index: 3, Committed index: 3, Last appended: 2.3, Last appended by leader: 3, Current term: 3, Majority size: 2, State: 0, Mode: LEADER, active raft config: opid_index: 2 OBSOLETE_local: false peers { permanent_uuid: "457d5067fdb34a8886f55440b7336875" member_type: VOTER last_known_addr { host: "127.24.80.132" port: 40193 } attrs { replace: true } } peers { permanent_uuid: "814ea8222be040a2b2cf08984983e170" member_type: VOTER last_known_addr { host: "127.24.80.129" port: 44983 } } peers { permanent_uuid: "d60fb08d95a04efbbae00d61ae0c0d39" member_type: VOTER last_known_addr { host: "127.24.80.131" port: 46183 } } peers { permanent_uuid: "7fd9eddbccc744b298542ca9295e638f" member_type: NON_VOTER last_known_addr { host: "127.24.80.130" port: 42641 } attrs { promote: true } }
I20260608 12:46:09.410878 27757 catalog_manager.cc:5696] T 437b66b52471450890e6b93cf778e299 P 457d5067fdb34a8886f55440b7336875 reported cstate change: term changed from 2 to 3, leader changed from d60fb08d95a04efbbae00d61ae0c0d39 (127.24.80.131) to 457d5067fdb34a8886f55440b7336875 (127.24.80.132). New cstate: current_term: 3 leader_uuid: "457d5067fdb34a8886f55440b7336875" committed_config { opid_index: 2 OBSOLETE_local: false peers { permanent_uuid: "457d5067fdb34a8886f55440b7336875" member_type: VOTER last_known_addr { host: "127.24.80.132" port: 40193 } attrs { replace: true } health_report { overall_health: HEALTHY } } peers { permanent_uuid: "814ea8222be040a2b2cf08984983e170" member_type: VOTER last_known_addr { host: "127.24.80.129" port: 44983 } health_report { overall_health: UNKNOWN } } peers { permanent_uuid: "d60fb08d95a04efbbae00d61ae0c0d39" member_type: VOTER last_known_addr { host: "127.24.80.131" port: 46183 } health_report { overall_health: UNKNOWN } } peers { permanent_uuid: "7fd9eddbccc744b298542ca9295e638f" member_type: NON_VOTER last_known_addr { host: "127.24.80.130" port: 42641 } attrs { promote: true } health_report { overall_health: UNKNOWN } } }
I20260608 12:46:09.813833 28010 raft_consensus.cc:1275] T 437b66b52471450890e6b93cf778e299 P d60fb08d95a04efbbae00d61ae0c0d39 [term 3 FOLLOWER]: Refusing update from remote peer 457d5067fdb34a8886f55440b7336875: Log matching property violated. Preceding OpId in replica: term: 2 index: 3. Preceding OpId from leader: term: 3 index: 4. (index mismatch)
I20260608 12:46:09.814960 28376 consensus_queue.cc:1048] T 437b66b52471450890e6b93cf778e299 P 457d5067fdb34a8886f55440b7336875 [LEADER]: Connected to new peer: Peer: permanent_uuid: "d60fb08d95a04efbbae00d61ae0c0d39" member_type: VOTER last_known_addr { host: "127.24.80.131" port: 46183 }, Status: LMP_MISMATCH, Last received: 0.0, Next index: 4, Last known committed idx: 3, Time since last communication: 0.000s
I20260608 12:46:09.828017 27938 raft_consensus.cc:3060] T 437b66b52471450890e6b93cf778e299 P 7fd9eddbccc744b298542ca9295e638f [term 2 LEARNER]: Advancing to term 3
I20260608 12:46:09.828568 27862 raft_consensus.cc:1275] T 437b66b52471450890e6b93cf778e299 P 814ea8222be040a2b2cf08984983e170 [term 3 FOLLOWER]: Refusing update from remote peer 457d5067fdb34a8886f55440b7336875: Log matching property violated. Preceding OpId in replica: term: 2 index: 3. Preceding OpId from leader: term: 3 index: 4. (index mismatch)
