I20260608 12:45:54.519915 15510 raft_consensus.cc:359] T d7727bbe9c7c47e2b4f02ea4c4c45d2d P 4c189a12e55942848f59d65b5522c2ea [term 0 FOLLOWER]: Replica starting. Triggering 0 pending ops. Active config: opid_index: -1 OBSOLETE_local: false peers { permanent_uuid: "c13f203ddc744e238951b407865c1829" member_type: VOTER last_known_addr { host: "127.12.95.130" port: 33453 } } peers { permanent_uuid: "4c189a12e55942848f59d65b5522c2ea" member_type: VOTER last_known_addr { host: "127.12.95.129" port: 37019 } } peers { permanent_uuid: "d6862b6745c9412491c2c9fe503c3b7b" member_type: VOTER last_known_addr { host: "127.12.95.131" port: 43275 } }
I20260608 12:45:54.520663 15510 raft_consensus.cc:385] T d7727bbe9c7c47e2b4f02ea4c4c45d2d P 4c189a12e55942848f59d65b5522c2ea [term 0 FOLLOWER]: Consensus starting up: Expiring failure detector timer to make a prompt election more likely
I20260608 12:45:54.520962 15510 raft_consensus.cc:740] T d7727bbe9c7c47e2b4f02ea4c4c45d2d P 4c189a12e55942848f59d65b5522c2ea [term 0 FOLLOWER]: Becoming Follower/Learner. State: Replica: 4c189a12e55942848f59d65b5522c2ea, State: Initialized, Role: FOLLOWER
I20260608 12:45:54.521981 15513 tablet_bootstrap.cc:654] T 4d37111366cf4e65a87e91533428e4c3 P d6862b6745c9412491c2c9fe503c3b7b: Neither blocks nor log segments found. Creating new log.
I20260608 12:45:54.521751 15510 consensus_queue.cc:260] T d7727bbe9c7c47e2b4f02ea4c4c45d2d P 4c189a12e55942848f59d65b5522c2ea [NON_LEADER]: Queue going to NON_LEADER mode. State: All replicated index: 0, Majority replicated index: 0, Committed index: 0, Last appended: 0.0, Last appended by leader: 0, Current term: 0, Majority size: -1, State: 0, Mode: NON_LEADER, active raft config: opid_index: -1 OBSOLETE_local: false peers { permanent_uuid: "c13f203ddc744e238951b407865c1829" member_type: VOTER last_known_addr { host: "127.12.95.130" port: 33453 } } peers { permanent_uuid: "4c189a12e55942848f59d65b5522c2ea" member_type: VOTER last_known_addr { host: "127.12.95.129" port: 37019 } } peers { permanent_uuid: "d6862b6745c9412491c2c9fe503c3b7b" member_type: VOTER last_known_addr { host: "127.12.95.131" port: 43275 } }
I20260608 12:45:54.524099 15510 ts_tablet_manager.cc:1434] T d7727bbe9c7c47e2b4f02ea4c4c45d2d P 4c189a12e55942848f59d65b5522c2ea: Time spent starting tablet: real 0.007s	user 0.003s	sys 0.000s
I20260608 12:45:54.527273 15513 tablet_bootstrap.cc:492] T 4d37111366cf4e65a87e91533428e4c3 P d6862b6745c9412491c2c9fe503c3b7b: No bootstrap required, opened a new log
I20260608 12:45:54.527724 15513 ts_tablet_manager.cc:1403] T 4d37111366cf4e65a87e91533428e4c3 P d6862b6745c9412491c2c9fe503c3b7b: Time spent bootstrapping tablet: real 0.013s	user 0.007s	sys 0.004s
I20260608 12:45:54.529922 15513 raft_consensus.cc:359] T 4d37111366cf4e65a87e91533428e4c3 P d6862b6745c9412491c2c9fe503c3b7b [term 0 FOLLOWER]: Replica starting. Triggering 0 pending ops. Active config: opid_index: -1 OBSOLETE_local: false peers { permanent_uuid: "4c189a12e55942848f59d65b5522c2ea" member_type: VOTER last_known_addr { host: "127.12.95.129" port: 37019 } } peers { permanent_uuid: "c13f203ddc744e238951b407865c1829" member_type: VOTER last_known_addr { host: "127.12.95.130" port: 33453 } } peers { permanent_uuid: "d6862b6745c9412491c2c9fe503c3b7b" member_type: VOTER last_known_addr { host: "127.12.95.131" port: 43275 } }
I20260608 12:45:54.530448 15513 raft_consensus.cc:385] T 4d37111366cf4e65a87e91533428e4c3 P d6862b6745c9412491c2c9fe503c3b7b [term 0 FOLLOWER]: Consensus starting up: Expiring failure detector timer to make a prompt election more likely
I20260608 12:45:54.530694 15513 raft_consensus.cc:740] T 4d37111366cf4e65a87e91533428e4c3 P d6862b6745c9412491c2c9fe503c3b7b [term 0 FOLLOWER]: Becoming Follower/Learner. State: Replica: d6862b6745c9412491c2c9fe503c3b7b, State: Initialized, Role: FOLLOWER
I20260608 12:45:54.531363 15513 consensus_queue.cc:260] T 4d37111366cf4e65a87e91533428e4c3 P d6862b6745c9412491c2c9fe503c3b7b [NON_LEADER]: Queue going to NON_LEADER mode. State: All replicated index: 0, Majority replicated index: 0, Committed index: 0, Last appended: 0.0, Last appended by leader: 0, Current term: 0, Majority size: -1, State: 0, Mode: NON_LEADER, active raft config: opid_index: -1 OBSOLETE_local: false peers { permanent_uuid: "4c189a12e55942848f59d65b5522c2ea" member_type: VOTER last_known_addr { host: "127.12.95.129" port: 37019 } } peers { permanent_uuid: "c13f203ddc744e238951b407865c1829" member_type: VOTER last_known_addr { host: "127.12.95.130" port: 33453 } } peers { permanent_uuid: "d6862b6745c9412491c2c9fe503c3b7b" member_type: VOTER last_known_addr { host: "127.12.95.131" port: 43275 } }
I20260608 12:45:54.532106 15518 raft_consensus.cc:493] T 4d37111366cf4e65a87e91533428e4c3 P d6862b6745c9412491c2c9fe503c3b7b [term 0 FOLLOWER]: Starting pre-election (no leader contacted us within the election timeout)
I20260608 12:45:54.532581 15514 raft_consensus.cc:493] T 5bb90f59450648018b9944e7408ded59 P c13f203ddc744e238951b407865c1829 [term 0 FOLLOWER]: Starting pre-election (no leader contacted us within the election timeout)
I20260608 12:45:54.533030 15514 raft_consensus.cc:515] T 5bb90f59450648018b9944e7408ded59 P c13f203ddc744e238951b407865c1829 [term 0 FOLLOWER]: Starting pre-election with config: opid_index: -1 OBSOLETE_local: false peers { permanent_uuid: "4c189a12e55942848f59d65b5522c2ea" member_type: VOTER last_known_addr { host: "127.12.95.129" port: 37019 } } peers { permanent_uuid: "c13f203ddc744e238951b407865c1829" member_type: VOTER last_known_addr { host: "127.12.95.130" port: 33453 } } peers { permanent_uuid: "d6862b6745c9412491c2c9fe503c3b7b" member_type: VOTER last_known_addr { host: "127.12.95.131" port: 43275 } }
I20260608 12:45:54.532693 15518 raft_consensus.cc:515] T 4d37111366cf4e65a87e91533428e4c3 P d6862b6745c9412491c2c9fe503c3b7b [term 0 FOLLOWER]: Starting pre-election with config: opid_index: -1 OBSOLETE_local: false peers { permanent_uuid: "4c189a12e55942848f59d65b5522c2ea" member_type: VOTER last_known_addr { host: "127.12.95.129" port: 37019 } } peers { permanent_uuid: "c13f203ddc744e238951b407865c1829" member_type: VOTER last_known_addr { host: "127.12.95.130" port: 33453 } } peers { permanent_uuid: "d6862b6745c9412491c2c9fe503c3b7b" member_type: VOTER last_known_addr { host: "127.12.95.131" port: 43275 } }
I20260608 12:45:54.534852 15514 leader_election.cc:290] T 5bb90f59450648018b9944e7408ded59 P c13f203ddc744e238951b407865c1829 [CANDIDATE]: Term 1 pre-election: Requested pre-vote from peers 4c189a12e55942848f59d65b5522c2ea (127.12.95.129:37019), d6862b6745c9412491c2c9fe503c3b7b (127.12.95.131:43275)
I20260608 12:45:54.536070 15315 tablet_service.cc:1917] Received RequestConsensusVote() RPC: tablet_id: "5bb90f59450648018b9944e7408ded59" candidate_uuid: "c13f203ddc744e238951b407865c1829" candidate_term: 1 candidate_status { last_received { term: 0 index: 0 } } ignore_live_leader: false dest_uuid: "4c189a12e55942848f59d65b5522c2ea" is_pre_election: true
I20260608 12:45:54.536449 15464 tablet_service.cc:1917] Received RequestConsensusVote() RPC: tablet_id: "5bb90f59450648018b9944e7408ded59" candidate_uuid: "c13f203ddc744e238951b407865c1829" candidate_term: 1 candidate_status { last_received { term: 0 index: 0 } } ignore_live_leader: false dest_uuid: "d6862b6745c9412491c2c9fe503c3b7b" is_pre_election: true
I20260608 12:45:54.537070 15464 raft_consensus.cc:2468] T 5bb90f59450648018b9944e7408ded59 P d6862b6745c9412491c2c9fe503c3b7b [term 0 FOLLOWER]: Leader pre-election vote request: Granting yes vote for candidate c13f203ddc744e238951b407865c1829 in term 0.
I20260608 12:45:54.536803 15315 raft_consensus.cc:2468] T 5bb90f59450648018b9944e7408ded59 P 4c189a12e55942848f59d65b5522c2ea [term 0 FOLLOWER]: Leader pre-election vote request: Granting yes vote for candidate c13f203ddc744e238951b407865c1829 in term 0.
I20260608 12:45:54.538470 15356 leader_election.cc:304] T 5bb90f59450648018b9944e7408ded59 P c13f203ddc744e238951b407865c1829 [CANDIDATE]: Term 1 pre-election: Election decided. Result: candidate won. Election summary: received 2 responses out of 3 voters: 2 yes votes; 0 no votes. yes voters: c13f203ddc744e238951b407865c1829, d6862b6745c9412491c2c9fe503c3b7b; no voters: 
I20260608 12:45:54.540668 15518 leader_election.cc:290] T 4d37111366cf4e65a87e91533428e4c3 P d6862b6745c9412491c2c9fe503c3b7b [CANDIDATE]: Term 1 pre-election: Requested pre-vote from peers 4c189a12e55942848f59d65b5522c2ea (127.12.95.129:37019), c13f203ddc744e238951b407865c1829 (127.12.95.130:33453)
I20260608 12:45:54.540822 15514 raft_consensus.cc:2804] T 5bb90f59450648018b9944e7408ded59 P c13f203ddc744e238951b407865c1829 [term 0 FOLLOWER]: Leader pre-election won for term 1
I20260608 12:45:54.544682 15514 raft_consensus.cc:493] T 5bb90f59450648018b9944e7408ded59 P c13f203ddc744e238951b407865c1829 [term 0 FOLLOWER]: Starting leader election (no leader contacted us within the election timeout)
I20260608 12:45:54.545058 15514 raft_consensus.cc:3060] T 5bb90f59450648018b9944e7408ded59 P c13f203ddc744e238951b407865c1829 [term 0 FOLLOWER]: Advancing to term 1
I20260608 12:45:54.551913 15513 ts_tablet_manager.cc:1434] T 4d37111366cf4e65a87e91533428e4c3 P d6862b6745c9412491c2c9fe503c3b7b: Time spent starting tablet: real 0.024s	user 0.008s	sys 0.010s
I20260608 12:45:54.552737 15315 tablet_service.cc:1917] Received RequestConsensusVote() RPC: tablet_id: "4d37111366cf4e65a87e91533428e4c3" candidate_uuid: "d6862b6745c9412491c2c9fe503c3b7b" candidate_term: 1 candidate_status { last_received { term: 0 index: 0 } } ignore_live_leader: false dest_uuid: "4c189a12e55942848f59d65b5522c2ea" is_pre_election: true
I20260608 12:45:54.553433 15315 raft_consensus.cc:2468] T 4d37111366cf4e65a87e91533428e4c3 P 4c189a12e55942848f59d65b5522c2ea [term 0 FOLLOWER]: Leader pre-election vote request: Granting yes vote for candidate d6862b6745c9412491c2c9fe503c3b7b in term 0.
I20260608 12:45:54.553843 15514 raft_consensus.cc:515] T 5bb90f59450648018b9944e7408ded59 P c13f203ddc744e238951b407865c1829 [term 1 FOLLOWER]: Starting leader election with config: opid_index: -1 OBSOLETE_local: false peers { permanent_uuid: "4c189a12e55942848f59d65b5522c2ea" member_type: VOTER last_known_addr { host: "127.12.95.129" port: 37019 } } peers { permanent_uuid: "c13f203ddc744e238951b407865c1829" member_type: VOTER last_known_addr { host: "127.12.95.130" port: 33453 } } peers { permanent_uuid: "d6862b6745c9412491c2c9fe503c3b7b" member_type: VOTER last_known_addr { host: "127.12.95.131" port: 43275 } }
I20260608 12:45:54.555424 15427 leader_election.cc:304] T 4d37111366cf4e65a87e91533428e4c3 P d6862b6745c9412491c2c9fe503c3b7b [CANDIDATE]: Term 1 pre-election: Election decided. Result: candidate won. Election summary: received 2 responses out of 3 voters: 2 yes votes; 0 no votes. yes voters: 4c189a12e55942848f59d65b5522c2ea, d6862b6745c9412491c2c9fe503c3b7b; no voters: 
I20260608 12:45:54.555538 15390 tablet_service.cc:1917] Received RequestConsensusVote() RPC: tablet_id: "4d37111366cf4e65a87e91533428e4c3" candidate_uuid: "d6862b6745c9412491c2c9fe503c3b7b" candidate_term: 1 candidate_status { last_received { term: 0 index: 0 } } ignore_live_leader: false dest_uuid: "c13f203ddc744e238951b407865c1829" is_pre_election: true
I20260608 12:45:54.556188 15514 leader_election.cc:290] T 5bb90f59450648018b9944e7408ded59 P c13f203ddc744e238951b407865c1829 [CANDIDATE]: Term 1 election: Requested vote from peers 4c189a12e55942848f59d65b5522c2ea (127.12.95.129:37019), d6862b6745c9412491c2c9fe503c3b7b (127.12.95.131:43275)
I20260608 12:45:54.556322 15390 raft_consensus.cc:2468] T 4d37111366cf4e65a87e91533428e4c3 P c13f203ddc744e238951b407865c1829 [term 0 FOLLOWER]: Leader pre-election vote request: Granting yes vote for candidate d6862b6745c9412491c2c9fe503c3b7b in term 0.
I20260608 12:45:54.556630 15529 raft_consensus.cc:2804] T 4d37111366cf4e65a87e91533428e4c3 P d6862b6745c9412491c2c9fe503c3b7b [term 0 FOLLOWER]: Leader pre-election won for term 1
I20260608 12:45:54.557108 15529 raft_consensus.cc:493] T 4d37111366cf4e65a87e91533428e4c3 P d6862b6745c9412491c2c9fe503c3b7b [term 0 FOLLOWER]: Starting leader election (no leader contacted us within the election timeout)
I20260608 12:45:54.558143 15315 tablet_service.cc:1917] Received RequestConsensusVote() RPC: tablet_id: "5bb90f59450648018b9944e7408ded59" candidate_uuid: "c13f203ddc744e238951b407865c1829" candidate_term: 1 candidate_status { last_received { term: 0 index: 0 } } ignore_live_leader: false dest_uuid: "4c189a12e55942848f59d65b5522c2ea"
I20260608 12:45:54.558694 15315 raft_consensus.cc:3060] T 5bb90f59450648018b9944e7408ded59 P 4c189a12e55942848f59d65b5522c2ea [term 0 FOLLOWER]: Advancing to term 1
I20260608 12:45:54.557534 15529 raft_consensus.cc:3060] T 4d37111366cf4e65a87e91533428e4c3 P d6862b6745c9412491c2c9fe503c3b7b [term 0 FOLLOWER]: Advancing to term 1
I20260608 12:45:54.559651 15464 tablet_service.cc:1917] Received RequestConsensusVote() RPC: tablet_id: "5bb90f59450648018b9944e7408ded59" candidate_uuid: "c13f203ddc744e238951b407865c1829" candidate_term: 1 candidate_status { last_received { term: 0 index: 0 } } ignore_live_leader: false dest_uuid: "d6862b6745c9412491c2c9fe503c3b7b"
I20260608 12:45:54.560293 15464 raft_consensus.cc:3060] T 5bb90f59450648018b9944e7408ded59 P d6862b6745c9412491c2c9fe503c3b7b [term 0 FOLLOWER]: Advancing to term 1
I20260608 12:45:54.566527 15464 raft_consensus.cc:2468] T 5bb90f59450648018b9944e7408ded59 P d6862b6745c9412491c2c9fe503c3b7b [term 1 FOLLOWER]: Leader election vote request: Granting yes vote for candidate c13f203ddc744e238951b407865c1829 in term 1.
I20260608 12:45:54.566530 15529 raft_consensus.cc:515] T 4d37111366cf4e65a87e91533428e4c3 P d6862b6745c9412491c2c9fe503c3b7b [term 1 FOLLOWER]: Starting leader election with config: opid_index: -1 OBSOLETE_local: false peers { permanent_uuid: "4c189a12e55942848f59d65b5522c2ea" member_type: VOTER last_known_addr { host: "127.12.95.129" port: 37019 } } peers { permanent_uuid: "c13f203ddc744e238951b407865c1829" member_type: VOTER last_known_addr { host: "127.12.95.130" port: 33453 } } peers { permanent_uuid: "d6862b6745c9412491c2c9fe503c3b7b" member_type: VOTER last_known_addr { host: "127.12.95.131" port: 43275 } }
I20260608 12:45:54.568073 15356 leader_election.cc:304] T 5bb90f59450648018b9944e7408ded59 P c13f203ddc744e238951b407865c1829 [CANDIDATE]: Term 1 election: Election decided. Result: candidate won. Election summary: received 2 responses out of 3 voters: 2 yes votes; 0 no votes. yes voters: c13f203ddc744e238951b407865c1829, d6862b6745c9412491c2c9fe503c3b7b; no voters: 
I20260608 12:45:54.568658 15315 raft_consensus.cc:2468] T 5bb90f59450648018b9944e7408ded59 P 4c189a12e55942848f59d65b5522c2ea [term 1 FOLLOWER]: Leader election vote request: Granting yes vote for candidate c13f203ddc744e238951b407865c1829 in term 1.
I20260608 12:45:54.569051 15514 raft_consensus.cc:2804] T 5bb90f59450648018b9944e7408ded59 P c13f203ddc744e238951b407865c1829 [term 1 FOLLOWER]: Leader election won for term 1
I20260608 12:45:54.569674 15529 leader_election.cc:290] T 4d37111366cf4e65a87e91533428e4c3 P d6862b6745c9412491c2c9fe503c3b7b [CANDIDATE]: Term 1 election: Requested vote from peers 4c189a12e55942848f59d65b5522c2ea (127.12.95.129:37019), c13f203ddc744e238951b407865c1829 (127.12.95.130:33453)
I20260608 12:45:54.570653 15514 raft_consensus.cc:697] T 5bb90f59450648018b9944e7408ded59 P c13f203ddc744e238951b407865c1829 [term 1 LEADER]: Becoming Leader. State: Replica: c13f203ddc744e238951b407865c1829, State: Running, Role: LEADER
I20260608 12:45:54.570721 15314 tablet_service.cc:1917] Received RequestConsensusVote() RPC: tablet_id: "4d37111366cf4e65a87e91533428e4c3" candidate_uuid: "d6862b6745c9412491c2c9fe503c3b7b" candidate_term: 1 candidate_status { last_received { term: 0 index: 0 } } ignore_live_leader: false dest_uuid: "4c189a12e55942848f59d65b5522c2ea"
I20260608 12:45:54.570910 15390 tablet_service.cc:1917] Received RequestConsensusVote() RPC: tablet_id: "4d37111366cf4e65a87e91533428e4c3" candidate_uuid: "d6862b6745c9412491c2c9fe503c3b7b" candidate_term: 1 candidate_status { last_received { term: 0 index: 0 } } ignore_live_leader: false dest_uuid: "c13f203ddc744e238951b407865c1829"
I20260608 12:45:54.571697 15314 raft_consensus.cc:3060] T 4d37111366cf4e65a87e91533428e4c3 P 4c189a12e55942848f59d65b5522c2ea [term 0 FOLLOWER]: Advancing to term 1
I20260608 12:45:54.571770 15390 raft_consensus.cc:3060] T 4d37111366cf4e65a87e91533428e4c3 P c13f203ddc744e238951b407865c1829 [term 0 FOLLOWER]: Advancing to term 1
I20260608 12:45:54.571784 15514 consensus_queue.cc:237] T 5bb90f59450648018b9944e7408ded59 P c13f203ddc744e238951b407865c1829 [LEADER]: Queue going to LEADER mode. State: All replicated index: 0, Majority replicated index: 0, Committed index: 0, Last appended: 0.0, Last appended by leader: 0, Current term: 1, Majority size: 2, State: 0, Mode: LEADER, active raft config: opid_index: -1 OBSOLETE_local: false peers { permanent_uuid: "4c189a12e55942848f59d65b5522c2ea" member_type: VOTER last_known_addr { host: "127.12.95.129" port: 37019 } } peers { permanent_uuid: "c13f203ddc744e238951b407865c1829" member_type: VOTER last_known_addr { host: "127.12.95.130" port: 33453 } } peers { permanent_uuid: "d6862b6745c9412491c2c9fe503c3b7b" member_type: VOTER last_known_addr { host: "127.12.95.131" port: 43275 } }
I20260608 12:45:54.577842 15314 raft_consensus.cc:2468] T 4d37111366cf4e65a87e91533428e4c3 P 4c189a12e55942848f59d65b5522c2ea [term 1 FOLLOWER]: Leader election vote request: Granting yes vote for candidate d6862b6745c9412491c2c9fe503c3b7b in term 1.
I20260608 12:45:54.579159 15427 leader_election.cc:304] T 4d37111366cf4e65a87e91533428e4c3 P d6862b6745c9412491c2c9fe503c3b7b [CANDIDATE]: Term 1 election: Election decided. Result: candidate won. Election summary: received 2 responses out of 3 voters: 2 yes votes; 0 no votes. yes voters: 4c189a12e55942848f59d65b5522c2ea, d6862b6745c9412491c2c9fe503c3b7b; no voters: 
I20260608 12:45:54.579888 15390 raft_consensus.cc:2468] T 4d37111366cf4e65a87e91533428e4c3 P c13f203ddc744e238951b407865c1829 [term 1 FOLLOWER]: Leader election vote request: Granting yes vote for candidate d6862b6745c9412491c2c9fe503c3b7b in term 1.
I20260608 12:45:54.579980 15529 raft_consensus.cc:2804] T 4d37111366cf4e65a87e91533428e4c3 P d6862b6745c9412491c2c9fe503c3b7b [term 1 FOLLOWER]: Leader election won for term 1
I20260608 12:45:54.580731 15529 raft_consensus.cc:697] T 4d37111366cf4e65a87e91533428e4c3 P d6862b6745c9412491c2c9fe503c3b7b [term 1 LEADER]: Becoming Leader. State: Replica: d6862b6745c9412491c2c9fe503c3b7b, State: Running, Role: LEADER
I20260608 12:45:54.581905 15514 raft_consensus.cc:493] T 36512787b0d043839efc9c4a750289b7 P c13f203ddc744e238951b407865c1829 [term 0 FOLLOWER]: Starting pre-election (no leader contacted us within the election timeout)
I20260608 12:45:54.581590 15529 consensus_queue.cc:237] T 4d37111366cf4e65a87e91533428e4c3 P d6862b6745c9412491c2c9fe503c3b7b [LEADER]: Queue going to LEADER mode. State: All replicated index: 0, Majority replicated index: 0, Committed index: 0, Last appended: 0.0, Last appended by leader: 0, Current term: 1, Majority size: 2, State: 0, Mode: LEADER, active raft config: opid_index: -1 OBSOLETE_local: false peers { permanent_uuid: "4c189a12e55942848f59d65b5522c2ea" member_type: VOTER last_known_addr { host: "127.12.95.129" port: 37019 } } peers { permanent_uuid: "c13f203ddc744e238951b407865c1829" member_type: VOTER last_known_addr { host: "127.12.95.130" port: 33453 } } peers { permanent_uuid: "d6862b6745c9412491c2c9fe503c3b7b" member_type: VOTER last_known_addr { host: "127.12.95.131" port: 43275 } }
I20260608 12:45:54.582419 15514 raft_consensus.cc:515] T 36512787b0d043839efc9c4a750289b7 P c13f203ddc744e238951b407865c1829 [term 0 FOLLOWER]: Starting pre-election with config: opid_index: -1 OBSOLETE_local: false peers { permanent_uuid: "4c189a12e55942848f59d65b5522c2ea" member_type: VOTER last_known_addr { host: "127.12.95.129" port: 37019 } } peers { permanent_uuid: "c13f203ddc744e238951b407865c1829" member_type: VOTER last_known_addr { host: "127.12.95.130" port: 33453 } } peers { permanent_uuid: "d6862b6745c9412491c2c9fe503c3b7b" member_type: VOTER last_known_addr { host: "127.12.95.131" port: 43275 } }
I20260608 12:45:54.583029 15213 catalog_manager.cc:5696] T 5bb90f59450648018b9944e7408ded59 P c13f203ddc744e238951b407865c1829 reported cstate change: term changed from 0 to 1, leader changed from <none> to c13f203ddc744e238951b407865c1829 (127.12.95.130). New cstate: current_term: 1 leader_uuid: "c13f203ddc744e238951b407865c1829" committed_config { opid_index: -1 OBSOLETE_local: false peers { permanent_uuid: "4c189a12e55942848f59d65b5522c2ea" member_type: VOTER last_known_addr { host: "127.12.95.129" port: 37019 } health_report { overall_health: UNKNOWN } } peers { permanent_uuid: "c13f203ddc744e238951b407865c1829" member_type: VOTER last_known_addr { host: "127.12.95.130" port: 33453 } health_report { overall_health: HEALTHY } } peers { permanent_uuid: "d6862b6745c9412491c2c9fe503c3b7b" member_type: VOTER last_known_addr { host: "127.12.95.131" port: 43275 } health_report { overall_health: UNKNOWN } } }
I20260608 12:45:54.585112 15514 leader_election.cc:290] T 36512787b0d043839efc9c4a750289b7 P c13f203ddc744e238951b407865c1829 [CANDIDATE]: Term 1 pre-election: Requested pre-vote from peers 4c189a12e55942848f59d65b5522c2ea (127.12.95.129:37019), d6862b6745c9412491c2c9fe503c3b7b (127.12.95.131:43275)
I20260608 12:45:54.585341 15314 tablet_service.cc:1917] Received RequestConsensusVote() RPC: tablet_id: "36512787b0d043839efc9c4a750289b7" candidate_uuid: "c13f203ddc744e238951b407865c1829" candidate_term: 1 candidate_status { last_received { term: 0 index: 0 } } ignore_live_leader: false dest_uuid: "4c189a12e55942848f59d65b5522c2ea" is_pre_election: true
I20260608 12:45:54.585961 15314 raft_consensus.cc:2468] T 36512787b0d043839efc9c4a750289b7 P 4c189a12e55942848f59d65b5522c2ea [term 0 FOLLOWER]: Leader pre-election vote request: Granting yes vote for candidate c13f203ddc744e238951b407865c1829 in term 0.
I20260608 12:45:54.587273 15353 leader_election.cc:304] T 36512787b0d043839efc9c4a750289b7 P c13f203ddc744e238951b407865c1829 [CANDIDATE]: Term 1 pre-election: Election decided. Result: candidate won. Election summary: received 2 responses out of 3 voters: 2 yes votes; 0 no votes. yes voters: 4c189a12e55942848f59d65b5522c2ea, c13f203ddc744e238951b407865c1829; no voters: 
I20260608 12:45:54.588274 15464 tablet_service.cc:1917] Received RequestConsensusVote() RPC: tablet_id: "36512787b0d043839efc9c4a750289b7" candidate_uuid: "c13f203ddc744e238951b407865c1829" candidate_term: 1 candidate_status { last_received { term: 0 index: 0 } } ignore_live_leader: false dest_uuid: "d6862b6745c9412491c2c9fe503c3b7b" is_pre_election: true
I20260608 12:45:54.588724 15514 raft_consensus.cc:2804] T 36512787b0d043839efc9c4a750289b7 P c13f203ddc744e238951b407865c1829 [term 0 FOLLOWER]: Leader pre-election won for term 1
I20260608 12:45:54.588908 15464 raft_consensus.cc:2468] T 36512787b0d043839efc9c4a750289b7 P d6862b6745c9412491c2c9fe503c3b7b [term 0 FOLLOWER]: Leader pre-election vote request: Granting yes vote for candidate c13f203ddc744e238951b407865c1829 in term 0.
I20260608 12:45:54.589270 15514 raft_consensus.cc:493] T 36512787b0d043839efc9c4a750289b7 P c13f203ddc744e238951b407865c1829 [term 0 FOLLOWER]: Starting leader election (no leader contacted us within the election timeout)
I20260608 12:45:54.589800 15514 raft_consensus.cc:3060] T 36512787b0d043839efc9c4a750289b7 P c13f203ddc744e238951b407865c1829 [term 0 FOLLOWER]: Advancing to term 1
I20260608 12:45:54.596514 15514 raft_consensus.cc:515] T 36512787b0d043839efc9c4a750289b7 P c13f203ddc744e238951b407865c1829 [term 1 FOLLOWER]: Starting leader election with config: opid_index: -1 OBSOLETE_local: false peers { permanent_uuid: "4c189a12e55942848f59d65b5522c2ea" member_type: VOTER last_known_addr { host: "127.12.95.129" port: 37019 } } peers { permanent_uuid: "c13f203ddc744e238951b407865c1829" member_type: VOTER last_known_addr { host: "127.12.95.130" port: 33453 } } peers { permanent_uuid: "d6862b6745c9412491c2c9fe503c3b7b" member_type: VOTER last_known_addr { host: "127.12.95.131" port: 43275 } }
I20260608 12:45:54.597337 15213 catalog_manager.cc:5696] T 4d37111366cf4e65a87e91533428e4c3 P d6862b6745c9412491c2c9fe503c3b7b reported cstate change: term changed from 0 to 1, leader changed from <none> to d6862b6745c9412491c2c9fe503c3b7b (127.12.95.131). New cstate: current_term: 1 leader_uuid: "d6862b6745c9412491c2c9fe503c3b7b" committed_config { opid_index: -1 OBSOLETE_local: false peers { permanent_uuid: "4c189a12e55942848f59d65b5522c2ea" member_type: VOTER last_known_addr { host: "127.12.95.129" port: 37019 } health_report { overall_health: UNKNOWN } } peers { permanent_uuid: "c13f203ddc744e238951b407865c1829" member_type: VOTER last_known_addr { host: "127.12.95.130" port: 33453 } health_report { overall_health: UNKNOWN } } peers { permanent_uuid: "d6862b6745c9412491c2c9fe503c3b7b" member_type: VOTER last_known_addr { host: "127.12.95.131" port: 43275 } health_report { overall_health: HEALTHY } } }
I20260608 12:45:54.598748 15514 leader_election.cc:290] T 36512787b0d043839efc9c4a750289b7 P c13f203ddc744e238951b407865c1829 [CANDIDATE]: Term 1 election: Requested vote from peers 4c189a12e55942848f59d65b5522c2ea (127.12.95.129:37019), d6862b6745c9412491c2c9fe503c3b7b (127.12.95.131:43275)
I20260608 12:45:54.599448 15314 tablet_service.cc:1917] Received RequestConsensusVote() RPC: tablet_id: "36512787b0d043839efc9c4a750289b7" candidate_uuid: "c13f203ddc744e238951b407865c1829" candidate_term: 1 candidate_status { last_received { term: 0 index: 0 } } ignore_live_leader: false dest_uuid: "4c189a12e55942848f59d65b5522c2ea"
I20260608 12:45:54.599910 15464 tablet_service.cc:1917] Received RequestConsensusVote() RPC: tablet_id: "36512787b0d043839efc9c4a750289b7" candidate_uuid: "c13f203ddc744e238951b407865c1829" candidate_term: 1 candidate_status { last_received { term: 0 index: 0 } } ignore_live_leader: false dest_uuid: "d6862b6745c9412491c2c9fe503c3b7b"
I20260608 12:45:54.600566 15464 raft_consensus.cc:3060] T 36512787b0d043839efc9c4a750289b7 P d6862b6745c9412491c2c9fe503c3b7b [term 0 FOLLOWER]: Advancing to term 1
I20260608 12:45:54.599961 15314 raft_consensus.cc:3060] T 36512787b0d043839efc9c4a750289b7 P 4c189a12e55942848f59d65b5522c2ea [term 0 FOLLOWER]: Advancing to term 1
I20260608 12:45:54.606161 15464 raft_consensus.cc:2468] T 36512787b0d043839efc9c4a750289b7 P d6862b6745c9412491c2c9fe503c3b7b [term 1 FOLLOWER]: Leader election vote request: Granting yes vote for candidate c13f203ddc744e238951b407865c1829 in term 1.
I20260608 12:45:54.607424 15356 leader_election.cc:304] T 36512787b0d043839efc9c4a750289b7 P c13f203ddc744e238951b407865c1829 [CANDIDATE]: Term 1 election: Election decided. Result: candidate won. Election summary: received 2 responses out of 3 voters: 2 yes votes; 0 no votes. yes voters: c13f203ddc744e238951b407865c1829, d6862b6745c9412491c2c9fe503c3b7b; no voters: 
I20260608 12:45:54.608211 15514 raft_consensus.cc:2804] T 36512787b0d043839efc9c4a750289b7 P c13f203ddc744e238951b407865c1829 [term 1 FOLLOWER]: Leader election won for term 1
I20260608 12:45:54.608696 15514 raft_consensus.cc:697] T 36512787b0d043839efc9c4a750289b7 P c13f203ddc744e238951b407865c1829 [term 1 LEADER]: Becoming Leader. State: Replica: c13f203ddc744e238951b407865c1829, State: Running, Role: LEADER
I20260608 12:45:54.609483 15514 consensus_queue.cc:237] T 36512787b0d043839efc9c4a750289b7 P c13f203ddc744e238951b407865c1829 [LEADER]: Queue going to LEADER mode. State: All replicated index: 0, Majority replicated index: 0, Committed index: 0, Last appended: 0.0, Last appended by leader: 0, Current term: 1, Majority size: 2, State: 0, Mode: LEADER, active raft config: opid_index: -1 OBSOLETE_local: false peers { permanent_uuid: "4c189a12e55942848f59d65b5522c2ea" member_type: VOTER last_known_addr { host: "127.12.95.129" port: 37019 } } peers { permanent_uuid: "c13f203ddc744e238951b407865c1829" member_type: VOTER last_known_addr { host: "127.12.95.130" port: 33453 } } peers { permanent_uuid: "d6862b6745c9412491c2c9fe503c3b7b" member_type: VOTER last_known_addr { host: "127.12.95.131" port: 43275 } }
I20260608 12:45:54.610433 15314 raft_consensus.cc:2468] T 36512787b0d043839efc9c4a750289b7 P 4c189a12e55942848f59d65b5522c2ea [term 1 FOLLOWER]: Leader election vote request: Granting yes vote for candidate c13f203ddc744e238951b407865c1829 in term 1.
I20260608 12:45:54.616665 15213 catalog_manager.cc:5696] T 36512787b0d043839efc9c4a750289b7 P c13f203ddc744e238951b407865c1829 reported cstate change: term changed from 0 to 1, leader changed from <none> to c13f203ddc744e238951b407865c1829 (127.12.95.130). New cstate: current_term: 1 leader_uuid: "c13f203ddc744e238951b407865c1829" committed_config { opid_index: -1 OBSOLETE_local: false peers { permanent_uuid: "4c189a12e55942848f59d65b5522c2ea" member_type: VOTER last_known_addr { host: "127.12.95.129" port: 37019 } health_report { overall_health: UNKNOWN } } peers { permanent_uuid: "c13f203ddc744e238951b407865c1829" member_type: VOTER last_known_addr { host: "127.12.95.130" port: 33453 } health_report { overall_health: HEALTHY } } peers { permanent_uuid: "d6862b6745c9412491c2c9fe503c3b7b" member_type: VOTER last_known_addr { host: "127.12.95.131" port: 43275 } health_report { overall_health: UNKNOWN } } }
I20260608 12:45:54.678448 15515 raft_consensus.cc:493] T d7727bbe9c7c47e2b4f02ea4c4c45d2d P 4c189a12e55942848f59d65b5522c2ea [term 0 FOLLOWER]: Starting pre-election (no leader contacted us within the election timeout)
I20260608 12:45:54.678959 15515 raft_consensus.cc:515] T d7727bbe9c7c47e2b4f02ea4c4c45d2d P 4c189a12e55942848f59d65b5522c2ea [term 0 FOLLOWER]: Starting pre-election with config: opid_index: -1 OBSOLETE_local: false peers { permanent_uuid: "c13f203ddc744e238951b407865c1829" member_type: VOTER last_known_addr { host: "127.12.95.130" port: 33453 } } peers { permanent_uuid: "4c189a12e55942848f59d65b5522c2ea" member_type: VOTER last_known_addr { host: "127.12.95.129" port: 37019 } } peers { permanent_uuid: "d6862b6745c9412491c2c9fe503c3b7b" member_type: VOTER last_known_addr { host: "127.12.95.131" port: 43275 } }
I20260608 12:45:54.681366 15515 leader_election.cc:290] T d7727bbe9c7c47e2b4f02ea4c4c45d2d P 4c189a12e55942848f59d65b5522c2ea [CANDIDATE]: Term 1 pre-election: Requested pre-vote from peers c13f203ddc744e238951b407865c1829 (127.12.95.130:33453), d6862b6745c9412491c2c9fe503c3b7b (127.12.95.131:43275)
I20260608 12:45:54.693364 15390 tablet_service.cc:1917] Received RequestConsensusVote() RPC: tablet_id: "d7727bbe9c7c47e2b4f02ea4c4c45d2d" candidate_uuid: "4c189a12e55942848f59d65b5522c2ea" candidate_term: 1 candidate_status { last_received { term: 0 index: 0 } } ignore_live_leader: false dest_uuid: "c13f203ddc744e238951b407865c1829" is_pre_election: true
I20260608 12:45:54.693852 15464 tablet_service.cc:1917] Received RequestConsensusVote() RPC: tablet_id: "d7727bbe9c7c47e2b4f02ea4c4c45d2d" candidate_uuid: "4c189a12e55942848f59d65b5522c2ea" candidate_term: 1 candidate_status { last_received { term: 0 index: 0 } } ignore_live_leader: false dest_uuid: "d6862b6745c9412491c2c9fe503c3b7b" is_pre_election: true
I20260608 12:45:54.694018 15390 raft_consensus.cc:2468] T d7727bbe9c7c47e2b4f02ea4c4c45d2d P c13f203ddc744e238951b407865c1829 [term 0 FOLLOWER]: Leader pre-election vote request: Granting yes vote for candidate 4c189a12e55942848f59d65b5522c2ea in term 0.
I20260608 12:45:54.694510 15464 raft_consensus.cc:2468] T d7727bbe9c7c47e2b4f02ea4c4c45d2d P d6862b6745c9412491c2c9fe503c3b7b [term 0 FOLLOWER]: Leader pre-election vote request: Granting yes vote for candidate 4c189a12e55942848f59d65b5522c2ea in term 0.
I20260608 12:45:54.695384 15280 leader_election.cc:304] T d7727bbe9c7c47e2b4f02ea4c4c45d2d P 4c189a12e55942848f59d65b5522c2ea [CANDIDATE]: Term 1 pre-election: Election decided. Result: candidate won. Election summary: received 2 responses out of 3 voters: 2 yes votes; 0 no votes. yes voters: 4c189a12e55942848f59d65b5522c2ea, c13f203ddc744e238951b407865c1829; no voters: 
I20260608 12:45:54.696218 15515 raft_consensus.cc:2804] T d7727bbe9c7c47e2b4f02ea4c4c45d2d P 4c189a12e55942848f59d65b5522c2ea [term 0 FOLLOWER]: Leader pre-election won for term 1
I20260608 12:45:54.696513 15515 raft_consensus.cc:493] T d7727bbe9c7c47e2b4f02ea4c4c45d2d P 4c189a12e55942848f59d65b5522c2ea [term 0 FOLLOWER]: Starting leader election (no leader contacted us within the election timeout)
I20260608 12:45:54.696795 15515 raft_consensus.cc:3060] T d7727bbe9c7c47e2b4f02ea4c4c45d2d P 4c189a12e55942848f59d65b5522c2ea [term 0 FOLLOWER]: Advancing to term 1
I20260608 12:45:54.701469 15515 raft_consensus.cc:515] T d7727bbe9c7c47e2b4f02ea4c4c45d2d P 4c189a12e55942848f59d65b5522c2ea [term 1 FOLLOWER]: Starting leader election with config: opid_index: -1 OBSOLETE_local: false peers { permanent_uuid: "c13f203ddc744e238951b407865c1829" member_type: VOTER last_known_addr { host: "127.12.95.130" port: 33453 } } peers { permanent_uuid: "4c189a12e55942848f59d65b5522c2ea" member_type: VOTER last_known_addr { host: "127.12.95.129" port: 37019 } } peers { permanent_uuid: "d6862b6745c9412491c2c9fe503c3b7b" member_type: VOTER last_known_addr { host: "127.12.95.131" port: 43275 } }
I20260608 12:45:54.703478 15515 leader_election.cc:290] T d7727bbe9c7c47e2b4f02ea4c4c45d2d P 4c189a12e55942848f59d65b5522c2ea [CANDIDATE]: Term 1 election: Requested vote from peers c13f203ddc744e238951b407865c1829 (127.12.95.130:33453), d6862b6745c9412491c2c9fe503c3b7b (127.12.95.131:43275)
I20260608 12:45:54.704289 15390 tablet_service.cc:1917] Received RequestConsensusVote() RPC: tablet_id: "d7727bbe9c7c47e2b4f02ea4c4c45d2d" candidate_uuid: "4c189a12e55942848f59d65b5522c2ea" candidate_term: 1 candidate_status { last_received { term: 0 index: 0 } } ignore_live_leader: false dest_uuid: "c13f203ddc744e238951b407865c1829"
I20260608 12:45:54.704617 15464 tablet_service.cc:1917] Received RequestConsensusVote() RPC: tablet_id: "d7727bbe9c7c47e2b4f02ea4c4c45d2d" candidate_uuid: "4c189a12e55942848f59d65b5522c2ea" candidate_term: 1 candidate_status { last_received { term: 0 index: 0 } } ignore_live_leader: false dest_uuid: "d6862b6745c9412491c2c9fe503c3b7b"
I20260608 12:45:54.704918 15390 raft_consensus.cc:3060] T d7727bbe9c7c47e2b4f02ea4c4c45d2d P c13f203ddc744e238951b407865c1829 [term 0 FOLLOWER]: Advancing to term 1
I20260608 12:45:54.705230 15464 raft_consensus.cc:3060] T d7727bbe9c7c47e2b4f02ea4c4c45d2d P d6862b6745c9412491c2c9fe503c3b7b [term 0 FOLLOWER]: Advancing to term 1
I20260608 12:45:54.711685 15464 raft_consensus.cc:2468] T d7727bbe9c7c47e2b4f02ea4c4c45d2d P d6862b6745c9412491c2c9fe503c3b7b [term 1 FOLLOWER]: Leader election vote request: Granting yes vote for candidate 4c189a12e55942848f59d65b5522c2ea in term 1.
I20260608 12:45:54.711680 15390 raft_consensus.cc:2468] T d7727bbe9c7c47e2b4f02ea4c4c45d2d P c13f203ddc744e238951b407865c1829 [term 1 FOLLOWER]: Leader election vote request: Granting yes vote for candidate 4c189a12e55942848f59d65b5522c2ea in term 1.
I20260608 12:45:54.713443 15281 leader_election.cc:304] T d7727bbe9c7c47e2b4f02ea4c4c45d2d P 4c189a12e55942848f59d65b5522c2ea [CANDIDATE]: Term 1 election: Election decided. Result: candidate won. Election summary: received 2 responses out of 3 voters: 2 yes votes; 0 no votes. yes voters: 4c189a12e55942848f59d65b5522c2ea, d6862b6745c9412491c2c9fe503c3b7b; no voters: 
I20260608 12:45:54.714182 15515 raft_consensus.cc:2804] T d7727bbe9c7c47e2b4f02ea4c4c45d2d P 4c189a12e55942848f59d65b5522c2ea [term 1 FOLLOWER]: Leader election won for term 1
I20260608 12:45:54.715138 15515 raft_consensus.cc:697] T d7727bbe9c7c47e2b4f02ea4c4c45d2d P 4c189a12e55942848f59d65b5522c2ea [term 1 LEADER]: Becoming Leader. State: Replica: 4c189a12e55942848f59d65b5522c2ea, State: Running, Role: LEADER
I20260608 12:45:54.715958 15515 consensus_queue.cc:237] T d7727bbe9c7c47e2b4f02ea4c4c45d2d P 4c189a12e55942848f59d65b5522c2ea [LEADER]: Queue going to LEADER mode. State: All replicated index: 0, Majority replicated index: 0, Committed index: 0, Last appended: 0.0, Last appended by leader: 0, Current term: 1, Majority size: 2, State: 0, Mode: LEADER, active raft config: opid_index: -1 OBSOLETE_local: false peers { permanent_uuid: "c13f203ddc744e238951b407865c1829" member_type: VOTER last_known_addr { host: "127.12.95.130" port: 33453 } } peers { permanent_uuid: "4c189a12e55942848f59d65b5522c2ea" member_type: VOTER last_known_addr { host: "127.12.95.129" port: 37019 } } peers { permanent_uuid: "d6862b6745c9412491c2c9fe503c3b7b" member_type: VOTER last_known_addr { host: "127.12.95.131" port: 43275 } }
I20260608 12:45:54.722875 15213 catalog_manager.cc:5696] T d7727bbe9c7c47e2b4f02ea4c4c45d2d P 4c189a12e55942848f59d65b5522c2ea reported cstate change: term changed from 0 to 1, leader changed from <none> to 4c189a12e55942848f59d65b5522c2ea (127.12.95.129). New cstate: current_term: 1 leader_uuid: "4c189a12e55942848f59d65b5522c2ea" committed_config { opid_index: -1 OBSOLETE_local: false peers { permanent_uuid: "c13f203ddc744e238951b407865c1829" member_type: VOTER last_known_addr { host: "127.12.95.130" port: 33453 } health_report { overall_health: UNKNOWN } } peers { permanent_uuid: "4c189a12e55942848f59d65b5522c2ea" member_type: VOTER last_known_addr { host: "127.12.95.129" port: 37019 } health_report { overall_health: HEALTHY } } peers { permanent_uuid: "d6862b6745c9412491c2c9fe503c3b7b" member_type: VOTER last_known_addr { host: "127.12.95.131" port: 43275 } health_report { overall_health: UNKNOWN } } }
I20260608 12:45:54.782290 12670 tablet_server.cc:179] TabletServer@127.12.95.129:0 shutting down...
I20260608 12:45:54.792770 15266 auto_leader_rebalancer.cc:140] leader rebalance for table range_aware_auto_rebalancer_test
I20260608 12:45:54.798872 15266 auto_leader_rebalancer.cc:388] table: range_aware_auto_rebalancer_test, leader rebalance finish, leader transfer count: 0
I20260608 12:45:54.799430 15266 auto_leader_rebalancer.cc:451] All tables' leader rebalancing finished this round
I20260608 12:45:54.805514 12670 ts_tablet_manager.cc:1507] Shutting down tablet manager...
I20260608 12:45:54.806324 12670 tablet_replica.cc:333] T d7727bbe9c7c47e2b4f02ea4c4c45d2d P 4c189a12e55942848f59d65b5522c2ea: stopping tablet replica
I20260608 12:45:54.806885 12670 raft_consensus.cc:2243] T d7727bbe9c7c47e2b4f02ea4c4c45d2d P 4c189a12e55942848f59d65b5522c2ea [term 1 LEADER]: Raft consensus shutting down.
I20260608 12:45:54.807485 12670 pending_rounds.cc:70] T d7727bbe9c7c47e2b4f02ea4c4c45d2d P 4c189a12e55942848f59d65b5522c2ea: Trying to abort 1 pending ops.
I20260608 12:45:54.807703 12670 pending_rounds.cc:77] T d7727bbe9c7c47e2b4f02ea4c4c45d2d P 4c189a12e55942848f59d65b5522c2ea: Aborting op as it isn't in flight: id { term: 1 index: 1 } timestamp: 7294659603324256256 op_type: NO_OP noop_request { }
I20260608 12:45:54.808004 12670 raft_consensus.cc:2889] T d7727bbe9c7c47e2b4f02ea4c4c45d2d P 4c189a12e55942848f59d65b5522c2ea [term 1 LEADER]: NO_OP replication failed: Aborted: Op aborted
I20260608 12:45:54.808359 12670 raft_consensus.cc:2272] T d7727bbe9c7c47e2b4f02ea4c4c45d2d P 4c189a12e55942848f59d65b5522c2ea [term 1 FOLLOWER]: Raft consensus is shut down!
I20260608 12:45:54.810834 12670 tablet_replica.cc:333] T 36512787b0d043839efc9c4a750289b7 P 4c189a12e55942848f59d65b5522c2ea: stopping tablet replica
I20260608 12:45:54.811383 12670 raft_consensus.cc:2243] T 36512787b0d043839efc9c4a750289b7 P 4c189a12e55942848f59d65b5522c2ea [term 1 FOLLOWER]: Raft consensus shutting down.
I20260608 12:45:54.811784 12670 raft_consensus.cc:2272] T 36512787b0d043839efc9c4a750289b7 P 4c189a12e55942848f59d65b5522c2ea [term 1 FOLLOWER]: Raft consensus is shut down!
I20260608 12:45:54.813699 12670 tablet_replica.cc:333] T 4d37111366cf4e65a87e91533428e4c3 P 4c189a12e55942848f59d65b5522c2ea: stopping tablet replica
I20260608 12:45:54.814231 12670 raft_consensus.cc:2243] T 4d37111366cf4e65a87e91533428e4c3 P 4c189a12e55942848f59d65b5522c2ea [term 1 FOLLOWER]: Raft consensus shutting down.
I20260608 12:45:54.814613 12670 raft_consensus.cc:2272] T 4d37111366cf4e65a87e91533428e4c3 P 4c189a12e55942848f59d65b5522c2ea [term 1 FOLLOWER]: Raft consensus is shut down!
I20260608 12:45:54.816422 12670 tablet_replica.cc:333] T 5bb90f59450648018b9944e7408ded59 P 4c189a12e55942848f59d65b5522c2ea: stopping tablet replica
I20260608 12:45:54.816890 12670 raft_consensus.cc:2243] T 5bb90f59450648018b9944e7408ded59 P 4c189a12e55942848f59d65b5522c2ea [term 1 FOLLOWER]: Raft consensus shutting down.
I20260608 12:45:54.817265 12670 raft_consensus.cc:2272] T 5bb90f59450648018b9944e7408ded59 P 4c189a12e55942848f59d65b5522c2ea [term 1 FOLLOWER]: Raft consensus is shut down!
I20260608 12:45:54.839684 12670 tablet_server.cc:196] TabletServer@127.12.95.129:0 shutdown complete.
I20260608 12:45:54.850481 12670 tablet_server.cc:179] TabletServer@127.12.95.130:0 shutting down...
I20260608 12:45:54.867254 12670 ts_tablet_manager.cc:1507] Shutting down tablet manager...
I20260608 12:45:54.868175 12670 tablet_replica.cc:333] T 5bb90f59450648018b9944e7408ded59 P c13f203ddc744e238951b407865c1829: stopping tablet replica
I20260608 12:45:54.868790 12670 raft_consensus.cc:2243] T 5bb90f59450648018b9944e7408ded59 P c13f203ddc744e238951b407865c1829 [term 1 LEADER]: Raft consensus shutting down.
I20260608 12:45:54.869421 12670 pending_rounds.cc:70] T 5bb90f59450648018b9944e7408ded59 P c13f203ddc744e238951b407865c1829: Trying to abort 1 pending ops.
I20260608 12:45:54.869590 12670 pending_rounds.cc:77] T 5bb90f59450648018b9944e7408ded59 P c13f203ddc744e238951b407865c1829: Aborting op as it isn't in flight: id { term: 1 index: 1 } timestamp: 7294659602738192384 op_type: NO_OP noop_request { }
I20260608 12:45:54.869907 12670 raft_consensus.cc:2889] T 5bb90f59450648018b9944e7408ded59 P c13f203ddc744e238951b407865c1829 [term 1 LEADER]: NO_OP replication failed: Aborted: Op aborted
I20260608 12:45:54.870208 12670 raft_consensus.cc:2272] T 5bb90f59450648018b9944e7408ded59 P c13f203ddc744e238951b407865c1829 [term 1 FOLLOWER]: Raft consensus is shut down!
I20260608 12:45:54.872532 12670 tablet_replica.cc:333] T d7727bbe9c7c47e2b4f02ea4c4c45d2d P c13f203ddc744e238951b407865c1829: stopping tablet replica
I20260608 12:45:54.873096 12670 raft_consensus.cc:2243] T d7727bbe9c7c47e2b4f02ea4c4c45d2d P c13f203ddc744e238951b407865c1829 [term 1 FOLLOWER]: Raft consensus shutting down.
I20260608 12:45:54.873477 12670 raft_consensus.cc:2272] T d7727bbe9c7c47e2b4f02ea4c4c45d2d P c13f203ddc744e238951b407865c1829 [term 1 FOLLOWER]: Raft consensus is shut down!
I20260608 12:45:54.875331 12670 tablet_replica.cc:333] T 36512787b0d043839efc9c4a750289b7 P c13f203ddc744e238951b407865c1829: stopping tablet replica
I20260608 12:45:54.875867 12670 raft_consensus.cc:2243] T 36512787b0d043839efc9c4a750289b7 P c13f203ddc744e238951b407865c1829 [term 1 LEADER]: Raft consensus shutting down.
I20260608 12:45:54.876478 12670 pending_rounds.cc:70] T 36512787b0d043839efc9c4a750289b7 P c13f203ddc744e238951b407865c1829: Trying to abort 1 pending ops.
I20260608 12:45:54.876657 12670 pending_rounds.cc:77] T 36512787b0d043839efc9c4a750289b7 P c13f203ddc744e238951b407865c1829: Aborting op as it isn't in flight: id { term: 1 index: 1 } timestamp: 7294659602888548352 op_type: NO_OP noop_request { }
I20260608 12:45:54.876935 12670 raft_consensus.cc:2889] T 36512787b0d043839efc9c4a750289b7 P c13f203ddc744e238951b407865c1829 [term 1 LEADER]: NO_OP replication failed: Aborted: Op aborted
I20260608 12:45:54.877210 12670 raft_consensus.cc:2272] T 36512787b0d043839efc9c4a750289b7 P c13f203ddc744e238951b407865c1829 [term 1 FOLLOWER]: Raft consensus is shut down!
I20260608 12:45:54.879511 12670 tablet_replica.cc:333] T 4d37111366cf4e65a87e91533428e4c3 P c13f203ddc744e238951b407865c1829: stopping tablet replica
I20260608 12:45:54.880077 12670 raft_consensus.cc:2243] T 4d37111366cf4e65a87e91533428e4c3 P c13f203ddc744e238951b407865c1829 [term 1 FOLLOWER]: Raft consensus shutting down.
I20260608 12:45:54.880514 12670 raft_consensus.cc:2272] T 4d37111366cf4e65a87e91533428e4c3 P c13f203ddc744e238951b407865c1829 [term 1 FOLLOWER]: Raft consensus is shut down!
I20260608 12:45:54.892925 12670 tablet_server.cc:196] TabletServer@127.12.95.130:0 shutdown complete.
I20260608 12:45:54.903613 12670 tablet_server.cc:179] TabletServer@127.12.95.131:0 shutting down...
I20260608 12:45:54.921576 12670 ts_tablet_manager.cc:1507] Shutting down tablet manager...
I20260608 12:45:54.922515 12670 tablet_replica.cc:333] T 5bb90f59450648018b9944e7408ded59 P d6862b6745c9412491c2c9fe503c3b7b: stopping tablet replica
I20260608 12:45:54.923170 12670 raft_consensus.cc:2243] T 5bb90f59450648018b9944e7408ded59 P d6862b6745c9412491c2c9fe503c3b7b [term 1 FOLLOWER]: Raft consensus shutting down.
I20260608 12:45:54.923601 12670 raft_consensus.cc:2272] T 5bb90f59450648018b9944e7408ded59 P d6862b6745c9412491c2c9fe503c3b7b [term 1 FOLLOWER]: Raft consensus is shut down!
I20260608 12:45:54.925577 12670 tablet_replica.cc:333] T d7727bbe9c7c47e2b4f02ea4c4c45d2d P d6862b6745c9412491c2c9fe503c3b7b: stopping tablet replica
I20260608 12:45:54.926105 12670 raft_consensus.cc:2243] T d7727bbe9c7c47e2b4f02ea4c4c45d2d P d6862b6745c9412491c2c9fe503c3b7b [term 1 FOLLOWER]: Raft consensus shutting down.
I20260608 12:45:54.926489 12670 raft_consensus.cc:2272] T d7727bbe9c7c47e2b4f02ea4c4c45d2d P d6862b6745c9412491c2c9fe503c3b7b [term 1 FOLLOWER]: Raft consensus is shut down!
I20260608 12:45:54.928066 12670 tablet_replica.cc:333] T 4d37111366cf4e65a87e91533428e4c3 P d6862b6745c9412491c2c9fe503c3b7b: stopping tablet replica
I20260608 12:45:54.928602 12670 raft_consensus.cc:2243] T 4d37111366cf4e65a87e91533428e4c3 P d6862b6745c9412491c2c9fe503c3b7b [term 1 LEADER]: Raft consensus shutting down.
I20260608 12:45:54.929157 12670 pending_rounds.cc:70] T 4d37111366cf4e65a87e91533428e4c3 P d6862b6745c9412491c2c9fe503c3b7b: Trying to abort 1 pending ops.
I20260608 12:45:54.929355 12670 pending_rounds.cc:77] T 4d37111366cf4e65a87e91533428e4c3 P d6862b6745c9412491c2c9fe503c3b7b: Aborting op as it isn't in flight: id { term: 1 index: 1 } timestamp: 7294659602776399872 op_type: NO_OP noop_request { }
I20260608 12:45:54.929629 12670 raft_consensus.cc:2889] T 4d37111366cf4e65a87e91533428e4c3 P d6862b6745c9412491c2c9fe503c3b7b [term 1 LEADER]: NO_OP replication failed: Aborted: Op aborted
I20260608 12:45:54.929911 12670 raft_consensus.cc:2272] T 4d37111366cf4e65a87e91533428e4c3 P d6862b6745c9412491c2c9fe503c3b7b [term 1 FOLLOWER]: Raft consensus is shut down!
I20260608 12:45:54.932269 12670 tablet_replica.cc:333] T 36512787b0d043839efc9c4a750289b7 P d6862b6745c9412491c2c9fe503c3b7b: stopping tablet replica
I20260608 12:45:54.932739 12670 raft_consensus.cc:2243] T 36512787b0d043839efc9c4a750289b7 P d6862b6745c9412491c2c9fe503c3b7b [term 1 FOLLOWER]: Raft consensus shutting down.
I20260608 12:45:54.933120 12670 raft_consensus.cc:2272] T 36512787b0d043839efc9c4a750289b7 P d6862b6745c9412491c2c9fe503c3b7b [term 1 FOLLOWER]: Raft consensus is shut down!
I20260608 12:45:54.955004 12670 tablet_server.cc:196] TabletServer@127.12.95.131:0 shutdown complete.
I20260608 12:45:54.966333 12670 master.cc:562] Master@127.12.95.190:45327 shutting down...
I20260608 12:45:54.981419 12670 raft_consensus.cc:2243] T 00000000000000000000000000000000 P b0095558656646dda0677fb8de581675 [term 1 LEADER]: Raft consensus shutting down.
I20260608 12:45:54.981971 12670 raft_consensus.cc:2272] T 00000000000000000000000000000000 P b0095558656646dda0677fb8de581675 [term 1 FOLLOWER]: Raft consensus is shut down!
I20260608 12:45:54.982311 12670 tablet_replica.cc:333] T 00000000000000000000000000000000 P b0095558656646dda0677fb8de581675: stopping tablet replica
I20260608 12:45:55.000214 12670 master.cc:584] Master@127.12.95.190:45327 shutdown complete.
[       OK ] AutoRebalancerTest.RangeAwareBuildClusterInfoGroupsByRange (2405 ms)
[ RUN      ] AutoRebalancerTest.RangeAwareRebalancesNewRangeReplicas
I20260608 12:45:55.032109 12670 internal_mini_cluster.cc:156] Creating distributed mini masters. Addrs: 127.12.95.190:38467
I20260608 12:45:55.033296 12670 file_cache.cc:492] Constructed file cache file cache with capacity 419430
W20260608 12:45:55.038602 15541 instance_detector.cc:116] could not retrieve Azure instance metadata: Network error: curl error: HTTP response code said error: The requested URL returned error: 404
W20260608 12:45:55.038640 15540 instance_detector.cc:116] could not retrieve AWS instance metadata: Network error: curl error: HTTP response code said error: The requested URL returned error: 404
W20260608 12:45:55.040056 15543 instance_detector.cc:116] could not retrieve OpenStack instance metadata: Network error: curl error: HTTP response code said error: The requested URL returned error: 404
I20260608 12:45:55.040657 12670 server_base.cc:1061] running on GCE node
I20260608 12:45:55.041505 12670 hybrid_clock.cc:584] initializing the hybrid clock with 'system_unsync' time source
W20260608 12:45:55.041700 12670 system_unsync_time.cc:38] NTP support is disabled. Clock error bounds will not be accurate. This configuration is not suitable for distributed clusters.
I20260608 12:45:55.041865 12670 hybrid_clock.cc:648] HybridClock initialized: now 1780922755041831 us; error 0 us; skew 500 ppm
I20260608 12:45:55.042454 12670 server_base.cc:861] Flag tcmalloc_max_total_thread_cache_bytes is not working since tcmalloc is not enabled.
I20260608 12:45:55.044724 12670 webserver.cc:533] Webserver started at http://127.12.95.190:33161/ using document root <none> and password file <none>
I20260608 12:45:55.045235 12670 fs_manager.cc:362] Metadata directory not provided
