I20260608 12:45:57.713852 15805 tablet_service.cc:1511] Processing CreateTablet for tablet 79de2533c3e34e4c91108bda93a613e3 (DEFAULT_TABLE table=range_aware_rebalance_new_range [id=eb93f57a31eb4b7aa638d54866a2960c]), partition=HASH (key) PARTITION 1, RANGE (key) PARTITION 10 <= VALUES < 20
I20260608 12:45:57.715194 15805 data_dirs.cc:400] Could only allocate 1 dirs of requested 3 for tablet 79de2533c3e34e4c91108bda93a613e3. 1 dirs total, 0 dirs full, 0 dirs failed
I20260608 12:45:57.718228 15728 tablet_service.cc:1511] Processing CreateTablet for tablet fc055f81370941bc9415699edad5ef8c (DEFAULT_TABLE table=range_aware_rebalance_new_range [id=eb93f57a31eb4b7aa638d54866a2960c]), partition=HASH (key) PARTITION 3, RANGE (key) PARTITION 10 <= VALUES < 20
I20260608 12:45:57.719599 15728 data_dirs.cc:400] Could only allocate 1 dirs of requested 3 for tablet fc055f81370941bc9415699edad5ef8c. 1 dirs total, 0 dirs full, 0 dirs failed
I20260608 12:45:57.719995 15657 tablet_service.cc:1511] Processing CreateTablet for tablet fc055f81370941bc9415699edad5ef8c (DEFAULT_TABLE table=range_aware_rebalance_new_range [id=eb93f57a31eb4b7aa638d54866a2960c]), partition=HASH (key) PARTITION 3, RANGE (key) PARTITION 10 <= VALUES < 20
I20260608 12:45:57.721453 15657 data_dirs.cc:400] Could only allocate 1 dirs of requested 3 for tablet fc055f81370941bc9415699edad5ef8c. 1 dirs total, 0 dirs full, 0 dirs failed
I20260608 12:45:57.725204 15650 tablet_service.cc:1511] Processing CreateTablet for tablet 79de2533c3e34e4c91108bda93a613e3 (DEFAULT_TABLE table=range_aware_rebalance_new_range [id=eb93f57a31eb4b7aa638d54866a2960c]), partition=HASH (key) PARTITION 1, RANGE (key) PARTITION 10 <= VALUES < 20
I20260608 12:45:57.726601 15650 data_dirs.cc:400] Could only allocate 1 dirs of requested 3 for tablet 79de2533c3e34e4c91108bda93a613e3. 1 dirs total, 0 dirs full, 0 dirs failed
I20260608 12:45:57.729925 15806 tablet_service.cc:1511] Processing CreateTablet for tablet be3ff9249fcd49b6a793bad78b1599d6 (DEFAULT_TABLE table=range_aware_rebalance_new_range [id=eb93f57a31eb4b7aa638d54866a2960c]), partition=HASH (key) PARTITION 2, RANGE (key) PARTITION 10 <= VALUES < 20
I20260608 12:45:57.731319 15806 data_dirs.cc:400] Could only allocate 1 dirs of requested 3 for tablet be3ff9249fcd49b6a793bad78b1599d6. 1 dirs total, 0 dirs full, 0 dirs failed
I20260608 12:45:57.733469 15961 tablet_service.cc:1511] Processing CreateTablet for tablet 44a5863511154ebfad225497daca4cb6 (DEFAULT_TABLE table=range_aware_rebalance_new_range [id=eb93f57a31eb4b7aa638d54866a2960c]), partition=HASH (key) PARTITION 0, RANGE (key) PARTITION 10 <= VALUES < 20
I20260608 12:45:57.734989 15961 data_dirs.cc:400] Could only allocate 1 dirs of requested 3 for tablet 44a5863511154ebfad225497daca4cb6. 1 dirs total, 0 dirs full, 0 dirs failed
I20260608 12:45:57.738133 15960 tablet_service.cc:1511] Processing CreateTablet for tablet 79de2533c3e34e4c91108bda93a613e3 (DEFAULT_TABLE table=range_aware_rebalance_new_range [id=eb93f57a31eb4b7aa638d54866a2960c]), partition=HASH (key) PARTITION 1, RANGE (key) PARTITION 10 <= VALUES < 20
I20260608 12:45:57.741048 15959 tablet_service.cc:1511] Processing CreateTablet for tablet be3ff9249fcd49b6a793bad78b1599d6 (DEFAULT_TABLE table=range_aware_rebalance_new_range [id=eb93f57a31eb4b7aa638d54866a2960c]), partition=HASH (key) PARTITION 2, RANGE (key) PARTITION 10 <= VALUES < 20
I20260608 12:45:57.744841 15958 tablet_service.cc:1511] Processing CreateTablet for tablet fc055f81370941bc9415699edad5ef8c (DEFAULT_TABLE table=range_aware_rebalance_new_range [id=eb93f57a31eb4b7aa638d54866a2960c]), partition=HASH (key) PARTITION 3, RANGE (key) PARTITION 10 <= VALUES < 20
I20260608 12:45:57.748317 15957 tablet_service.cc:1511] Processing CreateTablet for tablet 47012687386442a9acfe6b5e27dd307d (DEFAULT_TABLE table=range_aware_rebalance_new_range [id=eb93f57a31eb4b7aa638d54866a2960c]), partition=HASH (key) PARTITION 4, RANGE (key) PARTITION 10 <= VALUES < 20
I20260608 12:45:57.750172 15654 tablet_service.cc:1511] Processing CreateTablet for tablet 47012687386442a9acfe6b5e27dd307d (DEFAULT_TABLE table=range_aware_rebalance_new_range [id=eb93f57a31eb4b7aa638d54866a2960c]), partition=HASH (key) PARTITION 4, RANGE (key) PARTITION 10 <= VALUES < 20
I20260608 12:45:57.750674 15803 tablet_service.cc:1511] Processing CreateTablet for tablet 47012687386442a9acfe6b5e27dd307d (DEFAULT_TABLE table=range_aware_rebalance_new_range [id=eb93f57a31eb4b7aa638d54866a2960c]), partition=HASH (key) PARTITION 4, RANGE (key) PARTITION 10 <= VALUES < 20
I20260608 12:45:57.751610 15654 data_dirs.cc:400] Could only allocate 1 dirs of requested 3 for tablet 47012687386442a9acfe6b5e27dd307d. 1 dirs total, 0 dirs full, 0 dirs failed
I20260608 12:45:57.752036 15803 data_dirs.cc:400] Could only allocate 1 dirs of requested 3 for tablet 47012687386442a9acfe6b5e27dd307d. 1 dirs total, 0 dirs full, 0 dirs failed
I20260608 12:45:57.757740 15731 tablet_service.cc:1511] Processing CreateTablet for tablet 705c8533872f4d099e3a50f81daeac22 (DEFAULT_TABLE table=range_aware_rebalance_new_range [id=eb93f57a31eb4b7aa638d54866a2960c]), partition=HASH (key) PARTITION 5, RANGE (key) PARTITION 10 <= VALUES < 20
I20260608 12:45:57.758474 15956 tablet_service.cc:1511] Processing CreateTablet for tablet 705c8533872f4d099e3a50f81daeac22 (DEFAULT_TABLE table=range_aware_rebalance_new_range [id=eb93f57a31eb4b7aa638d54866a2960c]), partition=HASH (key) PARTITION 5, RANGE (key) PARTITION 10 <= VALUES < 20
I20260608 12:45:57.759361 15731 data_dirs.cc:400] Could only allocate 1 dirs of requested 3 for tablet 705c8533872f4d099e3a50f81daeac22. 1 dirs total, 0 dirs full, 0 dirs failed
I20260608 12:45:57.760965 15800 tablet_service.cc:1511] Processing CreateTablet for tablet 705c8533872f4d099e3a50f81daeac22 (DEFAULT_TABLE table=range_aware_rebalance_new_range [id=eb93f57a31eb4b7aa638d54866a2960c]), partition=HASH (key) PARTITION 5, RANGE (key) PARTITION 10 <= VALUES < 20
I20260608 12:45:57.762033 15956 data_dirs.cc:400] Could only allocate 1 dirs of requested 3 for tablet 705c8533872f4d099e3a50f81daeac22. 1 dirs total, 0 dirs full, 0 dirs failed
I20260608 12:45:57.762347 15800 data_dirs.cc:400] Could only allocate 1 dirs of requested 3 for tablet 705c8533872f4d099e3a50f81daeac22. 1 dirs total, 0 dirs full, 0 dirs failed
I20260608 12:45:57.765194 15725 tablet_service.cc:1511] Processing CreateTablet for tablet 5bdc3e5b69844e60973338e0b64f63a2 (DEFAULT_TABLE table=range_aware_rebalance_new_range [id=eb93f57a31eb4b7aa638d54866a2960c]), partition=HASH (key) PARTITION 6, RANGE (key) PARTITION 10 <= VALUES < 20
I20260608 12:45:57.765937 15653 tablet_service.cc:1511] Processing CreateTablet for tablet 5bdc3e5b69844e60973338e0b64f63a2 (DEFAULT_TABLE table=range_aware_rebalance_new_range [id=eb93f57a31eb4b7aa638d54866a2960c]), partition=HASH (key) PARTITION 6, RANGE (key) PARTITION 10 <= VALUES < 20
I20260608 12:45:57.766579 15725 data_dirs.cc:400] Could only allocate 1 dirs of requested 3 for tablet 5bdc3e5b69844e60973338e0b64f63a2. 1 dirs total, 0 dirs full, 0 dirs failed
I20260608 12:45:57.767274 15653 data_dirs.cc:400] Could only allocate 1 dirs of requested 3 for tablet 5bdc3e5b69844e60973338e0b64f63a2. 1 dirs total, 0 dirs full, 0 dirs failed
I20260608 12:45:57.771277 15907 consensus_queue.cc:1048] T e2abcc462b07466caa1bd68b963f3469 P 592a4a511f804414b0297b18aa8a6894 [LEADER]: Connected to new peer: Peer: permanent_uuid: "0b2f8022cd1e4f8c86b17f986e4f533e" member_type: VOTER last_known_addr { host: "127.12.95.131" port: 33521 }, Status: LMP_MISMATCH, Last received: 0.0, Next index: 1, Last known committed idx: 0, Time since last communication: 0.000s
I20260608 12:45:57.774883 15802 tablet_service.cc:1511] Processing CreateTablet for tablet 81d8150ed5e540989219870949232d91 (DEFAULT_TABLE table=range_aware_rebalance_new_range [id=eb93f57a31eb4b7aa638d54866a2960c]), partition=HASH (key) PARTITION 7, RANGE (key) PARTITION 10 <= VALUES < 20
I20260608 12:45:57.776299 15802 data_dirs.cc:400] Could only allocate 1 dirs of requested 3 for tablet 81d8150ed5e540989219870949232d91. 1 dirs total, 0 dirs full, 0 dirs failed
I20260608 12:45:57.776705 15960 data_dirs.cc:400] Could only allocate 1 dirs of requested 3 for tablet 79de2533c3e34e4c91108bda93a613e3. 1 dirs total, 0 dirs full, 0 dirs failed
I20260608 12:45:57.781797 15957 data_dirs.cc:400] Could only allocate 1 dirs of requested 3 for tablet 47012687386442a9acfe6b5e27dd307d. 1 dirs total, 0 dirs full, 0 dirs failed
I20260608 12:45:57.783696 15959 data_dirs.cc:400] Could only allocate 1 dirs of requested 3 for tablet be3ff9249fcd49b6a793bad78b1599d6. 1 dirs total, 0 dirs full, 0 dirs failed
I20260608 12:45:57.785589 16003 tablet_bootstrap.cc:492] T fc055f81370941bc9415699edad5ef8c P 3c36ad93d9c4441bb435d0e218a991c7: Bootstrap starting.
I20260608 12:45:57.790997 15958 data_dirs.cc:400] Could only allocate 1 dirs of requested 3 for tablet fc055f81370941bc9415699edad5ef8c. 1 dirs total, 0 dirs full, 0 dirs failed
I20260608 12:45:57.826817 16003 tablet_bootstrap.cc:654] T fc055f81370941bc9415699edad5ef8c P 3c36ad93d9c4441bb435d0e218a991c7: Neither blocks nor log segments found. Creating new log.
I20260608 12:45:57.832746 15954 tablet_service.cc:1511] Processing CreateTablet for tablet 81d8150ed5e540989219870949232d91 (DEFAULT_TABLE table=range_aware_rebalance_new_range [id=eb93f57a31eb4b7aa638d54866a2960c]), partition=HASH (key) PARTITION 7, RANGE (key) PARTITION 10 <= VALUES < 20
I20260608 12:45:57.834364 15954 data_dirs.cc:400] Could only allocate 1 dirs of requested 3 for tablet 81d8150ed5e540989219870949232d91. 1 dirs total, 0 dirs full, 0 dirs failed
I20260608 12:45:57.829047 15955 tablet_service.cc:1511] Processing CreateTablet for tablet 5bdc3e5b69844e60973338e0b64f63a2 (DEFAULT_TABLE table=range_aware_rebalance_new_range [id=eb93f57a31eb4b7aa638d54866a2960c]), partition=HASH (key) PARTITION 6, RANGE (key) PARTITION 10 <= VALUES < 20
I20260608 12:45:57.846907 15955 data_dirs.cc:400] Could only allocate 1 dirs of requested 3 for tablet 5bdc3e5b69844e60973338e0b64f63a2. 1 dirs total, 0 dirs full, 0 dirs failed
I20260608 12:45:57.848284 15905 consensus_queue.cc:1048] T 88fadc57e57a4813af54f6c4cb931eeb P 0b2f8022cd1e4f8c86b17f986e4f533e [LEADER]: Connected to new peer: Peer: permanent_uuid: "3c36ad93d9c4441bb435d0e218a991c7" member_type: VOTER last_known_addr { host: "127.12.95.129" port: 34787 }, Status: LMP_MISMATCH, Last received: 0.0, Next index: 1, Last known committed idx: 0, Time since last communication: 0.000s
I20260608 12:45:57.860422 15888 consensus_queue.cc:1048] T e2abcc462b07466caa1bd68b963f3469 P 592a4a511f804414b0297b18aa8a6894 [LEADER]: Connected to new peer: Peer: permanent_uuid: "3c36ad93d9c4441bb435d0e218a991c7" member_type: VOTER last_known_addr { host: "127.12.95.129" port: 34787 }, Status: LMP_MISMATCH, Last received: 0.0, Next index: 1, Last known committed idx: 0, Time since last communication: 0.000s
I20260608 12:45:57.861876 15657 tablet_service.cc:1511] Processing CreateTablet for tablet 81d8150ed5e540989219870949232d91 (DEFAULT_TABLE table=range_aware_rebalance_new_range [id=eb93f57a31eb4b7aa638d54866a2960c]), partition=HASH (key) PARTITION 7, RANGE (key) PARTITION 10 <= VALUES < 20
I20260608 12:45:57.862637 16002 tablet_bootstrap.cc:492] T 79de2533c3e34e4c91108bda93a613e3 P 0b2f8022cd1e4f8c86b17f986e4f533e: Bootstrap starting.
I20260608 12:45:57.863353 15657 data_dirs.cc:400] Could only allocate 1 dirs of requested 3 for tablet 81d8150ed5e540989219870949232d91. 1 dirs total, 0 dirs full, 0 dirs failed
I20260608 12:45:57.863380 15908 consensus_queue.cc:1048] T 7a32ff6e25e84807a7732a6d0fadf23d P 0b2f8022cd1e4f8c86b17f986e4f533e [LEADER]: Connected to new peer: Peer: permanent_uuid: "592a4a511f804414b0297b18aa8a6894" member_type: VOTER last_known_addr { host: "127.12.95.130" port: 39501 }, Status: LMP_MISMATCH, Last received: 0.0, Next index: 1, Last known committed idx: 0, Time since last communication: 0.003s
I20260608 12:45:57.890935 15874 consensus_queue.cc:1048] T deaf159cc65342569aaa7f0cae581dab P 3c36ad93d9c4441bb435d0e218a991c7 [LEADER]: Connected to new peer: Peer: permanent_uuid: "592a4a511f804414b0297b18aa8a6894" member_type: VOTER last_known_addr { host: "127.12.95.130" port: 39501 }, Status: LMP_MISMATCH, Last received: 0.0, Next index: 1, Last known committed idx: 0, Time since last communication: 0.000s
I20260608 12:45:57.906774 15908 consensus_queue.cc:1048] T cb4b739d620344c5a1d79a1172315fdd P 0b2f8022cd1e4f8c86b17f986e4f533e [LEADER]: Connected to new peer: Peer: permanent_uuid: "592a4a511f804414b0297b18aa8a6894" member_type: VOTER last_known_addr { host: "127.12.95.130" port: 39501 }, Status: LMP_MISMATCH, Last received: 0.0, Next index: 1, Last known committed idx: 0, Time since last communication: 0.000s
I20260608 12:45:57.917850 16005 tablet_bootstrap.cc:492] T 5bdc3e5b69844e60973338e0b64f63a2 P 592a4a511f804414b0297b18aa8a6894: Bootstrap starting.
I20260608 12:45:57.927755 15905 consensus_queue.cc:1048] T 83d81234aeaa4974aceebcc08fe36f4b P 0b2f8022cd1e4f8c86b17f986e4f533e [LEADER]: Connected to new peer: Peer: permanent_uuid: "3c36ad93d9c4441bb435d0e218a991c7" member_type: VOTER last_known_addr { host: "127.12.95.129" port: 34787 }, Status: LMP_MISMATCH, Last received: 0.0, Next index: 1, Last known committed idx: 0, Time since last communication: 0.001s
I20260608 12:45:57.931420 15905 consensus_queue.cc:1048] T cb4b739d620344c5a1d79a1172315fdd P 0b2f8022cd1e4f8c86b17f986e4f533e [LEADER]: Connected to new peer: Peer: permanent_uuid: "3c36ad93d9c4441bb435d0e218a991c7" member_type: VOTER last_known_addr { host: "127.12.95.129" port: 34787 }, Status: LMP_MISMATCH, Last received: 0.0, Next index: 1, Last known committed idx: 0, Time since last communication: 0.001s
I20260608 12:45:57.930178 15908 consensus_queue.cc:1048] T 83d81234aeaa4974aceebcc08fe36f4b P 0b2f8022cd1e4f8c86b17f986e4f533e [LEADER]: Connected to new peer: Peer: permanent_uuid: "592a4a511f804414b0297b18aa8a6894" member_type: VOTER last_known_addr { host: "127.12.95.130" port: 39501 }, Status: LMP_MISMATCH, Last received: 0.0, Next index: 1, Last known committed idx: 0, Time since last communication: 0.004s
I20260608 12:45:57.931891 16009 tablet_bootstrap.cc:492] T 79de2533c3e34e4c91108bda93a613e3 P 143e8853c5f147ab9bbba7a62d0f9d58: Bootstrap starting.
W20260608 12:45:57.954887 16008 log.cc:927] Time spent T 88fadc57e57a4813af54f6c4cb931eeb P 3c36ad93d9c4441bb435d0e218a991c7: Append to log took a long time: real 0.053s	user 0.002s	sys 0.000s
I20260608 12:45:57.958599 16002 tablet_bootstrap.cc:654] T 79de2533c3e34e4c91108bda93a613e3 P 0b2f8022cd1e4f8c86b17f986e4f533e: Neither blocks nor log segments found. Creating new log.
I20260608 12:45:58.038061 16003 tablet_bootstrap.cc:492] T fc055f81370941bc9415699edad5ef8c P 3c36ad93d9c4441bb435d0e218a991c7: No bootstrap required, opened a new log
W20260608 12:45:58.037230 15550 outbound_call.cc:321] RPC callback for RPC call kudu.tserver.TabletServerAdminService.CreateTablet -> {remote=127.12.95.129:34787, user_credentials={real_user=slave}} blocked reactor thread for 51174.2us
I20260608 12:45:58.049948 15874 consensus_queue.cc:1048] T deaf159cc65342569aaa7f0cae581dab P 3c36ad93d9c4441bb435d0e218a991c7 [LEADER]: Connected to new peer: Peer: permanent_uuid: "0b2f8022cd1e4f8c86b17f986e4f533e" member_type: VOTER last_known_addr { host: "127.12.95.131" port: 33521 }, Status: LMP_MISMATCH, Last received: 0.0, Next index: 1, Last known committed idx: 0, Time since last communication: 0.000s
I20260608 12:45:58.055939 16003 ts_tablet_manager.cc:1403] T fc055f81370941bc9415699edad5ef8c P 3c36ad93d9c4441bb435d0e218a991c7: Time spent bootstrapping tablet: real 0.271s	user 0.027s	sys 0.016s
I20260608 12:45:58.068271 15905 consensus_queue.cc:1048] T 7a32ff6e25e84807a7732a6d0fadf23d P 0b2f8022cd1e4f8c86b17f986e4f533e [LEADER]: Connected to new peer: Peer: permanent_uuid: "3c36ad93d9c4441bb435d0e218a991c7" member_type: VOTER last_known_addr { host: "127.12.95.129" port: 34787 }, Status: LMP_MISMATCH, Last received: 0.0, Next index: 1, Last known committed idx: 0, Time since last communication: 0.000s
I20260608 12:45:58.053388 16012 consensus_queue.cc:1048] T 88fadc57e57a4813af54f6c4cb931eeb P 0b2f8022cd1e4f8c86b17f986e4f533e [LEADER]: Connected to new peer: Peer: permanent_uuid: "592a4a511f804414b0297b18aa8a6894" member_type: VOTER last_known_addr { host: "127.12.95.130" port: 39501 }, Status: LMP_MISMATCH, Last received: 0.0, Next index: 1, Last known committed idx: 0, Time since last communication: 0.002s
I20260608 12:45:58.081542 16003 raft_consensus.cc:359] T fc055f81370941bc9415699edad5ef8c P 3c36ad93d9c4441bb435d0e218a991c7 [term 0 FOLLOWER]: Replica starting. Triggering 0 pending ops. Active config: opid_index: -1 OBSOLETE_local: false peers { permanent_uuid: "592a4a511f804414b0297b18aa8a6894" member_type: VOTER last_known_addr { host: "127.12.95.130" port: 39501 } } peers { permanent_uuid: "3c36ad93d9c4441bb435d0e218a991c7" member_type: VOTER last_known_addr { host: "127.12.95.129" port: 34787 } } peers { permanent_uuid: "143e8853c5f147ab9bbba7a62d0f9d58" member_type: VOTER last_known_addr { host: "127.12.95.132" port: 41611 } }
I20260608 12:45:58.082351 16003 raft_consensus.cc:385] T fc055f81370941bc9415699edad5ef8c P 3c36ad93d9c4441bb435d0e218a991c7 [term 0 FOLLOWER]: Consensus starting up: Expiring failure detector timer to make a prompt election more likely
I20260608 12:45:58.082695 16003 raft_consensus.cc:740] T fc055f81370941bc9415699edad5ef8c P 3c36ad93d9c4441bb435d0e218a991c7 [term 0 FOLLOWER]: Becoming Follower/Learner. State: Replica: 3c36ad93d9c4441bb435d0e218a991c7, State: Initialized, Role: FOLLOWER
I20260608 12:45:58.098800 16002 tablet_bootstrap.cc:492] T 79de2533c3e34e4c91108bda93a613e3 P 0b2f8022cd1e4f8c86b17f986e4f533e: No bootstrap required, opened a new log
I20260608 12:45:58.099345 16002 ts_tablet_manager.cc:1403] T 79de2533c3e34e4c91108bda93a613e3 P 0b2f8022cd1e4f8c86b17f986e4f533e: Time spent bootstrapping tablet: real 0.245s	user 0.013s	sys 0.015s
I20260608 12:45:58.083612 16003 consensus_queue.cc:260] T fc055f81370941bc9415699edad5ef8c P 3c36ad93d9c4441bb435d0e218a991c7 [NON_LEADER]: Queue going to NON_LEADER mode. State: All replicated index: 0, Majority replicated index: 0, Committed index: 0, Last appended: 0.0, Last appended by leader: 0, Current term: 0, Majority size: -1, State: 0, Mode: NON_LEADER, active raft config: opid_index: -1 OBSOLETE_local: false peers { permanent_uuid: "592a4a511f804414b0297b18aa8a6894" member_type: VOTER last_known_addr { host: "127.12.95.130" port: 39501 } } peers { permanent_uuid: "3c36ad93d9c4441bb435d0e218a991c7" member_type: VOTER last_known_addr { host: "127.12.95.129" port: 34787 } } peers { permanent_uuid: "143e8853c5f147ab9bbba7a62d0f9d58" member_type: VOTER last_known_addr { host: "127.12.95.132" port: 41611 } }
I20260608 12:45:58.118151 16009 tablet_bootstrap.cc:654] T 79de2533c3e34e4c91108bda93a613e3 P 143e8853c5f147ab9bbba7a62d0f9d58: Neither blocks nor log segments found. Creating new log.
I20260608 12:45:58.115329 16002 raft_consensus.cc:359] T 79de2533c3e34e4c91108bda93a613e3 P 0b2f8022cd1e4f8c86b17f986e4f533e [term 0 FOLLOWER]: Replica starting. Triggering 0 pending ops. Active config: opid_index: -1 OBSOLETE_local: false peers { permanent_uuid: "3c36ad93d9c4441bb435d0e218a991c7" member_type: VOTER last_known_addr { host: "127.12.95.129" port: 34787 } } peers { permanent_uuid: "0b2f8022cd1e4f8c86b17f986e4f533e" member_type: VOTER last_known_addr { host: "127.12.95.131" port: 33521 } } peers { permanent_uuid: "143e8853c5f147ab9bbba7a62d0f9d58" member_type: VOTER last_known_addr { host: "127.12.95.132" port: 41611 } }
I20260608 12:45:58.124863 16002 raft_consensus.cc:385] T 79de2533c3e34e4c91108bda93a613e3 P 0b2f8022cd1e4f8c86b17f986e4f533e [term 0 FOLLOWER]: Consensus starting up: Expiring failure detector timer to make a prompt election more likely
I20260608 12:45:58.125303 16002 raft_consensus.cc:740] T 79de2533c3e34e4c91108bda93a613e3 P 0b2f8022cd1e4f8c86b17f986e4f533e [term 0 FOLLOWER]: Becoming Follower/Learner. State: Replica: 0b2f8022cd1e4f8c86b17f986e4f533e, State: Initialized, Role: FOLLOWER
I20260608 12:45:58.126190 16002 consensus_queue.cc:260] T 79de2533c3e34e4c91108bda93a613e3 P 0b2f8022cd1e4f8c86b17f986e4f533e [NON_LEADER]: Queue going to NON_LEADER mode. State: All replicated index: 0, Majority replicated index: 0, Committed index: 0, Last appended: 0.0, Last appended by leader: 0, Current term: 0, Majority size: -1, State: 0, Mode: NON_LEADER, active raft config: opid_index: -1 OBSOLETE_local: false peers { permanent_uuid: "3c36ad93d9c4441bb435d0e218a991c7" member_type: VOTER last_known_addr { host: "127.12.95.129" port: 34787 } } peers { permanent_uuid: "0b2f8022cd1e4f8c86b17f986e4f533e" member_type: VOTER last_known_addr { host: "127.12.95.131" port: 33521 } } peers { permanent_uuid: "143e8853c5f147ab9bbba7a62d0f9d58" member_type: VOTER last_known_addr { host: "127.12.95.132" port: 41611 } }
I20260608 12:45:58.112982 15874 raft_consensus.cc:493] T fc055f81370941bc9415699edad5ef8c P 3c36ad93d9c4441bb435d0e218a991c7 [term 0 FOLLOWER]: Starting pre-election (no leader contacted us within the election timeout)
I20260608 12:45:58.129611 15874 raft_consensus.cc:515] T fc055f81370941bc9415699edad5ef8c P 3c36ad93d9c4441bb435d0e218a991c7 [term 0 FOLLOWER]: Starting pre-election with config: opid_index: -1 OBSOLETE_local: false peers { permanent_uuid: "592a4a511f804414b0297b18aa8a6894" member_type: VOTER last_known_addr { host: "127.12.95.130" port: 39501 } } peers { permanent_uuid: "3c36ad93d9c4441bb435d0e218a991c7" member_type: VOTER last_known_addr { host: "127.12.95.129" port: 34787 } } peers { permanent_uuid: "143e8853c5f147ab9bbba7a62d0f9d58" member_type: VOTER last_known_addr { host: "127.12.95.132" port: 41611 } }
I20260608 12:45:58.149964 16002 ts_tablet_manager.cc:1434] T 79de2533c3e34e4c91108bda93a613e3 P 0b2f8022cd1e4f8c86b17f986e4f533e: Time spent starting tablet: real 0.050s	user 0.008s	sys 0.002s
W20260608 12:45:58.199283 15630 outbound_call.cc:321] RPC callback for RPC call kudu.consensus.ConsensusService.UpdateConsensus -> {remote=127.12.95.130:39501, user_credentials={real_user=slave}} blocked reactor thread for 66010us
I20260608 12:45:58.232427 16002 tablet_bootstrap.cc:492] T be3ff9249fcd49b6a793bad78b1599d6 P 0b2f8022cd1e4f8c86b17f986e4f533e: Bootstrap starting.
I20260608 12:45:58.246021 16003 ts_tablet_manager.cc:1434] T fc055f81370941bc9415699edad5ef8c P 3c36ad93d9c4441bb435d0e218a991c7: Time spent starting tablet: real 0.190s	user 0.041s	sys 0.028s
W20260608 12:45:58.277617 15780 outbound_call.cc:321] RPC callback for RPC call kudu.consensus.ConsensusService.UpdateConsensus -> {remote=127.12.95.129:34787, user_credentials={real_user=slave}} blocked reactor thread for 56156.2us
W20260608 12:45:58.260840 15613 auto_rebalancer.cc:259] Could not retrieve cluster info: Service unavailable: Tablet not running
I20260608 12:45:58.284735 16003 tablet_bootstrap.cc:492] T 44a5863511154ebfad225497daca4cb6 P 3c36ad93d9c4441bb435d0e218a991c7: Bootstrap starting.
I20260608 12:45:58.289877 15740 tablet_service.cc:1917] Received RequestConsensusVote() RPC: tablet_id: "fc055f81370941bc9415699edad5ef8c" candidate_uuid: "3c36ad93d9c4441bb435d0e218a991c7" candidate_term: 1 candidate_status { last_received { term: 0 index: 0 } } ignore_live_leader: false dest_uuid: "592a4a511f804414b0297b18aa8a6894" is_pre_election: true
I20260608 12:45:58.290419 16009 tablet_bootstrap.cc:492] T 79de2533c3e34e4c91108bda93a613e3 P 143e8853c5f147ab9bbba7a62d0f9d58: No bootstrap required, opened a new log
I20260608 12:45:58.291092 16009 ts_tablet_manager.cc:1403] T 79de2533c3e34e4c91108bda93a613e3 P 143e8853c5f147ab9bbba7a62d0f9d58: Time spent bootstrapping tablet: real 0.359s	user 0.024s	sys 0.044s
W20260608 12:45:58.291532 15630 leader_election.cc:343] T fc055f81370941bc9415699edad5ef8c P 3c36ad93d9c4441bb435d0e218a991c7 [CANDIDATE]: Term 1 pre-election: Tablet error from VoteRequest() call to peer 592a4a511f804414b0297b18aa8a6894 (127.12.95.130:39501): Illegal state: must be running to vote when last-logged opid is not known
I20260608 12:45:58.297640 15874 leader_election.cc:290] T fc055f81370941bc9415699edad5ef8c P 3c36ad93d9c4441bb435d0e218a991c7 [CANDIDATE]: Term 1 pre-election: Requested pre-vote from peers 592a4a511f804414b0297b18aa8a6894 (127.12.95.130:39501), 143e8853c5f147ab9bbba7a62d0f9d58 (127.12.95.132:41611)
I20260608 12:45:58.306052 16005 tablet_bootstrap.cc:654] T 5bdc3e5b69844e60973338e0b64f63a2 P 592a4a511f804414b0297b18aa8a6894: Neither blocks nor log segments found. Creating new log.
I20260608 12:45:58.315649 16002 tablet_bootstrap.cc:654] T be3ff9249fcd49b6a793bad78b1599d6 P 0b2f8022cd1e4f8c86b17f986e4f533e: Neither blocks nor log segments found. Creating new log.
I20260608 12:45:58.317672 16003 tablet_bootstrap.cc:654] T 44a5863511154ebfad225497daca4cb6 P 3c36ad93d9c4441bb435d0e218a991c7: Neither blocks nor log segments found. Creating new log.
I20260608 12:45:58.319108 16009 raft_consensus.cc:359] T 79de2533c3e34e4c91108bda93a613e3 P 143e8853c5f147ab9bbba7a62d0f9d58 [term 0 FOLLOWER]: Replica starting. Triggering 0 pending ops. Active config: opid_index: -1 OBSOLETE_local: false peers { permanent_uuid: "3c36ad93d9c4441bb435d0e218a991c7" member_type: VOTER last_known_addr { host: "127.12.95.129" port: 34787 } } peers { permanent_uuid: "0b2f8022cd1e4f8c86b17f986e4f533e" member_type: VOTER last_known_addr { host: "127.12.95.131" port: 33521 } } peers { permanent_uuid: "143e8853c5f147ab9bbba7a62d0f9d58" member_type: VOTER last_known_addr { host: "127.12.95.132" port: 41611 } }
I20260608 12:45:58.319911 16009 raft_consensus.cc:385] T 79de2533c3e34e4c91108bda93a613e3 P 143e8853c5f147ab9bbba7a62d0f9d58 [term 0 FOLLOWER]: Consensus starting up: Expiring failure detector timer to make a prompt election more likely
I20260608 12:45:58.320245 16009 raft_consensus.cc:740] T 79de2533c3e34e4c91108bda93a613e3 P 143e8853c5f147ab9bbba7a62d0f9d58 [term 0 FOLLOWER]: Becoming Follower/Learner. State: Replica: 143e8853c5f147ab9bbba7a62d0f9d58, State: Initialized, Role: FOLLOWER
I20260608 12:45:58.323429 16009 consensus_queue.cc:260] T 79de2533c3e34e4c91108bda93a613e3 P 143e8853c5f147ab9bbba7a62d0f9d58 [NON_LEADER]: Queue going to NON_LEADER mode. State: All replicated index: 0, Majority replicated index: 0, Committed index: 0, Last appended: 0.0, Last appended by leader: 0, Current term: 0, Majority size: -1, State: 0, Mode: NON_LEADER, active raft config: opid_index: -1 OBSOLETE_local: false peers { permanent_uuid: "3c36ad93d9c4441bb435d0e218a991c7" member_type: VOTER last_known_addr { host: "127.12.95.129" port: 34787 } } peers { permanent_uuid: "0b2f8022cd1e4f8c86b17f986e4f533e" member_type: VOTER last_known_addr { host: "127.12.95.131" port: 33521 } } peers { permanent_uuid: "143e8853c5f147ab9bbba7a62d0f9d58" member_type: VOTER last_known_addr { host: "127.12.95.132" port: 41611 } }
I20260608 12:45:58.329602 16002 tablet_bootstrap.cc:492] T be3ff9249fcd49b6a793bad78b1599d6 P 0b2f8022cd1e4f8c86b17f986e4f533e: No bootstrap required, opened a new log
I20260608 12:45:58.330269 16002 ts_tablet_manager.cc:1403] T be3ff9249fcd49b6a793bad78b1599d6 P 0b2f8022cd1e4f8c86b17f986e4f533e: Time spent bootstrapping tablet: real 0.113s	user 0.014s	sys 0.006s
I20260608 12:45:58.334384 16002 raft_consensus.cc:359] T be3ff9249fcd49b6a793bad78b1599d6 P 0b2f8022cd1e4f8c86b17f986e4f533e [term 0 FOLLOWER]: Replica starting. Triggering 0 pending ops. Active config: opid_index: -1 OBSOLETE_local: false peers { permanent_uuid: "0b2f8022cd1e4f8c86b17f986e4f533e" member_type: VOTER last_known_addr { host: "127.12.95.131" port: 33521 } } peers { permanent_uuid: "592a4a511f804414b0297b18aa8a6894" member_type: VOTER last_known_addr { host: "127.12.95.130" port: 39501 } } peers { permanent_uuid: "143e8853c5f147ab9bbba7a62d0f9d58" member_type: VOTER last_known_addr { host: "127.12.95.132" port: 41611 } }
I20260608 12:45:58.335361 16002 raft_consensus.cc:385] T be3ff9249fcd49b6a793bad78b1599d6 P 0b2f8022cd1e4f8c86b17f986e4f533e [term 0 FOLLOWER]: Consensus starting up: Expiring failure detector timer to make a prompt election more likely
I20260608 12:45:58.335747 16002 raft_consensus.cc:740] T be3ff9249fcd49b6a793bad78b1599d6 P 0b2f8022cd1e4f8c86b17f986e4f533e [term 0 FOLLOWER]: Becoming Follower/Learner. State: Replica: 0b2f8022cd1e4f8c86b17f986e4f533e, State: Initialized, Role: FOLLOWER
I20260608 12:45:58.338119 16003 tablet_bootstrap.cc:492] T 44a5863511154ebfad225497daca4cb6 P 3c36ad93d9c4441bb435d0e218a991c7: No bootstrap required, opened a new log
I20260608 12:45:58.338828 16003 ts_tablet_manager.cc:1403] T 44a5863511154ebfad225497daca4cb6 P 3c36ad93d9c4441bb435d0e218a991c7: Time spent bootstrapping tablet: real 0.055s	user 0.010s	sys 0.006s
I20260608 12:45:58.341615 16002 consensus_queue.cc:260] T be3ff9249fcd49b6a793bad78b1599d6 P 0b2f8022cd1e4f8c86b17f986e4f533e [NON_LEADER]: Queue going to NON_LEADER mode. State: All replicated index: 0, Majority replicated index: 0, Committed index: 0, Last appended: 0.0, Last appended by leader: 0, Current term: 0, Majority size: -1, State: 0, Mode: NON_LEADER, active raft config: opid_index: -1 OBSOLETE_local: false peers { permanent_uuid: "0b2f8022cd1e4f8c86b17f986e4f533e" member_type: VOTER last_known_addr { host: "127.12.95.131" port: 33521 } } peers { permanent_uuid: "592a4a511f804414b0297b18aa8a6894" member_type: VOTER last_known_addr { host: "127.12.95.130" port: 39501 } } peers { permanent_uuid: "143e8853c5f147ab9bbba7a62d0f9d58" member_type: VOTER last_known_addr { host: "127.12.95.132" port: 41611 } }
I20260608 12:45:58.349339 16002 ts_tablet_manager.cc:1434] T be3ff9249fcd49b6a793bad78b1599d6 P 0b2f8022cd1e4f8c86b17f986e4f533e: Time spent starting tablet: real 0.019s	user 0.010s	sys 0.000s
I20260608 12:45:58.350557 16002 tablet_bootstrap.cc:492] T 81d8150ed5e540989219870949232d91 P 0b2f8022cd1e4f8c86b17f986e4f533e: Bootstrap starting.
I20260608 12:45:58.352927 16003 raft_consensus.cc:359] T 44a5863511154ebfad225497daca4cb6 P 3c36ad93d9c4441bb435d0e218a991c7 [term 0 FOLLOWER]: Replica starting. Triggering 0 pending ops. Active config: opid_index: -1 OBSOLETE_local: false peers { permanent_uuid: "3c36ad93d9c4441bb435d0e218a991c7" member_type: VOTER last_known_addr { host: "127.12.95.129" port: 34787 } } peers { permanent_uuid: "143e8853c5f147ab9bbba7a62d0f9d58" member_type: VOTER last_known_addr { host: "127.12.95.132" port: 41611 } } peers { permanent_uuid: "592a4a511f804414b0297b18aa8a6894" member_type: VOTER last_known_addr { host: "127.12.95.130" port: 39501 } }
I20260608 12:45:58.355316 15996 heartbeater.cc:499] Master 127.12.95.190:38467 was elected leader, sending a full tablet report...
I20260608 12:45:58.356035 16009 ts_tablet_manager.cc:1434] T 79de2533c3e34e4c91108bda93a613e3 P 143e8853c5f147ab9bbba7a62d0f9d58: Time spent starting tablet: real 0.065s	user 0.012s	sys 0.024s
I20260608 12:45:58.356251 16005 tablet_bootstrap.cc:492] T 5bdc3e5b69844e60973338e0b64f63a2 P 592a4a511f804414b0297b18aa8a6894: No bootstrap required, opened a new log
I20260608 12:45:58.356890 16005 ts_tablet_manager.cc:1403] T 5bdc3e5b69844e60973338e0b64f63a2 P 592a4a511f804414b0297b18aa8a6894: Time spent bootstrapping tablet: real 0.454s	user 0.030s	sys 0.022s
I20260608 12:45:58.357193 16009 tablet_bootstrap.cc:492] T 44a5863511154ebfad225497daca4cb6 P 143e8853c5f147ab9bbba7a62d0f9d58: Bootstrap starting.
I20260608 12:45:58.360405 16005 raft_consensus.cc:359] T 5bdc3e5b69844e60973338e0b64f63a2 P 592a4a511f804414b0297b18aa8a6894 [term 0 FOLLOWER]: Replica starting. Triggering 0 pending ops. Active config: opid_index: -1 OBSOLETE_local: false peers { permanent_uuid: "592a4a511f804414b0297b18aa8a6894" member_type: VOTER last_known_addr { host: "127.12.95.130" port: 39501 } } peers { permanent_uuid: "3c36ad93d9c4441bb435d0e218a991c7" member_type: VOTER last_known_addr { host: "127.12.95.129" port: 34787 } } peers { permanent_uuid: "143e8853c5f147ab9bbba7a62d0f9d58" member_type: VOTER last_known_addr { host: "127.12.95.132" port: 41611 } }
I20260608 12:45:58.361241 16005 raft_consensus.cc:385] T 5bdc3e5b69844e60973338e0b64f63a2 P 592a4a511f804414b0297b18aa8a6894 [term 0 FOLLOWER]: Consensus starting up: Expiring failure detector timer to make a prompt election more likely
I20260608 12:45:58.361626 16005 raft_consensus.cc:740] T 5bdc3e5b69844e60973338e0b64f63a2 P 592a4a511f804414b0297b18aa8a6894 [term 0 FOLLOWER]: Becoming Follower/Learner. State: Replica: 592a4a511f804414b0297b18aa8a6894, State: Initialized, Role: FOLLOWER
I20260608 12:45:58.364573 16009 tablet_bootstrap.cc:654] T 44a5863511154ebfad225497daca4cb6 P 143e8853c5f147ab9bbba7a62d0f9d58: Neither blocks nor log segments found. Creating new log.
I20260608 12:45:58.353922 16003 raft_consensus.cc:385] T 44a5863511154ebfad225497daca4cb6 P 3c36ad93d9c4441bb435d0e218a991c7 [term 0 FOLLOWER]: Consensus starting up: Expiring failure detector timer to make a prompt election more likely
I20260608 12:45:58.365068 16003 raft_consensus.cc:740] T 44a5863511154ebfad225497daca4cb6 P 3c36ad93d9c4441bb435d0e218a991c7 [term 0 FOLLOWER]: Becoming Follower/Learner. State: Replica: 3c36ad93d9c4441bb435d0e218a991c7, State: Initialized, Role: FOLLOWER
I20260608 12:45:58.365983 16003 consensus_queue.cc:260] T 44a5863511154ebfad225497daca4cb6 P 3c36ad93d9c4441bb435d0e218a991c7 [NON_LEADER]: Queue going to NON_LEADER mode. State: All replicated index: 0, Majority replicated index: 0, Committed index: 0, Last appended: 0.0, Last appended by leader: 0, Current term: 0, Majority size: -1, State: 0, Mode: NON_LEADER, active raft config: opid_index: -1 OBSOLETE_local: false peers { permanent_uuid: "3c36ad93d9c4441bb435d0e218a991c7" member_type: VOTER last_known_addr { host: "127.12.95.129" port: 34787 } } peers { permanent_uuid: "143e8853c5f147ab9bbba7a62d0f9d58" member_type: VOTER last_known_addr { host: "127.12.95.132" port: 41611 } } peers { permanent_uuid: "592a4a511f804414b0297b18aa8a6894" member_type: VOTER last_known_addr { host: "127.12.95.130" port: 39501 } }
I20260608 12:45:58.367954 16003 ts_tablet_manager.cc:1434] T 44a5863511154ebfad225497daca4cb6 P 3c36ad93d9c4441bb435d0e218a991c7: Time spent starting tablet: real 0.029s	user 0.008s	sys 0.000s
I20260608 12:45:58.369012 16003 tablet_bootstrap.cc:492] T 47012687386442a9acfe6b5e27dd307d P 3c36ad93d9c4441bb435d0e218a991c7: Bootstrap starting.
I20260608 12:45:58.378098 15971 tablet_service.cc:1917] Received RequestConsensusVote() RPC: tablet_id: "fc055f81370941bc9415699edad5ef8c" candidate_uuid: "3c36ad93d9c4441bb435d0e218a991c7" candidate_term: 1 candidate_status { last_received { term: 0 index: 0 } } ignore_live_leader: false dest_uuid: "143e8853c5f147ab9bbba7a62d0f9d58" is_pre_election: true
W20260608 12:45:58.380064 15631 leader_election.cc:343] T fc055f81370941bc9415699edad5ef8c P 3c36ad93d9c4441bb435d0e218a991c7 [CANDIDATE]: Term 1 pre-election: Tablet error from VoteRequest() call to peer 143e8853c5f147ab9bbba7a62d0f9d58 (127.12.95.132:41611): Illegal state: must be running to vote when last-logged opid is not known
I20260608 12:45:58.380651 15631 leader_election.cc:304] T fc055f81370941bc9415699edad5ef8c P 3c36ad93d9c4441bb435d0e218a991c7 [CANDIDATE]: Term 1 pre-election: Election decided. Result: candidate lost. Election summary: received 3 responses out of 3 voters: 1 yes votes; 2 no votes. yes voters: 3c36ad93d9c4441bb435d0e218a991c7; no voters: 143e8853c5f147ab9bbba7a62d0f9d58, 592a4a511f804414b0297b18aa8a6894
I20260608 12:45:58.381273 16003 tablet_bootstrap.cc:654] T 47012687386442a9acfe6b5e27dd307d P 3c36ad93d9c4441bb435d0e218a991c7: Neither blocks nor log segments found. Creating new log.
I20260608 12:45:58.382014 15874 raft_consensus.cc:2749] T fc055f81370941bc9415699edad5ef8c P 3c36ad93d9c4441bb435d0e218a991c7 [term 0 FOLLOWER]: Leader pre-election lost for term 1. Reason: could not achieve majority
I20260608 12:45:58.383728 16002 tablet_bootstrap.cc:654] T 81d8150ed5e540989219870949232d91 P 0b2f8022cd1e4f8c86b17f986e4f533e: Neither blocks nor log segments found. Creating new log.
I20260608 12:45:58.398874 16003 tablet_bootstrap.cc:492] T 47012687386442a9acfe6b5e27dd307d P 3c36ad93d9c4441bb435d0e218a991c7: No bootstrap required, opened a new log
I20260608 12:45:58.399061 16009 tablet_bootstrap.cc:492] T 44a5863511154ebfad225497daca4cb6 P 143e8853c5f147ab9bbba7a62d0f9d58: No bootstrap required, opened a new log
I20260608 12:45:58.362572 16005 consensus_queue.cc:260] T 5bdc3e5b69844e60973338e0b64f63a2 P 592a4a511f804414b0297b18aa8a6894 [NON_LEADER]: Queue going to NON_LEADER mode. State: All replicated index: 0, Majority replicated index: 0, Committed index: 0, Last appended: 0.0, Last appended by leader: 0, Current term: 0, Majority size: -1, State: 0, Mode: NON_LEADER, active raft config: opid_index: -1 OBSOLETE_local: false peers { permanent_uuid: "592a4a511f804414b0297b18aa8a6894" member_type: VOTER last_known_addr { host: "127.12.95.130" port: 39501 } } peers { permanent_uuid: "3c36ad93d9c4441bb435d0e218a991c7" member_type: VOTER last_known_addr { host: "127.12.95.129" port: 34787 } } peers { permanent_uuid: "143e8853c5f147ab9bbba7a62d0f9d58" member_type: VOTER last_known_addr { host: "127.12.95.132" port: 41611 } }
I20260608 12:45:58.399442 16003 ts_tablet_manager.cc:1403] T 47012687386442a9acfe6b5e27dd307d P 3c36ad93d9c4441bb435d0e218a991c7: Time spent bootstrapping tablet: real 0.031s	user 0.016s	sys 0.004s
I20260608 12:45:58.399530 16009 ts_tablet_manager.cc:1403] T 44a5863511154ebfad225497daca4cb6 P 143e8853c5f147ab9bbba7a62d0f9d58: Time spent bootstrapping tablet: real 0.043s	user 0.014s	sys 0.003s
I20260608 12:45:58.402680 16005 ts_tablet_manager.cc:1434] T 5bdc3e5b69844e60973338e0b64f63a2 P 592a4a511f804414b0297b18aa8a6894: Time spent starting tablet: real 0.045s	user 0.006s	sys 0.000s
I20260608 12:45:58.403206 16003 raft_consensus.cc:359] T 47012687386442a9acfe6b5e27dd307d P 3c36ad93d9c4441bb435d0e218a991c7 [term 0 FOLLOWER]: Replica starting. Triggering 0 pending ops. Active config: opid_index: -1 OBSOLETE_local: false peers { permanent_uuid: "143e8853c5f147ab9bbba7a62d0f9d58" member_type: VOTER last_known_addr { host: "127.12.95.132" port: 41611 } } peers { permanent_uuid: "3c36ad93d9c4441bb435d0e218a991c7" member_type: VOTER last_known_addr { host: "127.12.95.129" port: 34787 } } peers { permanent_uuid: "0b2f8022cd1e4f8c86b17f986e4f533e" member_type: VOTER last_known_addr { host: "127.12.95.131" port: 33521 } }
I20260608 12:45:58.403988 16003 raft_consensus.cc:385] T 47012687386442a9acfe6b5e27dd307d P 3c36ad93d9c4441bb435d0e218a991c7 [term 0 FOLLOWER]: Consensus starting up: Expiring failure detector timer to make a prompt election more likely
I20260608 12:45:58.404322 16003 raft_consensus.cc:740] T 47012687386442a9acfe6b5e27dd307d P 3c36ad93d9c4441bb435d0e218a991c7 [term 0 FOLLOWER]: Becoming Follower/Learner. State: Replica: 3c36ad93d9c4441bb435d0e218a991c7, State: Initialized, Role: FOLLOWER
I20260608 12:45:58.404503 16005 tablet_bootstrap.cc:492] T 705c8533872f4d099e3a50f81daeac22 P 592a4a511f804414b0297b18aa8a6894: Bootstrap starting.
I20260608 12:45:58.405289 16003 consensus_queue.cc:260] T 47012687386442a9acfe6b5e27dd307d P 3c36ad93d9c4441bb435d0e218a991c7 [NON_LEADER]: Queue going to NON_LEADER mode. State: All replicated index: 0, Majority replicated index: 0, Committed index: 0, Last appended: 0.0, Last appended by leader: 0, Current term: 0, Majority size: -1, State: 0, Mode: NON_LEADER, active raft config: opid_index: -1 OBSOLETE_local: false peers { permanent_uuid: "143e8853c5f147ab9bbba7a62d0f9d58" member_type: VOTER last_known_addr { host: "127.12.95.132" port: 41611 } } peers { permanent_uuid: "3c36ad93d9c4441bb435d0e218a991c7" member_type: VOTER last_known_addr { host: "127.12.95.129" port: 34787 } } peers { permanent_uuid: "0b2f8022cd1e4f8c86b17f986e4f533e" member_type: VOTER last_known_addr { host: "127.12.95.131" port: 33521 } }
I20260608 12:45:58.408193 15874 raft_consensus.cc:493] T 44a5863511154ebfad225497daca4cb6 P 3c36ad93d9c4441bb435d0e218a991c7 [term 0 FOLLOWER]: Starting pre-election (no leader contacted us within the election timeout)
I20260608 12:45:58.408457 16009 raft_consensus.cc:359] T 44a5863511154ebfad225497daca4cb6 P 143e8853c5f147ab9bbba7a62d0f9d58 [term 0 FOLLOWER]: Replica starting. Triggering 0 pending ops. Active config: opid_index: -1 OBSOLETE_local: false peers { permanent_uuid: "3c36ad93d9c4441bb435d0e218a991c7" member_type: VOTER last_known_addr { host: "127.12.95.129" port: 34787 } } peers { permanent_uuid: "143e8853c5f147ab9bbba7a62d0f9d58" member_type: VOTER last_known_addr { host: "127.12.95.132" port: 41611 } } peers { permanent_uuid: "592a4a511f804414b0297b18aa8a6894" member_type: VOTER last_known_addr { host: "127.12.95.130" port: 39501 } }
I20260608 12:45:58.408856 15874 raft_consensus.cc:515] T 44a5863511154ebfad225497daca4cb6 P 3c36ad93d9c4441bb435d0e218a991c7 [term 0 FOLLOWER]: Starting pre-election with config: opid_index: -1 OBSOLETE_local: false peers { permanent_uuid: "3c36ad93d9c4441bb435d0e218a991c7" member_type: VOTER last_known_addr { host: "127.12.95.129" port: 34787 } } peers { permanent_uuid: "143e8853c5f147ab9bbba7a62d0f9d58" member_type: VOTER last_known_addr { host: "127.12.95.132" port: 41611 } } peers { permanent_uuid: "592a4a511f804414b0297b18aa8a6894" member_type: VOTER last_known_addr { host: "127.12.95.130" port: 39501 } }
I20260608 12:45:58.409610 16009 raft_consensus.cc:385] T 44a5863511154ebfad225497daca4cb6 P 143e8853c5f147ab9bbba7a62d0f9d58 [term 0 FOLLOWER]: Consensus starting up: Expiring failure detector timer to make a prompt election more likely
I20260608 12:45:58.409979 16009 raft_consensus.cc:740] T 44a5863511154ebfad225497daca4cb6 P 143e8853c5f147ab9bbba7a62d0f9d58 [term 0 FOLLOWER]: Becoming Follower/Learner. State: Replica: 143e8853c5f147ab9bbba7a62d0f9d58, State: Initialized, Role: FOLLOWER
I20260608 12:45:58.410770 16009 consensus_queue.cc:260] T 44a5863511154ebfad225497daca4cb6 P 143e8853c5f147ab9bbba7a62d0f9d58 [NON_LEADER]: Queue going to NON_LEADER mode. State: All replicated index: 0, Majority replicated index: 0, Committed index: 0, Last appended: 0.0, Last appended by leader: 0, Current term: 0, Majority size: -1, State: 0, Mode: NON_LEADER, active raft config: opid_index: -1 OBSOLETE_local: false peers { permanent_uuid: "3c36ad93d9c4441bb435d0e218a991c7" member_type: VOTER last_known_addr { host: "127.12.95.129" port: 34787 } } peers { permanent_uuid: "143e8853c5f147ab9bbba7a62d0f9d58" member_type: VOTER last_known_addr { host: "127.12.95.132" port: 41611 } } peers { permanent_uuid: "592a4a511f804414b0297b18aa8a6894" member_type: VOTER last_known_addr { host: "127.12.95.130" port: 39501 } }
I20260608 12:45:58.412173 16003 ts_tablet_manager.cc:1434] T 47012687386442a9acfe6b5e27dd307d P 3c36ad93d9c4441bb435d0e218a991c7: Time spent starting tablet: real 0.012s	user 0.000s	sys 0.008s
I20260608 12:45:58.412966 16009 ts_tablet_manager.cc:1434] T 44a5863511154ebfad225497daca4cb6 P 143e8853c5f147ab9bbba7a62d0f9d58: Time spent starting tablet: real 0.013s	user 0.006s	sys 0.000s
I20260608 12:45:58.413264 16003 tablet_bootstrap.cc:492] T 5bdc3e5b69844e60973338e0b64f63a2 P 3c36ad93d9c4441bb435d0e218a991c7: Bootstrap starting.
I20260608 12:45:58.413962 16009 tablet_bootstrap.cc:492] T be3ff9249fcd49b6a793bad78b1599d6 P 143e8853c5f147ab9bbba7a62d0f9d58: Bootstrap starting.
I20260608 12:45:58.414573 15741 tablet_service.cc:1917] Received RequestConsensusVote() RPC: tablet_id: "44a5863511154ebfad225497daca4cb6" candidate_uuid: "3c36ad93d9c4441bb435d0e218a991c7" candidate_term: 1 candidate_status { last_received { term: 0 index: 0 } } ignore_live_leader: false dest_uuid: "592a4a511f804414b0297b18aa8a6894" is_pre_election: true
I20260608 12:45:58.419112 15971 tablet_service.cc:1917] Received RequestConsensusVote() RPC: tablet_id: "44a5863511154ebfad225497daca4cb6" candidate_uuid: "3c36ad93d9c4441bb435d0e218a991c7" candidate_term: 1 candidate_status { last_received { term: 0 index: 0 } } ignore_live_leader: false dest_uuid: "143e8853c5f147ab9bbba7a62d0f9d58" is_pre_election: true
I20260608 12:45:58.419759 15971 raft_consensus.cc:2468] T 44a5863511154ebfad225497daca4cb6 P 143e8853c5f147ab9bbba7a62d0f9d58 [term 0 FOLLOWER]: Leader pre-election vote request: Granting yes vote for candidate 3c36ad93d9c4441bb435d0e218a991c7 in term 0.
W20260608 12:45:58.420948 15630 leader_election.cc:343] T 44a5863511154ebfad225497daca4cb6 P 3c36ad93d9c4441bb435d0e218a991c7 [CANDIDATE]: Term 1 pre-election: Tablet error from VoteRequest() call to peer 592a4a511f804414b0297b18aa8a6894 (127.12.95.130:39501): Illegal state: must be running to vote when last-logged opid is not known
I20260608 12:45:58.421622 15874 leader_election.cc:290] T 44a5863511154ebfad225497daca4cb6 P 3c36ad93d9c4441bb435d0e218a991c7 [CANDIDATE]: Term 1 pre-election: Requested pre-vote from peers 143e8853c5f147ab9bbba7a62d0f9d58 (127.12.95.132:41611), 592a4a511f804414b0297b18aa8a6894 (127.12.95.130:39501)
I20260608 12:45:58.421767 16003 tablet_bootstrap.cc:654] T 5bdc3e5b69844e60973338e0b64f63a2 P 3c36ad93d9c4441bb435d0e218a991c7: Neither blocks nor log segments found. Creating new log.
I20260608 12:45:58.421856 16009 tablet_bootstrap.cc:654] T be3ff9249fcd49b6a793bad78b1599d6 P 143e8853c5f147ab9bbba7a62d0f9d58: Neither blocks nor log segments found. Creating new log.
I20260608 12:45:58.422791 15631 leader_election.cc:304] T 44a5863511154ebfad225497daca4cb6 P 3c36ad93d9c4441bb435d0e218a991c7 [CANDIDATE]: Term 1 pre-election: Election decided. Result: candidate won. Election summary: received 3 responses out of 3 voters: 2 yes votes; 1 no votes. yes voters: 143e8853c5f147ab9bbba7a62d0f9d58, 3c36ad93d9c4441bb435d0e218a991c7; no voters: 592a4a511f804414b0297b18aa8a6894
I20260608 12:45:58.424441 16025 raft_consensus.cc:493] T 47012687386442a9acfe6b5e27dd307d P 3c36ad93d9c4441bb435d0e218a991c7 [term 0 FOLLOWER]: Starting pre-election (no leader contacted us within the election timeout)
I20260608 12:45:58.428303 15874 raft_consensus.cc:2804] T 44a5863511154ebfad225497daca4cb6 P 3c36ad93d9c4441bb435d0e218a991c7 [term 0 FOLLOWER]: Leader pre-election won for term 1
I20260608 12:45:58.427827 16025 raft_consensus.cc:515] T 47012687386442a9acfe6b5e27dd307d P 3c36ad93d9c4441bb435d0e218a991c7 [term 0 FOLLOWER]: Starting pre-election with config: opid_index: -1 OBSOLETE_local: false peers { permanent_uuid: "143e8853c5f147ab9bbba7a62d0f9d58" member_type: VOTER last_known_addr { host: "127.12.95.132" port: 41611 } } peers { permanent_uuid: "3c36ad93d9c4441bb435d0e218a991c7" member_type: VOTER last_known_addr { host: "127.12.95.129" port: 34787 } } peers { permanent_uuid: "0b2f8022cd1e4f8c86b17f986e4f533e" member_type: VOTER last_known_addr { host: "127.12.95.131" port: 33521 } }
I20260608 12:45:58.428670 15874 raft_consensus.cc:493] T 44a5863511154ebfad225497daca4cb6 P 3c36ad93d9c4441bb435d0e218a991c7 [term 0 FOLLOWER]: Starting leader election (no leader contacted us within the election timeout)
I20260608 12:45:58.429036 15874 raft_consensus.cc:3060] T 44a5863511154ebfad225497daca4cb6 P 3c36ad93d9c4441bb435d0e218a991c7 [term 0 FOLLOWER]: Advancing to term 1
I20260608 12:45:58.430593 16025 leader_election.cc:290] T 47012687386442a9acfe6b5e27dd307d P 3c36ad93d9c4441bb435d0e218a991c7 [CANDIDATE]: Term 1 pre-election: Requested pre-vote from peers 143e8853c5f147ab9bbba7a62d0f9d58 (127.12.95.132:41611), 0b2f8022cd1e4f8c86b17f986e4f533e (127.12.95.131:33521)
I20260608 12:45:58.431800 15816 tablet_service.cc:1917] Received RequestConsensusVote() RPC: tablet_id: "47012687386442a9acfe6b5e27dd307d" candidate_uuid: "3c36ad93d9c4441bb435d0e218a991c7" candidate_term: 1 candidate_status { last_received { term: 0 index: 0 } } ignore_live_leader: false dest_uuid: "0b2f8022cd1e4f8c86b17f986e4f533e" is_pre_election: true
I20260608 12:45:58.434269 16003 tablet_bootstrap.cc:492] T 5bdc3e5b69844e60973338e0b64f63a2 P 3c36ad93d9c4441bb435d0e218a991c7: No bootstrap required, opened a new log
I20260608 12:45:58.434837 16003 ts_tablet_manager.cc:1403] T 5bdc3e5b69844e60973338e0b64f63a2 P 3c36ad93d9c4441bb435d0e218a991c7: Time spent bootstrapping tablet: real 0.022s	user 0.012s	sys 0.001s
W20260608 12:45:58.435081 15633 leader_election.cc:343] T 47012687386442a9acfe6b5e27dd307d P 3c36ad93d9c4441bb435d0e218a991c7 [CANDIDATE]: Term 1 pre-election: Tablet error from VoteRequest() call to peer 0b2f8022cd1e4f8c86b17f986e4f533e (127.12.95.131:33521): Illegal state: must be running to vote when last-logged opid is not known
I20260608 12:45:58.432788 15971 tablet_service.cc:1917] Received RequestConsensusVote() RPC: tablet_id: "47012687386442a9acfe6b5e27dd307d" candidate_uuid: "3c36ad93d9c4441bb435d0e218a991c7" candidate_term: 1 candidate_status { last_received { term: 0 index: 0 } } ignore_live_leader: false dest_uuid: "143e8853c5f147ab9bbba7a62d0f9d58" is_pre_election: true
I20260608 12:45:58.435500 15874 raft_consensus.cc:515] T 44a5863511154ebfad225497daca4cb6 P 3c36ad93d9c4441bb435d0e218a991c7 [term 1 FOLLOWER]: Starting leader election with config: opid_index: -1 OBSOLETE_local: false peers { permanent_uuid: "3c36ad93d9c4441bb435d0e218a991c7" member_type: VOTER last_known_addr { host: "127.12.95.129" port: 34787 } } peers { permanent_uuid: "143e8853c5f147ab9bbba7a62d0f9d58" member_type: VOTER last_known_addr { host: "127.12.95.132" port: 41611 } } peers { permanent_uuid: "592a4a511f804414b0297b18aa8a6894" member_type: VOTER last_known_addr { host: "127.12.95.130" port: 39501 } }
