I20260608 12:45:56.508658 15640 catalog_manager.cc:5696] T 8e60f80705dd488e88c9727dc9218b8b P 6ca7794b89ef4a3e8053f7ff2b077c28 reported cstate change: config changed from index -1 to 2, NON_VOTER 2cb539e7768440418ad3c8525d9a1ec2 (127.12.117.132) added. New cstate: current_term: 1 leader_uuid: "6ca7794b89ef4a3e8053f7ff2b077c28" committed_config { opid_index: 2 OBSOLETE_local: false peers { permanent_uuid: "6ca7794b89ef4a3e8053f7ff2b077c28" member_type: VOTER last_known_addr { host: "127.12.117.129" port: 39827 } health_report { overall_health: HEALTHY } } peers { permanent_uuid: "795767449d3f42dea04b6db3e93921b4" member_type: VOTER last_known_addr { host: "127.12.117.130" port: 39255 } attrs { replace: true } health_report { overall_health: HEALTHY } } peers { permanent_uuid: "22f39362b7534b2d9a78c095c495ea02" member_type: VOTER last_known_addr { host: "127.12.117.131" port: 43633 } health_report { overall_health: HEALTHY } } peers { permanent_uuid: "2cb539e7768440418ad3c8525d9a1ec2" member_type: NON_VOTER last_known_addr { host: "127.12.117.132" port: 44115 } attrs { promote: true } health_report { overall_health: UNKNOWN } } }
W20260608 12:45:56.519387 15786 consensus_peers.cc:597] T a5b36f63bbc44f3f9bc18702c2f63c6f P 795767449d3f42dea04b6db3e93921b4 -> Peer 22f39362b7534b2d9a78c095c495ea02 (127.12.117.131:43633): Couldn't send request to peer 22f39362b7534b2d9a78c095c495ea02. Error code: TABLET_NOT_FOUND (6). Status: Not found: Tablet not found: a5b36f63bbc44f3f9bc18702c2f63c6f. This is attempt 1: this message will repeat every 5th retry.
I20260608 12:45:56.519390 15743 raft_consensus.cc:1275] T a5b36f63bbc44f3f9bc18702c2f63c6f P 6ca7794b89ef4a3e8053f7ff2b077c28 [term 1 FOLLOWER]: Refusing update from remote peer 795767449d3f42dea04b6db3e93921b4: Log matching property violated. Preceding OpId in replica: term: 1 index: 1. Preceding OpId from leader: term: 1 index: 2. (index mismatch)
I20260608 12:45:56.520720 16047 raft_consensus.cc:1275] T a5b36f63bbc44f3f9bc18702c2f63c6f P 2cb539e7768440418ad3c8525d9a1ec2 [term 1 FOLLOWER]: Refusing update from remote peer 795767449d3f42dea04b6db3e93921b4: Log matching property violated. Preceding OpId in replica: term: 1 index: 1. Preceding OpId from leader: term: 1 index: 2. (index mismatch)
I20260608 12:45:56.522115 16182 consensus_queue.cc:1048] T a5b36f63bbc44f3f9bc18702c2f63c6f P 795767449d3f42dea04b6db3e93921b4 [LEADER]: Connected to new peer: Peer: permanent_uuid: "6ca7794b89ef4a3e8053f7ff2b077c28" member_type: VOTER last_known_addr { host: "127.12.117.129" port: 39827 }, Status: LMP_MISMATCH, Last received: 0.0, Next index: 2, Last known committed idx: 1, Time since last communication: 0.000s
I20260608 12:45:56.522938 16267 consensus_queue.cc:1048] T a5b36f63bbc44f3f9bc18702c2f63c6f P 795767449d3f42dea04b6db3e93921b4 [LEADER]: Connected to new peer: Peer: permanent_uuid: "2cb539e7768440418ad3c8525d9a1ec2" member_type: VOTER last_known_addr { host: "127.12.117.132" port: 44115 } attrs { replace: true }, Status: LMP_MISMATCH, Last received: 0.0, Next index: 2, Last known committed idx: 1, Time since last communication: 0.000s
I20260608 12:45:56.531847 16267 raft_consensus.cc:2955] T a5b36f63bbc44f3f9bc18702c2f63c6f P 795767449d3f42dea04b6db3e93921b4 [term 1 LEADER]: Committing config change with OpId 1.2: config changed from index -1 to 2, NON_VOTER 22f39362b7534b2d9a78c095c495ea02 (127.12.117.131) added. New config: { opid_index: 2 OBSOLETE_local: false peers { permanent_uuid: "2cb539e7768440418ad3c8525d9a1ec2" member_type: VOTER last_known_addr { host: "127.12.117.132" port: 44115 } attrs { replace: true } } peers { permanent_uuid: "795767449d3f42dea04b6db3e93921b4" member_type: VOTER last_known_addr { host: "127.12.117.130" port: 39255 } } peers { permanent_uuid: "6ca7794b89ef4a3e8053f7ff2b077c28" member_type: VOTER last_known_addr { host: "127.12.117.129" port: 39827 } } peers { permanent_uuid: "22f39362b7534b2d9a78c095c495ea02" member_type: NON_VOTER last_known_addr { host: "127.12.117.131" port: 43633 } attrs { promote: true } } }
I20260608 12:45:56.534557 16047 raft_consensus.cc:2955] T a5b36f63bbc44f3f9bc18702c2f63c6f P 2cb539e7768440418ad3c8525d9a1ec2 [term 1 FOLLOWER]: Committing config change with OpId 1.2: config changed from index -1 to 2, NON_VOTER 22f39362b7534b2d9a78c095c495ea02 (127.12.117.131) added. New config: { opid_index: 2 OBSOLETE_local: false peers { permanent_uuid: "2cb539e7768440418ad3c8525d9a1ec2" member_type: VOTER last_known_addr { host: "127.12.117.132" port: 44115 } attrs { replace: true } } peers { permanent_uuid: "795767449d3f42dea04b6db3e93921b4" member_type: VOTER last_known_addr { host: "127.12.117.130" port: 39255 } } peers { permanent_uuid: "6ca7794b89ef4a3e8053f7ff2b077c28" member_type: VOTER last_known_addr { host: "127.12.117.129" port: 39827 } } peers { permanent_uuid: "22f39362b7534b2d9a78c095c495ea02" member_type: NON_VOTER last_known_addr { host: "127.12.117.131" port: 43633 } attrs { promote: true } } }
I20260608 12:45:56.538115 15743 raft_consensus.cc:2955] T a5b36f63bbc44f3f9bc18702c2f63c6f P 6ca7794b89ef4a3e8053f7ff2b077c28 [term 1 FOLLOWER]: Committing config change with OpId 1.2: config changed from index -1 to 2, NON_VOTER 22f39362b7534b2d9a78c095c495ea02 (127.12.117.131) added. New config: { opid_index: 2 OBSOLETE_local: false peers { permanent_uuid: "2cb539e7768440418ad3c8525d9a1ec2" member_type: VOTER last_known_addr { host: "127.12.117.132" port: 44115 } attrs { replace: true } } peers { permanent_uuid: "795767449d3f42dea04b6db3e93921b4" member_type: VOTER last_known_addr { host: "127.12.117.130" port: 39255 } } peers { permanent_uuid: "6ca7794b89ef4a3e8053f7ff2b077c28" member_type: VOTER last_known_addr { host: "127.12.117.129" port: 39827 } } peers { permanent_uuid: "22f39362b7534b2d9a78c095c495ea02" member_type: NON_VOTER last_known_addr { host: "127.12.117.131" port: 43633 } attrs { promote: true } } }
I20260608 12:45:56.546907 15821 consensus_queue.cc:237] T 4892e033cb6a47d5b32198cf1c065621 P 795767449d3f42dea04b6db3e93921b4 [LEADER]: Queue going to LEADER mode. State: All replicated index: 0, Majority replicated index: 2, Committed index: 2, Last appended: 2.2, Last appended by leader: 1, Current term: 2, Majority size: 2, State: 0, Mode: LEADER, active raft config: opid_index: 3 OBSOLETE_local: false peers { permanent_uuid: "6ca7794b89ef4a3e8053f7ff2b077c28" member_type: VOTER last_known_addr { host: "127.12.117.129" port: 39827 } } peers { permanent_uuid: "795767449d3f42dea04b6db3e93921b4" member_type: VOTER last_known_addr { host: "127.12.117.130" port: 39255 } } peers { permanent_uuid: "22f39362b7534b2d9a78c095c495ea02" member_type: VOTER last_known_addr { host: "127.12.117.131" port: 43633 } attrs { replace: true } } peers { permanent_uuid: "2cb539e7768440418ad3c8525d9a1ec2" member_type: NON_VOTER last_known_addr { host: "127.12.117.132" port: 44115 } attrs { promote: true } }
I20260608 12:45:56.546744 15644 catalog_manager.cc:5696] T a5b36f63bbc44f3f9bc18702c2f63c6f P 795767449d3f42dea04b6db3e93921b4 reported cstate change: config changed from index -1 to 2, NON_VOTER 22f39362b7534b2d9a78c095c495ea02 (127.12.117.131) added. New cstate: current_term: 1 leader_uuid: "795767449d3f42dea04b6db3e93921b4" committed_config { opid_index: 2 OBSOLETE_local: false peers { permanent_uuid: "2cb539e7768440418ad3c8525d9a1ec2" member_type: VOTER last_known_addr { host: "127.12.117.132" port: 44115 } attrs { replace: true } health_report { overall_health: HEALTHY } } peers { permanent_uuid: "795767449d3f42dea04b6db3e93921b4" member_type: VOTER last_known_addr { host: "127.12.117.130" port: 39255 } health_report { overall_health: HEALTHY } } peers { permanent_uuid: "6ca7794b89ef4a3e8053f7ff2b077c28" member_type: VOTER last_known_addr { host: "127.12.117.129" port: 39827 } health_report { overall_health: HEALTHY } } peers { permanent_uuid: "22f39362b7534b2d9a78c095c495ea02" member_type: NON_VOTER last_known_addr { host: "127.12.117.131" port: 43633 } attrs { promote: true } health_report { overall_health: UNKNOWN } } }
I20260608 12:45:56.556650 15895 raft_consensus.cc:1275] T 4892e033cb6a47d5b32198cf1c065621 P 22f39362b7534b2d9a78c095c495ea02 [term 2 FOLLOWER]: Refusing update from remote peer 795767449d3f42dea04b6db3e93921b4: Log matching property violated. Preceding OpId in replica: term: 2 index: 2. Preceding OpId from leader: term: 2 index: 3. (index mismatch)
I20260608 12:45:56.558749 16288 consensus_queue.cc:1048] T 4892e033cb6a47d5b32198cf1c065621 P 795767449d3f42dea04b6db3e93921b4 [LEADER]: Connected to new peer: Peer: permanent_uuid: "22f39362b7534b2d9a78c095c495ea02" member_type: VOTER last_known_addr { host: "127.12.117.131" port: 43633 } attrs { replace: true }, Status: LMP_MISMATCH, Last received: 0.0, Next index: 3, Last known committed idx: 2, Time since last communication: 0.000s
W20260608 12:45:56.563176 15785 consensus_peers.cc:597] T 4892e033cb6a47d5b32198cf1c065621 P 795767449d3f42dea04b6db3e93921b4 -> Peer 2cb539e7768440418ad3c8525d9a1ec2 (127.12.117.132:44115): Couldn't send request to peer 2cb539e7768440418ad3c8525d9a1ec2. Error code: TABLET_NOT_FOUND (6). Status: Not found: Tablet not found: 4892e033cb6a47d5b32198cf1c065621. This is attempt 1: this message will repeat every 5th retry.
I20260608 12:45:56.567234 15743 raft_consensus.cc:1275] T 4892e033cb6a47d5b32198cf1c065621 P 6ca7794b89ef4a3e8053f7ff2b077c28 [term 2 FOLLOWER]: Refusing update from remote peer 795767449d3f42dea04b6db3e93921b4: Log matching property violated. Preceding OpId in replica: term: 2 index: 2. Preceding OpId from leader: term: 2 index: 3. (index mismatch)
I20260608 12:45:56.567580 16288 raft_consensus.cc:2955] T 4892e033cb6a47d5b32198cf1c065621 P 795767449d3f42dea04b6db3e93921b4 [term 2 LEADER]: Committing config change with OpId 2.3: config changed from index -1 to 3, NON_VOTER 2cb539e7768440418ad3c8525d9a1ec2 (127.12.117.132) added. New config: { opid_index: 3 OBSOLETE_local: false peers { permanent_uuid: "6ca7794b89ef4a3e8053f7ff2b077c28" member_type: VOTER last_known_addr { host: "127.12.117.129" port: 39827 } } peers { permanent_uuid: "795767449d3f42dea04b6db3e93921b4" member_type: VOTER last_known_addr { host: "127.12.117.130" port: 39255 } } peers { permanent_uuid: "22f39362b7534b2d9a78c095c495ea02" member_type: VOTER last_known_addr { host: "127.12.117.131" port: 43633 } attrs { replace: true } } peers { permanent_uuid: "2cb539e7768440418ad3c8525d9a1ec2" member_type: NON_VOTER last_known_addr { host: "127.12.117.132" port: 44115 } attrs { promote: true } } }
I20260608 12:45:56.569097 16267 consensus_queue.cc:1048] T 4892e033cb6a47d5b32198cf1c065621 P 795767449d3f42dea04b6db3e93921b4 [LEADER]: Connected to new peer: Peer: permanent_uuid: "6ca7794b89ef4a3e8053f7ff2b077c28" member_type: VOTER last_known_addr { host: "127.12.117.129" port: 39827 }, Status: LMP_MISMATCH, Last received: 0.0, Next index: 3, Last known committed idx: 2, Time since last communication: 0.000s
I20260608 12:45:56.569492 15895 raft_consensus.cc:2955] T 4892e033cb6a47d5b32198cf1c065621 P 22f39362b7534b2d9a78c095c495ea02 [term 2 FOLLOWER]: Committing config change with OpId 2.3: config changed from index -1 to 3, NON_VOTER 2cb539e7768440418ad3c8525d9a1ec2 (127.12.117.132) added. New config: { opid_index: 3 OBSOLETE_local: false peers { permanent_uuid: "6ca7794b89ef4a3e8053f7ff2b077c28" member_type: VOTER last_known_addr { host: "127.12.117.129" port: 39827 } } peers { permanent_uuid: "795767449d3f42dea04b6db3e93921b4" member_type: VOTER last_known_addr { host: "127.12.117.130" port: 39255 } } peers { permanent_uuid: "22f39362b7534b2d9a78c095c495ea02" member_type: VOTER last_known_addr { host: "127.12.117.131" port: 43633 } attrs { replace: true } } peers { permanent_uuid: "2cb539e7768440418ad3c8525d9a1ec2" member_type: NON_VOTER last_known_addr { host: "127.12.117.132" port: 44115 } attrs { promote: true } } }
I20260608 12:45:56.573460 15743 raft_consensus.cc:2955] T 4892e033cb6a47d5b32198cf1c065621 P 6ca7794b89ef4a3e8053f7ff2b077c28 [term 2 FOLLOWER]: Committing config change with OpId 2.3: config changed from index -1 to 3, NON_VOTER 2cb539e7768440418ad3c8525d9a1ec2 (127.12.117.132) added. New config: { opid_index: 3 OBSOLETE_local: false peers { permanent_uuid: "6ca7794b89ef4a3e8053f7ff2b077c28" member_type: VOTER last_known_addr { host: "127.12.117.129" port: 39827 } } peers { permanent_uuid: "795767449d3f42dea04b6db3e93921b4" member_type: VOTER last_known_addr { host: "127.12.117.130" port: 39255 } } peers { permanent_uuid: "22f39362b7534b2d9a78c095c495ea02" member_type: VOTER last_known_addr { host: "127.12.117.131" port: 43633 } attrs { replace: true } } peers { permanent_uuid: "2cb539e7768440418ad3c8525d9a1ec2" member_type: NON_VOTER last_known_addr { host: "127.12.117.132" port: 44115 } attrs { promote: true } } }
I20260608 12:45:56.580190 15640 catalog_manager.cc:5696] T 4892e033cb6a47d5b32198cf1c065621 P 795767449d3f42dea04b6db3e93921b4 reported cstate change: config changed from index -1 to 3, NON_VOTER 2cb539e7768440418ad3c8525d9a1ec2 (127.12.117.132) added. New cstate: current_term: 2 leader_uuid: "795767449d3f42dea04b6db3e93921b4" committed_config { opid_index: 3 OBSOLETE_local: false peers { permanent_uuid: "6ca7794b89ef4a3e8053f7ff2b077c28" member_type: VOTER last_known_addr { host: "127.12.117.129" port: 39827 } health_report { overall_health: UNKNOWN } } peers { permanent_uuid: "795767449d3f42dea04b6db3e93921b4" member_type: VOTER last_known_addr { host: "127.12.117.130" port: 39255 } health_report { overall_health: HEALTHY } } peers { permanent_uuid: "22f39362b7534b2d9a78c095c495ea02" member_type: VOTER last_known_addr { host: "127.12.117.131" port: 43633 } attrs { replace: true } health_report { overall_health: HEALTHY } } peers { permanent_uuid: "2cb539e7768440418ad3c8525d9a1ec2" member_type: NON_VOTER last_known_addr { host: "127.12.117.132" port: 44115 } attrs { promote: true } health_report { overall_health: UNKNOWN } } }
I20260608 12:45:56.899372 16289 ts_tablet_manager.cc:933] T eb20f975790e4a319939d8014aa1e8bf P 795767449d3f42dea04b6db3e93921b4: Initiating tablet copy from peer 22f39362b7534b2d9a78c095c495ea02 (127.12.117.131:43633)
I20260608 12:45:56.901122 16289 tablet_copy_client.cc:323] T eb20f975790e4a319939d8014aa1e8bf P 795767449d3f42dea04b6db3e93921b4: tablet copy: Beginning tablet copy session from remote peer at address 127.12.117.131:43633
I20260608 12:45:56.903035 15905 tablet_copy_service.cc:140] P 22f39362b7534b2d9a78c095c495ea02: Received BeginTabletCopySession request for tablet eb20f975790e4a319939d8014aa1e8bf from peer 795767449d3f42dea04b6db3e93921b4 ({username='slave'} at 127.0.0.1:55778)
I20260608 12:45:56.903604 15905 tablet_copy_service.cc:161] P 22f39362b7534b2d9a78c095c495ea02: Beginning new tablet copy session on tablet eb20f975790e4a319939d8014aa1e8bf from peer 795767449d3f42dea04b6db3e93921b4 at {username='slave'} at 127.0.0.1:55778: session id = 795767449d3f42dea04b6db3e93921b4-eb20f975790e4a319939d8014aa1e8bf
I20260608 12:45:56.910957 15905 tablet_copy_source_session.cc:215] T eb20f975790e4a319939d8014aa1e8bf P 22f39362b7534b2d9a78c095c495ea02: Tablet Copy: opened 0 blocks and 1 log segments
I20260608 12:45:56.913949 16289 data_dirs.cc:400] Could only allocate 1 dirs of requested 3 for tablet eb20f975790e4a319939d8014aa1e8bf. 1 dirs total, 0 dirs full, 0 dirs failed
I20260608 12:45:56.925792 16289 tablet_copy_client.cc:806] T eb20f975790e4a319939d8014aa1e8bf P 795767449d3f42dea04b6db3e93921b4: tablet copy: Starting download of 0 data blocks...
I20260608 12:45:56.926384 16289 tablet_copy_client.cc:670] T eb20f975790e4a319939d8014aa1e8bf P 795767449d3f42dea04b6db3e93921b4: tablet copy: Starting download of 1 WAL segments...
I20260608 12:45:56.930768 16289 tablet_copy_client.cc:538] T eb20f975790e4a319939d8014aa1e8bf P 795767449d3f42dea04b6db3e93921b4: tablet copy: Tablet Copy complete. Replacing tablet superblock.
I20260608 12:45:56.940244 16291 ts_tablet_manager.cc:933] T 8e60f80705dd488e88c9727dc9218b8b P 2cb539e7768440418ad3c8525d9a1ec2: Initiating tablet copy from peer 6ca7794b89ef4a3e8053f7ff2b077c28 (127.12.117.129:39827)
I20260608 12:45:56.941027 16289 tablet_bootstrap.cc:492] T eb20f975790e4a319939d8014aa1e8bf P 795767449d3f42dea04b6db3e93921b4: Bootstrap starting.
I20260608 12:45:56.942423 16291 tablet_copy_client.cc:323] T 8e60f80705dd488e88c9727dc9218b8b P 2cb539e7768440418ad3c8525d9a1ec2: tablet copy: Beginning tablet copy session from remote peer at address 127.12.117.129:39827
I20260608 12:45:56.944676 15756 tablet_copy_service.cc:140] P 6ca7794b89ef4a3e8053f7ff2b077c28: Received BeginTabletCopySession request for tablet 8e60f80705dd488e88c9727dc9218b8b from peer 2cb539e7768440418ad3c8525d9a1ec2 ({username='slave'} at 127.0.0.1:36242)
I20260608 12:45:56.945564 15756 tablet_copy_service.cc:161] P 6ca7794b89ef4a3e8053f7ff2b077c28: Beginning new tablet copy session on tablet 8e60f80705dd488e88c9727dc9218b8b from peer 2cb539e7768440418ad3c8525d9a1ec2 at {username='slave'} at 127.0.0.1:36242: session id = 2cb539e7768440418ad3c8525d9a1ec2-8e60f80705dd488e88c9727dc9218b8b
I20260608 12:45:56.953428 15756 tablet_copy_source_session.cc:215] T 8e60f80705dd488e88c9727dc9218b8b P 6ca7794b89ef4a3e8053f7ff2b077c28: Tablet Copy: opened 0 blocks and 1 log segments
I20260608 12:45:56.956928 16291 data_dirs.cc:400] Could only allocate 1 dirs of requested 3 for tablet 8e60f80705dd488e88c9727dc9218b8b. 1 dirs total, 0 dirs full, 0 dirs failed
I20260608 12:45:56.966602 16289 tablet_bootstrap.cc:492] T eb20f975790e4a319939d8014aa1e8bf P 795767449d3f42dea04b6db3e93921b4: Bootstrap replayed 1/1 log segments. Stats: ops{read=2 overwritten=0 applied=2 ignored=0} inserts{seen=0 ignored=0} mutations{seen=0 ignored=0} orphaned_commits=0. Pending: 0 replicates
I20260608 12:45:56.967581 16289 tablet_bootstrap.cc:492] T eb20f975790e4a319939d8014aa1e8bf P 795767449d3f42dea04b6db3e93921b4: Bootstrap complete.
I20260608 12:45:56.968344 16289 ts_tablet_manager.cc:1403] T eb20f975790e4a319939d8014aa1e8bf P 795767449d3f42dea04b6db3e93921b4: Time spent bootstrapping tablet: real 0.027s	user 0.024s	sys 0.000s
I20260608 12:45:56.971622 16289 raft_consensus.cc:359] T eb20f975790e4a319939d8014aa1e8bf P 795767449d3f42dea04b6db3e93921b4 [term 1 LEARNER]: Replica starting. Triggering 0 pending ops. Active config: opid_index: 2 OBSOLETE_local: false peers { permanent_uuid: "22f39362b7534b2d9a78c095c495ea02" member_type: VOTER last_known_addr { host: "127.12.117.131" port: 43633 } } peers { permanent_uuid: "6ca7794b89ef4a3e8053f7ff2b077c28" member_type: VOTER last_known_addr { host: "127.12.117.129" port: 39827 } } peers { permanent_uuid: "2cb539e7768440418ad3c8525d9a1ec2" member_type: VOTER last_known_addr { host: "127.12.117.132" port: 44115 } attrs { replace: true } } peers { permanent_uuid: "795767449d3f42dea04b6db3e93921b4" member_type: NON_VOTER last_known_addr { host: "127.12.117.130" port: 39255 } attrs { promote: true } }
I20260608 12:45:56.972482 16289 raft_consensus.cc:740] T eb20f975790e4a319939d8014aa1e8bf P 795767449d3f42dea04b6db3e93921b4 [term 1 LEARNER]: Becoming Follower/Learner. State: Replica: 795767449d3f42dea04b6db3e93921b4, State: Initialized, Role: LEARNER
I20260608 12:45:56.973151 16289 consensus_queue.cc:260] T eb20f975790e4a319939d8014aa1e8bf P 795767449d3f42dea04b6db3e93921b4 [NON_LEADER]: Queue going to NON_LEADER mode. State: All replicated index: 0, Majority replicated index: 0, Committed index: 2, Last appended: 1.2, Last appended by leader: 2, Current term: 0, Majority size: -1, State: 0, Mode: NON_LEADER, active raft config: opid_index: 2 OBSOLETE_local: false peers { permanent_uuid: "22f39362b7534b2d9a78c095c495ea02" member_type: VOTER last_known_addr { host: "127.12.117.131" port: 43633 } } peers { permanent_uuid: "6ca7794b89ef4a3e8053f7ff2b077c28" member_type: VOTER last_known_addr { host: "127.12.117.129" port: 39827 } } peers { permanent_uuid: "2cb539e7768440418ad3c8525d9a1ec2" member_type: VOTER last_known_addr { host: "127.12.117.132" port: 44115 } attrs { replace: true } } peers { permanent_uuid: "795767449d3f42dea04b6db3e93921b4" member_type: NON_VOTER last_known_addr { host: "127.12.117.130" port: 39255 } attrs { promote: true } }
I20260608 12:45:56.973834 16291 tablet_copy_client.cc:806] T 8e60f80705dd488e88c9727dc9218b8b P 2cb539e7768440418ad3c8525d9a1ec2: tablet copy: Starting download of 0 data blocks...
I20260608 12:45:56.974434 16291 tablet_copy_client.cc:670] T 8e60f80705dd488e88c9727dc9218b8b P 2cb539e7768440418ad3c8525d9a1ec2: tablet copy: Starting download of 1 WAL segments...
I20260608 12:45:56.979106 16291 tablet_copy_client.cc:538] T 8e60f80705dd488e88c9727dc9218b8b P 2cb539e7768440418ad3c8525d9a1ec2: tablet copy: Tablet Copy complete. Replacing tablet superblock.
I20260608 12:45:56.981287 16289 ts_tablet_manager.cc:1434] T eb20f975790e4a319939d8014aa1e8bf P 795767449d3f42dea04b6db3e93921b4: Time spent starting tablet: real 0.013s	user 0.007s	sys 0.000s
I20260608 12:45:56.983170 15905 tablet_copy_service.cc:342] P 22f39362b7534b2d9a78c095c495ea02: Request end of tablet copy session 795767449d3f42dea04b6db3e93921b4-eb20f975790e4a319939d8014aa1e8bf received from {username='slave'} at 127.0.0.1:55778
I20260608 12:45:56.983613 15905 tablet_copy_service.cc:434] P 22f39362b7534b2d9a78c095c495ea02: ending tablet copy session 795767449d3f42dea04b6db3e93921b4-eb20f975790e4a319939d8014aa1e8bf on tablet eb20f975790e4a319939d8014aa1e8bf with peer 795767449d3f42dea04b6db3e93921b4
I20260608 12:45:56.988504 16291 tablet_bootstrap.cc:492] T 8e60f80705dd488e88c9727dc9218b8b P 2cb539e7768440418ad3c8525d9a1ec2: Bootstrap starting.
I20260608 12:45:57.007560 16291 tablet_bootstrap.cc:492] T 8e60f80705dd488e88c9727dc9218b8b P 2cb539e7768440418ad3c8525d9a1ec2: Bootstrap replayed 1/1 log segments. Stats: ops{read=2 overwritten=0 applied=2 ignored=0} inserts{seen=0 ignored=0} mutations{seen=0 ignored=0} orphaned_commits=0. Pending: 0 replicates
I20260608 12:45:57.008381 16291 tablet_bootstrap.cc:492] T 8e60f80705dd488e88c9727dc9218b8b P 2cb539e7768440418ad3c8525d9a1ec2: Bootstrap complete.
I20260608 12:45:57.009040 16291 ts_tablet_manager.cc:1403] T 8e60f80705dd488e88c9727dc9218b8b P 2cb539e7768440418ad3c8525d9a1ec2: Time spent bootstrapping tablet: real 0.021s	user 0.016s	sys 0.004s
I20260608 12:45:57.012113 16291 raft_consensus.cc:359] T 8e60f80705dd488e88c9727dc9218b8b P 2cb539e7768440418ad3c8525d9a1ec2 [term 1 LEARNER]: Replica starting. Triggering 0 pending ops. Active config: opid_index: 2 OBSOLETE_local: false peers { permanent_uuid: "6ca7794b89ef4a3e8053f7ff2b077c28" member_type: VOTER last_known_addr { host: "127.12.117.129" port: 39827 } } peers { permanent_uuid: "795767449d3f42dea04b6db3e93921b4" member_type: VOTER last_known_addr { host: "127.12.117.130" port: 39255 } attrs { replace: true } } peers { permanent_uuid: "22f39362b7534b2d9a78c095c495ea02" member_type: VOTER last_known_addr { host: "127.12.117.131" port: 43633 } } peers { permanent_uuid: "2cb539e7768440418ad3c8525d9a1ec2" member_type: NON_VOTER last_known_addr { host: "127.12.117.132" port: 44115 } attrs { promote: true } }
I20260608 12:45:57.012984 16291 raft_consensus.cc:740] T 8e60f80705dd488e88c9727dc9218b8b P 2cb539e7768440418ad3c8525d9a1ec2 [term 1 LEARNER]: Becoming Follower/Learner. State: Replica: 2cb539e7768440418ad3c8525d9a1ec2, State: Initialized, Role: LEARNER
I20260608 12:45:57.013666 16291 consensus_queue.cc:260] T 8e60f80705dd488e88c9727dc9218b8b P 2cb539e7768440418ad3c8525d9a1ec2 [NON_LEADER]: Queue going to NON_LEADER mode. State: All replicated index: 0, Majority replicated index: 0, Committed index: 2, Last appended: 1.2, Last appended by leader: 2, Current term: 0, Majority size: -1, State: 0, Mode: NON_LEADER, active raft config: opid_index: 2 OBSOLETE_local: false peers { permanent_uuid: "6ca7794b89ef4a3e8053f7ff2b077c28" member_type: VOTER last_known_addr { host: "127.12.117.129" port: 39827 } } peers { permanent_uuid: "795767449d3f42dea04b6db3e93921b4" member_type: VOTER last_known_addr { host: "127.12.117.130" port: 39255 } attrs { replace: true } } peers { permanent_uuid: "22f39362b7534b2d9a78c095c495ea02" member_type: VOTER last_known_addr { host: "127.12.117.131" port: 43633 } } peers { permanent_uuid: "2cb539e7768440418ad3c8525d9a1ec2" member_type: NON_VOTER last_known_addr { host: "127.12.117.132" port: 44115 } attrs { promote: true } }
I20260608 12:45:57.016189 16291 ts_tablet_manager.cc:1434] T 8e60f80705dd488e88c9727dc9218b8b P 2cb539e7768440418ad3c8525d9a1ec2: Time spent starting tablet: real 0.007s	user 0.008s	sys 0.000s
I20260608 12:45:57.017922 15756 tablet_copy_service.cc:342] P 6ca7794b89ef4a3e8053f7ff2b077c28: Request end of tablet copy session 2cb539e7768440418ad3c8525d9a1ec2-8e60f80705dd488e88c9727dc9218b8b received from {username='slave'} at 127.0.0.1:36242
I20260608 12:45:57.018347 15756 tablet_copy_service.cc:434] P 6ca7794b89ef4a3e8053f7ff2b077c28: ending tablet copy session 2cb539e7768440418ad3c8525d9a1ec2-8e60f80705dd488e88c9727dc9218b8b on tablet 8e60f80705dd488e88c9727dc9218b8b with peer 2cb539e7768440418ad3c8525d9a1ec2
I20260608 12:45:57.126623 16291 ts_tablet_manager.cc:933] T 4892e033cb6a47d5b32198cf1c065621 P 2cb539e7768440418ad3c8525d9a1ec2: Initiating tablet copy from peer 795767449d3f42dea04b6db3e93921b4 (127.12.117.130:39255)
I20260608 12:45:57.132185 16291 tablet_copy_client.cc:323] T 4892e033cb6a47d5b32198cf1c065621 P 2cb539e7768440418ad3c8525d9a1ec2: tablet copy: Beginning tablet copy session from remote peer at address 127.12.117.130:39255
I20260608 12:45:57.133206 16296 ts_tablet_manager.cc:933] T a5b36f63bbc44f3f9bc18702c2f63c6f P 22f39362b7534b2d9a78c095c495ea02: Initiating tablet copy from peer 795767449d3f42dea04b6db3e93921b4 (127.12.117.130:39255)
I20260608 12:45:57.134217 15831 tablet_copy_service.cc:140] P 795767449d3f42dea04b6db3e93921b4: Received BeginTabletCopySession request for tablet 4892e033cb6a47d5b32198cf1c065621 from peer 2cb539e7768440418ad3c8525d9a1ec2 ({username='slave'} at 127.0.0.1:54560)
I20260608 12:45:57.134856 15831 tablet_copy_service.cc:161] P 795767449d3f42dea04b6db3e93921b4: Beginning new tablet copy session on tablet 4892e033cb6a47d5b32198cf1c065621 from peer 2cb539e7768440418ad3c8525d9a1ec2 at {username='slave'} at 127.0.0.1:54560: session id = 2cb539e7768440418ad3c8525d9a1ec2-4892e033cb6a47d5b32198cf1c065621
I20260608 12:45:57.138661 16296 tablet_copy_client.cc:323] T a5b36f63bbc44f3f9bc18702c2f63c6f P 22f39362b7534b2d9a78c095c495ea02: tablet copy: Beginning tablet copy session from remote peer at address 127.12.117.130:39255
I20260608 12:45:57.140735 15830 tablet_copy_service.cc:140] P 795767449d3f42dea04b6db3e93921b4: Received BeginTabletCopySession request for tablet a5b36f63bbc44f3f9bc18702c2f63c6f from peer 22f39362b7534b2d9a78c095c495ea02 ({username='slave'} at 127.0.0.1:54550)
I20260608 12:45:57.141340 15830 tablet_copy_service.cc:161] P 795767449d3f42dea04b6db3e93921b4: Beginning new tablet copy session on tablet a5b36f63bbc44f3f9bc18702c2f63c6f from peer 22f39362b7534b2d9a78c095c495ea02 at {username='slave'} at 127.0.0.1:54550: session id = 22f39362b7534b2d9a78c095c495ea02-a5b36f63bbc44f3f9bc18702c2f63c6f
I20260608 12:45:57.143035 15831 tablet_copy_source_session.cc:215] T 4892e033cb6a47d5b32198cf1c065621 P 795767449d3f42dea04b6db3e93921b4: Tablet Copy: opened 0 blocks and 1 log segments
I20260608 12:45:57.145809 16291 data_dirs.cc:400] Could only allocate 1 dirs of requested 3 for tablet 4892e033cb6a47d5b32198cf1c065621. 1 dirs total, 0 dirs full, 0 dirs failed
I20260608 12:45:57.148764 15830 tablet_copy_source_session.cc:215] T a5b36f63bbc44f3f9bc18702c2f63c6f P 795767449d3f42dea04b6db3e93921b4: Tablet Copy: opened 0 blocks and 1 log segments
I20260608 12:45:57.152293 16296 data_dirs.cc:400] Could only allocate 1 dirs of requested 3 for tablet a5b36f63bbc44f3f9bc18702c2f63c6f. 1 dirs total, 0 dirs full, 0 dirs failed
I20260608 12:45:57.165843 16291 tablet_copy_client.cc:806] T 4892e033cb6a47d5b32198cf1c065621 P 2cb539e7768440418ad3c8525d9a1ec2: tablet copy: Starting download of 0 data blocks...
I20260608 12:45:57.166515 16291 tablet_copy_client.cc:670] T 4892e033cb6a47d5b32198cf1c065621 P 2cb539e7768440418ad3c8525d9a1ec2: tablet copy: Starting download of 1 WAL segments...
I20260608 12:45:57.167755 16296 tablet_copy_client.cc:806] T a5b36f63bbc44f3f9bc18702c2f63c6f P 22f39362b7534b2d9a78c095c495ea02: tablet copy: Starting download of 0 data blocks...
I20260608 12:45:57.168370 16296 tablet_copy_client.cc:670] T a5b36f63bbc44f3f9bc18702c2f63c6f P 22f39362b7534b2d9a78c095c495ea02: tablet copy: Starting download of 1 WAL segments...
I20260608 12:45:57.171558 16291 tablet_copy_client.cc:538] T 4892e033cb6a47d5b32198cf1c065621 P 2cb539e7768440418ad3c8525d9a1ec2: tablet copy: Tablet Copy complete. Replacing tablet superblock.
I20260608 12:45:57.171859 16296 tablet_copy_client.cc:538] T a5b36f63bbc44f3f9bc18702c2f63c6f P 22f39362b7534b2d9a78c095c495ea02: tablet copy: Tablet Copy complete. Replacing tablet superblock.
I20260608 12:45:57.177760 16291 tablet_bootstrap.cc:492] T 4892e033cb6a47d5b32198cf1c065621 P 2cb539e7768440418ad3c8525d9a1ec2: Bootstrap starting.
I20260608 12:45:57.180498 16296 tablet_bootstrap.cc:492] T a5b36f63bbc44f3f9bc18702c2f63c6f P 22f39362b7534b2d9a78c095c495ea02: Bootstrap starting.
I20260608 12:45:57.200790 16291 tablet_bootstrap.cc:492] T 4892e033cb6a47d5b32198cf1c065621 P 2cb539e7768440418ad3c8525d9a1ec2: Bootstrap replayed 1/1 log segments. Stats: ops{read=3 overwritten=0 applied=3 ignored=0} inserts{seen=0 ignored=0} mutations{seen=0 ignored=0} orphaned_commits=0. Pending: 0 replicates
I20260608 12:45:57.201552 16291 tablet_bootstrap.cc:492] T 4892e033cb6a47d5b32198cf1c065621 P 2cb539e7768440418ad3c8525d9a1ec2: Bootstrap complete.
I20260608 12:45:57.202191 16291 ts_tablet_manager.cc:1403] T 4892e033cb6a47d5b32198cf1c065621 P 2cb539e7768440418ad3c8525d9a1ec2: Time spent bootstrapping tablet: real 0.025s	user 0.023s	sys 0.001s
I20260608 12:45:57.202980 16296 tablet_bootstrap.cc:492] T a5b36f63bbc44f3f9bc18702c2f63c6f P 22f39362b7534b2d9a78c095c495ea02: Bootstrap replayed 1/1 log segments. Stats: ops{read=2 overwritten=0 applied=2 ignored=0} inserts{seen=0 ignored=0} mutations{seen=0 ignored=0} orphaned_commits=0. Pending: 0 replicates
I20260608 12:45:57.203950 16296 tablet_bootstrap.cc:492] T a5b36f63bbc44f3f9bc18702c2f63c6f P 22f39362b7534b2d9a78c095c495ea02: Bootstrap complete.
I20260608 12:45:57.204618 16296 ts_tablet_manager.cc:1403] T a5b36f63bbc44f3f9bc18702c2f63c6f P 22f39362b7534b2d9a78c095c495ea02: Time spent bootstrapping tablet: real 0.024s	user 0.019s	sys 0.004s
I20260608 12:45:57.204738 16291 raft_consensus.cc:359] T 4892e033cb6a47d5b32198cf1c065621 P 2cb539e7768440418ad3c8525d9a1ec2 [term 2 LEARNER]: Replica starting. Triggering 0 pending ops. Active config: opid_index: 3 OBSOLETE_local: false peers { permanent_uuid: "6ca7794b89ef4a3e8053f7ff2b077c28" member_type: VOTER last_known_addr { host: "127.12.117.129" port: 39827 } } peers { permanent_uuid: "795767449d3f42dea04b6db3e93921b4" member_type: VOTER last_known_addr { host: "127.12.117.130" port: 39255 } } peers { permanent_uuid: "22f39362b7534b2d9a78c095c495ea02" member_type: VOTER last_known_addr { host: "127.12.117.131" port: 43633 } attrs { replace: true } } peers { permanent_uuid: "2cb539e7768440418ad3c8525d9a1ec2" member_type: NON_VOTER last_known_addr { host: "127.12.117.132" port: 44115 } attrs { promote: true } }
I20260608 12:45:57.205456 16291 raft_consensus.cc:740] T 4892e033cb6a47d5b32198cf1c065621 P 2cb539e7768440418ad3c8525d9a1ec2 [term 2 LEARNER]: Becoming Follower/Learner. State: Replica: 2cb539e7768440418ad3c8525d9a1ec2, State: Initialized, Role: LEARNER
I20260608 12:45:57.205988 16291 consensus_queue.cc:260] T 4892e033cb6a47d5b32198cf1c065621 P 2cb539e7768440418ad3c8525d9a1ec2 [NON_LEADER]: Queue going to NON_LEADER mode. State: All replicated index: 0, Majority replicated index: 0, Committed index: 3, Last appended: 2.3, Last appended by leader: 3, Current term: 0, Majority size: -1, State: 0, Mode: NON_LEADER, active raft config: opid_index: 3 OBSOLETE_local: false peers { permanent_uuid: "6ca7794b89ef4a3e8053f7ff2b077c28" member_type: VOTER last_known_addr { host: "127.12.117.129" port: 39827 } } peers { permanent_uuid: "795767449d3f42dea04b6db3e93921b4" member_type: VOTER last_known_addr { host: "127.12.117.130" port: 39255 } } peers { permanent_uuid: "22f39362b7534b2d9a78c095c495ea02" member_type: VOTER last_known_addr { host: "127.12.117.131" port: 43633 } attrs { replace: true } } peers { permanent_uuid: "2cb539e7768440418ad3c8525d9a1ec2" member_type: NON_VOTER last_known_addr { host: "127.12.117.132" port: 44115 } attrs { promote: true } }
I20260608 12:45:57.207700 16296 raft_consensus.cc:359] T a5b36f63bbc44f3f9bc18702c2f63c6f P 22f39362b7534b2d9a78c095c495ea02 [term 1 LEARNER]: Replica starting. Triggering 0 pending ops. Active config: opid_index: 2 OBSOLETE_local: false peers { permanent_uuid: "2cb539e7768440418ad3c8525d9a1ec2" member_type: VOTER last_known_addr { host: "127.12.117.132" port: 44115 } attrs { replace: true } } peers { permanent_uuid: "795767449d3f42dea04b6db3e93921b4" member_type: VOTER last_known_addr { host: "127.12.117.130" port: 39255 } } peers { permanent_uuid: "6ca7794b89ef4a3e8053f7ff2b077c28" member_type: VOTER last_known_addr { host: "127.12.117.129" port: 39827 } } peers { permanent_uuid: "22f39362b7534b2d9a78c095c495ea02" member_type: NON_VOTER last_known_addr { host: "127.12.117.131" port: 43633 } attrs { promote: true } }
I20260608 12:45:57.208258 16291 ts_tablet_manager.cc:1434] T 4892e033cb6a47d5b32198cf1c065621 P 2cb539e7768440418ad3c8525d9a1ec2: Time spent starting tablet: real 0.006s	user 0.004s	sys 0.004s
I20260608 12:45:57.208637 16296 raft_consensus.cc:740] T a5b36f63bbc44f3f9bc18702c2f63c6f P 22f39362b7534b2d9a78c095c495ea02 [term 1 LEARNER]: Becoming Follower/Learner. State: Replica: 22f39362b7534b2d9a78c095c495ea02, State: Initialized, Role: LEARNER
I20260608 12:45:57.210126 15830 tablet_copy_service.cc:342] P 795767449d3f42dea04b6db3e93921b4: Request end of tablet copy session 2cb539e7768440418ad3c8525d9a1ec2-4892e033cb6a47d5b32198cf1c065621 received from {username='slave'} at 127.0.0.1:54560
I20260608 12:45:57.210570 15830 tablet_copy_service.cc:434] P 795767449d3f42dea04b6db3e93921b4: ending tablet copy session 2cb539e7768440418ad3c8525d9a1ec2-4892e033cb6a47d5b32198cf1c065621 on tablet 4892e033cb6a47d5b32198cf1c065621 with peer 2cb539e7768440418ad3c8525d9a1ec2
I20260608 12:45:57.209417 16296 consensus_queue.cc:260] T a5b36f63bbc44f3f9bc18702c2f63c6f P 22f39362b7534b2d9a78c095c495ea02 [NON_LEADER]: Queue going to NON_LEADER mode. State: All replicated index: 0, Majority replicated index: 0, Committed index: 2, Last appended: 1.2, Last appended by leader: 2, Current term: 0, Majority size: -1, State: 0, Mode: NON_LEADER, active raft config: opid_index: 2 OBSOLETE_local: false peers { permanent_uuid: "2cb539e7768440418ad3c8525d9a1ec2" member_type: VOTER last_known_addr { host: "127.12.117.132" port: 44115 } attrs { replace: true } } peers { permanent_uuid: "795767449d3f42dea04b6db3e93921b4" member_type: VOTER last_known_addr { host: "127.12.117.130" port: 39255 } } peers { permanent_uuid: "6ca7794b89ef4a3e8053f7ff2b077c28" member_type: VOTER last_known_addr { host: "127.12.117.129" port: 39827 } } peers { permanent_uuid: "22f39362b7534b2d9a78c095c495ea02" member_type: NON_VOTER last_known_addr { host: "127.12.117.131" port: 43633 } attrs { promote: true } }
I20260608 12:45:57.213685 16296 ts_tablet_manager.cc:1434] T a5b36f63bbc44f3f9bc18702c2f63c6f P 22f39362b7534b2d9a78c095c495ea02: Time spent starting tablet: real 0.009s	user 0.006s	sys 0.000s
I20260608 12:45:57.216300 15830 tablet_copy_service.cc:342] P 795767449d3f42dea04b6db3e93921b4: Request end of tablet copy session 22f39362b7534b2d9a78c095c495ea02-a5b36f63bbc44f3f9bc18702c2f63c6f received from {username='slave'} at 127.0.0.1:54550
I20260608 12:45:57.216735 15830 tablet_copy_service.cc:434] P 795767449d3f42dea04b6db3e93921b4: ending tablet copy session 22f39362b7534b2d9a78c095c495ea02-a5b36f63bbc44f3f9bc18702c2f63c6f on tablet a5b36f63bbc44f3f9bc18702c2f63c6f with peer 22f39362b7534b2d9a78c095c495ea02
I20260608 12:45:57.394934 15821 raft_consensus.cc:1217] T eb20f975790e4a319939d8014aa1e8bf P 795767449d3f42dea04b6db3e93921b4 [term 1 LEARNER]: Deduplicated request from leader. Original: 1.1->[1.2-1.2]   Dedup: 1.2->[]
I20260608 12:45:57.480561 15697 auto_leader_rebalancer.cc:140] leader rebalance for table range_aware_rebalance_new_range
I20260608 12:45:57.510545 15743 tablet_service.cc:2072] Received LeaderStepDown RPC: tablet_id: "770e6eb465334e078d37845607b6bc5f"
dest_uuid: "6ca7794b89ef4a3e8053f7ff2b077c28"
mode: GRACEFUL
new_leader_uuid: "2cb539e7768440418ad3c8525d9a1ec2"
 from {username='slave'} at 127.0.0.1:43572
I20260608 12:45:57.511090 15743 raft_consensus.cc:606] T 770e6eb465334e078d37845607b6bc5f P 6ca7794b89ef4a3e8053f7ff2b077c28 [term 1 LEADER]: Received request to transfer leadership to TS 2cb539e7768440418ad3c8525d9a1ec2
I20260608 12:45:57.512487 15697 auto_leader_rebalancer.cc:388] table: range_aware_rebalance_new_range, leader rebalance finish, leader transfer count: 1
I20260608 12:45:57.513515 15697 auto_leader_rebalancer.cc:451] All tables' leader rebalancing finished this round
I20260608 12:45:57.545593 16047 raft_consensus.cc:1217] T 8e60f80705dd488e88c9727dc9218b8b P 2cb539e7768440418ad3c8525d9a1ec2 [term 1 LEARNER]: Deduplicated request from leader. Original: 1.1->[1.2-1.2]   Dedup: 1.2->[]
I20260608 12:45:57.851771 15895 raft_consensus.cc:1217] T a5b36f63bbc44f3f9bc18702c2f63c6f P 22f39362b7534b2d9a78c095c495ea02 [term 1 LEARNER]: Deduplicated request from leader. Original: 1.1->[1.2-1.2]   Dedup: 1.2->[]
I20260608 12:45:57.861404 16044 raft_consensus.cc:1217] T 4892e033cb6a47d5b32198cf1c065621 P 2cb539e7768440418ad3c8525d9a1ec2 [term 2 LEARNER]: Deduplicated request from leader. Original: 2.2->[2.3-2.3]   Dedup: 2.3->[]
I20260608 12:45:57.876916 16295 raft_consensus.cc:993] T 770e6eb465334e078d37845607b6bc5f P 6ca7794b89ef4a3e8053f7ff2b077c28: : Instructing follower 2cb539e7768440418ad3c8525d9a1ec2 to start an election
I20260608 12:45:57.877410 16304 raft_consensus.cc:1081] T 770e6eb465334e078d37845607b6bc5f P 6ca7794b89ef4a3e8053f7ff2b077c28 [term 1 LEADER]: Signalling peer 2cb539e7768440418ad3c8525d9a1ec2 to start an election
I20260608 12:45:57.879233 16045 tablet_service.cc:2044] Received Run Leader Election RPC: tablet_id: "770e6eb465334e078d37845607b6bc5f"
dest_uuid: "2cb539e7768440418ad3c8525d9a1ec2"
 from {username='slave'} at 127.0.0.1:39700
I20260608 12:45:57.879807 16045 raft_consensus.cc:493] T 770e6eb465334e078d37845607b6bc5f P 2cb539e7768440418ad3c8525d9a1ec2 [term 1 FOLLOWER]: Starting forced leader election (received explicit request)
I20260608 12:45:57.880159 16045 raft_consensus.cc:3060] T 770e6eb465334e078d37845607b6bc5f P 2cb539e7768440418ad3c8525d9a1ec2 [term 1 FOLLOWER]: Advancing to term 2
I20260608 12:45:57.885151 16045 raft_consensus.cc:515] T 770e6eb465334e078d37845607b6bc5f P 2cb539e7768440418ad3c8525d9a1ec2 [term 2 FOLLOWER]: Starting forced leader election with config: opid_index: -1 OBSOLETE_local: false peers { permanent_uuid: "2cb539e7768440418ad3c8525d9a1ec2" member_type: VOTER last_known_addr { host: "127.12.117.132" port: 44115 } } peers { permanent_uuid: "795767449d3f42dea04b6db3e93921b4" member_type: VOTER last_known_addr { host: "127.12.117.130" port: 39255 } } peers { permanent_uuid: "6ca7794b89ef4a3e8053f7ff2b077c28" member_type: VOTER last_known_addr { host: "127.12.117.129" port: 39827 } }
I20260608 12:45:57.887023 16045 leader_election.cc:290] T 770e6eb465334e078d37845607b6bc5f P 2cb539e7768440418ad3c8525d9a1ec2 [CANDIDATE]: Term 2 election: Requested vote from peers 795767449d3f42dea04b6db3e93921b4 (127.12.117.130:39255), 6ca7794b89ef4a3e8053f7ff2b077c28 (127.12.117.129:39827)
I20260608 12:45:57.887758 15821 tablet_service.cc:1917] Received RequestConsensusVote() RPC: tablet_id: "770e6eb465334e078d37845607b6bc5f" candidate_uuid: "2cb539e7768440418ad3c8525d9a1ec2" candidate_term: 2 candidate_status { last_received { term: 1 index: 1 } } ignore_live_leader: true dest_uuid: "795767449d3f42dea04b6db3e93921b4"
I20260608 12:45:57.888078 15743 tablet_service.cc:1917] Received RequestConsensusVote() RPC: tablet_id: "770e6eb465334e078d37845607b6bc5f" candidate_uuid: "2cb539e7768440418ad3c8525d9a1ec2" candidate_term: 2 candidate_status { last_received { term: 1 index: 1 } } ignore_live_leader: true dest_uuid: "6ca7794b89ef4a3e8053f7ff2b077c28"
I20260608 12:45:57.888365 15821 raft_consensus.cc:3060] T 770e6eb465334e078d37845607b6bc5f P 795767449d3f42dea04b6db3e93921b4 [term 1 FOLLOWER]: Advancing to term 2
I20260608 12:45:57.888655 15743 raft_consensus.cc:3055] T 770e6eb465334e078d37845607b6bc5f P 6ca7794b89ef4a3e8053f7ff2b077c28 [term 1 LEADER]: Stepping down as leader of term 1
I20260608 12:45:57.888883 15743 raft_consensus.cc:740] T 770e6eb465334e078d37845607b6bc5f P 6ca7794b89ef4a3e8053f7ff2b077c28 [term 1 LEADER]: Becoming Follower/Learner. State: Replica: 6ca7794b89ef4a3e8053f7ff2b077c28, State: Running, Role: LEADER
I20260608 12:45:57.889475 15743 consensus_queue.cc:260] T 770e6eb465334e078d37845607b6bc5f P 6ca7794b89ef4a3e8053f7ff2b077c28 [NON_LEADER]: Queue going to NON_LEADER mode. State: All replicated index: 0, Majority replicated index: 1, Committed index: 1, Last appended: 1.1, Last appended by leader: 1, Current term: 1, Majority size: -1, State: 0, Mode: NON_LEADER, active raft config: opid_index: -1 OBSOLETE_local: false peers { permanent_uuid: "2cb539e7768440418ad3c8525d9a1ec2" member_type: VOTER last_known_addr { host: "127.12.117.132" port: 44115 } } peers { permanent_uuid: "795767449d3f42dea04b6db3e93921b4" member_type: VOTER last_known_addr { host: "127.12.117.130" port: 39255 } } peers { permanent_uuid: "6ca7794b89ef4a3e8053f7ff2b077c28" member_type: VOTER last_known_addr { host: "127.12.117.129" port: 39827 } }
I20260608 12:45:57.890251 15743 raft_consensus.cc:3060] T 770e6eb465334e078d37845607b6bc5f P 6ca7794b89ef4a3e8053f7ff2b077c28 [term 1 FOLLOWER]: Advancing to term 2
I20260608 12:45:57.894410 15743 raft_consensus.cc:2468] T 770e6eb465334e078d37845607b6bc5f P 6ca7794b89ef4a3e8053f7ff2b077c28 [term 2 FOLLOWER]: Leader election vote request: Granting yes vote for candidate 2cb539e7768440418ad3c8525d9a1ec2 in term 2.
I20260608 12:45:57.894755 15821 raft_consensus.cc:2468] T 770e6eb465334e078d37845607b6bc5f P 795767449d3f42dea04b6db3e93921b4 [term 2 FOLLOWER]: Leader election vote request: Granting yes vote for candidate 2cb539e7768440418ad3c8525d9a1ec2 in term 2.
I20260608 12:45:57.895607 16012 leader_election.cc:304] T 770e6eb465334e078d37845607b6bc5f P 2cb539e7768440418ad3c8525d9a1ec2 [CANDIDATE]: Term 2 election: Election decided. Result: candidate won. Election summary: received 2 responses out of 3 voters: 2 yes votes; 0 no votes. yes voters: 2cb539e7768440418ad3c8525d9a1ec2, 6ca7794b89ef4a3e8053f7ff2b077c28; no voters: 
I20260608 12:45:57.896528 16252 raft_consensus.cc:2804] T 770e6eb465334e078d37845607b6bc5f P 2cb539e7768440418ad3c8525d9a1ec2 [term 2 FOLLOWER]: Leader election won for term 2
I20260608 12:45:57.897025 16252 raft_consensus.cc:697] T 770e6eb465334e078d37845607b6bc5f P 2cb539e7768440418ad3c8525d9a1ec2 [term 2 LEADER]: Becoming Leader. State: Replica: 2cb539e7768440418ad3c8525d9a1ec2, State: Running, Role: LEADER
I20260608 12:45:57.897840 16252 consensus_queue.cc:237] T 770e6eb465334e078d37845607b6bc5f P 2cb539e7768440418ad3c8525d9a1ec2 [LEADER]: Queue going to LEADER mode. State: All replicated index: 0, Majority replicated index: 1, Committed index: 1, Last appended: 1.1, Last appended by leader: 1, Current term: 2, Majority size: 2, State: 0, Mode: LEADER, active raft config: opid_index: -1 OBSOLETE_local: false peers { permanent_uuid: "2cb539e7768440418ad3c8525d9a1ec2" member_type: VOTER last_known_addr { host: "127.12.117.132" port: 44115 } } peers { permanent_uuid: "795767449d3f42dea04b6db3e93921b4" member_type: VOTER last_known_addr { host: "127.12.117.130" port: 39255 } } peers { permanent_uuid: "6ca7794b89ef4a3e8053f7ff2b077c28" member_type: VOTER last_known_addr { host: "127.12.117.129" port: 39827 } }
I20260608 12:45:57.905731 16301 raft_consensus.cc:1064] T eb20f975790e4a319939d8014aa1e8bf P 22f39362b7534b2d9a78c095c495ea02: attempting to promote NON_VOTER 795767449d3f42dea04b6db3e93921b4 to VOTER
I20260608 12:45:57.907208 15643 catalog_manager.cc:5696] T 770e6eb465334e078d37845607b6bc5f P 2cb539e7768440418ad3c8525d9a1ec2 reported cstate change: term changed from 1 to 2, leader changed from 6ca7794b89ef4a3e8053f7ff2b077c28 (127.12.117.129) to 2cb539e7768440418ad3c8525d9a1ec2 (127.12.117.132). New cstate: current_term: 2 leader_uuid: "2cb539e7768440418ad3c8525d9a1ec2" committed_config { opid_index: -1 OBSOLETE_local: false peers { permanent_uuid: "2cb539e7768440418ad3c8525d9a1ec2" member_type: VOTER last_known_addr { host: "127.12.117.132" port: 44115 } health_report { overall_health: HEALTHY } } peers { permanent_uuid: "795767449d3f42dea04b6db3e93921b4" member_type: VOTER last_known_addr { host: "127.12.117.130" port: 39255 } health_report { overall_health: UNKNOWN } } peers { permanent_uuid: "6ca7794b89ef4a3e8053f7ff2b077c28" member_type: VOTER last_known_addr { host: "127.12.117.129" port: 39827 } health_report { overall_health: UNKNOWN } } }
I20260608 12:45:57.908470 16301 consensus_queue.cc:237] T eb20f975790e4a319939d8014aa1e8bf P 22f39362b7534b2d9a78c095c495ea02 [LEADER]: Queue going to LEADER mode. State: All replicated index: 0, Majority replicated index: 2, Committed index: 2, Last appended: 1.2, Last appended by leader: 0, Current term: 1, Majority size: 3, State: 0, Mode: LEADER, active raft config: opid_index: 3 OBSOLETE_local: false peers { permanent_uuid: "22f39362b7534b2d9a78c095c495ea02" member_type: VOTER last_known_addr { host: "127.12.117.131" port: 43633 } } peers { permanent_uuid: "6ca7794b89ef4a3e8053f7ff2b077c28" member_type: VOTER last_known_addr { host: "127.12.117.129" port: 39827 } } peers { permanent_uuid: "2cb539e7768440418ad3c8525d9a1ec2" member_type: VOTER last_known_addr { host: "127.12.117.132" port: 44115 } attrs { replace: true } } peers { permanent_uuid: "795767449d3f42dea04b6db3e93921b4" member_type: VOTER last_known_addr { host: "127.12.117.130" port: 39255 } attrs { promote: false } }
I20260608 12:45:57.916337 15821 raft_consensus.cc:1275] T eb20f975790e4a319939d8014aa1e8bf P 795767449d3f42dea04b6db3e93921b4 [term 1 LEARNER]: Refusing update from remote peer 22f39362b7534b2d9a78c095c495ea02: Log matching property violated. Preceding OpId in replica: term: 1 index: 2. Preceding OpId from leader: term: 1 index: 3. (index mismatch)
I20260608 12:45:57.917223 15743 raft_consensus.cc:1275] T eb20f975790e4a319939d8014aa1e8bf P 6ca7794b89ef4a3e8053f7ff2b077c28 [term 1 FOLLOWER]: Refusing update from remote peer 22f39362b7534b2d9a78c095c495ea02: Log matching property violated. Preceding OpId in replica: term: 1 index: 2. Preceding OpId from leader: term: 1 index: 3. (index mismatch)
I20260608 12:45:57.917831 16045 raft_consensus.cc:1275] T eb20f975790e4a319939d8014aa1e8bf P 2cb539e7768440418ad3c8525d9a1ec2 [term 1 FOLLOWER]: Refusing update from remote peer 22f39362b7534b2d9a78c095c495ea02: Log matching property violated. Preceding OpId in replica: term: 1 index: 2. Preceding OpId from leader: term: 1 index: 3. (index mismatch)
I20260608 12:45:57.918516 16301 consensus_queue.cc:1048] T eb20f975790e4a319939d8014aa1e8bf P 22f39362b7534b2d9a78c095c495ea02 [LEADER]: Connected to new peer: Peer: permanent_uuid: "795767449d3f42dea04b6db3e93921b4" member_type: VOTER last_known_addr { host: "127.12.117.130" port: 39255 } attrs { promote: false }, Status: LMP_MISMATCH, Last received: 0.0, Next index: 3, Last known committed idx: 2, Time since last communication: 0.000s
I20260608 12:45:57.919397 16275 consensus_queue.cc:1048] T eb20f975790e4a319939d8014aa1e8bf P 22f39362b7534b2d9a78c095c495ea02 [LEADER]: Connected to new peer: Peer: permanent_uuid: "6ca7794b89ef4a3e8053f7ff2b077c28" member_type: VOTER last_known_addr { host: "127.12.117.129" port: 39827 }, Status: LMP_MISMATCH, Last received: 0.0, Next index: 3, Last known committed idx: 2, Time since last communication: 0.000s
I20260608 12:45:57.921571 16307 consensus_queue.cc:1048] T eb20f975790e4a319939d8014aa1e8bf P 22f39362b7534b2d9a78c095c495ea02 [LEADER]: Connected to new peer: Peer: permanent_uuid: "2cb539e7768440418ad3c8525d9a1ec2" member_type: VOTER last_known_addr { host: "127.12.117.132" port: 44115 } attrs { replace: true }, Status: LMP_MISMATCH, Last received: 0.0, Next index: 3, Last known committed idx: 2, Time since last communication: 0.000s
I20260608 12:45:57.955523 16301 raft_consensus.cc:2955] T eb20f975790e4a319939d8014aa1e8bf P 22f39362b7534b2d9a78c095c495ea02 [term 1 LEADER]: Committing config change with OpId 1.3: config changed from index 2 to 3, 795767449d3f42dea04b6db3e93921b4 (127.12.117.130) changed from NON_VOTER to VOTER. New config: { opid_index: 3 OBSOLETE_local: false peers { permanent_uuid: "22f39362b7534b2d9a78c095c495ea02" member_type: VOTER last_known_addr { host: "127.12.117.131" port: 43633 } } peers { permanent_uuid: "6ca7794b89ef4a3e8053f7ff2b077c28" member_type: VOTER last_known_addr { host: "127.12.117.129" port: 39827 } } peers { permanent_uuid: "2cb539e7768440418ad3c8525d9a1ec2" member_type: VOTER last_known_addr { host: "127.12.117.132" port: 44115 } attrs { replace: true } } peers { permanent_uuid: "795767449d3f42dea04b6db3e93921b4" member_type: VOTER last_known_addr { host: "127.12.117.130" port: 39255 } attrs { promote: false } } }
