I20260608 12:46:31.372587 17506 consensus_queue.cc:1048] T 10825fd4a64740fa84f4eb615fd1254e P bf6aaa188e024bf9b1fd20431cf6b351 [LEADER]: Connected to new peer: Peer: permanent_uuid: "2b7569b3485f4cc795d9446124435990" member_type: VOTER last_known_addr { host: "127.12.117.129" port: 46739 }, Status: LMP_MISMATCH, Last received: 0.0, Next index: 1, Last known committed idx: 0, Time since last communication: 0.004s
I20260608 12:46:31.376426 17519 raft_consensus.cc:697] T 4c245a3d9e5b4e8189a021163a37b96e P d329018c397d4de6a1d2e516ae9479f6 [term 1 LEADER]: Becoming Leader. State: Replica: d329018c397d4de6a1d2e516ae9479f6, State: Running, Role: LEADER
I20260608 12:46:31.377741 17519 consensus_queue.cc:237] T 4c245a3d9e5b4e8189a021163a37b96e P d329018c397d4de6a1d2e516ae9479f6 [LEADER]: Queue going to LEADER mode. State: All replicated index: 0, Majority replicated index: 0, Committed index: 0, Last appended: 0.0, Last appended by leader: 0, Current term: 1, Majority size: 2, State: 0, Mode: LEADER, active raft config: opid_index: -1 OBSOLETE_local: false peers { permanent_uuid: "2b7569b3485f4cc795d9446124435990" member_type: VOTER last_known_addr { host: "127.12.117.129" port: 46739 } } peers { permanent_uuid: "d329018c397d4de6a1d2e516ae9479f6" member_type: VOTER last_known_addr { host: "127.12.117.130" port: 43497 } } peers { permanent_uuid: "bf6aaa188e024bf9b1fd20431cf6b351" member_type: VOTER last_known_addr { host: "127.12.117.131" port: 36843 } }
I20260608 12:46:31.381572 17457 consensus_queue.cc:1048] T afc72368afd74b35be1b705802dc1770 P 2b7569b3485f4cc795d9446124435990 [LEADER]: Connected to new peer: Peer: permanent_uuid: "bf6aaa188e024bf9b1fd20431cf6b351" member_type: VOTER last_known_addr { host: "127.12.117.131" port: 36843 }, Status: LMP_MISMATCH, Last received: 0.0, Next index: 1, Last known committed idx: 0, Time since last communication: 0.000s
I20260608 12:46:31.371148 17452 raft_consensus.cc:359] T 0a9eb5242606483b8262db200e228f96 P 2b7569b3485f4cc795d9446124435990 [term 0 FOLLOWER]: Replica starting. Triggering 0 pending ops. Active config: opid_index: -1 OBSOLETE_local: false peers { permanent_uuid: "2b7569b3485f4cc795d9446124435990" member_type: VOTER last_known_addr { host: "127.12.117.129" port: 46739 } } peers { permanent_uuid: "d329018c397d4de6a1d2e516ae9479f6" member_type: VOTER last_known_addr { host: "127.12.117.130" port: 43497 } } peers { permanent_uuid: "bf6aaa188e024bf9b1fd20431cf6b351" member_type: VOTER last_known_addr { host: "127.12.117.131" port: 36843 } }
I20260608 12:46:31.383460 17452 raft_consensus.cc:385] T 0a9eb5242606483b8262db200e228f96 P 2b7569b3485f4cc795d9446124435990 [term 0 FOLLOWER]: Consensus starting up: Expiring failure detector timer to make a prompt election more likely
I20260608 12:46:31.383802 17452 raft_consensus.cc:740] T 0a9eb5242606483b8262db200e228f96 P 2b7569b3485f4cc795d9446124435990 [term 0 FOLLOWER]: Becoming Follower/Learner. State: Replica: 2b7569b3485f4cc795d9446124435990, State: Initialized, Role: FOLLOWER
I20260608 12:46:31.384615 17452 consensus_queue.cc:260] T 0a9eb5242606483b8262db200e228f96 P 2b7569b3485f4cc795d9446124435990 [NON_LEADER]: Queue going to NON_LEADER mode. State: All replicated index: 0, Majority replicated index: 0, Committed index: 0, Last appended: 0.0, Last appended by leader: 0, Current term: 0, Majority size: -1, State: 0, Mode: NON_LEADER, active raft config: opid_index: -1 OBSOLETE_local: false peers { permanent_uuid: "2b7569b3485f4cc795d9446124435990" member_type: VOTER last_known_addr { host: "127.12.117.129" port: 46739 } } peers { permanent_uuid: "d329018c397d4de6a1d2e516ae9479f6" member_type: VOTER last_known_addr { host: "127.12.117.130" port: 43497 } } peers { permanent_uuid: "bf6aaa188e024bf9b1fd20431cf6b351" member_type: VOTER last_known_addr { host: "127.12.117.131" port: 36843 } }
I20260608 12:46:31.374053 17498 leader_election.cc:290] T 4c245a3d9e5b4e8189a021163a37b96e P d329018c397d4de6a1d2e516ae9479f6 [CANDIDATE]: Term 1 election: Requested vote from peers 2b7569b3485f4cc795d9446124435990 (127.12.117.129:46739), bf6aaa188e024bf9b1fd20431cf6b351 (127.12.117.131:36843)
I20260608 12:46:31.387286 17452 ts_tablet_manager.cc:1434] T 0a9eb5242606483b8262db200e228f96 P 2b7569b3485f4cc795d9446124435990: Time spent starting tablet: real 0.023s	user 0.006s	sys 0.000s
I20260608 12:46:31.373965 17151 catalog_manager.cc:5696] T 07283d980ab84b29a3cbb97a26d9ea77 P d329018c397d4de6a1d2e516ae9479f6 reported cstate change: term changed from 0 to 1, leader changed from <none> to d329018c397d4de6a1d2e516ae9479f6 (127.12.117.130). New cstate: current_term: 1 leader_uuid: "d329018c397d4de6a1d2e516ae9479f6" committed_config { opid_index: -1 OBSOLETE_local: false peers { permanent_uuid: "2b7569b3485f4cc795d9446124435990" member_type: VOTER last_known_addr { host: "127.12.117.129" port: 46739 } health_report { overall_health: UNKNOWN } } peers { permanent_uuid: "d329018c397d4de6a1d2e516ae9479f6" member_type: VOTER last_known_addr { host: "127.12.117.130" port: 43497 } health_report { overall_health: HEALTHY } } peers { permanent_uuid: "bf6aaa188e024bf9b1fd20431cf6b351" member_type: VOTER last_known_addr { host: "127.12.117.131" port: 36843 } health_report { overall_health: UNKNOWN } } }
I20260608 12:46:31.373741 17254 raft_consensus.cc:2468] T 4c245a3d9e5b4e8189a021163a37b96e P 2b7569b3485f4cc795d9446124435990 [term 1 FOLLOWER]: Leader election vote request: Granting yes vote for candidate d329018c397d4de6a1d2e516ae9479f6 in term 1.
I20260608 12:46:31.399394 17499 consensus_queue.cc:1048] T 10825fd4a64740fa84f4eb615fd1254e P bf6aaa188e024bf9b1fd20431cf6b351 [LEADER]: Connected to new peer: Peer: permanent_uuid: "d329018c397d4de6a1d2e516ae9479f6" member_type: VOTER last_known_addr { host: "127.12.117.130" port: 43497 }, Status: LMP_MISMATCH, Last received: 0.0, Next index: 1, Last known committed idx: 0, Time since last communication: 0.000s
I20260608 12:46:31.418583 17457 consensus_queue.cc:1048] T afc72368afd74b35be1b705802dc1770 P 2b7569b3485f4cc795d9446124435990 [LEADER]: Connected to new peer: Peer: permanent_uuid: "d329018c397d4de6a1d2e516ae9479f6" member_type: VOTER last_known_addr { host: "127.12.117.130" port: 43497 }, Status: LMP_MISMATCH, Last received: 0.0, Next index: 1, Last known committed idx: 0, Time since last communication: 0.000s
I20260608 12:46:31.435338 17154 catalog_manager.cc:5696] T 0a9eb5242606483b8262db200e228f96 P d329018c397d4de6a1d2e516ae9479f6 reported cstate change: term changed from 0 to 1, leader changed from <none> to d329018c397d4de6a1d2e516ae9479f6 (127.12.117.130). New cstate: current_term: 1 leader_uuid: "d329018c397d4de6a1d2e516ae9479f6" committed_config { opid_index: -1 OBSOLETE_local: false peers { permanent_uuid: "2b7569b3485f4cc795d9446124435990" member_type: VOTER last_known_addr { host: "127.12.117.129" port: 46739 } health_report { overall_health: UNKNOWN } } peers { permanent_uuid: "d329018c397d4de6a1d2e516ae9479f6" member_type: VOTER last_known_addr { host: "127.12.117.130" port: 43497 } health_report { overall_health: HEALTHY } } peers { permanent_uuid: "bf6aaa188e024bf9b1fd20431cf6b351" member_type: VOTER last_known_addr { host: "127.12.117.131" port: 36843 } health_report { overall_health: UNKNOWN } } }
I20260608 12:46:31.436861 17154 catalog_manager.cc:5696] T 4c245a3d9e5b4e8189a021163a37b96e P d329018c397d4de6a1d2e516ae9479f6 reported cstate change: term changed from 0 to 1, leader changed from <none> to d329018c397d4de6a1d2e516ae9479f6 (127.12.117.130). New cstate: current_term: 1 leader_uuid: "d329018c397d4de6a1d2e516ae9479f6" committed_config { opid_index: -1 OBSOLETE_local: false peers { permanent_uuid: "2b7569b3485f4cc795d9446124435990" member_type: VOTER last_known_addr { host: "127.12.117.129" port: 46739 } health_report { overall_health: UNKNOWN } } peers { permanent_uuid: "d329018c397d4de6a1d2e516ae9479f6" member_type: VOTER last_known_addr { host: "127.12.117.130" port: 43497 } health_report { overall_health: HEALTHY } } peers { permanent_uuid: "bf6aaa188e024bf9b1fd20431cf6b351" member_type: VOTER last_known_addr { host: "127.12.117.131" port: 36843 } health_report { overall_health: UNKNOWN } } }
I20260608 12:46:31.445418 17457 raft_consensus.cc:493] T 76386576179b46ebb3a16cf0be9f79b0 P 2b7569b3485f4cc795d9446124435990 [term 0 FOLLOWER]: Starting pre-election (no leader contacted us within the election timeout)
I20260608 12:46:31.446094 17457 raft_consensus.cc:515] T 76386576179b46ebb3a16cf0be9f79b0 P 2b7569b3485f4cc795d9446124435990 [term 0 FOLLOWER]: Starting pre-election with config: opid_index: -1 OBSOLETE_local: false peers { permanent_uuid: "2b7569b3485f4cc795d9446124435990" member_type: VOTER last_known_addr { host: "127.12.117.129" port: 46739 } } peers { permanent_uuid: "d329018c397d4de6a1d2e516ae9479f6" member_type: VOTER last_known_addr { host: "127.12.117.130" port: 43497 } } peers { permanent_uuid: "bf6aaa188e024bf9b1fd20431cf6b351" member_type: VOTER last_known_addr { host: "127.12.117.131" port: 36843 } }
I20260608 12:46:31.448526 17457 leader_election.cc:290] T 76386576179b46ebb3a16cf0be9f79b0 P 2b7569b3485f4cc795d9446124435990 [CANDIDATE]: Term 1 pre-election: Requested pre-vote from peers d329018c397d4de6a1d2e516ae9479f6 (127.12.117.130:43497), bf6aaa188e024bf9b1fd20431cf6b351 (127.12.117.131:36843)
I20260608 12:46:31.449374 17330 tablet_service.cc:1917] Received RequestConsensusVote() RPC: tablet_id: "76386576179b46ebb3a16cf0be9f79b0" candidate_uuid: "2b7569b3485f4cc795d9446124435990" candidate_term: 1 candidate_status { last_received { term: 0 index: 0 } } ignore_live_leader: false dest_uuid: "d329018c397d4de6a1d2e516ae9479f6" is_pre_election: true
I20260608 12:46:31.449805 17402 tablet_service.cc:1917] Received RequestConsensusVote() RPC: tablet_id: "76386576179b46ebb3a16cf0be9f79b0" candidate_uuid: "2b7569b3485f4cc795d9446124435990" candidate_term: 1 candidate_status { last_received { term: 0 index: 0 } } ignore_live_leader: false dest_uuid: "bf6aaa188e024bf9b1fd20431cf6b351" is_pre_election: true
I20260608 12:46:31.450637 17402 raft_consensus.cc:2393] T 76386576179b46ebb3a16cf0be9f79b0 P bf6aaa188e024bf9b1fd20431cf6b351 [term 1 FOLLOWER]: Leader pre-election vote request: Denying vote to candidate 2b7569b3485f4cc795d9446124435990 in current term 1: Already voted for candidate d329018c397d4de6a1d2e516ae9479f6 in this term.
I20260608 12:46:31.451865 17221 leader_election.cc:304] T 76386576179b46ebb3a16cf0be9f79b0 P 2b7569b3485f4cc795d9446124435990 [CANDIDATE]: Term 1 pre-election: Election decided. Result: candidate lost. Election summary: received 3 responses out of 3 voters: 1 yes votes; 2 no votes. yes voters: 2b7569b3485f4cc795d9446124435990; no voters: bf6aaa188e024bf9b1fd20431cf6b351, d329018c397d4de6a1d2e516ae9479f6
I20260608 12:46:31.452731 17457 raft_consensus.cc:3060] T 76386576179b46ebb3a16cf0be9f79b0 P 2b7569b3485f4cc795d9446124435990 [term 0 FOLLOWER]: Advancing to term 1
I20260608 12:46:31.458827 17457 raft_consensus.cc:2749] T 76386576179b46ebb3a16cf0be9f79b0 P 2b7569b3485f4cc795d9446124435990 [term 1 FOLLOWER]: Leader pre-election lost for term 1. Reason: could not achieve majority
W20260608 12:46:31.465070 17202 auto_rebalancer.cc:259] Could not retrieve cluster info: Service unavailable: Tablet not running
I20260608 12:46:31.466053 17531 raft_consensus.cc:493] T ff7cd59b45094bf5b2440b2d98537f96 P bf6aaa188e024bf9b1fd20431cf6b351 [term 0 FOLLOWER]: Starting pre-election (no leader contacted us within the election timeout)
I20260608 12:46:31.466531 17531 raft_consensus.cc:515] T ff7cd59b45094bf5b2440b2d98537f96 P bf6aaa188e024bf9b1fd20431cf6b351 [term 0 FOLLOWER]: Starting pre-election with config: opid_index: -1 OBSOLETE_local: false peers { permanent_uuid: "2b7569b3485f4cc795d9446124435990" member_type: VOTER last_known_addr { host: "127.12.117.129" port: 46739 } } peers { permanent_uuid: "d329018c397d4de6a1d2e516ae9479f6" member_type: VOTER last_known_addr { host: "127.12.117.130" port: 43497 } } peers { permanent_uuid: "bf6aaa188e024bf9b1fd20431cf6b351" member_type: VOTER last_known_addr { host: "127.12.117.131" port: 36843 } }
I20260608 12:46:31.468312 17531 leader_election.cc:290] T ff7cd59b45094bf5b2440b2d98537f96 P bf6aaa188e024bf9b1fd20431cf6b351 [CANDIDATE]: Term 1 pre-election: Requested pre-vote from peers 2b7569b3485f4cc795d9446124435990 (127.12.117.129:46739), d329018c397d4de6a1d2e516ae9479f6 (127.12.117.130:43497)
I20260608 12:46:31.469260 17254 tablet_service.cc:1917] Received RequestConsensusVote() RPC: tablet_id: "ff7cd59b45094bf5b2440b2d98537f96" candidate_uuid: "bf6aaa188e024bf9b1fd20431cf6b351" candidate_term: 1 candidate_status { last_received { term: 0 index: 0 } } ignore_live_leader: false dest_uuid: "2b7569b3485f4cc795d9446124435990" is_pre_election: true
I20260608 12:46:31.469652 17330 tablet_service.cc:1917] Received RequestConsensusVote() RPC: tablet_id: "ff7cd59b45094bf5b2440b2d98537f96" candidate_uuid: "bf6aaa188e024bf9b1fd20431cf6b351" candidate_term: 1 candidate_status { last_received { term: 0 index: 0 } } ignore_live_leader: false dest_uuid: "d329018c397d4de6a1d2e516ae9479f6" is_pre_election: true
I20260608 12:46:31.469854 17254 raft_consensus.cc:2468] T ff7cd59b45094bf5b2440b2d98537f96 P 2b7569b3485f4cc795d9446124435990 [term 0 FOLLOWER]: Leader pre-election vote request: Granting yes vote for candidate bf6aaa188e024bf9b1fd20431cf6b351 in term 0.
I20260608 12:46:31.470264 17330 raft_consensus.cc:2468] T ff7cd59b45094bf5b2440b2d98537f96 P d329018c397d4de6a1d2e516ae9479f6 [term 0 FOLLOWER]: Leader pre-election vote request: Granting yes vote for candidate bf6aaa188e024bf9b1fd20431cf6b351 in term 0.
I20260608 12:46:31.471014 17371 leader_election.cc:304] T ff7cd59b45094bf5b2440b2d98537f96 P bf6aaa188e024bf9b1fd20431cf6b351 [CANDIDATE]: Term 1 pre-election: Election decided. Result: candidate won. Election summary: received 2 responses out of 3 voters: 2 yes votes; 0 no votes. yes voters: 2b7569b3485f4cc795d9446124435990, bf6aaa188e024bf9b1fd20431cf6b351; no voters: 
I20260608 12:46:31.471838 17531 raft_consensus.cc:2804] T ff7cd59b45094bf5b2440b2d98537f96 P bf6aaa188e024bf9b1fd20431cf6b351 [term 0 FOLLOWER]: Leader pre-election won for term 1
I20260608 12:46:31.472249 17531 raft_consensus.cc:493] T ff7cd59b45094bf5b2440b2d98537f96 P bf6aaa188e024bf9b1fd20431cf6b351 [term 0 FOLLOWER]: Starting leader election (no leader contacted us within the election timeout)
I20260608 12:46:31.472548 17531 raft_consensus.cc:3060] T ff7cd59b45094bf5b2440b2d98537f96 P bf6aaa188e024bf9b1fd20431cf6b351 [term 0 FOLLOWER]: Advancing to term 1
I20260608 12:46:31.477506 17531 raft_consensus.cc:515] T ff7cd59b45094bf5b2440b2d98537f96 P bf6aaa188e024bf9b1fd20431cf6b351 [term 1 FOLLOWER]: Starting leader election with config: opid_index: -1 OBSOLETE_local: false peers { permanent_uuid: "2b7569b3485f4cc795d9446124435990" member_type: VOTER last_known_addr { host: "127.12.117.129" port: 46739 } } peers { permanent_uuid: "d329018c397d4de6a1d2e516ae9479f6" member_type: VOTER last_known_addr { host: "127.12.117.130" port: 43497 } } peers { permanent_uuid: "bf6aaa188e024bf9b1fd20431cf6b351" member_type: VOTER last_known_addr { host: "127.12.117.131" port: 36843 } }
I20260608 12:46:31.479166 17531 leader_election.cc:290] T ff7cd59b45094bf5b2440b2d98537f96 P bf6aaa188e024bf9b1fd20431cf6b351 [CANDIDATE]: Term 1 election: Requested vote from peers 2b7569b3485f4cc795d9446124435990 (127.12.117.129:46739), d329018c397d4de6a1d2e516ae9479f6 (127.12.117.130:43497)
I20260608 12:46:31.480176 17254 tablet_service.cc:1917] Received RequestConsensusVote() RPC: tablet_id: "ff7cd59b45094bf5b2440b2d98537f96" candidate_uuid: "bf6aaa188e024bf9b1fd20431cf6b351" candidate_term: 1 candidate_status { last_received { term: 0 index: 0 } } ignore_live_leader: false dest_uuid: "2b7569b3485f4cc795d9446124435990"
I20260608 12:46:31.480269 17330 tablet_service.cc:1917] Received RequestConsensusVote() RPC: tablet_id: "ff7cd59b45094bf5b2440b2d98537f96" candidate_uuid: "bf6aaa188e024bf9b1fd20431cf6b351" candidate_term: 1 candidate_status { last_received { term: 0 index: 0 } } ignore_live_leader: false dest_uuid: "d329018c397d4de6a1d2e516ae9479f6"
I20260608 12:46:31.480813 17254 raft_consensus.cc:3060] T ff7cd59b45094bf5b2440b2d98537f96 P 2b7569b3485f4cc795d9446124435990 [term 0 FOLLOWER]: Advancing to term 1
I20260608 12:46:31.480890 17330 raft_consensus.cc:3060] T ff7cd59b45094bf5b2440b2d98537f96 P d329018c397d4de6a1d2e516ae9479f6 [term 0 FOLLOWER]: Advancing to term 1
I20260608 12:46:31.486097 17254 raft_consensus.cc:2468] T ff7cd59b45094bf5b2440b2d98537f96 P 2b7569b3485f4cc795d9446124435990 [term 1 FOLLOWER]: Leader election vote request: Granting yes vote for candidate bf6aaa188e024bf9b1fd20431cf6b351 in term 1.
I20260608 12:46:31.486472 17330 raft_consensus.cc:2468] T ff7cd59b45094bf5b2440b2d98537f96 P d329018c397d4de6a1d2e516ae9479f6 [term 1 FOLLOWER]: Leader election vote request: Granting yes vote for candidate bf6aaa188e024bf9b1fd20431cf6b351 in term 1.
I20260608 12:46:31.487257 17371 leader_election.cc:304] T ff7cd59b45094bf5b2440b2d98537f96 P bf6aaa188e024bf9b1fd20431cf6b351 [CANDIDATE]: Term 1 election: Election decided. Result: candidate won. Election summary: received 2 responses out of 3 voters: 2 yes votes; 0 no votes. yes voters: 2b7569b3485f4cc795d9446124435990, bf6aaa188e024bf9b1fd20431cf6b351; no voters: 
I20260608 12:46:31.488483 17531 raft_consensus.cc:2804] T ff7cd59b45094bf5b2440b2d98537f96 P bf6aaa188e024bf9b1fd20431cf6b351 [term 1 FOLLOWER]: Leader election won for term 1
I20260608 12:46:31.488989 17531 raft_consensus.cc:697] T ff7cd59b45094bf5b2440b2d98537f96 P bf6aaa188e024bf9b1fd20431cf6b351 [term 1 LEADER]: Becoming Leader. State: Replica: bf6aaa188e024bf9b1fd20431cf6b351, State: Running, Role: LEADER
I20260608 12:46:31.489826 17531 consensus_queue.cc:237] T ff7cd59b45094bf5b2440b2d98537f96 P bf6aaa188e024bf9b1fd20431cf6b351 [LEADER]: Queue going to LEADER mode. State: All replicated index: 0, Majority replicated index: 0, Committed index: 0, Last appended: 0.0, Last appended by leader: 0, Current term: 1, Majority size: 2, State: 0, Mode: LEADER, active raft config: opid_index: -1 OBSOLETE_local: false peers { permanent_uuid: "2b7569b3485f4cc795d9446124435990" member_type: VOTER last_known_addr { host: "127.12.117.129" port: 46739 } } peers { permanent_uuid: "d329018c397d4de6a1d2e516ae9479f6" member_type: VOTER last_known_addr { host: "127.12.117.130" port: 43497 } } peers { permanent_uuid: "bf6aaa188e024bf9b1fd20431cf6b351" member_type: VOTER last_known_addr { host: "127.12.117.131" port: 36843 } }
I20260608 12:46:31.490762 17519 consensus_queue.cc:1048] T dd771cd602744ae98dd65ebe35e5d152 P d329018c397d4de6a1d2e516ae9479f6 [LEADER]: Connected to new peer: Peer: permanent_uuid: "2b7569b3485f4cc795d9446124435990" member_type: VOTER last_known_addr { host: "127.12.117.129" port: 46739 }, Status: LMP_MISMATCH, Last received: 0.0, Next index: 1, Last known committed idx: 0, Time since last communication: 0.000s
I20260608 12:46:31.498699 17154 catalog_manager.cc:5696] T ff7cd59b45094bf5b2440b2d98537f96 P bf6aaa188e024bf9b1fd20431cf6b351 reported cstate change: term changed from 0 to 1, leader changed from <none> to bf6aaa188e024bf9b1fd20431cf6b351 (127.12.117.131). New cstate: current_term: 1 leader_uuid: "bf6aaa188e024bf9b1fd20431cf6b351" committed_config { opid_index: -1 OBSOLETE_local: false peers { permanent_uuid: "2b7569b3485f4cc795d9446124435990" member_type: VOTER last_known_addr { host: "127.12.117.129" port: 46739 } health_report { overall_health: UNKNOWN } } peers { permanent_uuid: "d329018c397d4de6a1d2e516ae9479f6" member_type: VOTER last_known_addr { host: "127.12.117.130" port: 43497 } health_report { overall_health: UNKNOWN } } peers { permanent_uuid: "bf6aaa188e024bf9b1fd20431cf6b351" member_type: VOTER last_known_addr { host: "127.12.117.131" port: 36843 } health_report { overall_health: HEALTHY } } }
I20260608 12:46:31.505237 17519 consensus_queue.cc:1048] T dd771cd602744ae98dd65ebe35e5d152 P d329018c397d4de6a1d2e516ae9479f6 [LEADER]: Connected to new peer: Peer: permanent_uuid: "bf6aaa188e024bf9b1fd20431cf6b351" member_type: VOTER last_known_addr { host: "127.12.117.131" port: 36843 }, Status: LMP_MISMATCH, Last received: 0.0, Next index: 1, Last known committed idx: 0, Time since last communication: 0.000s
I20260608 12:46:31.626582 17502 consensus_queue.cc:1048] T cd6ba954c414432487aa1442513aa86a P d329018c397d4de6a1d2e516ae9479f6 [LEADER]: Connected to new peer: Peer: permanent_uuid: "2b7569b3485f4cc795d9446124435990" member_type: VOTER last_known_addr { host: "127.12.117.129" port: 46739 }, Status: LMP_MISMATCH, Last received: 0.0, Next index: 1, Last known committed idx: 0, Time since last communication: 0.000s
I20260608 12:46:31.638172 17502 consensus_queue.cc:1048] T cd6ba954c414432487aa1442513aa86a P d329018c397d4de6a1d2e516ae9479f6 [LEADER]: Connected to new peer: Peer: permanent_uuid: "bf6aaa188e024bf9b1fd20431cf6b351" member_type: VOTER last_known_addr { host: "127.12.117.131" port: 36843 }, Status: LMP_MISMATCH, Last received: 0.0, Next index: 1, Last known committed idx: 0, Time since last communication: 0.000s
I20260608 12:46:31.652853 17502 consensus_queue.cc:1048] T 304461ffd1b3449097cf6ad72ce4c662 P d329018c397d4de6a1d2e516ae9479f6 [LEADER]: Connected to new peer: Peer: permanent_uuid: "2b7569b3485f4cc795d9446124435990" member_type: VOTER last_known_addr { host: "127.12.117.129" port: 46739 }, Status: LMP_MISMATCH, Last received: 0.0, Next index: 1, Last known committed idx: 0, Time since last communication: 0.000s
I20260608 12:46:31.667033 17497 consensus_queue.cc:1048] T 304461ffd1b3449097cf6ad72ce4c662 P d329018c397d4de6a1d2e516ae9479f6 [LEADER]: Connected to new peer: Peer: permanent_uuid: "bf6aaa188e024bf9b1fd20431cf6b351" member_type: VOTER last_known_addr { host: "127.12.117.131" port: 36843 }, Status: LMP_MISMATCH, Last received: 0.0, Next index: 1, Last known committed idx: 0, Time since last communication: 0.000s
I20260608 12:46:31.689342 17497 consensus_queue.cc:1048] T 76386576179b46ebb3a16cf0be9f79b0 P d329018c397d4de6a1d2e516ae9479f6 [LEADER]: Connected to new peer: Peer: permanent_uuid: "bf6aaa188e024bf9b1fd20431cf6b351" member_type: VOTER last_known_addr { host: "127.12.117.131" port: 36843 }, Status: LMP_MISMATCH, Last received: 0.0, Next index: 1, Last known committed idx: 0, Time since last communication: 0.000s
I20260608 12:46:31.701520 17502 consensus_queue.cc:1048] T 76386576179b46ebb3a16cf0be9f79b0 P d329018c397d4de6a1d2e516ae9479f6 [LEADER]: Connected to new peer: Peer: permanent_uuid: "2b7569b3485f4cc795d9446124435990" member_type: VOTER last_known_addr { host: "127.12.117.129" port: 46739 }, Status: LMP_MISMATCH, Last received: 0.0, Next index: 1, Last known committed idx: 0, Time since last communication: 0.000s
I20260608 12:46:31.707324 17457 raft_consensus.cc:493] T 0a9eb5242606483b8262db200e228f96 P 2b7569b3485f4cc795d9446124435990 [term 0 FOLLOWER]: Starting pre-election (no leader contacted us within the election timeout)
I20260608 12:46:31.707858 17457 raft_consensus.cc:515] T 0a9eb5242606483b8262db200e228f96 P 2b7569b3485f4cc795d9446124435990 [term 0 FOLLOWER]: Starting pre-election with config: opid_index: -1 OBSOLETE_local: false peers { permanent_uuid: "2b7569b3485f4cc795d9446124435990" member_type: VOTER last_known_addr { host: "127.12.117.129" port: 46739 } } peers { permanent_uuid: "d329018c397d4de6a1d2e516ae9479f6" member_type: VOTER last_known_addr { host: "127.12.117.130" port: 43497 } } peers { permanent_uuid: "bf6aaa188e024bf9b1fd20431cf6b351" member_type: VOTER last_known_addr { host: "127.12.117.131" port: 36843 } }
I20260608 12:46:31.710721 17457 leader_election.cc:290] T 0a9eb5242606483b8262db200e228f96 P 2b7569b3485f4cc795d9446124435990 [CANDIDATE]: Term 1 pre-election: Requested pre-vote from peers d329018c397d4de6a1d2e516ae9479f6 (127.12.117.130:43497), bf6aaa188e024bf9b1fd20431cf6b351 (127.12.117.131:36843)
I20260608 12:46:31.710945 17330 tablet_service.cc:1917] Received RequestConsensusVote() RPC: tablet_id: "0a9eb5242606483b8262db200e228f96" candidate_uuid: "2b7569b3485f4cc795d9446124435990" candidate_term: 1 candidate_status { last_received { term: 0 index: 0 } } ignore_live_leader: false dest_uuid: "d329018c397d4de6a1d2e516ae9479f6" is_pre_election: true
I20260608 12:46:31.711373 17402 tablet_service.cc:1917] Received RequestConsensusVote() RPC: tablet_id: "0a9eb5242606483b8262db200e228f96" candidate_uuid: "2b7569b3485f4cc795d9446124435990" candidate_term: 1 candidate_status { last_received { term: 0 index: 0 } } ignore_live_leader: false dest_uuid: "bf6aaa188e024bf9b1fd20431cf6b351" is_pre_election: true
I20260608 12:46:31.712256 17402 raft_consensus.cc:2393] T 0a9eb5242606483b8262db200e228f96 P bf6aaa188e024bf9b1fd20431cf6b351 [term 1 FOLLOWER]: Leader pre-election vote request: Denying vote to candidate 2b7569b3485f4cc795d9446124435990 in current term 1: Already voted for candidate d329018c397d4de6a1d2e516ae9479f6 in this term.
I20260608 12:46:31.713332 17221 leader_election.cc:304] T 0a9eb5242606483b8262db200e228f96 P 2b7569b3485f4cc795d9446124435990 [CANDIDATE]: Term 1 pre-election: Election decided. Result: candidate lost. Election summary: received 3 responses out of 3 voters: 1 yes votes; 2 no votes. yes voters: 2b7569b3485f4cc795d9446124435990; no voters: bf6aaa188e024bf9b1fd20431cf6b351, d329018c397d4de6a1d2e516ae9479f6
I20260608 12:46:31.714033 17457 raft_consensus.cc:3060] T 0a9eb5242606483b8262db200e228f96 P 2b7569b3485f4cc795d9446124435990 [term 0 FOLLOWER]: Advancing to term 1
I20260608 12:46:31.719273 17457 raft_consensus.cc:2749] T 0a9eb5242606483b8262db200e228f96 P 2b7569b3485f4cc795d9446124435990 [term 1 FOLLOWER]: Leader pre-election lost for term 1. Reason: could not achieve majority
I20260608 12:46:31.722074 17502 consensus_queue.cc:1048] T 07283d980ab84b29a3cbb97a26d9ea77 P d329018c397d4de6a1d2e516ae9479f6 [LEADER]: Connected to new peer: Peer: permanent_uuid: "bf6aaa188e024bf9b1fd20431cf6b351" member_type: VOTER last_known_addr { host: "127.12.117.131" port: 36843 }, Status: LMP_MISMATCH, Last received: 0.0, Next index: 1, Last known committed idx: 0, Time since last communication: 0.000s
I20260608 12:46:31.734081 17502 consensus_queue.cc:1048] T 07283d980ab84b29a3cbb97a26d9ea77 P d329018c397d4de6a1d2e516ae9479f6 [LEADER]: Connected to new peer: Peer: permanent_uuid: "2b7569b3485f4cc795d9446124435990" member_type: VOTER last_known_addr { host: "127.12.117.129" port: 46739 }, Status: LMP_MISMATCH, Last received: 0.0, Next index: 1, Last known committed idx: 0, Time since last communication: 0.000s
I20260608 12:46:31.737737 17502 consensus_queue.cc:1048] T 0a9eb5242606483b8262db200e228f96 P d329018c397d4de6a1d2e516ae9479f6 [LEADER]: Connected to new peer: Peer: permanent_uuid: "bf6aaa188e024bf9b1fd20431cf6b351" member_type: VOTER last_known_addr { host: "127.12.117.131" port: 36843 }, Status: LMP_MISMATCH, Last received: 0.0, Next index: 1, Last known committed idx: 0, Time since last communication: 0.000s
I20260608 12:46:31.755360 17519 consensus_queue.cc:1048] T 0a9eb5242606483b8262db200e228f96 P d329018c397d4de6a1d2e516ae9479f6 [LEADER]: Connected to new peer: Peer: permanent_uuid: "2b7569b3485f4cc795d9446124435990" member_type: VOTER last_known_addr { host: "127.12.117.129" port: 46739 }, Status: LMP_MISMATCH, Last received: 0.0, Next index: 1, Last known committed idx: 0, Time since last communication: 0.000s
I20260608 12:46:31.801887 17502 consensus_queue.cc:1048] T 4c245a3d9e5b4e8189a021163a37b96e P d329018c397d4de6a1d2e516ae9479f6 [LEADER]: Connected to new peer: Peer: permanent_uuid: "bf6aaa188e024bf9b1fd20431cf6b351" member_type: VOTER last_known_addr { host: "127.12.117.131" port: 36843 }, Status: LMP_MISMATCH, Last received: 0.0, Next index: 1, Last known committed idx: 0, Time since last communication: 0.000s
I20260608 12:46:31.844256 17497 consensus_queue.cc:1048] T 4c245a3d9e5b4e8189a021163a37b96e P d329018c397d4de6a1d2e516ae9479f6 [LEADER]: Connected to new peer: Peer: permanent_uuid: "2b7569b3485f4cc795d9446124435990" member_type: VOTER last_known_addr { host: "127.12.117.129" port: 46739 }, Status: LMP_MISMATCH, Last received: 0.0, Next index: 1, Last known committed idx: 0, Time since last communication: 0.001s
I20260608 12:46:31.906996 17506 consensus_queue.cc:1048] T ff7cd59b45094bf5b2440b2d98537f96 P bf6aaa188e024bf9b1fd20431cf6b351 [LEADER]: Connected to new peer: Peer: permanent_uuid: "2b7569b3485f4cc795d9446124435990" member_type: VOTER last_known_addr { host: "127.12.117.129" port: 46739 }, Status: LMP_MISMATCH, Last received: 0.0, Next index: 1, Last known committed idx: 0, Time since last communication: 0.000s
I20260608 12:46:32.067246 17506 consensus_queue.cc:1048] T ff7cd59b45094bf5b2440b2d98537f96 P bf6aaa188e024bf9b1fd20431cf6b351 [LEADER]: Connected to new peer: Peer: permanent_uuid: "d329018c397d4de6a1d2e516ae9479f6" member_type: VOTER last_known_addr { host: "127.12.117.130" port: 43497 }, Status: LMP_MISMATCH, Last received: 0.0, Next index: 1, Last known committed idx: 0, Time since last communication: 0.001s
W20260608 12:46:32.676498 17581 log.cc:927] Time spent T afc72368afd74b35be1b705802dc1770 P bf6aaa188e024bf9b1fd20431cf6b351: Append to log took a long time: real 0.089s	user 0.001s	sys 0.000s
W20260608 12:46:32.686641 17222 outbound_call.cc:321] RPC callback for RPC call kudu.consensus.ConsensusService.UpdateConsensus -> {remote=127.12.117.130:43497, user_credentials={real_user=slave}} blocked reactor thread for 147306us
W20260608 12:46:32.819418 17586 log.cc:927] Time spent T dd771cd602744ae98dd65ebe35e5d152 P bf6aaa188e024bf9b1fd20431cf6b351: Append to log took a long time: real 0.143s	user 0.002s	sys 0.001s
W20260608 12:46:33.132261 17604 log.cc:927] Time spent T 10825fd4a64740fa84f4eb615fd1254e P d329018c397d4de6a1d2e516ae9479f6: Append to log took a long time: real 0.114s	user 0.002s	sys 0.000s
W20260608 12:46:33.168442 17371 outbound_call.cc:321] RPC callback for RPC call kudu.consensus.ConsensusService.UpdateConsensus -> {remote=127.12.117.130:43497, user_credentials={real_user=slave}} blocked reactor thread for 47720.5us
I20260608 12:46:33.270157 17572 rpcz_store.cc:275] Call kudu.tserver.TabletServerService.Write from 127.0.0.1:49054 (ReqId={client: 377155cddda04520b154e152ce424e34, seq_no=27, attempt_no=0}) took 1024 ms. Trace:
I20260608 12:46:33.290835 17589 rpcz_store.cc:275] Call kudu.tserver.TabletServerService.Write from 127.0.0.1:49054 (ReqId={client: 377155cddda04520b154e152ce424e34, seq_no=1, attempt_no=0}) took 1070 ms. Trace:
I20260608 12:46:33.324123 17583 rpcz_store.cc:275] Call kudu.tserver.TabletServerService.Write from 127.0.0.1:49054 (ReqId={client: 377155cddda04520b154e152ce424e34, seq_no=31, attempt_no=0}) took 1077 ms. Trace:
I20260608 12:46:33.277418 17572 rpcz_store.cc:276] 0608 12:46:32.245781 (+     0us) service_pool.cc:167] Inserting onto call queue
0608 12:46:32.274034 (+ 28253us) service_pool.cc:224] Handling call
0608 12:46:33.269942 (+995908us) inbound_call.cc:177] Queueing success response
Related trace 'op':
0608 12:46:32.601340 (+     0us) write_op.cc:183] PREPARE: starting on tablet 4c245a3d9e5b4e8189a021163a37b96e
0608 12:46:32.601918 (+   578us) write_op.cc:432] Acquiring schema lock in shared mode
0608 12:46:32.601951 (+    33us) write_op.cc:435] Acquired schema lock
0608 12:46:32.601972 (+    21us) tablet.cc:662] Decoding operations
0608 12:46:32.602402 (+   430us) write_op.cc:620] Acquiring the partition lock for write op
0608 12:46:32.602460 (+    58us) write_op.cc:641] Partition lock acquired for write op
0608 12:46:32.602488 (+    28us) tablet.cc:685] Acquiring locks for 3 operations
0608 12:46:32.611105 (+  8617us) tablet.cc:701] Row locks acquired
0608 12:46:32.614371 (+  3266us) write_op.cc:260] PREPARE: finished
0608 12:46:32.626885 (+ 12514us) write_op.cc:270] Start()
0608 12:46:32.668706 (+ 41821us) write_op.cc:276] Timestamp: P: 1780922792622162 usec, L: 0
0608 12:46:32.669818 (+  1112us) op_driver.cc:348] REPLICATION: starting
0608 12:46:32.704426 (+ 34608us) log.cc:844] Serialized 432 byte log entry
0608 12:46:32.889745 (+185319us) spinlock_profiling.cc:243] Waited 3.29 ms on lock 0x7b54003bb3a0. stack: 00007fe07ed003a1 00007fe07ed001c8 00007fe07e4dbf11 000000000047f705 000000000047f658 00007fe0823b4abc 00007fe0823cd498 00007fe0823ccae6 00007fe0824bf6ff 00007fe0824c0072 00007fe086018788 00007fe086017660 00007fe086021950 00007fe0860218b0 00007fe086021810 00007fe0860217b0
0608 12:46:33.224482 (+334737us) op_driver.cc:464] REPLICATION: finished
0608 12:46:33.234183 (+  9701us) write_op.cc:301] APPLY: starting
0608 12:46:33.234252 (+    69us) tablet.cc:1367] starting BulkCheckPresence
0608 12:46:33.234387 (+   135us) tablet.cc:1370] finished BulkCheckPresence
0608 12:46:33.234410 (+    23us) tablet.cc:1372] starting ApplyRowOperation cycle
0608 12:46:33.236367 (+  1957us) tablet.cc:1383] finished ApplyRowOperation cycle
0608 12:46:33.251488 (+ 15121us) tablet_metrics.cc:581] ProbeStats: bloom_lookups=0,key_file_lookups=0,delta_file_lookups=0,mrs_lookups=0
0608 12:46:33.253160 (+  1672us) write_op.cc:312] APPLY: finished
0608 12:46:33.268359 (+ 15199us) log.cc:844] Serialized 34 byte log entry
0608 12:46:33.269362 (+  1003us) write_op.cc:489] Releasing partition, row and schema locks
0608 12:46:33.269471 (+   109us) write_op.cc:454] Released schema lock
0608 12:46:33.269524 (+    53us) write_op.cc:341] FINISH: Updating metrics
Metrics: {"child_traces":[["op",{"apply.queue_time_us":9507,"num_ops":3,"prepare.queue_time_us":326023,"prepare.run_cpu_time_us":6885,"prepare.run_wall_time_us":288643,"replication_time_us":554538,"spinlock_wait_cycles":7577344}]]}
I20260608 12:46:33.302448 17589 rpcz_store.cc:276] 0608 12:46:32.219619 (+     0us) service_pool.cc:167] Inserting onto call queue
0608 12:46:32.221359 (+  1740us) service_pool.cc:224] Handling call
0608 12:46:32.256300 (+ 34941us) spinlock_profiling.cc:243] Waited 2.23 ms on lock 0x7b3400114348. stack: 00007fe07ed003a1 00007fe07ed001c8 00007fe07e4dbf11 000000000047f705 000000000047f658 00007fe0803844bb 00007fe08040464f 00007fe080488c24 00007fe08048dfaf 00007fe0804907eb 00007fe080490740 00007fe0804906a0 00007fe080490640 00007fe08048e96f 000000000049a986 000000000049a618
0608 12:46:33.288517 (+1032217us) inbound_call.cc:177] Queueing success response
Related trace 'op':
0608 12:46:32.390386 (+     0us) write_op.cc:183] PREPARE: starting on tablet 304461ffd1b3449097cf6ad72ce4c662
0608 12:46:32.391526 (+  1140us) write_op.cc:432] Acquiring schema lock in shared mode
0608 12:46:32.391553 (+    27us) write_op.cc:435] Acquired schema lock
0608 12:46:32.391577 (+    24us) tablet.cc:662] Decoding operations
0608 12:46:32.392035 (+   458us) write_op.cc:620] Acquiring the partition lock for write op
0608 12:46:32.392086 (+    51us) write_op.cc:641] Partition lock acquired for write op
0608 12:46:32.392122 (+    36us) tablet.cc:685] Acquiring locks for 3 operations
0608 12:46:32.392415 (+   293us) tablet.cc:701] Row locks acquired
0608 12:46:32.392434 (+    19us) write_op.cc:260] PREPARE: finished
0608 12:46:32.392613 (+   179us) write_op.cc:270] Start()
0608 12:46:32.392773 (+   160us) write_op.cc:276] Timestamp: P: 1780922792392569 usec, L: 0
0608 12:46:32.392791 (+    18us) op_driver.cc:348] REPLICATION: starting
0608 12:46:32.393587 (+   796us) log.cc:844] Serialized 432 byte log entry
0608 12:46:33.169741 (+776154us) op_driver.cc:464] REPLICATION: finished
0608 12:46:33.170776 (+  1035us) write_op.cc:301] APPLY: starting
0608 12:46:33.170854 (+    78us) tablet.cc:1367] starting BulkCheckPresence
0608 12:46:33.171012 (+   158us) tablet.cc:1370] finished BulkCheckPresence
0608 12:46:33.171119 (+   107us) tablet.cc:1372] starting ApplyRowOperation cycle
0608 12:46:33.188551 (+ 17432us) tablet.cc:1383] finished ApplyRowOperation cycle
0608 12:46:33.217171 (+ 28620us) tablet_metrics.cc:581] ProbeStats: bloom_lookups=0,key_file_lookups=0,delta_file_lookups=0,mrs_lookups=0
0608 12:46:33.219443 (+  2272us) write_op.cc:312] APPLY: finished
0608 12:46:33.247737 (+ 28294us) log.cc:844] Serialized 34 byte log entry
0608 12:46:33.275358 (+ 27621us) write_op.cc:489] Releasing partition, row and schema locks
0608 12:46:33.278879 (+  3521us) write_op.cc:454] Released schema lock
0608 12:46:33.280257 (+  1378us) write_op.cc:341] FINISH: Updating metrics
Metrics: {"spinlock_wait_cycles":5122304,"child_traces":[["op",{"apply.queue_time_us":849,"num_ops":3,"prepare.queue_time_us":126293,"prepare.run_cpu_time_us":3149,"prepare.run_wall_time_us":16429,"replication_time_us":776804}]]}
I20260608 12:46:33.385273 17596 rpcz_store.cc:275] Call kudu.tserver.TabletServerService.Write from 127.0.0.1:49054 (ReqId={client: 377155cddda04520b154e152ce424e34, seq_no=10, attempt_no=0}) took 1162 ms. Trace:
I20260608 12:46:33.324611 17583 rpcz_store.cc:276] 0608 12:46:32.247093 (+     0us) service_pool.cc:167] Inserting onto call queue
0608 12:46:32.261111 (+ 14018us) service_pool.cc:224] Handling call
0608 12:46:33.323956 (+1062845us) inbound_call.cc:177] Queueing success response
Related trace 'op':
0608 12:46:32.455132 (+     0us) write_op.cc:183] PREPARE: starting on tablet 304461ffd1b3449097cf6ad72ce4c662
0608 12:46:32.499641 (+ 44509us) write_op.cc:432] Acquiring schema lock in shared mode
0608 12:46:32.499695 (+    54us) write_op.cc:435] Acquired schema lock
0608 12:46:32.499724 (+    29us) tablet.cc:662] Decoding operations
0608 12:46:32.500459 (+   735us) write_op.cc:620] Acquiring the partition lock for write op
0608 12:46:32.500538 (+    79us) write_op.cc:641] Partition lock acquired for write op
0608 12:46:32.500584 (+    46us) tablet.cc:685] Acquiring locks for 4 operations
0608 12:46:32.501911 (+  1327us) tablet.cc:701] Row locks acquired
0608 12:46:32.501933 (+    22us) write_op.cc:260] PREPARE: finished
0608 12:46:32.502125 (+   192us) write_op.cc:270] Start()
0608 12:46:32.502317 (+   192us) write_op.cc:276] Timestamp: P: 1780922792502074 usec, L: 0
0608 12:46:32.502342 (+    25us) op_driver.cc:348] REPLICATION: starting
0608 12:46:32.573468 (+ 71126us) log.cc:844] Serialized 475 byte log entry
0608 12:46:32.905312 (+331844us) spinlock_profiling.cc:243] Waited 27.1 ms on lock 0x7b54004a24d4. stack: 00007fe07ed003a1 00007fe07ed001c8 00007fe07e4dbf11 000000000047f705 000000000047f658 00007fe0823b35cb 00007fe0824c0115 00007fe086018788 00007fe086017660 00007fe086021950 00007fe0860218b0 00007fe086021810 00007fe0860217b0 00007fe08601f92f 000000000049a986 000000000049a618
0608 12:46:33.248065 (+342753us) op_driver.cc:464] REPLICATION: finished
0608 12:46:33.320743 (+ 72678us) write_op.cc:301] APPLY: starting
0608 12:46:33.320817 (+    74us) tablet.cc:1367] starting BulkCheckPresence
0608 12:46:33.320979 (+   162us) tablet.cc:1370] finished BulkCheckPresence
0608 12:46:33.321000 (+    21us) tablet.cc:1372] starting ApplyRowOperation cycle
0608 12:46:33.321622 (+   622us) tablet.cc:1383] finished ApplyRowOperation cycle
0608 12:46:33.321807 (+   185us) tablet_metrics.cc:581] ProbeStats: bloom_lookups=0,key_file_lookups=0,delta_file_lookups=0,mrs_lookups=0
0608 12:46:33.321851 (+    44us) write_op.cc:312] APPLY: finished
0608 12:46:33.322066 (+   215us) log.cc:844] Serialized 40 byte log entry
0608 12:46:33.322894 (+   828us) write_op.cc:489] Releasing partition, row and schema locks
0608 12:46:33.322981 (+    87us) write_op.cc:454] Released schema lock
0608 12:46:33.323018 (+    37us) write_op.cc:341] FINISH: Updating metrics
Metrics: {"child_traces":[["op",{"apply.queue_time_us":71126,"num_ops":4,"prepare.queue_time_us":146924,"prepare.run_cpu_time_us":15045,"prepare.run_wall_time_us":473076,"replication_time_us":733832,"spinlock_wait_cycles":62367488}]]}
I20260608 12:46:33.425618 17610 rpcz_store.cc:275] Call kudu.tserver.TabletServerService.Write from 127.0.0.1:43250 (ReqId={client: 377155cddda04520b154e152ce424e34, seq_no=45, attempt_no=0}) took 1016 ms. Trace:
I20260608 12:46:33.448036 17573 rpcz_store.cc:275] Call kudu.tserver.TabletServerService.Write from 127.0.0.1:43250 (ReqId={client: 377155cddda04520b154e152ce424e34, seq_no=24, attempt_no=0}) took 1117 ms. Trace:
I20260608 12:46:33.459507 17589 rpcz_store.cc:275] Call kudu.tserver.TabletServerService.Write from 127.0.0.1:49054 (ReqId={client: 377155cddda04520b154e152ce424e34, seq_no=39, attempt_no=0}) took 1085 ms. Trace:
I20260608 12:46:33.390151 17596 rpcz_store.cc:276] 0608 12:46:32.222855 (+     0us) service_pool.cc:167] Inserting onto call queue
0608 12:46:32.223065 (+   210us) service_pool.cc:224] Handling call
0608 12:46:32.259423 (+ 36358us) spinlock_profiling.cc:243] Waited 13.7 ms on lock 0x7b3400114348. stack: 00007fe07ed003a1 00007fe07ed001c8 00007fe07e4dbf11 000000000047f705 000000000047f658 00007fe0803844bb 00007fe08040464f 00007fe080488c24 00007fe08048dfaf 00007fe0804907eb 00007fe080490740 00007fe0804906a0 00007fe080490640 00007fe08048e96f 000000000049a986 000000000049a618
0608 12:46:33.385100 (+1125677us) inbound_call.cc:177] Queueing success response
Related trace 'op':
0608 12:46:32.447005 (+     0us) write_op.cc:183] PREPARE: starting on tablet dd771cd602744ae98dd65ebe35e5d152
0608 12:46:32.509629 (+ 62624us) write_op.cc:432] Acquiring schema lock in shared mode
0608 12:46:32.510049 (+   420us) write_op.cc:435] Acquired schema lock
0608 12:46:32.511032 (+   983us) tablet.cc:662] Decoding operations
0608 12:46:32.567644 (+ 56612us) write_op.cc:620] Acquiring the partition lock for write op
0608 12:46:32.570029 (+  2385us) write_op.cc:641] Partition lock acquired for write op
0608 12:46:32.570944 (+   915us) tablet.cc:685] Acquiring locks for 7 operations
0608 12:46:32.578063 (+  7119us) tablet.cc:701] Row locks acquired
0608 12:46:32.578089 (+    26us) write_op.cc:260] PREPARE: finished
0608 12:46:32.578299 (+   210us) write_op.cc:270] Start()
0608 12:46:32.578418 (+   119us) write_op.cc:276] Timestamp: P: 1780922792578245 usec, L: 0
0608 12:46:32.578445 (+    27us) op_driver.cc:348] REPLICATION: starting
0608 12:46:32.579991 (+  1546us) log.cc:844] Serialized 605 byte log entry
0608 12:46:33.233258 (+653267us) op_driver.cc:464] REPLICATION: finished
0608 12:46:33.281720 (+ 48462us) write_op.cc:301] APPLY: starting
0608 12:46:33.282824 (+  1104us) tablet.cc:1367] starting BulkCheckPresence
0608 12:46:33.292542 (+  9718us) tablet.cc:1370] finished BulkCheckPresence
0608 12:46:33.295514 (+  2972us) tablet.cc:1372] starting ApplyRowOperation cycle
0608 12:46:33.383091 (+ 87577us) tablet.cc:1383] finished ApplyRowOperation cycle
0608 12:46:33.383301 (+   210us) tablet_metrics.cc:581] ProbeStats: bloom_lookups=0,key_file_lookups=0,delta_file_lookups=0,mrs_lookups=0
0608 12:46:33.383354 (+    53us) write_op.cc:312] APPLY: finished
0608 12:46:33.383631 (+   277us) log.cc:844] Serialized 58 byte log entry
0608 12:46:33.384590 (+   959us) write_op.cc:489] Releasing partition, row and schema locks
0608 12:46:33.384688 (+    98us) write_op.cc:454] Released schema lock
0608 12:46:33.384735 (+    47us) write_op.cc:341] FINISH: Updating metrics
Metrics: {"spinlock_wait_cycles":31584128,"child_traces":[["op",{"apply.queue_time_us":45115,"num_ops":7,"prepare.queue_time_us":174641,"prepare.run_cpu_time_us":4358,"prepare.run_wall_time_us":143745,"replication_time_us":654702}]]}
I20260608 12:46:33.477298 17572 rpcz_store.cc:275] Call kudu.tserver.TabletServerService.Write from 127.0.0.1:49054 (ReqId={client: 377155cddda04520b154e152ce424e34, seq_no=33, attempt_no=0}) took 1229 ms. Trace:
I20260608 12:46:33.460038 17589 rpcz_store.cc:276] 0608 12:46:32.394852 (+     0us) service_pool.cc:167] Inserting onto call queue
0608 12:46:32.400939 (+  6087us) service_pool.cc:224] Handling call
0608 12:46:32.783021 (+382082us) spinlock_profiling.cc:243] Waited 1.57 ms on lock 0x7b3400114348. stack: 00007fe07ed003a1 00007fe07ed001c8 00007fe07e4dbf11 000000000047f705 000000000047f658 00007fe0803844bb 00007fe08040464f 00007fe080488c24 00007fe08048dfaf 00007fe0804907eb 00007fe080490740 00007fe0804906a0 00007fe080490640 00007fe08048e96f 000000000049a986 000000000049a618
0608 12:46:33.459435 (+676414us) inbound_call.cc:177] Queueing success response
Related trace 'op':
0608 12:46:32.906215 (+     0us) write_op.cc:183] PREPARE: starting on tablet 304461ffd1b3449097cf6ad72ce4c662
0608 12:46:32.916711 (+ 10496us) write_op.cc:432] Acquiring schema lock in shared mode
0608 12:46:32.921033 (+  4322us) write_op.cc:435] Acquired schema lock
0608 12:46:32.921561 (+   528us) tablet.cc:662] Decoding operations
0608 12:46:32.940790 (+ 19229us) write_op.cc:620] Acquiring the partition lock for write op
0608 12:46:32.944163 (+  3373us) write_op.cc:641] Partition lock acquired for write op
0608 12:46:32.947503 (+  3340us) tablet.cc:685] Acquiring locks for 3 operations
0608 12:46:32.965876 (+ 18373us) tablet.cc:701] Row locks acquired
0608 12:46:32.965900 (+    24us) write_op.cc:260] PREPARE: finished
0608 12:46:32.966118 (+   218us) write_op.cc:270] Start()
0608 12:46:32.966252 (+   134us) write_op.cc:276] Timestamp: P: 1780922792966035 usec, L: 0
0608 12:46:32.966272 (+    20us) op_driver.cc:348] REPLICATION: starting
0608 12:46:33.167832 (+201560us) spinlock_profiling.cc:243] Waited 4.05 ms on lock 0x7b54003b9aa0. stack: 00007fe07ed003a1 00007fe07ed001c8 00007fe07e4dbf11 000000000047f705 000000000047f658 00007fe0823b35cb 00007fe0823d9e64 00007fe0824d6671 00007fe0824c05e1 00007fe0824bfed2 00007fe086018788 00007fe086017660 00007fe086021950 00007fe0860218b0 00007fe086021810 00007fe0860217b0
0608 12:46:33.169347 (+  1515us) log.cc:844] Serialized 432 byte log entry
0608 12:46:33.363549 (+194202us) op_driver.cc:464] REPLICATION: finished
0608 12:46:33.456826 (+ 93277us) write_op.cc:301] APPLY: starting
0608 12:46:33.456917 (+    91us) tablet.cc:1367] starting BulkCheckPresence
0608 12:46:33.457061 (+   144us) tablet.cc:1370] finished BulkCheckPresence
0608 12:46:33.457080 (+    19us) tablet.cc:1372] starting ApplyRowOperation cycle
0608 12:46:33.457705 (+   625us) tablet.cc:1383] finished ApplyRowOperation cycle
0608 12:46:33.457912 (+   207us) tablet_metrics.cc:581] ProbeStats: bloom_lookups=0,key_file_lookups=0,delta_file_lookups=0,mrs_lookups=0
0608 12:46:33.457956 (+    44us) write_op.cc:312] APPLY: finished
0608 12:46:33.458172 (+   216us) log.cc:844] Serialized 34 byte log entry
0608 12:46:33.458947 (+   775us) write_op.cc:489] Releasing partition, row and schema locks
0608 12:46:33.459035 (+    88us) write_op.cc:454] Released schema lock
0608 12:46:33.459079 (+    44us) write_op.cc:341] FINISH: Updating metrics
Metrics: {"spinlock_wait_cycles":3620736,"child_traces":[["op",{"apply.queue_time_us":93072,"num_ops":3,"prepare.queue_time_us":121790,"prepare.run_cpu_time_us":7715,"prepare.run_wall_time_us":263445,"replication_time_us":397129,"spinlock_wait_cycles":9303808}]]}
I20260608 12:46:33.479226 17596 rpcz_store.cc:275] Call kudu.tserver.TabletServerService.Write from 127.0.0.1:49054 (ReqId={client: 377155cddda04520b154e152ce424e34, seq_no=37, attempt_no=0}) took 1158 ms. Trace:
I20260608 12:46:33.477887 17572 rpcz_store.cc:276] 0608 12:46:32.247576 (+     0us) service_pool.cc:167] Inserting onto call queue
0608 12:46:32.259355 (+ 11779us) service_pool.cc:224] Handling call
0608 12:46:33.477227 (+1217872us) inbound_call.cc:177] Queueing success response
Related trace 'op':
0608 12:46:32.608453 (+     0us) write_op.cc:183] PREPARE: starting on tablet dd771cd602744ae98dd65ebe35e5d152
0608 12:46:32.625352 (+ 16899us) write_op.cc:432] Acquiring schema lock in shared mode
0608 12:46:32.625380 (+    28us) write_op.cc:435] Acquired schema lock
0608 12:46:32.625397 (+    17us) tablet.cc:662] Decoding operations
0608 12:46:32.625911 (+   514us) write_op.cc:620] Acquiring the partition lock for write op
0608 12:46:32.625950 (+    39us) write_op.cc:641] Partition lock acquired for write op
0608 12:46:32.625980 (+    30us) tablet.cc:685] Acquiring locks for 6 operations
0608 12:46:32.636033 (+ 10053us) tablet.cc:701] Row locks acquired
0608 12:46:32.636054 (+    21us) write_op.cc:260] PREPARE: finished
0608 12:46:32.636245 (+   191us) write_op.cc:270] Start()
0608 12:46:32.636413 (+   168us) write_op.cc:276] Timestamp: P: 1780922792636191 usec, L: 0
0608 12:46:32.636437 (+    24us) op_driver.cc:348] REPLICATION: starting
0608 12:46:32.947612 (+311175us) spinlock_profiling.cc:243] Waited 12.4 ms on lock 0x7b54003ba9a0. stack: 00007fe07ed003a1 00007fe07ed001c8 00007fe07e4dbf11 000000000047f705 000000000047f658 00007fe0823b35cb 00007fe0823d9e64 00007fe0824d6671 00007fe0824c05e1 00007fe0824bfed2 00007fe086018788 00007fe086017660 00007fe086021950 00007fe0860218b0 00007fe086021810 00007fe0860217b0
0608 12:46:32.976742 (+ 29130us) log.cc:844] Serialized 562 byte log entry
0608 12:46:33.402397 (+425655us) op_driver.cc:464] REPLICATION: finished
0608 12:46:33.472418 (+ 70021us) write_op.cc:301] APPLY: starting
0608 12:46:33.472495 (+    77us) tablet.cc:1367] starting BulkCheckPresence
0608 12:46:33.472669 (+   174us) tablet.cc:1370] finished BulkCheckPresence
0608 12:46:33.472692 (+    23us) tablet.cc:1372] starting ApplyRowOperation cycle
0608 12:46:33.473727 (+  1035us) tablet.cc:1383] finished ApplyRowOperation cycle
0608 12:46:33.473914 (+   187us) tablet_metrics.cc:581] ProbeStats: bloom_lookups=0,key_file_lookups=0,delta_file_lookups=0,mrs_lookups=0
0608 12:46:33.473962 (+    48us) write_op.cc:312] APPLY: finished
0608 12:46:33.475265 (+  1303us) log.cc:844] Serialized 52 byte log entry
0608 12:46:33.476754 (+  1489us) write_op.cc:489] Releasing partition, row and schema locks
0608 12:46:33.476854 (+   100us) write_op.cc:454] Released schema lock
0608 12:46:33.476899 (+    45us) write_op.cc:341] FINISH: Updating metrics
