I20260608 12:45:47.542968 15668 raft_consensus.cc:2468] T 96808043130b47398449fda60863f236 P 8a3730feb69545e6be62cf4739c0f686 [term 0 FOLLOWER]: Leader pre-election vote request: Granting yes vote for candidate 9cce9776802741f0ade87efcea4192f8 in term 0.
I20260608 12:45:47.546028 15711 leader_election.cc:304] T 96808043130b47398449fda60863f236 P 9cce9776802741f0ade87efcea4192f8 [CANDIDATE]: Term 1 pre-election: Election decided. Result: candidate won. Election summary: received 2 responses out of 3 voters: 2 yes votes; 0 no votes. yes voters: 8a3730feb69545e6be62cf4739c0f686, 9cce9776802741f0ade87efcea4192f8; no voters: 
I20260608 12:45:47.539614 15966 raft_consensus.cc:2468] T 96808043130b47398449fda60863f236 P 2bf8016fd68c4993ac5e154037abf93c [term 0 FOLLOWER]: Leader pre-election vote request: Granting yes vote for candidate 9cce9776802741f0ade87efcea4192f8 in term 0.
I20260608 12:45:47.550810 16061 raft_consensus.cc:2804] T 96808043130b47398449fda60863f236 P 9cce9776802741f0ade87efcea4192f8 [term 0 FOLLOWER]: Leader pre-election won for term 1
I20260608 12:45:47.551635 16061 raft_consensus.cc:493] T 96808043130b47398449fda60863f236 P 9cce9776802741f0ade87efcea4192f8 [term 0 FOLLOWER]: Starting leader election (no leader contacted us within the election timeout)
I20260608 12:45:47.551848 15904 leader_election.cc:290] T 96808043130b47398449fda60863f236 P 9cce9776802741f0ade87efcea4192f8 [CANDIDATE]: Term 1 pre-election: Requested pre-vote from peers 2bf8016fd68c4993ac5e154037abf93c (127.12.99.196:38155), 8a3730feb69545e6be62cf4739c0f686 (127.12.99.193:37193)
I20260608 12:45:47.552290 16061 raft_consensus.cc:3060] T 96808043130b47398449fda60863f236 P 9cce9776802741f0ade87efcea4192f8 [term 0 FOLLOWER]: Advancing to term 1
I20260608 12:45:47.552795 15904 raft_consensus.cc:493] T add4e2eb3a804a1787c3838c35bf60be P 9cce9776802741f0ade87efcea4192f8 [term 0 FOLLOWER]: Starting pre-election (no leader contacted us within the election timeout)
I20260608 12:45:47.553351 15904 raft_consensus.cc:515] T add4e2eb3a804a1787c3838c35bf60be P 9cce9776802741f0ade87efcea4192f8 [term 0 FOLLOWER]: Starting pre-election with config: opid_index: -1 OBSOLETE_local: false peers { permanent_uuid: "2bf8016fd68c4993ac5e154037abf93c" member_type: VOTER last_known_addr { host: "127.12.99.196" port: 38155 } } peers { permanent_uuid: "9cce9776802741f0ade87efcea4192f8" member_type: VOTER last_known_addr { host: "127.12.99.194" port: 37177 } } peers { permanent_uuid: "7768d42046784ab5bb8bf21b46f9ca99" member_type: VOTER last_known_addr { host: "127.12.99.195" port: 36341 } }
I20260608 12:45:47.556751 15966 tablet_service.cc:1917] Received RequestConsensusVote() RPC: tablet_id: "add4e2eb3a804a1787c3838c35bf60be" candidate_uuid: "9cce9776802741f0ade87efcea4192f8" candidate_term: 1 candidate_status { last_received { term: 0 index: 0 } } ignore_live_leader: false dest_uuid: "2bf8016fd68c4993ac5e154037abf93c" is_pre_election: true
I20260608 12:45:47.557477 15966 raft_consensus.cc:2468] T add4e2eb3a804a1787c3838c35bf60be P 2bf8016fd68c4993ac5e154037abf93c [term 0 FOLLOWER]: Leader pre-election vote request: Granting yes vote for candidate 9cce9776802741f0ade87efcea4192f8 in term 0.
I20260608 12:45:47.559224 15712 leader_election.cc:304] T add4e2eb3a804a1787c3838c35bf60be P 9cce9776802741f0ade87efcea4192f8 [CANDIDATE]: Term 1 pre-election: Election decided. Result: candidate won. Election summary: received 2 responses out of 3 voters: 2 yes votes; 0 no votes. yes voters: 2bf8016fd68c4993ac5e154037abf93c, 9cce9776802741f0ade87efcea4192f8; no voters: 
I20260608 12:45:47.560036 15622 auto_leader_rebalancer.cc:140] leader rebalance for table range_aware_rebalance_new_range
I20260608 12:45:47.565905 16044 raft_consensus.cc:493] T 21669d0601c54103944122e82b8b75fe P 8a3730feb69545e6be62cf4739c0f686 [term 0 FOLLOWER]: Starting pre-election (no leader contacted us within the election timeout)
I20260608 12:45:47.566505 16044 raft_consensus.cc:515] T 21669d0601c54103944122e82b8b75fe P 8a3730feb69545e6be62cf4739c0f686 [term 0 FOLLOWER]: Starting pre-election with config: opid_index: -1 OBSOLETE_local: false peers { permanent_uuid: "2bf8016fd68c4993ac5e154037abf93c" member_type: VOTER last_known_addr { host: "127.12.99.196" port: 38155 } } peers { permanent_uuid: "7768d42046784ab5bb8bf21b46f9ca99" member_type: VOTER last_known_addr { host: "127.12.99.195" port: 36341 } } peers { permanent_uuid: "8a3730feb69545e6be62cf4739c0f686" member_type: VOTER last_known_addr { host: "127.12.99.193" port: 37193 } }
I20260608 12:45:47.568931 16044 leader_election.cc:290] T 21669d0601c54103944122e82b8b75fe P 8a3730feb69545e6be62cf4739c0f686 [CANDIDATE]: Term 1 pre-election: Requested pre-vote from peers 2bf8016fd68c4993ac5e154037abf93c (127.12.99.196:38155), 7768d42046784ab5bb8bf21b46f9ca99 (127.12.99.195:36341)
I20260608 12:45:47.570895 15818 tablet_service.cc:1917] Received RequestConsensusVote() RPC: tablet_id: "21669d0601c54103944122e82b8b75fe" candidate_uuid: "8a3730feb69545e6be62cf4739c0f686" candidate_term: 1 candidate_status { last_received { term: 0 index: 0 } } ignore_live_leader: false dest_uuid: "7768d42046784ab5bb8bf21b46f9ca99" is_pre_election: true
I20260608 12:45:47.571753 15870 raft_consensus.cc:493] T 21669d0601c54103944122e82b8b75fe P 7768d42046784ab5bb8bf21b46f9ca99 [term 0 FOLLOWER]: Starting pre-election (no leader contacted us within the election timeout)
I20260608 12:45:47.572281 15870 raft_consensus.cc:515] T 21669d0601c54103944122e82b8b75fe P 7768d42046784ab5bb8bf21b46f9ca99 [term 0 FOLLOWER]: Starting pre-election with config: opid_index: -1 OBSOLETE_local: false peers { permanent_uuid: "2bf8016fd68c4993ac5e154037abf93c" member_type: VOTER last_known_addr { host: "127.12.99.196" port: 38155 } } peers { permanent_uuid: "7768d42046784ab5bb8bf21b46f9ca99" member_type: VOTER last_known_addr { host: "127.12.99.195" port: 36341 } } peers { permanent_uuid: "8a3730feb69545e6be62cf4739c0f686" member_type: VOTER last_known_addr { host: "127.12.99.193" port: 37193 } }
I20260608 12:45:47.572713 15966 tablet_service.cc:1917] Received RequestConsensusVote() RPC: tablet_id: "21669d0601c54103944122e82b8b75fe" candidate_uuid: "8a3730feb69545e6be62cf4739c0f686" candidate_term: 1 candidate_status { last_received { term: 0 index: 0 } } ignore_live_leader: false dest_uuid: "2bf8016fd68c4993ac5e154037abf93c" is_pre_election: true
I20260608 12:45:47.573359 15966 raft_consensus.cc:2468] T 21669d0601c54103944122e82b8b75fe P 2bf8016fd68c4993ac5e154037abf93c [term 0 FOLLOWER]: Leader pre-election vote request: Granting yes vote for candidate 8a3730feb69545e6be62cf4739c0f686 in term 0.
I20260608 12:45:47.574712 15637 leader_election.cc:304] T 21669d0601c54103944122e82b8b75fe P 8a3730feb69545e6be62cf4739c0f686 [CANDIDATE]: Term 1 pre-election: Election decided. Result: candidate won. Election summary: received 2 responses out of 3 voters: 2 yes votes; 0 no votes. yes voters: 2bf8016fd68c4993ac5e154037abf93c, 8a3730feb69545e6be62cf4739c0f686; no voters: 
I20260608 12:45:47.574745 15870 leader_election.cc:290] T 21669d0601c54103944122e82b8b75fe P 7768d42046784ab5bb8bf21b46f9ca99 [CANDIDATE]: Term 1 pre-election: Requested pre-vote from peers 2bf8016fd68c4993ac5e154037abf93c (127.12.99.196:38155), 8a3730feb69545e6be62cf4739c0f686 (127.12.99.193:37193)
I20260608 12:45:47.575830 16044 raft_consensus.cc:2804] T 21669d0601c54103944122e82b8b75fe P 8a3730feb69545e6be62cf4739c0f686 [term 0 FOLLOWER]: Leader pre-election won for term 1
I20260608 12:45:47.576268 16044 raft_consensus.cc:493] T 21669d0601c54103944122e82b8b75fe P 8a3730feb69545e6be62cf4739c0f686 [term 0 FOLLOWER]: Starting leader election (no leader contacted us within the election timeout)
I20260608 12:45:47.576661 16044 raft_consensus.cc:3060] T 21669d0601c54103944122e82b8b75fe P 8a3730feb69545e6be62cf4739c0f686 [term 0 FOLLOWER]: Advancing to term 1
I20260608 12:45:47.577538 15965 tablet_service.cc:1917] Received RequestConsensusVote() RPC: tablet_id: "21669d0601c54103944122e82b8b75fe" candidate_uuid: "7768d42046784ab5bb8bf21b46f9ca99" candidate_term: 1 candidate_status { last_received { term: 0 index: 0 } } ignore_live_leader: false dest_uuid: "2bf8016fd68c4993ac5e154037abf93c" is_pre_election: true
I20260608 12:45:47.578446 15965 raft_consensus.cc:2468] T 21669d0601c54103944122e82b8b75fe P 2bf8016fd68c4993ac5e154037abf93c [term 0 FOLLOWER]: Leader pre-election vote request: Granting yes vote for candidate 7768d42046784ab5bb8bf21b46f9ca99 in term 0.
I20260608 12:45:47.580593 15786 leader_election.cc:304] T 21669d0601c54103944122e82b8b75fe P 7768d42046784ab5bb8bf21b46f9ca99 [CANDIDATE]: Term 1 pre-election: Election decided. Result: candidate won. Election summary: received 2 responses out of 3 voters: 2 yes votes; 0 no votes. yes voters: 2bf8016fd68c4993ac5e154037abf93c, 7768d42046784ab5bb8bf21b46f9ca99; no voters: 
I20260608 12:45:47.587146 15670 tablet_service.cc:1917] Received RequestConsensusVote() RPC: tablet_id: "21669d0601c54103944122e82b8b75fe" candidate_uuid: "7768d42046784ab5bb8bf21b46f9ca99" candidate_term: 1 candidate_status { last_received { term: 0 index: 0 } } ignore_live_leader: false dest_uuid: "8a3730feb69545e6be62cf4739c0f686" is_pre_election: true
I20260608 12:45:47.591092 15904 leader_election.cc:290] T add4e2eb3a804a1787c3838c35bf60be P 9cce9776802741f0ade87efcea4192f8 [CANDIDATE]: Term 1 pre-election: Requested pre-vote from peers 2bf8016fd68c4993ac5e154037abf93c (127.12.99.196:38155), 7768d42046784ab5bb8bf21b46f9ca99 (127.12.99.195:36341)
I20260608 12:45:47.574956 15818 raft_consensus.cc:2468] T 21669d0601c54103944122e82b8b75fe P 7768d42046784ab5bb8bf21b46f9ca99 [term 0 FOLLOWER]: Leader pre-election vote request: Granting yes vote for candidate 8a3730feb69545e6be62cf4739c0f686 in term 0.
I20260608 12:45:47.591969 15820 tablet_service.cc:1917] Received RequestConsensusVote() RPC: tablet_id: "add4e2eb3a804a1787c3838c35bf60be" candidate_uuid: "9cce9776802741f0ade87efcea4192f8" candidate_term: 1 candidate_status { last_received { term: 0 index: 0 } } ignore_live_leader: false dest_uuid: "7768d42046784ab5bb8bf21b46f9ca99" is_pre_election: true
I20260608 12:45:47.591984 16062 raft_consensus.cc:2804] T add4e2eb3a804a1787c3838c35bf60be P 9cce9776802741f0ade87efcea4192f8 [term 0 FOLLOWER]: Leader pre-election won for term 1
I20260608 12:45:47.592809 15820 raft_consensus.cc:2468] T add4e2eb3a804a1787c3838c35bf60be P 7768d42046784ab5bb8bf21b46f9ca99 [term 0 FOLLOWER]: Leader pre-election vote request: Granting yes vote for candidate 9cce9776802741f0ade87efcea4192f8 in term 0.
I20260608 12:45:47.593106 16062 raft_consensus.cc:493] T add4e2eb3a804a1787c3838c35bf60be P 9cce9776802741f0ade87efcea4192f8 [term 0 FOLLOWER]: Starting leader election (no leader contacted us within the election timeout)
I20260608 12:45:47.593837 16062 raft_consensus.cc:3060] T add4e2eb3a804a1787c3838c35bf60be P 9cce9776802741f0ade87efcea4192f8 [term 0 FOLLOWER]: Advancing to term 1
I20260608 12:45:47.593925 15893 raft_consensus.cc:2804] T 21669d0601c54103944122e82b8b75fe P 7768d42046784ab5bb8bf21b46f9ca99 [term 0 FOLLOWER]: Leader pre-election won for term 1
I20260608 12:45:47.596642 16044 raft_consensus.cc:515] T 21669d0601c54103944122e82b8b75fe P 8a3730feb69545e6be62cf4739c0f686 [term 1 FOLLOWER]: Starting leader election with config: opid_index: -1 OBSOLETE_local: false peers { permanent_uuid: "2bf8016fd68c4993ac5e154037abf93c" member_type: VOTER last_known_addr { host: "127.12.99.196" port: 38155 } } peers { permanent_uuid: "7768d42046784ab5bb8bf21b46f9ca99" member_type: VOTER last_known_addr { host: "127.12.99.195" port: 36341 } } peers { permanent_uuid: "8a3730feb69545e6be62cf4739c0f686" member_type: VOTER last_known_addr { host: "127.12.99.193" port: 37193 } }
I20260608 12:45:47.597955 15893 raft_consensus.cc:493] T 21669d0601c54103944122e82b8b75fe P 7768d42046784ab5bb8bf21b46f9ca99 [term 0 FOLLOWER]: Starting leader election (no leader contacted us within the election timeout)
I20260608 12:45:47.598412 15670 raft_consensus.cc:2393] T 21669d0601c54103944122e82b8b75fe P 8a3730feb69545e6be62cf4739c0f686 [term 1 FOLLOWER]: Leader pre-election vote request: Denying vote to candidate 7768d42046784ab5bb8bf21b46f9ca99 in current term 1: Already voted for candidate 8a3730feb69545e6be62cf4739c0f686 in this term.
I20260608 12:45:47.598752 15893 raft_consensus.cc:3060] T 21669d0601c54103944122e82b8b75fe P 7768d42046784ab5bb8bf21b46f9ca99 [term 0 FOLLOWER]: Advancing to term 1
I20260608 12:45:47.611472 16011 raft_consensus.cc:493] T 9860d936bedb49fb8de3fd37531f5267 P 8a3730feb69545e6be62cf4739c0f686 [term 0 FOLLOWER]: Starting pre-election (no leader contacted us within the election timeout)
I20260608 12:45:47.612130 16011 raft_consensus.cc:515] T 9860d936bedb49fb8de3fd37531f5267 P 8a3730feb69545e6be62cf4739c0f686 [term 0 FOLLOWER]: Starting pre-election with config: opid_index: -1 OBSOLETE_local: false peers { permanent_uuid: "2bf8016fd68c4993ac5e154037abf93c" member_type: VOTER last_known_addr { host: "127.12.99.196" port: 38155 } } peers { permanent_uuid: "9cce9776802741f0ade87efcea4192f8" member_type: VOTER last_known_addr { host: "127.12.99.194" port: 37177 } } peers { permanent_uuid: "8a3730feb69545e6be62cf4739c0f686" member_type: VOTER last_known_addr { host: "127.12.99.193" port: 37193 } }
I20260608 12:45:47.615180 16011 leader_election.cc:290] T 9860d936bedb49fb8de3fd37531f5267 P 8a3730feb69545e6be62cf4739c0f686 [CANDIDATE]: Term 1 pre-election: Requested pre-vote from peers 2bf8016fd68c4993ac5e154037abf93c (127.12.99.196:38155), 9cce9776802741f0ade87efcea4192f8 (127.12.99.194:37177)
I20260608 12:45:47.616429 15965 tablet_service.cc:1917] Received RequestConsensusVote() RPC: tablet_id: "9860d936bedb49fb8de3fd37531f5267" candidate_uuid: "8a3730feb69545e6be62cf4739c0f686" candidate_term: 1 candidate_status { last_received { term: 0 index: 0 } } ignore_live_leader: false dest_uuid: "2bf8016fd68c4993ac5e154037abf93c" is_pre_election: true
I20260608 12:45:47.617679 16044 leader_election.cc:290] T 21669d0601c54103944122e82b8b75fe P 8a3730feb69545e6be62cf4739c0f686 [CANDIDATE]: Term 1 election: Requested vote from peers 2bf8016fd68c4993ac5e154037abf93c (127.12.99.196:38155), 7768d42046784ab5bb8bf21b46f9ca99 (127.12.99.195:36341)
I20260608 12:45:47.620040 15966 tablet_service.cc:1917] Received RequestConsensusVote() RPC: tablet_id: "21669d0601c54103944122e82b8b75fe" candidate_uuid: "8a3730feb69545e6be62cf4739c0f686" candidate_term: 1 candidate_status { last_received { term: 0 index: 0 } } ignore_live_leader: false dest_uuid: "2bf8016fd68c4993ac5e154037abf93c"
I20260608 12:45:47.620755 15966 raft_consensus.cc:3060] T 21669d0601c54103944122e82b8b75fe P 2bf8016fd68c4993ac5e154037abf93c [term 0 FOLLOWER]: Advancing to term 1
I20260608 12:45:47.621483 15820 tablet_service.cc:1917] Received RequestConsensusVote() RPC: tablet_id: "21669d0601c54103944122e82b8b75fe" candidate_uuid: "8a3730feb69545e6be62cf4739c0f686" candidate_term: 1 candidate_status { last_received { term: 0 index: 0 } } ignore_live_leader: false dest_uuid: "7768d42046784ab5bb8bf21b46f9ca99"
W20260608 12:45:47.623749 15637 leader_election.cc:343] T 9860d936bedb49fb8de3fd37531f5267 P 8a3730feb69545e6be62cf4739c0f686 [CANDIDATE]: Term 1 pre-election: Tablet error from VoteRequest() call to peer 2bf8016fd68c4993ac5e154037abf93c (127.12.99.196:38155): Illegal state: must be running to vote when last-logged opid is not known
I20260608 12:45:47.627723 16062 raft_consensus.cc:515] T add4e2eb3a804a1787c3838c35bf60be P 9cce9776802741f0ade87efcea4192f8 [term 1 FOLLOWER]: Starting leader election with config: opid_index: -1 OBSOLETE_local: false peers { permanent_uuid: "2bf8016fd68c4993ac5e154037abf93c" member_type: VOTER last_known_addr { host: "127.12.99.196" port: 38155 } } peers { permanent_uuid: "9cce9776802741f0ade87efcea4192f8" member_type: VOTER last_known_addr { host: "127.12.99.194" port: 37177 } } peers { permanent_uuid: "7768d42046784ab5bb8bf21b46f9ca99" member_type: VOTER last_known_addr { host: "127.12.99.195" port: 36341 } }
W20260608 12:45:47.620168 15622 auto_leader_rebalancer.cc:460] the master instance isn't leader: Service unavailable: Tablet not running
I20260608 12:45:47.633368 16013 tablet_bootstrap.cc:492] T 9860d936bedb49fb8de3fd37531f5267 P 2bf8016fd68c4993ac5e154037abf93c: No bootstrap required, opened a new log
I20260608 12:45:47.634342 16013 ts_tablet_manager.cc:1403] T 9860d936bedb49fb8de3fd37531f5267 P 2bf8016fd68c4993ac5e154037abf93c: Time spent bootstrapping tablet: real 0.102s	user 0.030s	sys 0.044s
I20260608 12:45:47.628199 15966 raft_consensus.cc:2468] T 21669d0601c54103944122e82b8b75fe P 2bf8016fd68c4993ac5e154037abf93c [term 1 FOLLOWER]: Leader election vote request: Granting yes vote for candidate 8a3730feb69545e6be62cf4739c0f686 in term 1.
I20260608 12:45:47.627885 15893 raft_consensus.cc:515] T 21669d0601c54103944122e82b8b75fe P 7768d42046784ab5bb8bf21b46f9ca99 [term 1 FOLLOWER]: Starting leader election with config: opid_index: -1 OBSOLETE_local: false peers { permanent_uuid: "2bf8016fd68c4993ac5e154037abf93c" member_type: VOTER last_known_addr { host: "127.12.99.196" port: 38155 } } peers { permanent_uuid: "7768d42046784ab5bb8bf21b46f9ca99" member_type: VOTER last_known_addr { host: "127.12.99.195" port: 36341 } } peers { permanent_uuid: "8a3730feb69545e6be62cf4739c0f686" member_type: VOTER last_known_addr { host: "127.12.99.193" port: 37193 } }
I20260608 12:45:47.630615 16061 raft_consensus.cc:515] T 96808043130b47398449fda60863f236 P 9cce9776802741f0ade87efcea4192f8 [term 1 FOLLOWER]: Starting leader election with config: opid_index: -1 OBSOLETE_local: false peers { permanent_uuid: "2bf8016fd68c4993ac5e154037abf93c" member_type: VOTER last_known_addr { host: "127.12.99.196" port: 38155 } } peers { permanent_uuid: "8a3730feb69545e6be62cf4739c0f686" member_type: VOTER last_known_addr { host: "127.12.99.193" port: 37193 } } peers { permanent_uuid: "9cce9776802741f0ade87efcea4192f8" member_type: VOTER last_known_addr { host: "127.12.99.194" port: 37177 } }
W20260608 12:45:47.633369 15617 auto_rebalancer.cc:259] Could not retrieve cluster info: Service unavailable: Tablet not running
I20260608 12:45:47.637171 15820 raft_consensus.cc:2393] T 21669d0601c54103944122e82b8b75fe P 7768d42046784ab5bb8bf21b46f9ca99 [term 1 FOLLOWER]: Leader election vote request: Denying vote to candidate 8a3730feb69545e6be62cf4739c0f686 in current term 1: Already voted for candidate 7768d42046784ab5bb8bf21b46f9ca99 in this term.
I20260608 12:45:47.639156 15893 leader_election.cc:290] T 21669d0601c54103944122e82b8b75fe P 7768d42046784ab5bb8bf21b46f9ca99 [CANDIDATE]: Term 1 election: Requested vote from peers 2bf8016fd68c4993ac5e154037abf93c (127.12.99.196:38155), 8a3730feb69545e6be62cf4739c0f686 (127.12.99.193:37193)
I20260608 12:45:47.639653 15965 tablet_service.cc:1917] Received RequestConsensusVote() RPC: tablet_id: "21669d0601c54103944122e82b8b75fe" candidate_uuid: "7768d42046784ab5bb8bf21b46f9ca99" candidate_term: 1 candidate_status { last_received { term: 0 index: 0 } } ignore_live_leader: false dest_uuid: "2bf8016fd68c4993ac5e154037abf93c"
I20260608 12:45:47.640492 15965 raft_consensus.cc:2393] T 21669d0601c54103944122e82b8b75fe P 2bf8016fd68c4993ac5e154037abf93c [term 1 FOLLOWER]: Leader election vote request: Denying vote to candidate 7768d42046784ab5bb8bf21b46f9ca99 in current term 1: Already voted for candidate 8a3730feb69545e6be62cf4739c0f686 in this term.
I20260608 12:45:47.641371 16013 raft_consensus.cc:359] T 9860d936bedb49fb8de3fd37531f5267 P 2bf8016fd68c4993ac5e154037abf93c [term 0 FOLLOWER]: Replica starting. Triggering 0 pending ops. Active config: opid_index: -1 OBSOLETE_local: false peers { permanent_uuid: "2bf8016fd68c4993ac5e154037abf93c" member_type: VOTER last_known_addr { host: "127.12.99.196" port: 38155 } } peers { permanent_uuid: "9cce9776802741f0ade87efcea4192f8" member_type: VOTER last_known_addr { host: "127.12.99.194" port: 37177 } } peers { permanent_uuid: "8a3730feb69545e6be62cf4739c0f686" member_type: VOTER last_known_addr { host: "127.12.99.193" port: 37193 } }
I20260608 12:45:47.641884 15670 tablet_service.cc:1917] Received RequestConsensusVote() RPC: tablet_id: "21669d0601c54103944122e82b8b75fe" candidate_uuid: "7768d42046784ab5bb8bf21b46f9ca99" candidate_term: 1 candidate_status { last_received { term: 0 index: 0 } } ignore_live_leader: false dest_uuid: "8a3730feb69545e6be62cf4739c0f686"
I20260608 12:45:47.642206 16013 raft_consensus.cc:385] T 9860d936bedb49fb8de3fd37531f5267 P 2bf8016fd68c4993ac5e154037abf93c [term 0 FOLLOWER]: Consensus starting up: Expiring failure detector timer to make a prompt election more likely
I20260608 12:45:47.642897 15670 raft_consensus.cc:2393] T 21669d0601c54103944122e82b8b75fe P 8a3730feb69545e6be62cf4739c0f686 [term 1 FOLLOWER]: Leader election vote request: Denying vote to candidate 7768d42046784ab5bb8bf21b46f9ca99 in current term 1: Already voted for candidate 8a3730feb69545e6be62cf4739c0f686 in this term.
I20260608 12:45:47.642589 16013 raft_consensus.cc:740] T 9860d936bedb49fb8de3fd37531f5267 P 2bf8016fd68c4993ac5e154037abf93c [term 0 FOLLOWER]: Becoming Follower/Learner. State: Replica: 2bf8016fd68c4993ac5e154037abf93c, State: Initialized, Role: FOLLOWER
I20260608 12:45:47.644227 15637 leader_election.cc:304] T 21669d0601c54103944122e82b8b75fe P 8a3730feb69545e6be62cf4739c0f686 [CANDIDATE]: Term 1 election: Election decided. Result: candidate won. Election summary: received 3 responses out of 3 voters: 2 yes votes; 1 no votes. yes voters: 2bf8016fd68c4993ac5e154037abf93c, 8a3730feb69545e6be62cf4739c0f686; no voters: 7768d42046784ab5bb8bf21b46f9ca99
I20260608 12:45:47.644026 16013 consensus_queue.cc:260] T 9860d936bedb49fb8de3fd37531f5267 P 2bf8016fd68c4993ac5e154037abf93c [NON_LEADER]: Queue going to NON_LEADER mode. State: All replicated index: 0, Majority replicated index: 0, Committed index: 0, Last appended: 0.0, Last appended by leader: 0, Current term: 0, Majority size: -1, State: 0, Mode: NON_LEADER, active raft config: opid_index: -1 OBSOLETE_local: false peers { permanent_uuid: "2bf8016fd68c4993ac5e154037abf93c" member_type: VOTER last_known_addr { host: "127.12.99.196" port: 38155 } } peers { permanent_uuid: "9cce9776802741f0ade87efcea4192f8" member_type: VOTER last_known_addr { host: "127.12.99.194" port: 37177 } } peers { permanent_uuid: "8a3730feb69545e6be62cf4739c0f686" member_type: VOTER last_known_addr { host: "127.12.99.193" port: 37193 } }
I20260608 12:45:47.644016 15967 tablet_service.cc:1917] Received RequestConsensusVote() RPC: tablet_id: "add4e2eb3a804a1787c3838c35bf60be" candidate_uuid: "9cce9776802741f0ade87efcea4192f8" candidate_term: 1 candidate_status { last_received { term: 0 index: 0 } } ignore_live_leader: false dest_uuid: "2bf8016fd68c4993ac5e154037abf93c"
I20260608 12:45:47.646291 15967 raft_consensus.cc:3060] T add4e2eb3a804a1787c3838c35bf60be P 2bf8016fd68c4993ac5e154037abf93c [term 0 FOLLOWER]: Advancing to term 1
I20260608 12:45:47.646517 16011 consensus_queue.cc:1048] T e13137f3061343a78ee16086474204f1 P 8a3730feb69545e6be62cf4739c0f686 [LEADER]: Connected to new peer: Peer: permanent_uuid: "2bf8016fd68c4993ac5e154037abf93c" member_type: VOTER last_known_addr { host: "127.12.99.196" port: 38155 }, Status: LMP_MISMATCH, Last received: 0.0, Next index: 1, Last known committed idx: 0, Time since last communication: 0.000s
I20260608 12:45:47.647023 15820 tablet_service.cc:1917] Received RequestConsensusVote() RPC: tablet_id: "add4e2eb3a804a1787c3838c35bf60be" candidate_uuid: "9cce9776802741f0ade87efcea4192f8" candidate_term: 1 candidate_status { last_received { term: 0 index: 0 } } ignore_live_leader: false dest_uuid: "7768d42046784ab5bb8bf21b46f9ca99"
I20260608 12:45:47.647650 15820 raft_consensus.cc:3060] T add4e2eb3a804a1787c3838c35bf60be P 7768d42046784ab5bb8bf21b46f9ca99 [term 0 FOLLOWER]: Advancing to term 1
I20260608 12:45:47.648813 15785 leader_election.cc:304] T 21669d0601c54103944122e82b8b75fe P 7768d42046784ab5bb8bf21b46f9ca99 [CANDIDATE]: Term 1 election: Election decided. Result: candidate lost. Election summary: received 3 responses out of 3 voters: 1 yes votes; 2 no votes. yes voters: 7768d42046784ab5bb8bf21b46f9ca99; no voters: 2bf8016fd68c4993ac5e154037abf93c, 8a3730feb69545e6be62cf4739c0f686
I20260608 12:45:47.645751 16062 leader_election.cc:290] T add4e2eb3a804a1787c3838c35bf60be P 9cce9776802741f0ade87efcea4192f8 [CANDIDATE]: Term 1 election: Requested vote from peers 2bf8016fd68c4993ac5e154037abf93c (127.12.99.196:38155), 7768d42046784ab5bb8bf21b46f9ca99 (127.12.99.195:36341)
I20260608 12:45:47.650142 16044 raft_consensus.cc:2804] T 21669d0601c54103944122e82b8b75fe P 8a3730feb69545e6be62cf4739c0f686 [term 1 FOLLOWER]: Leader election won for term 1
I20260608 12:45:47.650678 15893 raft_consensus.cc:2749] T 21669d0601c54103944122e82b8b75fe P 7768d42046784ab5bb8bf21b46f9ca99 [term 1 FOLLOWER]: Leader election lost for term 1. Reason: could not achieve majority
I20260608 12:45:47.651511 15746 tablet_service.cc:1917] Received RequestConsensusVote() RPC: tablet_id: "9860d936bedb49fb8de3fd37531f5267" candidate_uuid: "8a3730feb69545e6be62cf4739c0f686" candidate_term: 1 candidate_status { last_received { term: 0 index: 0 } } ignore_live_leader: false dest_uuid: "9cce9776802741f0ade87efcea4192f8" is_pre_election: true
I20260608 12:45:47.659061 15746 raft_consensus.cc:2468] T 9860d936bedb49fb8de3fd37531f5267 P 9cce9776802741f0ade87efcea4192f8 [term 0 FOLLOWER]: Leader pre-election vote request: Granting yes vote for candidate 8a3730feb69545e6be62cf4739c0f686 in term 0.
I20260608 12:45:47.657051 15820 raft_consensus.cc:2468] T add4e2eb3a804a1787c3838c35bf60be P 7768d42046784ab5bb8bf21b46f9ca99 [term 1 FOLLOWER]: Leader election vote request: Granting yes vote for candidate 9cce9776802741f0ade87efcea4192f8 in term 1.
I20260608 12:45:47.660203 16013 ts_tablet_manager.cc:1434] T 9860d936bedb49fb8de3fd37531f5267 P 2bf8016fd68c4993ac5e154037abf93c: Time spent starting tablet: real 0.025s	user 0.006s	sys 0.001s
I20260608 12:45:47.661201 16061 leader_election.cc:290] T 96808043130b47398449fda60863f236 P 9cce9776802741f0ade87efcea4192f8 [CANDIDATE]: Term 1 election: Requested vote from peers 2bf8016fd68c4993ac5e154037abf93c (127.12.99.196:38155), 8a3730feb69545e6be62cf4739c0f686 (127.12.99.193:37193)
I20260608 12:45:47.663658 15711 leader_election.cc:304] T add4e2eb3a804a1787c3838c35bf60be P 9cce9776802741f0ade87efcea4192f8 [CANDIDATE]: Term 1 election: Election decided. Result: candidate won. Election summary: received 2 responses out of 3 voters: 2 yes votes; 0 no votes. yes voters: 7768d42046784ab5bb8bf21b46f9ca99, 9cce9776802741f0ade87efcea4192f8; no voters: 
I20260608 12:45:47.663686 16013 tablet_bootstrap.cc:492] T 34bed4d289cf425dba6aed76ca8792b4 P 2bf8016fd68c4993ac5e154037abf93c: Bootstrap starting.
I20260608 12:45:47.664963 16061 raft_consensus.cc:2804] T add4e2eb3a804a1787c3838c35bf60be P 9cce9776802741f0ade87efcea4192f8 [term 1 FOLLOWER]: Leader election won for term 1
I20260608 12:45:47.662012 16044 raft_consensus.cc:697] T 21669d0601c54103944122e82b8b75fe P 8a3730feb69545e6be62cf4739c0f686 [term 1 LEADER]: Becoming Leader. State: Replica: 8a3730feb69545e6be62cf4739c0f686, State: Running, Role: LEADER
I20260608 12:45:47.670562 15966 tablet_service.cc:1917] Received RequestConsensusVote() RPC: tablet_id: "96808043130b47398449fda60863f236" candidate_uuid: "9cce9776802741f0ade87efcea4192f8" candidate_term: 1 candidate_status { last_received { term: 0 index: 0 } } ignore_live_leader: false dest_uuid: "2bf8016fd68c4993ac5e154037abf93c"
I20260608 12:45:47.671278 15966 raft_consensus.cc:3060] T 96808043130b47398449fda60863f236 P 2bf8016fd68c4993ac5e154037abf93c [term 0 FOLLOWER]: Advancing to term 1
I20260608 12:45:47.665593 16061 raft_consensus.cc:697] T add4e2eb3a804a1787c3838c35bf60be P 9cce9776802741f0ade87efcea4192f8 [term 1 LEADER]: Becoming Leader. State: Replica: 9cce9776802741f0ade87efcea4192f8, State: Running, Role: LEADER
I20260608 12:45:47.675549 15635 leader_election.cc:304] T 9860d936bedb49fb8de3fd37531f5267 P 8a3730feb69545e6be62cf4739c0f686 [CANDIDATE]: Term 1 pre-election: Election decided. Result: candidate won. Election summary: received 3 responses out of 3 voters: 2 yes votes; 1 no votes. yes voters: 8a3730feb69545e6be62cf4739c0f686, 9cce9776802741f0ade87efcea4192f8; no voters: 2bf8016fd68c4993ac5e154037abf93c
I20260608 12:45:47.675873 16061 consensus_queue.cc:237] T add4e2eb3a804a1787c3838c35bf60be P 9cce9776802741f0ade87efcea4192f8 [LEADER]: Queue going to LEADER mode. State: All replicated index: 0, Majority replicated index: 0, Committed index: 0, Last appended: 0.0, Last appended by leader: 0, Current term: 1, Majority size: 2, State: 0, Mode: LEADER, active raft config: opid_index: -1 OBSOLETE_local: false peers { permanent_uuid: "2bf8016fd68c4993ac5e154037abf93c" member_type: VOTER last_known_addr { host: "127.12.99.196" port: 38155 } } peers { permanent_uuid: "9cce9776802741f0ade87efcea4192f8" member_type: VOTER last_known_addr { host: "127.12.99.194" port: 37177 } } peers { permanent_uuid: "7768d42046784ab5bb8bf21b46f9ca99" member_type: VOTER last_known_addr { host: "127.12.99.195" port: 36341 } }
I20260608 12:45:47.676898 16011 raft_consensus.cc:2804] T 9860d936bedb49fb8de3fd37531f5267 P 8a3730feb69545e6be62cf4739c0f686 [term 0 FOLLOWER]: Leader pre-election won for term 1
I20260608 12:45:47.677335 16011 raft_consensus.cc:493] T 9860d936bedb49fb8de3fd37531f5267 P 8a3730feb69545e6be62cf4739c0f686 [term 0 FOLLOWER]: Starting leader election (no leader contacted us within the election timeout)
I20260608 12:45:47.677736 16011 raft_consensus.cc:3060] T 9860d936bedb49fb8de3fd37531f5267 P 8a3730feb69545e6be62cf4739c0f686 [term 0 FOLLOWER]: Advancing to term 1
I20260608 12:45:47.679998 15670 tablet_service.cc:1917] Received RequestConsensusVote() RPC: tablet_id: "96808043130b47398449fda60863f236" candidate_uuid: "9cce9776802741f0ade87efcea4192f8" candidate_term: 1 candidate_status { last_received { term: 0 index: 0 } } ignore_live_leader: false dest_uuid: "8a3730feb69545e6be62cf4739c0f686"
I20260608 12:45:47.680723 15670 raft_consensus.cc:3060] T 96808043130b47398449fda60863f236 P 8a3730feb69545e6be62cf4739c0f686 [term 0 FOLLOWER]: Advancing to term 1
I20260608 12:45:47.669883 16044 consensus_queue.cc:237] T 21669d0601c54103944122e82b8b75fe P 8a3730feb69545e6be62cf4739c0f686 [LEADER]: Queue going to LEADER mode. State: All replicated index: 0, Majority replicated index: 0, Committed index: 0, Last appended: 0.0, Last appended by leader: 0, Current term: 1, Majority size: 2, State: 0, Mode: LEADER, active raft config: opid_index: -1 OBSOLETE_local: false peers { permanent_uuid: "2bf8016fd68c4993ac5e154037abf93c" member_type: VOTER last_known_addr { host: "127.12.99.196" port: 38155 } } peers { permanent_uuid: "7768d42046784ab5bb8bf21b46f9ca99" member_type: VOTER last_known_addr { host: "127.12.99.195" port: 36341 } } peers { permanent_uuid: "8a3730feb69545e6be62cf4739c0f686" member_type: VOTER last_known_addr { host: "127.12.99.193" port: 37193 } }
I20260608 12:45:47.695390 16011 raft_consensus.cc:515] T 9860d936bedb49fb8de3fd37531f5267 P 8a3730feb69545e6be62cf4739c0f686 [term 1 FOLLOWER]: Starting leader election with config: opid_index: -1 OBSOLETE_local: false peers { permanent_uuid: "2bf8016fd68c4993ac5e154037abf93c" member_type: VOTER last_known_addr { host: "127.12.99.196" port: 38155 } } peers { permanent_uuid: "9cce9776802741f0ade87efcea4192f8" member_type: VOTER last_known_addr { host: "127.12.99.194" port: 37177 } } peers { permanent_uuid: "8a3730feb69545e6be62cf4739c0f686" member_type: VOTER last_known_addr { host: "127.12.99.193" port: 37193 } }
I20260608 12:45:47.696066 15670 raft_consensus.cc:2468] T 96808043130b47398449fda60863f236 P 8a3730feb69545e6be62cf4739c0f686 [term 1 FOLLOWER]: Leader election vote request: Granting yes vote for candidate 9cce9776802741f0ade87efcea4192f8 in term 1.
I20260608 12:45:47.696848 16013 tablet_bootstrap.cc:654] T 34bed4d289cf425dba6aed76ca8792b4 P 2bf8016fd68c4993ac5e154037abf93c: Neither blocks nor log segments found. Creating new log.
I20260608 12:45:47.688654 15967 raft_consensus.cc:2468] T add4e2eb3a804a1787c3838c35bf60be P 2bf8016fd68c4993ac5e154037abf93c [term 1 FOLLOWER]: Leader election vote request: Granting yes vote for candidate 9cce9776802741f0ade87efcea4192f8 in term 1.
I20260608 12:45:47.697746 15711 leader_election.cc:304] T 96808043130b47398449fda60863f236 P 9cce9776802741f0ade87efcea4192f8 [CANDIDATE]: Term 1 election: Election decided. Result: candidate won. Election summary: received 2 responses out of 3 voters: 2 yes votes; 0 no votes. yes voters: 8a3730feb69545e6be62cf4739c0f686, 9cce9776802741f0ade87efcea4192f8; no voters: 
I20260608 12:45:47.700311 16043 raft_consensus.cc:493] T 34bed4d289cf425dba6aed76ca8792b4 P 8a3730feb69545e6be62cf4739c0f686 [term 0 FOLLOWER]: Starting pre-election (no leader contacted us within the election timeout)
I20260608 12:45:47.701192 16062 raft_consensus.cc:2804] T 96808043130b47398449fda60863f236 P 9cce9776802741f0ade87efcea4192f8 [term 1 FOLLOWER]: Leader election won for term 1
I20260608 12:45:47.701366 16043 raft_consensus.cc:515] T 34bed4d289cf425dba6aed76ca8792b4 P 8a3730feb69545e6be62cf4739c0f686 [term 0 FOLLOWER]: Starting pre-election with config: opid_index: -1 OBSOLETE_local: false peers { permanent_uuid: "7768d42046784ab5bb8bf21b46f9ca99" member_type: VOTER last_known_addr { host: "127.12.99.195" port: 36341 } } peers { permanent_uuid: "8a3730feb69545e6be62cf4739c0f686" member_type: VOTER last_known_addr { host: "127.12.99.193" port: 37193 } } peers { permanent_uuid: "2bf8016fd68c4993ac5e154037abf93c" member_type: VOTER last_known_addr { host: "127.12.99.196" port: 38155 } }
I20260608 12:45:47.701741 16062 raft_consensus.cc:697] T 96808043130b47398449fda60863f236 P 9cce9776802741f0ade87efcea4192f8 [term 1 LEADER]: Becoming Leader. State: Replica: 9cce9776802741f0ade87efcea4192f8, State: Running, Role: LEADER
I20260608 12:45:47.702764 16062 consensus_queue.cc:237] T 96808043130b47398449fda60863f236 P 9cce9776802741f0ade87efcea4192f8 [LEADER]: Queue going to LEADER mode. State: All replicated index: 0, Majority replicated index: 0, Committed index: 0, Last appended: 0.0, Last appended by leader: 0, Current term: 1, Majority size: 2, State: 0, Mode: LEADER, active raft config: opid_index: -1 OBSOLETE_local: false peers { permanent_uuid: "2bf8016fd68c4993ac5e154037abf93c" member_type: VOTER last_known_addr { host: "127.12.99.196" port: 38155 } } peers { permanent_uuid: "8a3730feb69545e6be62cf4739c0f686" member_type: VOTER last_known_addr { host: "127.12.99.193" port: 37193 } } peers { permanent_uuid: "9cce9776802741f0ade87efcea4192f8" member_type: VOTER last_known_addr { host: "127.12.99.194" port: 37177 } }
I20260608 12:45:47.703204 15966 raft_consensus.cc:2468] T 96808043130b47398449fda60863f236 P 2bf8016fd68c4993ac5e154037abf93c [term 1 FOLLOWER]: Leader election vote request: Granting yes vote for candidate 9cce9776802741f0ade87efcea4192f8 in term 1.
I20260608 12:45:47.703820 16043 leader_election.cc:290] T 34bed4d289cf425dba6aed76ca8792b4 P 8a3730feb69545e6be62cf4739c0f686 [CANDIDATE]: Term 1 pre-election: Requested pre-vote from peers 7768d42046784ab5bb8bf21b46f9ca99 (127.12.99.195:36341), 2bf8016fd68c4993ac5e154037abf93c (127.12.99.196:38155)
I20260608 12:45:47.705091 15820 tablet_service.cc:1917] Received RequestConsensusVote() RPC: tablet_id: "34bed4d289cf425dba6aed76ca8792b4" candidate_uuid: "8a3730feb69545e6be62cf4739c0f686" candidate_term: 1 candidate_status { last_received { term: 0 index: 0 } } ignore_live_leader: false dest_uuid: "7768d42046784ab5bb8bf21b46f9ca99" is_pre_election: true
I20260608 12:45:47.706087 15820 raft_consensus.cc:2468] T 34bed4d289cf425dba6aed76ca8792b4 P 7768d42046784ab5bb8bf21b46f9ca99 [term 0 FOLLOWER]: Leader pre-election vote request: Granting yes vote for candidate 8a3730feb69545e6be62cf4739c0f686 in term 0.
I20260608 12:45:47.706075 16011 leader_election.cc:290] T 9860d936bedb49fb8de3fd37531f5267 P 8a3730feb69545e6be62cf4739c0f686 [CANDIDATE]: Term 1 election: Requested vote from peers 2bf8016fd68c4993ac5e154037abf93c (127.12.99.196:38155), 9cce9776802741f0ade87efcea4192f8 (127.12.99.194:37177)
I20260608 12:45:47.709288 15636 leader_election.cc:304] T 34bed4d289cf425dba6aed76ca8792b4 P 8a3730feb69545e6be62cf4739c0f686 [CANDIDATE]: Term 1 pre-election: Election decided. Result: candidate won. Election summary: received 2 responses out of 3 voters: 2 yes votes; 0 no votes. yes voters: 7768d42046784ab5bb8bf21b46f9ca99, 8a3730feb69545e6be62cf4739c0f686; no voters: 
I20260608 12:45:47.709012 15565 catalog_manager.cc:5696] T add4e2eb3a804a1787c3838c35bf60be P 9cce9776802741f0ade87efcea4192f8 reported cstate change: term changed from 0 to 1, leader changed from <none> to 9cce9776802741f0ade87efcea4192f8 (127.12.99.194). New cstate: current_term: 1 leader_uuid: "9cce9776802741f0ade87efcea4192f8" committed_config { opid_index: -1 OBSOLETE_local: false peers { permanent_uuid: "2bf8016fd68c4993ac5e154037abf93c" member_type: VOTER last_known_addr { host: "127.12.99.196" port: 38155 } health_report { overall_health: UNKNOWN } } peers { permanent_uuid: "9cce9776802741f0ade87efcea4192f8" member_type: VOTER last_known_addr { host: "127.12.99.194" port: 37177 } health_report { overall_health: HEALTHY } } peers { permanent_uuid: "7768d42046784ab5bb8bf21b46f9ca99" member_type: VOTER last_known_addr { host: "127.12.99.195" port: 36341 } health_report { overall_health: UNKNOWN } } }
I20260608 12:45:47.711000 16011 raft_consensus.cc:2804] T 34bed4d289cf425dba6aed76ca8792b4 P 8a3730feb69545e6be62cf4739c0f686 [term 0 FOLLOWER]: Leader pre-election won for term 1
I20260608 12:45:47.714071 15964 tablet_service.cc:1917] Received RequestConsensusVote() RPC: tablet_id: "34bed4d289cf425dba6aed76ca8792b4" candidate_uuid: "8a3730feb69545e6be62cf4739c0f686" candidate_term: 1 candidate_status { last_received { term: 0 index: 0 } } ignore_live_leader: false dest_uuid: "2bf8016fd68c4993ac5e154037abf93c" is_pre_election: true
W20260608 12:45:47.716317 15637 leader_election.cc:343] T 34bed4d289cf425dba6aed76ca8792b4 P 8a3730feb69545e6be62cf4739c0f686 [CANDIDATE]: Term 1 pre-election: Tablet error from VoteRequest() call to peer 2bf8016fd68c4993ac5e154037abf93c (127.12.99.196:38155): Illegal state: must be running to vote when last-logged opid is not known
I20260608 12:45:47.712910 15744 tablet_service.cc:1917] Received RequestConsensusVote() RPC: tablet_id: "9860d936bedb49fb8de3fd37531f5267" candidate_uuid: "8a3730feb69545e6be62cf4739c0f686" candidate_term: 1 candidate_status { last_received { term: 0 index: 0 } } ignore_live_leader: false dest_uuid: "9cce9776802741f0ade87efcea4192f8"
I20260608 12:45:47.719795 15744 raft_consensus.cc:3060] T 9860d936bedb49fb8de3fd37531f5267 P 9cce9776802741f0ade87efcea4192f8 [term 0 FOLLOWER]: Advancing to term 1
I20260608 12:45:47.721271 16022 consensus_queue.cc:1048] T 538be25b823042a8a9f79273c29f65ce P 2bf8016fd68c4993ac5e154037abf93c [LEADER]: Connected to new peer: Peer: permanent_uuid: "9cce9776802741f0ade87efcea4192f8" member_type: VOTER last_known_addr { host: "127.12.99.194" port: 37177 }, Status: LMP_MISMATCH, Last received: 0.0, Next index: 1, Last known committed idx: 0, Time since last communication: 0.000s
I20260608 12:45:47.711401 16011 raft_consensus.cc:493] T 34bed4d289cf425dba6aed76ca8792b4 P 8a3730feb69545e6be62cf4739c0f686 [term 0 FOLLOWER]: Starting leader election (no leader contacted us within the election timeout)
I20260608 12:45:47.728811 16011 raft_consensus.cc:3060] T 34bed4d289cf425dba6aed76ca8792b4 P 8a3730feb69545e6be62cf4739c0f686 [term 0 FOLLOWER]: Advancing to term 1
I20260608 12:45:47.714586 15967 tablet_service.cc:1917] Received RequestConsensusVote() RPC: tablet_id: "9860d936bedb49fb8de3fd37531f5267" candidate_uuid: "8a3730feb69545e6be62cf4739c0f686" candidate_term: 1 candidate_status { last_received { term: 0 index: 0 } } ignore_live_leader: false dest_uuid: "2bf8016fd68c4993ac5e154037abf93c"
I20260608 12:45:47.733134 15967 raft_consensus.cc:3060] T 9860d936bedb49fb8de3fd37531f5267 P 2bf8016fd68c4993ac5e154037abf93c [term 0 FOLLOWER]: Advancing to term 1
I20260608 12:45:47.755653 16011 raft_consensus.cc:515] T 34bed4d289cf425dba6aed76ca8792b4 P 8a3730feb69545e6be62cf4739c0f686 [term 1 FOLLOWER]: Starting leader election with config: opid_index: -1 OBSOLETE_local: false peers { permanent_uuid: "7768d42046784ab5bb8bf21b46f9ca99" member_type: VOTER last_known_addr { host: "127.12.99.195" port: 36341 } } peers { permanent_uuid: "8a3730feb69545e6be62cf4739c0f686" member_type: VOTER last_known_addr { host: "127.12.99.193" port: 37193 } } peers { permanent_uuid: "2bf8016fd68c4993ac5e154037abf93c" member_type: VOTER last_known_addr { host: "127.12.99.196" port: 38155 } }
I20260608 12:45:47.757009 15967 raft_consensus.cc:2468] T 9860d936bedb49fb8de3fd37531f5267 P 2bf8016fd68c4993ac5e154037abf93c [term 1 FOLLOWER]: Leader election vote request: Granting yes vote for candidate 8a3730feb69545e6be62cf4739c0f686 in term 1.
I20260608 12:45:47.758951 15565 catalog_manager.cc:5696] T 96808043130b47398449fda60863f236 P 9cce9776802741f0ade87efcea4192f8 reported cstate change: term changed from 0 to 1, leader changed from <none> to 9cce9776802741f0ade87efcea4192f8 (127.12.99.194). New cstate: current_term: 1 leader_uuid: "9cce9776802741f0ade87efcea4192f8" committed_config { opid_index: -1 OBSOLETE_local: false peers { permanent_uuid: "2bf8016fd68c4993ac5e154037abf93c" member_type: VOTER last_known_addr { host: "127.12.99.196" port: 38155 } health_report { overall_health: UNKNOWN } } peers { permanent_uuid: "8a3730feb69545e6be62cf4739c0f686" member_type: VOTER last_known_addr { host: "127.12.99.193" port: 37193 } health_report { overall_health: UNKNOWN } } peers { permanent_uuid: "9cce9776802741f0ade87efcea4192f8" member_type: VOTER last_known_addr { host: "127.12.99.194" port: 37177 } health_report { overall_health: HEALTHY } } }
I20260608 12:45:47.763897 15637 leader_election.cc:304] T 9860d936bedb49fb8de3fd37531f5267 P 8a3730feb69545e6be62cf4739c0f686 [CANDIDATE]: Term 1 election: Election decided. Result: candidate won. Election summary: received 2 responses out of 3 voters: 2 yes votes; 0 no votes. yes voters: 2bf8016fd68c4993ac5e154037abf93c, 8a3730feb69545e6be62cf4739c0f686; no voters: 
I20260608 12:45:47.764454 16011 leader_election.cc:290] T 34bed4d289cf425dba6aed76ca8792b4 P 8a3730feb69545e6be62cf4739c0f686 [CANDIDATE]: Term 1 election: Requested vote from peers 7768d42046784ab5bb8bf21b46f9ca99 (127.12.99.195:36341), 2bf8016fd68c4993ac5e154037abf93c (127.12.99.196:38155)
I20260608 12:45:47.768672 15820 tablet_service.cc:1917] Received RequestConsensusVote() RPC: tablet_id: "34bed4d289cf425dba6aed76ca8792b4" candidate_uuid: "8a3730feb69545e6be62cf4739c0f686" candidate_term: 1 candidate_status { last_received { term: 0 index: 0 } } ignore_live_leader: false dest_uuid: "7768d42046784ab5bb8bf21b46f9ca99"
I20260608 12:45:47.769374 15820 raft_consensus.cc:3060] T 34bed4d289cf425dba6aed76ca8792b4 P 7768d42046784ab5bb8bf21b46f9ca99 [term 0 FOLLOWER]: Advancing to term 1
I20260608 12:45:47.781131 16013 tablet_bootstrap.cc:492] T 34bed4d289cf425dba6aed76ca8792b4 P 2bf8016fd68c4993ac5e154037abf93c: No bootstrap required, opened a new log
I20260608 12:45:47.781693 16013 ts_tablet_manager.cc:1403] T 34bed4d289cf425dba6aed76ca8792b4 P 2bf8016fd68c4993ac5e154037abf93c: Time spent bootstrapping tablet: real 0.118s	user 0.008s	sys 0.019s
I20260608 12:45:47.792794 15567 catalog_manager.cc:5696] T 21669d0601c54103944122e82b8b75fe P 8a3730feb69545e6be62cf4739c0f686 reported cstate change: term changed from 0 to 1, leader changed from <none> to 8a3730feb69545e6be62cf4739c0f686 (127.12.99.193). New cstate: current_term: 1 leader_uuid: "8a3730feb69545e6be62cf4739c0f686" committed_config { opid_index: -1 OBSOLETE_local: false peers { permanent_uuid: "2bf8016fd68c4993ac5e154037abf93c" member_type: VOTER last_known_addr { host: "127.12.99.196" port: 38155 } health_report { overall_health: UNKNOWN } } peers { permanent_uuid: "7768d42046784ab5bb8bf21b46f9ca99" member_type: VOTER last_known_addr { host: "127.12.99.195" port: 36341 } health_report { overall_health: UNKNOWN } } peers { permanent_uuid: "8a3730feb69545e6be62cf4739c0f686" member_type: VOTER last_known_addr { host: "127.12.99.193" port: 37193 } health_report { overall_health: HEALTHY } } }
I20260608 12:45:47.797770 16043 consensus_queue.cc:1048] T e13137f3061343a78ee16086474204f1 P 8a3730feb69545e6be62cf4739c0f686 [LEADER]: Connected to new peer: Peer: permanent_uuid: "9cce9776802741f0ade87efcea4192f8" member_type: VOTER last_known_addr { host: "127.12.99.194" port: 37177 }, Status: LMP_MISMATCH, Last received: 0.0, Next index: 1, Last known committed idx: 0, Time since last communication: 0.001s
I20260608 12:45:47.807175 16013 raft_consensus.cc:359] T 34bed4d289cf425dba6aed76ca8792b4 P 2bf8016fd68c4993ac5e154037abf93c [term 0 FOLLOWER]: Replica starting. Triggering 0 pending ops. Active config: opid_index: -1 OBSOLETE_local: false peers { permanent_uuid: "7768d42046784ab5bb8bf21b46f9ca99" member_type: VOTER last_known_addr { host: "127.12.99.195" port: 36341 } } peers { permanent_uuid: "8a3730feb69545e6be62cf4739c0f686" member_type: VOTER last_known_addr { host: "127.12.99.193" port: 37193 } } peers { permanent_uuid: "2bf8016fd68c4993ac5e154037abf93c" member_type: VOTER last_known_addr { host: "127.12.99.196" port: 38155 } }
I20260608 12:45:47.808128 16013 raft_consensus.cc:385] T 34bed4d289cf425dba6aed76ca8792b4 P 2bf8016fd68c4993ac5e154037abf93c [term 0 FOLLOWER]: Consensus starting up: Expiring failure detector timer to make a prompt election more likely
I20260608 12:45:47.808495 16013 raft_consensus.cc:740] T 34bed4d289cf425dba6aed76ca8792b4 P 2bf8016fd68c4993ac5e154037abf93c [term 0 FOLLOWER]: Becoming Follower/Learner. State: Replica: 2bf8016fd68c4993ac5e154037abf93c, State: Initialized, Role: FOLLOWER
I20260608 12:45:47.782649 15744 raft_consensus.cc:2468] T 9860d936bedb49fb8de3fd37531f5267 P 9cce9776802741f0ade87efcea4192f8 [term 1 FOLLOWER]: Leader election vote request: Granting yes vote for candidate 8a3730feb69545e6be62cf4739c0f686 in term 1.
I20260608 12:45:47.812485 15820 raft_consensus.cc:2468] T 34bed4d289cf425dba6aed76ca8792b4 P 7768d42046784ab5bb8bf21b46f9ca99 [term 1 FOLLOWER]: Leader election vote request: Granting yes vote for candidate 8a3730feb69545e6be62cf4739c0f686 in term 1.
W20260608 12:45:47.812570 15637 outbound_call.cc:321] RPC callback for RPC call kudu.consensus.ConsensusService.RequestConsensusVote -> {remote=127.12.99.196:38155, user_credentials={real_user=slave}} blocked reactor thread for 48762.5us
I20260608 12:45:47.786077 16044 raft_consensus.cc:2804] T 9860d936bedb49fb8de3fd37531f5267 P 8a3730feb69545e6be62cf4739c0f686 [term 1 FOLLOWER]: Leader election won for term 1
I20260608 12:45:47.816965 16013 consensus_queue.cc:260] T 34bed4d289cf425dba6aed76ca8792b4 P 2bf8016fd68c4993ac5e154037abf93c [NON_LEADER]: Queue going to NON_LEADER mode. State: All replicated index: 0, Majority replicated index: 0, Committed index: 0, Last appended: 0.0, Last appended by leader: 0, Current term: 0, Majority size: -1, State: 0, Mode: NON_LEADER, active raft config: opid_index: -1 OBSOLETE_local: false peers { permanent_uuid: "7768d42046784ab5bb8bf21b46f9ca99" member_type: VOTER last_known_addr { host: "127.12.99.195" port: 36341 } } peers { permanent_uuid: "8a3730feb69545e6be62cf4739c0f686" member_type: VOTER last_known_addr { host: "127.12.99.193" port: 37193 } } peers { permanent_uuid: "2bf8016fd68c4993ac5e154037abf93c" member_type: VOTER last_known_addr { host: "127.12.99.196" port: 38155 } }
I20260608 12:45:47.820250 15636 leader_election.cc:304] T 34bed4d289cf425dba6aed76ca8792b4 P 8a3730feb69545e6be62cf4739c0f686 [CANDIDATE]: Term 1 election: Election decided. Result: candidate won. Election summary: received 2 responses out of 3 voters: 2 yes votes; 0 no votes. yes voters: 7768d42046784ab5bb8bf21b46f9ca99, 8a3730feb69545e6be62cf4739c0f686; no voters: 
I20260608 12:45:47.821017 16013 ts_tablet_manager.cc:1434] T 34bed4d289cf425dba6aed76ca8792b4 P 2bf8016fd68c4993ac5e154037abf93c: Time spent starting tablet: real 0.039s	user 0.003s	sys 0.003s
I20260608 12:45:47.824329 16069 raft_consensus.cc:2804] T 34bed4d289cf425dba6aed76ca8792b4 P 8a3730feb69545e6be62cf4739c0f686 [term 1 FOLLOWER]: Leader election won for term 1
I20260608 12:45:47.822958 16022 consensus_queue.cc:1048] T 538be25b823042a8a9f79273c29f65ce P 2bf8016fd68c4993ac5e154037abf93c [LEADER]: Connected to new peer: Peer: permanent_uuid: "7768d42046784ab5bb8bf21b46f9ca99" member_type: VOTER last_known_addr { host: "127.12.99.195" port: 36341 }, Status: LMP_MISMATCH, Last received: 0.0, Next index: 1, Last known committed idx: 0, Time since last communication: 0.002s
I20260608 12:45:47.825096 16069 raft_consensus.cc:697] T 34bed4d289cf425dba6aed76ca8792b4 P 8a3730feb69545e6be62cf4739c0f686 [term 1 LEADER]: Becoming Leader. State: Replica: 8a3730feb69545e6be62cf4739c0f686, State: Running, Role: LEADER
