I20260608 12:45:42.086983 24807 server_base.cc:1061] running on GCE node
I20260608 12:45:42.087888 24807 hybrid_clock.cc:584] initializing the hybrid clock with 'system_unsync' time source
W20260608 12:45:42.088119 24807 system_unsync_time.cc:38] NTP support is disabled. Clock error bounds will not be accurate. This configuration is not suitable for distributed clusters.
I20260608 12:45:42.088299 24807 hybrid_clock.cc:648] HybridClock initialized: now 1780922742088281 us; error 0 us; skew 500 ppm
I20260608 12:45:42.088865 24807 server_base.cc:861] Flag tcmalloc_max_total_thread_cache_bytes is not working since tcmalloc is not enabled.
I20260608 12:45:42.091135 24807 webserver.cc:533] Webserver started at http://127.24.57.193:38047/ using document root <none> and password file <none>
I20260608 12:45:42.091630 24807 fs_manager.cc:362] Metadata directory not provided
I20260608 12:45:42.091845 24807 fs_manager.cc:368] Using write-ahead log directory (fs_wal_dir) as metadata directory
I20260608 12:45:42.092114 24807 server_base.cc:909] This appears to be a new deployment of Kudu; creating new FS layout
I20260608 12:45:42.093297 24807 fs_manager.cc:1068] Generated new instance metadata in path /tmp/dist-test-tasksLW4rc/test-tmp/auto_rebalancer-test.0.AutoRebalancerTest.RangeAwareBuildClusterInfoGroupsByRange.1780922666587717-24807-0/minicluster-data/ts-0-root/instance:
uuid: "07efdd8e129c49458ef78595ec6a1497"
format_stamp: "Formatted at 2026-06-08 12:45:42 on dist-test-slave-jrhh"
I20260608 12:45:42.097806 24807 fs_manager.cc:696] Time spent creating directory manager: real 0.004s	user 0.006s	sys 0.000s
I20260608 12:45:42.101163 27422 log_block_manager.cc:4031] Time spent loading block containers with low live blocks: real 0.000s	user 0.000s	sys 0.000s
I20260608 12:45:42.101912 24807 fs_manager.cc:730] Time spent opening block manager: real 0.002s	user 0.000s	sys 0.002s
I20260608 12:45:42.102188 24807 fs_manager.cc:647] Opened local filesystem: /tmp/dist-test-tasksLW4rc/test-tmp/auto_rebalancer-test.0.AutoRebalancerTest.RangeAwareBuildClusterInfoGroupsByRange.1780922666587717-24807-0/minicluster-data/ts-0-root
uuid: "07efdd8e129c49458ef78595ec6a1497"
format_stamp: "Formatted at 2026-06-08 12:45:42 on dist-test-slave-jrhh"
I20260608 12:45:42.102479 24807 fs_report.cc:389] FS layout report
--------------------
wal directory: /tmp/dist-test-tasksLW4rc/test-tmp/auto_rebalancer-test.0.AutoRebalancerTest.RangeAwareBuildClusterInfoGroupsByRange.1780922666587717-24807-0/minicluster-data/ts-0-root
metadata directory: /tmp/dist-test-tasksLW4rc/test-tmp/auto_rebalancer-test.0.AutoRebalancerTest.RangeAwareBuildClusterInfoGroupsByRange.1780922666587717-24807-0/minicluster-data/ts-0-root
1 data directories: /tmp/dist-test-tasksLW4rc/test-tmp/auto_rebalancer-test.0.AutoRebalancerTest.RangeAwareBuildClusterInfoGroupsByRange.1780922666587717-24807-0/minicluster-data/ts-0-root/data
Total live blocks: 0
Total live bytes: 0
Total live bytes (after alignment): 0
Total number of LBM containers: 0 (0 full)
Did not check for missing blocks
Did not check for orphaned blocks
Total full LBM containers with extra space: 0 (0 repaired)
Total full LBM container extra space in bytes: 0 (0 repaired)
Total incomplete LBM containers: 0 (0 repaired)
Total LBM partial records: 0 (0 repaired)
Total corrupted LBM metadata records in RocksDB: 0 (0 repaired)
I20260608 12:45:42.122895 24807 rpc_server.cc:225] running with OpenSSL 1.1.1  11 Sep 2018
I20260608 12:45:42.124064 24807 kserver.cc:163] Server-wide thread pool size limit: 3276
I20260608 12:45:42.125470 24807 txn_system_client.cc:432] TxnSystemClient initialization is disabled...
I20260608 12:45:42.127897 24807 ts_tablet_manager.cc:585] Loaded tablet metadata (0 total tablets, 0 live tablets)
I20260608 12:45:42.128123 24807 ts_tablet_manager.cc:531] Time spent load tablet metadata: real 0.000s	user 0.000s	sys 0.000s
I20260608 12:45:42.128371 24807 ts_tablet_manager.cc:616] Registered 0 tablets
I20260608 12:45:42.128541 24807 ts_tablet_manager.cc:595] Time spent register tablets: real 0.000s	user 0.000s	sys 0.000s
I20260608 12:45:42.169422 24807 rpc_server.cc:307] RPC server started. Bound to: 127.24.57.193:38233
I20260608 12:45:42.169546 27484 acceptor_pool.cc:272] collecting diagnostics on the listening RPC socket 127.24.57.193:38233 every 8 connection(s)
I20260608 12:45:42.174433 24807 file_cache.cc:492] Constructed file cache file cache with capacity 419430
W20260608 12:45:42.182184 27489 instance_detector.cc:116] could not retrieve AWS instance metadata: Network error: curl error: HTTP response code said error: The requested URL returned error: 404
W20260608 12:45:42.183270 27490 instance_detector.cc:116] could not retrieve Azure instance metadata: Network error: curl error: HTTP response code said error: The requested URL returned error: 404
I20260608 12:45:42.186815 24807 server_base.cc:1061] running on GCE node
W20260608 12:45:42.186830 27492 instance_detector.cc:116] could not retrieve OpenStack instance metadata: Network error: curl error: HTTP response code said error: The requested URL returned error: 404
I20260608 12:45:42.188166 24807 hybrid_clock.cc:584] initializing the hybrid clock with 'system_unsync' time source
W20260608 12:45:42.188419 24807 system_unsync_time.cc:38] NTP support is disabled. Clock error bounds will not be accurate. This configuration is not suitable for distributed clusters.
I20260608 12:45:42.188521 27485 heartbeater.cc:344] Connected to a master server at 127.24.57.254:43745
I20260608 12:45:42.188680 24807 hybrid_clock.cc:648] HybridClock initialized: now 1780922742188658 us; error 0 us; skew 500 ppm
I20260608 12:45:42.188961 27485 heartbeater.cc:461] Registering TS with master...
I20260608 12:45:42.189446 24807 server_base.cc:861] Flag tcmalloc_max_total_thread_cache_bytes is not working since tcmalloc is not enabled.
I20260608 12:45:42.189741 27485 heartbeater.cc:507] Master 127.24.57.254:43745 requested a full tablet report, sending...
I20260608 12:45:42.192160 27358 ts_manager.cc:194] Registered new tserver with Master: 07efdd8e129c49458ef78595ec6a1497 (127.24.57.193:38233)
I20260608 12:45:42.192387 24807 webserver.cc:533] Webserver started at http://127.24.57.194:42965/ using document root <none> and password file <none>
I20260608 12:45:42.192993 24807 fs_manager.cc:362] Metadata directory not provided
I20260608 12:45:42.193182 24807 fs_manager.cc:368] Using write-ahead log directory (fs_wal_dir) as metadata directory
I20260608 12:45:42.193470 24807 server_base.cc:909] This appears to be a new deployment of Kudu; creating new FS layout
I20260608 12:45:42.194192 27358 master_service.cc:502] Signed X509 certificate for tserver {username='slave'} at 127.0.0.1:37626
I20260608 12:45:42.194655 24807 fs_manager.cc:1068] Generated new instance metadata in path /tmp/dist-test-tasksLW4rc/test-tmp/auto_rebalancer-test.0.AutoRebalancerTest.RangeAwareBuildClusterInfoGroupsByRange.1780922666587717-24807-0/minicluster-data/ts-1-root/instance:
uuid: "dae415d53ab14750aa122f644662a5b9"
format_stamp: "Formatted at 2026-06-08 12:45:42 on dist-test-slave-jrhh"
I20260608 12:45:42.199288 24807 fs_manager.cc:696] Time spent creating directory manager: real 0.004s	user 0.004s	sys 0.000s
I20260608 12:45:42.202616 27497 log_block_manager.cc:4031] Time spent loading block containers with low live blocks: real 0.000s	user 0.000s	sys 0.000s
I20260608 12:45:42.203429 24807 fs_manager.cc:730] Time spent opening block manager: real 0.002s	user 0.002s	sys 0.001s
I20260608 12:45:42.203709 24807 fs_manager.cc:647] Opened local filesystem: /tmp/dist-test-tasksLW4rc/test-tmp/auto_rebalancer-test.0.AutoRebalancerTest.RangeAwareBuildClusterInfoGroupsByRange.1780922666587717-24807-0/minicluster-data/ts-1-root
uuid: "dae415d53ab14750aa122f644662a5b9"
format_stamp: "Formatted at 2026-06-08 12:45:42 on dist-test-slave-jrhh"
I20260608 12:45:42.204001 24807 fs_report.cc:389] FS layout report
--------------------
wal directory: /tmp/dist-test-tasksLW4rc/test-tmp/auto_rebalancer-test.0.AutoRebalancerTest.RangeAwareBuildClusterInfoGroupsByRange.1780922666587717-24807-0/minicluster-data/ts-1-root
metadata directory: /tmp/dist-test-tasksLW4rc/test-tmp/auto_rebalancer-test.0.AutoRebalancerTest.RangeAwareBuildClusterInfoGroupsByRange.1780922666587717-24807-0/minicluster-data/ts-1-root
1 data directories: /tmp/dist-test-tasksLW4rc/test-tmp/auto_rebalancer-test.0.AutoRebalancerTest.RangeAwareBuildClusterInfoGroupsByRange.1780922666587717-24807-0/minicluster-data/ts-1-root/data
Total live blocks: 0
Total live bytes: 0
Total live bytes (after alignment): 0
Total number of LBM containers: 0 (0 full)
Did not check for missing blocks
Did not check for orphaned blocks
Total full LBM containers with extra space: 0 (0 repaired)
Total full LBM container extra space in bytes: 0 (0 repaired)
Total incomplete LBM containers: 0 (0 repaired)
Total LBM partial records: 0 (0 repaired)
Total corrupted LBM metadata records in RocksDB: 0 (0 repaired)
I20260608 12:45:42.224360 24807 rpc_server.cc:225] running with OpenSSL 1.1.1  11 Sep 2018
I20260608 12:45:42.225539 24807 kserver.cc:163] Server-wide thread pool size limit: 3276
I20260608 12:45:42.227010 24807 txn_system_client.cc:432] TxnSystemClient initialization is disabled...
I20260608 12:45:42.229314 24807 ts_tablet_manager.cc:585] Loaded tablet metadata (0 total tablets, 0 live tablets)
I20260608 12:45:42.229540 24807 ts_tablet_manager.cc:531] Time spent load tablet metadata: real 0.000s	user 0.000s	sys 0.000s
I20260608 12:45:42.229777 24807 ts_tablet_manager.cc:616] Registered 0 tablets
I20260608 12:45:42.229950 24807 ts_tablet_manager.cc:595] Time spent register tablets: real 0.000s	user 0.000s	sys 0.000s
I20260608 12:45:42.269601 24807 rpc_server.cc:307] RPC server started. Bound to: 127.24.57.194:42247
I20260608 12:45:42.269728 27559 acceptor_pool.cc:272] collecting diagnostics on the listening RPC socket 127.24.57.194:42247 every 8 connection(s)
I20260608 12:45:42.274559 24807 file_cache.cc:492] Constructed file cache file cache with capacity 419430
W20260608 12:45:42.282192 27563 instance_detector.cc:116] could not retrieve AWS instance metadata: Network error: curl error: HTTP response code said error: The requested URL returned error: 404
W20260608 12:45:42.283185 27564 instance_detector.cc:116] could not retrieve Azure instance metadata: Network error: curl error: HTTP response code said error: The requested URL returned error: 404
W20260608 12:45:42.285472 27566 instance_detector.cc:116] could not retrieve OpenStack instance metadata: Network error: curl error: HTTP response code said error: The requested URL returned error: 404
I20260608 12:45:42.287294 24807 server_base.cc:1061] running on GCE node
I20260608 12:45:42.287761 27560 heartbeater.cc:344] Connected to a master server at 127.24.57.254:43745
I20260608 12:45:42.288164 27560 heartbeater.cc:461] Registering TS with master...
I20260608 12:45:42.288247 24807 hybrid_clock.cc:584] initializing the hybrid clock with 'system_unsync' time source
W20260608 12:45:42.288537 24807 system_unsync_time.cc:38] NTP support is disabled. Clock error bounds will not be accurate. This configuration is not suitable for distributed clusters.
I20260608 12:45:42.288722 24807 hybrid_clock.cc:648] HybridClock initialized: now 1780922742288703 us; error 0 us; skew 500 ppm
I20260608 12:45:42.288998 27560 heartbeater.cc:507] Master 127.24.57.254:43745 requested a full tablet report, sending...
I20260608 12:45:42.289417 24807 server_base.cc:861] Flag tcmalloc_max_total_thread_cache_bytes is not working since tcmalloc is not enabled.
I20260608 12:45:42.291241 27358 ts_manager.cc:194] Registered new tserver with Master: dae415d53ab14750aa122f644662a5b9 (127.24.57.194:42247)
I20260608 12:45:42.292049 24807 webserver.cc:533] Webserver started at http://127.24.57.195:38963/ using document root <none> and password file <none>
I20260608 12:45:42.292713 24807 fs_manager.cc:362] Metadata directory not provided
I20260608 12:45:42.292933 24807 fs_manager.cc:368] Using write-ahead log directory (fs_wal_dir) as metadata directory
I20260608 12:45:42.293074 27358 master_service.cc:502] Signed X509 certificate for tserver {username='slave'} at 127.0.0.1:37628
I20260608 12:45:42.293291 24807 server_base.cc:909] This appears to be a new deployment of Kudu; creating new FS layout
I20260608 12:45:42.294866 24807 fs_manager.cc:1068] Generated new instance metadata in path /tmp/dist-test-tasksLW4rc/test-tmp/auto_rebalancer-test.0.AutoRebalancerTest.RangeAwareBuildClusterInfoGroupsByRange.1780922666587717-24807-0/minicluster-data/ts-2-root/instance:
uuid: "72a4fb843bd74e81961d21a93a540e39"
format_stamp: "Formatted at 2026-06-08 12:45:42 on dist-test-slave-jrhh"
I20260608 12:45:42.299479 24807 fs_manager.cc:696] Time spent creating directory manager: real 0.004s	user 0.003s	sys 0.001s
I20260608 12:45:42.302680 27571 log_block_manager.cc:4031] Time spent loading block containers with low live blocks: real 0.000s	user 0.000s	sys 0.000s
I20260608 12:45:42.303488 24807 fs_manager.cc:730] Time spent opening block manager: real 0.002s	user 0.002s	sys 0.001s
I20260608 12:45:42.303788 24807 fs_manager.cc:647] Opened local filesystem: /tmp/dist-test-tasksLW4rc/test-tmp/auto_rebalancer-test.0.AutoRebalancerTest.RangeAwareBuildClusterInfoGroupsByRange.1780922666587717-24807-0/minicluster-data/ts-2-root
uuid: "72a4fb843bd74e81961d21a93a540e39"
format_stamp: "Formatted at 2026-06-08 12:45:42 on dist-test-slave-jrhh"
I20260608 12:45:42.304039 24807 fs_report.cc:389] FS layout report
--------------------
wal directory: /tmp/dist-test-tasksLW4rc/test-tmp/auto_rebalancer-test.0.AutoRebalancerTest.RangeAwareBuildClusterInfoGroupsByRange.1780922666587717-24807-0/minicluster-data/ts-2-root
metadata directory: /tmp/dist-test-tasksLW4rc/test-tmp/auto_rebalancer-test.0.AutoRebalancerTest.RangeAwareBuildClusterInfoGroupsByRange.1780922666587717-24807-0/minicluster-data/ts-2-root
1 data directories: /tmp/dist-test-tasksLW4rc/test-tmp/auto_rebalancer-test.0.AutoRebalancerTest.RangeAwareBuildClusterInfoGroupsByRange.1780922666587717-24807-0/minicluster-data/ts-2-root/data
Total live blocks: 0
Total live bytes: 0
Total live bytes (after alignment): 0
Total number of LBM containers: 0 (0 full)
Did not check for missing blocks
Did not check for orphaned blocks
Total full LBM containers with extra space: 0 (0 repaired)
Total full LBM container extra space in bytes: 0 (0 repaired)
Total incomplete LBM containers: 0 (0 repaired)
Total LBM partial records: 0 (0 repaired)
Total corrupted LBM metadata records in RocksDB: 0 (0 repaired)
I20260608 12:45:42.324502 24807 rpc_server.cc:225] running with OpenSSL 1.1.1  11 Sep 2018
I20260608 12:45:42.325804 24807 kserver.cc:163] Server-wide thread pool size limit: 3276
I20260608 12:45:42.327028 24807 txn_system_client.cc:432] TxnSystemClient initialization is disabled...
I20260608 12:45:42.329207 24807 ts_tablet_manager.cc:585] Loaded tablet metadata (0 total tablets, 0 live tablets)
I20260608 12:45:42.329460 24807 ts_tablet_manager.cc:531] Time spent load tablet metadata: real 0.000s	user 0.000s	sys 0.000s
I20260608 12:45:42.329715 24807 ts_tablet_manager.cc:616] Registered 0 tablets
I20260608 12:45:42.329891 24807 ts_tablet_manager.cc:595] Time spent register tablets: real 0.000s	user 0.000s	sys 0.000s
I20260608 12:45:42.369972 24807 rpc_server.cc:307] RPC server started. Bound to: 127.24.57.195:46183
I20260608 12:45:42.370088 27633 acceptor_pool.cc:272] collecting diagnostics on the listening RPC socket 127.24.57.195:46183 every 8 connection(s)
I20260608 12:45:42.383924 27634 heartbeater.cc:344] Connected to a master server at 127.24.57.254:43745
I20260608 12:45:42.384311 27634 heartbeater.cc:461] Registering TS with master...
I20260608 12:45:42.385030 27634 heartbeater.cc:507] Master 127.24.57.254:43745 requested a full tablet report, sending...
I20260608 12:45:42.386952 27358 ts_manager.cc:194] Registered new tserver with Master: 72a4fb843bd74e81961d21a93a540e39 (127.24.57.195:46183)
I20260608 12:45:42.387566 24807 internal_mini_cluster.cc:371] 3 TS(s) registered with all masters after 0.014321654s
I20260608 12:45:42.388365 27358 master_service.cc:502] Signed X509 certificate for tserver {username='slave'} at 127.0.0.1:37638
I20260608 12:45:43.196779 27485 heartbeater.cc:499] Master 127.24.57.254:43745 was elected leader, sending a full tablet report...
I20260608 12:45:43.296002 27560 heartbeater.cc:499] Master 127.24.57.254:43745 was elected leader, sending a full tablet report...
I20260608 12:45:43.391011 27634 heartbeater.cc:499] Master 127.24.57.254:43745 was elected leader, sending a full tablet report...
I20260608 12:45:43.442188 27358 catalog_manager.cc:2282] Servicing CreateTable request from {username='slave'} at 127.0.0.1:37640:
name: "range_aware_auto_rebalancer_test"
schema {
  columns {
    name: "key"
    type: INT32
    is_key: true
    is_nullable: false
    encoding: AUTO_ENCODING
    compression: DEFAULT_COMPRESSION
    cfile_block_size: 0
    immutable: false
  }
}
num_replicas: 3
split_rows_range_bounds {
  rows: "\006\001\000\000\000\000\007\001\n\000\000\000\006\001\n\000\000\000\007\001\024\000\000\000""\006\001\000\000\000\000\007\001\n\000\000\000\006\001\n\000\000\000\007\001\024\000\000\000"
  indirect_data: """"
}
partition_schema {
  hash_schema {
    columns {
      name: "key"
    }
    num_buckets: 2
    seed: 0
  }
  range_schema {
    columns {
      name: "key"
    }
  }
}
W20260608 12:45:43.444693 27358 catalog_manager.cc:7076] The number of live tablet servers is not enough to re-replicate a tablet replica of the newly created table range_aware_auto_rebalancer_test in case of a server failure: 4 tablet servers would be needed, 3 are available. Consider bringing up more tablet servers.
I20260608 12:45:43.500214 27525 tablet_service.cc:1511] Processing CreateTablet for tablet 7440fd2fe1024847bd61f7f86d10f6fc (DEFAULT_TABLE table=range_aware_auto_rebalancer_test [id=e5b2a33345bf4a07b5a3d37638eb2c13]), partition=HASH (key) PARTITION 0, RANGE (key) PARTITION 0 <= VALUES < 10
I20260608 12:45:43.501308 27524 tablet_service.cc:1511] Processing CreateTablet for tablet 888b3db5741c4081a1f98c0511b78d0b (DEFAULT_TABLE table=range_aware_auto_rebalancer_test [id=e5b2a33345bf4a07b5a3d37638eb2c13]), partition=HASH (key) PARTITION 0, RANGE (key) PARTITION 10 <= VALUES < 20
I20260608 12:45:43.502193 27525 data_dirs.cc:400] Could only allocate 1 dirs of requested 3 for tablet 7440fd2fe1024847bd61f7f86d10f6fc. 1 dirs total, 0 dirs full, 0 dirs failed
I20260608 12:45:43.503255 27524 data_dirs.cc:400] Could only allocate 1 dirs of requested 3 for tablet 888b3db5741c4081a1f98c0511b78d0b. 1 dirs total, 0 dirs full, 0 dirs failed
I20260608 12:45:43.522832 27654 tablet_bootstrap.cc:492] T 7440fd2fe1024847bd61f7f86d10f6fc P dae415d53ab14750aa122f644662a5b9: Bootstrap starting.
I20260608 12:45:43.523526 27524 tablet_service.cc:1511] Processing CreateTablet for tablet 120160277e904969bebbbeaa81403283 (DEFAULT_TABLE table=range_aware_auto_rebalancer_test [id=e5b2a33345bf4a07b5a3d37638eb2c13]), partition=HASH (key) PARTITION 1, RANGE (key) PARTITION 0 <= VALUES < 10
I20260608 12:45:43.524996 27524 data_dirs.cc:400] Could only allocate 1 dirs of requested 3 for tablet 120160277e904969bebbbeaa81403283. 1 dirs total, 0 dirs full, 0 dirs failed
I20260608 12:45:43.527602 27599 tablet_service.cc:1511] Processing CreateTablet for tablet 7440fd2fe1024847bd61f7f86d10f6fc (DEFAULT_TABLE table=range_aware_auto_rebalancer_test [id=e5b2a33345bf4a07b5a3d37638eb2c13]), partition=HASH (key) PARTITION 0, RANGE (key) PARTITION 0 <= VALUES < 10
I20260608 12:45:43.529117 27599 data_dirs.cc:400] Could only allocate 1 dirs of requested 3 for tablet 7440fd2fe1024847bd61f7f86d10f6fc. 1 dirs total, 0 dirs full, 0 dirs failed
I20260608 12:45:43.529374 27597 tablet_service.cc:1511] Processing CreateTablet for tablet 120160277e904969bebbbeaa81403283 (DEFAULT_TABLE table=range_aware_auto_rebalancer_test [id=e5b2a33345bf4a07b5a3d37638eb2c13]), partition=HASH (key) PARTITION 1, RANGE (key) PARTITION 0 <= VALUES < 10
I20260608 12:45:43.530411 27525 tablet_service.cc:1511] Processing CreateTablet for tablet 439ae5a7efec4185a92b2ad0d24ef5dc (DEFAULT_TABLE table=range_aware_auto_rebalancer_test [id=e5b2a33345bf4a07b5a3d37638eb2c13]), partition=HASH (key) PARTITION 1, RANGE (key) PARTITION 10 <= VALUES < 20
I20260608 12:45:43.530880 27597 data_dirs.cc:400] Could only allocate 1 dirs of requested 3 for tablet 120160277e904969bebbbeaa81403283. 1 dirs total, 0 dirs full, 0 dirs failed
I20260608 12:45:43.530821 27598 tablet_service.cc:1511] Processing CreateTablet for tablet 888b3db5741c4081a1f98c0511b78d0b (DEFAULT_TABLE table=range_aware_auto_rebalancer_test [id=e5b2a33345bf4a07b5a3d37638eb2c13]), partition=HASH (key) PARTITION 0, RANGE (key) PARTITION 10 <= VALUES < 20
I20260608 12:45:43.531832 27525 data_dirs.cc:400] Could only allocate 1 dirs of requested 3 for tablet 439ae5a7efec4185a92b2ad0d24ef5dc. 1 dirs total, 0 dirs full, 0 dirs failed
I20260608 12:45:43.532357 27598 data_dirs.cc:400] Could only allocate 1 dirs of requested 3 for tablet 888b3db5741c4081a1f98c0511b78d0b. 1 dirs total, 0 dirs full, 0 dirs failed
I20260608 12:45:43.534026 27596 tablet_service.cc:1511] Processing CreateTablet for tablet 439ae5a7efec4185a92b2ad0d24ef5dc (DEFAULT_TABLE table=range_aware_auto_rebalancer_test [id=e5b2a33345bf4a07b5a3d37638eb2c13]), partition=HASH (key) PARTITION 1, RANGE (key) PARTITION 10 <= VALUES < 20
I20260608 12:45:43.535460 27596 data_dirs.cc:400] Could only allocate 1 dirs of requested 3 for tablet 439ae5a7efec4185a92b2ad0d24ef5dc. 1 dirs total, 0 dirs full, 0 dirs failed
I20260608 12:45:43.552572 27654 tablet_bootstrap.cc:654] T 7440fd2fe1024847bd61f7f86d10f6fc P dae415d53ab14750aa122f644662a5b9: Neither blocks nor log segments found. Creating new log.
I20260608 12:45:43.562800 27450 tablet_service.cc:1511] Processing CreateTablet for tablet 7440fd2fe1024847bd61f7f86d10f6fc (DEFAULT_TABLE table=range_aware_auto_rebalancer_test [id=e5b2a33345bf4a07b5a3d37638eb2c13]), partition=HASH (key) PARTITION 0, RANGE (key) PARTITION 0 <= VALUES < 10
I20260608 12:45:43.564396 27450 data_dirs.cc:400] Could only allocate 1 dirs of requested 3 for tablet 7440fd2fe1024847bd61f7f86d10f6fc. 1 dirs total, 0 dirs full, 0 dirs failed
I20260608 12:45:43.565727 27447 tablet_service.cc:1511] Processing CreateTablet for tablet 439ae5a7efec4185a92b2ad0d24ef5dc (DEFAULT_TABLE table=range_aware_auto_rebalancer_test [id=e5b2a33345bf4a07b5a3d37638eb2c13]), partition=HASH (key) PARTITION 1, RANGE (key) PARTITION 10 <= VALUES < 20
I20260608 12:45:43.567180 27447 data_dirs.cc:400] Could only allocate 1 dirs of requested 3 for tablet 439ae5a7efec4185a92b2ad0d24ef5dc. 1 dirs total, 0 dirs full, 0 dirs failed
I20260608 12:45:43.567930 27449 tablet_service.cc:1511] Processing CreateTablet for tablet 888b3db5741c4081a1f98c0511b78d0b (DEFAULT_TABLE table=range_aware_auto_rebalancer_test [id=e5b2a33345bf4a07b5a3d37638eb2c13]), partition=HASH (key) PARTITION 0, RANGE (key) PARTITION 10 <= VALUES < 20
I20260608 12:45:43.569350 27449 data_dirs.cc:400] Could only allocate 1 dirs of requested 3 for tablet 888b3db5741c4081a1f98c0511b78d0b. 1 dirs total, 0 dirs full, 0 dirs failed
I20260608 12:45:43.563969 27448 tablet_service.cc:1511] Processing CreateTablet for tablet 120160277e904969bebbbeaa81403283 (DEFAULT_TABLE table=range_aware_auto_rebalancer_test [id=e5b2a33345bf4a07b5a3d37638eb2c13]), partition=HASH (key) PARTITION 1, RANGE (key) PARTITION 0 <= VALUES < 10
I20260608 12:45:43.571592 27448 data_dirs.cc:400] Could only allocate 1 dirs of requested 3 for tablet 120160277e904969bebbbeaa81403283. 1 dirs total, 0 dirs full, 0 dirs failed
I20260608 12:45:43.597304 27655 tablet_bootstrap.cc:492] T 888b3db5741c4081a1f98c0511b78d0b P 72a4fb843bd74e81961d21a93a540e39: Bootstrap starting.
I20260608 12:45:43.605010 27655 tablet_bootstrap.cc:654] T 888b3db5741c4081a1f98c0511b78d0b P 72a4fb843bd74e81961d21a93a540e39: Neither blocks nor log segments found. Creating new log.
I20260608 12:45:43.612756 27654 tablet_bootstrap.cc:492] T 7440fd2fe1024847bd61f7f86d10f6fc P dae415d53ab14750aa122f644662a5b9: No bootstrap required, opened a new log
I20260608 12:45:43.615825 27654 ts_tablet_manager.cc:1403] T 7440fd2fe1024847bd61f7f86d10f6fc P dae415d53ab14750aa122f644662a5b9: Time spent bootstrapping tablet: real 0.093s	user 0.027s	sys 0.014s
I20260608 12:45:43.617081 27655 tablet_bootstrap.cc:492] T 888b3db5741c4081a1f98c0511b78d0b P 72a4fb843bd74e81961d21a93a540e39: No bootstrap required, opened a new log
I20260608 12:45:43.617616 27655 ts_tablet_manager.cc:1403] T 888b3db5741c4081a1f98c0511b78d0b P 72a4fb843bd74e81961d21a93a540e39: Time spent bootstrapping tablet: real 0.021s	user 0.014s	sys 0.005s
I20260608 12:45:43.619042 27654 raft_consensus.cc:359] T 7440fd2fe1024847bd61f7f86d10f6fc P dae415d53ab14750aa122f644662a5b9 [term 0 FOLLOWER]: Replica starting. Triggering 0 pending ops. Active config: opid_index: -1 OBSOLETE_local: false peers { permanent_uuid: "dae415d53ab14750aa122f644662a5b9" member_type: VOTER last_known_addr { host: "127.24.57.194" port: 42247 } } peers { permanent_uuid: "07efdd8e129c49458ef78595ec6a1497" member_type: VOTER last_known_addr { host: "127.24.57.193" port: 38233 } } peers { permanent_uuid: "72a4fb843bd74e81961d21a93a540e39" member_type: VOTER last_known_addr { host: "127.24.57.195" port: 46183 } }
I20260608 12:45:43.619343 27657 tablet_bootstrap.cc:492] T 439ae5a7efec4185a92b2ad0d24ef5dc P 07efdd8e129c49458ef78595ec6a1497: Bootstrap starting.
I20260608 12:45:43.619690 27654 raft_consensus.cc:385] T 7440fd2fe1024847bd61f7f86d10f6fc P dae415d53ab14750aa122f644662a5b9 [term 0 FOLLOWER]: Consensus starting up: Expiring failure detector timer to make a prompt election more likely
I20260608 12:45:43.620018 27654 raft_consensus.cc:740] T 7440fd2fe1024847bd61f7f86d10f6fc P dae415d53ab14750aa122f644662a5b9 [term 0 FOLLOWER]: Becoming Follower/Learner. State: Replica: dae415d53ab14750aa122f644662a5b9, State: Initialized, Role: FOLLOWER
I20260608 12:45:43.620812 27654 consensus_queue.cc:260] T 7440fd2fe1024847bd61f7f86d10f6fc P dae415d53ab14750aa122f644662a5b9 [NON_LEADER]: Queue going to NON_LEADER mode. State: All replicated index: 0, Majority replicated index: 0, Committed index: 0, Last appended: 0.0, Last appended by leader: 0, Current term: 0, Majority size: -1, State: 0, Mode: NON_LEADER, active raft config: opid_index: -1 OBSOLETE_local: false peers { permanent_uuid: "dae415d53ab14750aa122f644662a5b9" member_type: VOTER last_known_addr { host: "127.24.57.194" port: 42247 } } peers { permanent_uuid: "07efdd8e129c49458ef78595ec6a1497" member_type: VOTER last_known_addr { host: "127.24.57.193" port: 38233 } } peers { permanent_uuid: "72a4fb843bd74e81961d21a93a540e39" member_type: VOTER last_known_addr { host: "127.24.57.195" port: 46183 } }
I20260608 12:45:43.620891 27655 raft_consensus.cc:359] T 888b3db5741c4081a1f98c0511b78d0b P 72a4fb843bd74e81961d21a93a540e39 [term 0 FOLLOWER]: Replica starting. Triggering 0 pending ops. Active config: opid_index: -1 OBSOLETE_local: false peers { permanent_uuid: "07efdd8e129c49458ef78595ec6a1497" member_type: VOTER last_known_addr { host: "127.24.57.193" port: 38233 } } peers { permanent_uuid: "dae415d53ab14750aa122f644662a5b9" member_type: VOTER last_known_addr { host: "127.24.57.194" port: 42247 } } peers { permanent_uuid: "72a4fb843bd74e81961d21a93a540e39" member_type: VOTER last_known_addr { host: "127.24.57.195" port: 46183 } }
I20260608 12:45:43.621631 27655 raft_consensus.cc:385] T 888b3db5741c4081a1f98c0511b78d0b P 72a4fb843bd74e81961d21a93a540e39 [term 0 FOLLOWER]: Consensus starting up: Expiring failure detector timer to make a prompt election more likely
I20260608 12:45:43.621979 27655 raft_consensus.cc:740] T 888b3db5741c4081a1f98c0511b78d0b P 72a4fb843bd74e81961d21a93a540e39 [term 0 FOLLOWER]: Becoming Follower/Learner. State: Replica: 72a4fb843bd74e81961d21a93a540e39, State: Initialized, Role: FOLLOWER
I20260608 12:45:43.622800 27655 consensus_queue.cc:260] T 888b3db5741c4081a1f98c0511b78d0b P 72a4fb843bd74e81961d21a93a540e39 [NON_LEADER]: Queue going to NON_LEADER mode. State: All replicated index: 0, Majority replicated index: 0, Committed index: 0, Last appended: 0.0, Last appended by leader: 0, Current term: 0, Majority size: -1, State: 0, Mode: NON_LEADER, active raft config: opid_index: -1 OBSOLETE_local: false peers { permanent_uuid: "07efdd8e129c49458ef78595ec6a1497" member_type: VOTER last_known_addr { host: "127.24.57.193" port: 38233 } } peers { permanent_uuid: "dae415d53ab14750aa122f644662a5b9" member_type: VOTER last_known_addr { host: "127.24.57.194" port: 42247 } } peers { permanent_uuid: "72a4fb843bd74e81961d21a93a540e39" member_type: VOTER last_known_addr { host: "127.24.57.195" port: 46183 } }
I20260608 12:45:43.627657 27657 tablet_bootstrap.cc:654] T 439ae5a7efec4185a92b2ad0d24ef5dc P 07efdd8e129c49458ef78595ec6a1497: Neither blocks nor log segments found. Creating new log.
I20260608 12:45:43.629680 27654 ts_tablet_manager.cc:1434] T 7440fd2fe1024847bd61f7f86d10f6fc P dae415d53ab14750aa122f644662a5b9: Time spent starting tablet: real 0.014s	user 0.004s	sys 0.009s
I20260608 12:45:43.630760 27654 tablet_bootstrap.cc:492] T 888b3db5741c4081a1f98c0511b78d0b P dae415d53ab14750aa122f644662a5b9: Bootstrap starting.
I20260608 12:45:43.631960 27655 ts_tablet_manager.cc:1434] T 888b3db5741c4081a1f98c0511b78d0b P 72a4fb843bd74e81961d21a93a540e39: Time spent starting tablet: real 0.014s	user 0.006s	sys 0.004s
I20260608 12:45:43.633109 27655 tablet_bootstrap.cc:492] T 120160277e904969bebbbeaa81403283 P 72a4fb843bd74e81961d21a93a540e39: Bootstrap starting.
I20260608 12:45:43.634222 27659 raft_consensus.cc:493] T 7440fd2fe1024847bd61f7f86d10f6fc P dae415d53ab14750aa122f644662a5b9 [term 0 FOLLOWER]: Starting pre-election (no leader contacted us within the election timeout)
I20260608 12:45:43.634855 27659 raft_consensus.cc:515] T 7440fd2fe1024847bd61f7f86d10f6fc P dae415d53ab14750aa122f644662a5b9 [term 0 FOLLOWER]: Starting pre-election with config: opid_index: -1 OBSOLETE_local: false peers { permanent_uuid: "dae415d53ab14750aa122f644662a5b9" member_type: VOTER last_known_addr { host: "127.24.57.194" port: 42247 } } peers { permanent_uuid: "07efdd8e129c49458ef78595ec6a1497" member_type: VOTER last_known_addr { host: "127.24.57.193" port: 38233 } } peers { permanent_uuid: "72a4fb843bd74e81961d21a93a540e39" member_type: VOTER last_known_addr { host: "127.24.57.195" port: 46183 } }
I20260608 12:45:43.637665 27654 tablet_bootstrap.cc:654] T 888b3db5741c4081a1f98c0511b78d0b P dae415d53ab14750aa122f644662a5b9: Neither blocks nor log segments found. Creating new log.
I20260608 12:45:43.647501 27659 leader_election.cc:290] T 7440fd2fe1024847bd61f7f86d10f6fc P dae415d53ab14750aa122f644662a5b9 [CANDIDATE]: Term 1 pre-election: Requested pre-vote from peers 07efdd8e129c49458ef78595ec6a1497 (127.24.57.193:38233), 72a4fb843bd74e81961d21a93a540e39 (127.24.57.195:46183)
I20260608 12:45:43.650893 27655 tablet_bootstrap.cc:654] T 120160277e904969bebbbeaa81403283 P 72a4fb843bd74e81961d21a93a540e39: Neither blocks nor log segments found. Creating new log.
I20260608 12:45:43.659801 27460 tablet_service.cc:1917] Received RequestConsensusVote() RPC: tablet_id: "7440fd2fe1024847bd61f7f86d10f6fc" candidate_uuid: "dae415d53ab14750aa122f644662a5b9" candidate_term: 1 candidate_status { last_received { term: 0 index: 0 } } ignore_live_leader: false dest_uuid: "07efdd8e129c49458ef78595ec6a1497" is_pre_election: true
I20260608 12:45:43.660445 27654 tablet_bootstrap.cc:492] T 888b3db5741c4081a1f98c0511b78d0b P dae415d53ab14750aa122f644662a5b9: No bootstrap required, opened a new log
I20260608 12:45:43.660940 27654 ts_tablet_manager.cc:1403] T 888b3db5741c4081a1f98c0511b78d0b P dae415d53ab14750aa122f644662a5b9: Time spent bootstrapping tablet: real 0.030s	user 0.002s	sys 0.024s
W20260608 12:45:43.661693 27500 leader_election.cc:343] T 7440fd2fe1024847bd61f7f86d10f6fc P dae415d53ab14750aa122f644662a5b9 [CANDIDATE]: Term 1 pre-election: Tablet error from VoteRequest() call to peer 07efdd8e129c49458ef78595ec6a1497 (127.24.57.193:38233): Illegal state: must be running to vote when last-logged opid is not known
I20260608 12:45:43.664381 27654 raft_consensus.cc:359] T 888b3db5741c4081a1f98c0511b78d0b P dae415d53ab14750aa122f644662a5b9 [term 0 FOLLOWER]: Replica starting. Triggering 0 pending ops. Active config: opid_index: -1 OBSOLETE_local: false peers { permanent_uuid: "07efdd8e129c49458ef78595ec6a1497" member_type: VOTER last_known_addr { host: "127.24.57.193" port: 38233 } } peers { permanent_uuid: "dae415d53ab14750aa122f644662a5b9" member_type: VOTER last_known_addr { host: "127.24.57.194" port: 42247 } } peers { permanent_uuid: "72a4fb843bd74e81961d21a93a540e39" member_type: VOTER last_known_addr { host: "127.24.57.195" port: 46183 } }
I20260608 12:45:43.665337 27654 raft_consensus.cc:385] T 888b3db5741c4081a1f98c0511b78d0b P dae415d53ab14750aa122f644662a5b9 [term 0 FOLLOWER]: Consensus starting up: Expiring failure detector timer to make a prompt election more likely
I20260608 12:45:43.665702 27654 raft_consensus.cc:740] T 888b3db5741c4081a1f98c0511b78d0b P dae415d53ab14750aa122f644662a5b9 [term 0 FOLLOWER]: Becoming Follower/Learner. State: Replica: dae415d53ab14750aa122f644662a5b9, State: Initialized, Role: FOLLOWER
I20260608 12:45:43.667289 27654 consensus_queue.cc:260] T 888b3db5741c4081a1f98c0511b78d0b P dae415d53ab14750aa122f644662a5b9 [NON_LEADER]: Queue going to NON_LEADER mode. State: All replicated index: 0, Majority replicated index: 0, Committed index: 0, Last appended: 0.0, Last appended by leader: 0, Current term: 0, Majority size: -1, State: 0, Mode: NON_LEADER, active raft config: opid_index: -1 OBSOLETE_local: false peers { permanent_uuid: "07efdd8e129c49458ef78595ec6a1497" member_type: VOTER last_known_addr { host: "127.24.57.193" port: 38233 } } peers { permanent_uuid: "dae415d53ab14750aa122f644662a5b9" member_type: VOTER last_known_addr { host: "127.24.57.194" port: 42247 } } peers { permanent_uuid: "72a4fb843bd74e81961d21a93a540e39" member_type: VOTER last_known_addr { host: "127.24.57.195" port: 46183 } }
I20260608 12:45:43.670078 27654 ts_tablet_manager.cc:1434] T 888b3db5741c4081a1f98c0511b78d0b P dae415d53ab14750aa122f644662a5b9: Time spent starting tablet: real 0.009s	user 0.006s	sys 0.002s
I20260608 12:45:43.671057 27654 tablet_bootstrap.cc:492] T 439ae5a7efec4185a92b2ad0d24ef5dc P dae415d53ab14750aa122f644662a5b9: Bootstrap starting.
I20260608 12:45:43.677709 27654 tablet_bootstrap.cc:654] T 439ae5a7efec4185a92b2ad0d24ef5dc P dae415d53ab14750aa122f644662a5b9: Neither blocks nor log segments found. Creating new log.
I20260608 12:45:43.678732 27609 tablet_service.cc:1917] Received RequestConsensusVote() RPC: tablet_id: "7440fd2fe1024847bd61f7f86d10f6fc" candidate_uuid: "dae415d53ab14750aa122f644662a5b9" candidate_term: 1 candidate_status { last_received { term: 0 index: 0 } } ignore_live_leader: false dest_uuid: "72a4fb843bd74e81961d21a93a540e39" is_pre_election: true
W20260608 12:45:43.681344 27501 leader_election.cc:343] T 7440fd2fe1024847bd61f7f86d10f6fc P dae415d53ab14750aa122f644662a5b9 [CANDIDATE]: Term 1 pre-election: Tablet error from VoteRequest() call to peer 72a4fb843bd74e81961d21a93a540e39 (127.24.57.195:46183): Illegal state: must be running to vote when last-logged opid is not known
I20260608 12:45:43.682067 27501 leader_election.cc:304] T 7440fd2fe1024847bd61f7f86d10f6fc P dae415d53ab14750aa122f644662a5b9 [CANDIDATE]: Term 1 pre-election: Election decided. Result: candidate lost. Election summary: received 3 responses out of 3 voters: 1 yes votes; 2 no votes. yes voters: dae415d53ab14750aa122f644662a5b9; no voters: 07efdd8e129c49458ef78595ec6a1497, 72a4fb843bd74e81961d21a93a540e39
I20260608 12:45:43.683427 27659 raft_consensus.cc:2749] T 7440fd2fe1024847bd61f7f86d10f6fc P dae415d53ab14750aa122f644662a5b9 [term 0 FOLLOWER]: Leader pre-election lost for term 1. Reason: could not achieve majority
I20260608 12:45:43.687839 27655 tablet_bootstrap.cc:492] T 120160277e904969bebbbeaa81403283 P 72a4fb843bd74e81961d21a93a540e39: No bootstrap required, opened a new log
I20260608 12:45:43.687971 27657 tablet_bootstrap.cc:492] T 439ae5a7efec4185a92b2ad0d24ef5dc P 07efdd8e129c49458ef78595ec6a1497: No bootstrap required, opened a new log
I20260608 12:45:43.688122 27654 tablet_bootstrap.cc:492] T 439ae5a7efec4185a92b2ad0d24ef5dc P dae415d53ab14750aa122f644662a5b9: No bootstrap required, opened a new log
I20260608 12:45:43.688344 27655 ts_tablet_manager.cc:1403] T 120160277e904969bebbbeaa81403283 P 72a4fb843bd74e81961d21a93a540e39: Time spent bootstrapping tablet: real 0.055s	user 0.013s	sys 0.030s
I20260608 12:45:43.688428 27657 ts_tablet_manager.cc:1403] T 439ae5a7efec4185a92b2ad0d24ef5dc P 07efdd8e129c49458ef78595ec6a1497: Time spent bootstrapping tablet: real 0.070s	user 0.018s	sys 0.022s
I20260608 12:45:43.688599 27654 ts_tablet_manager.cc:1403] T 439ae5a7efec4185a92b2ad0d24ef5dc P dae415d53ab14750aa122f644662a5b9: Time spent bootstrapping tablet: real 0.018s	user 0.006s	sys 0.010s
I20260608 12:45:43.691087 27654 raft_consensus.cc:359] T 439ae5a7efec4185a92b2ad0d24ef5dc P dae415d53ab14750aa122f644662a5b9 [term 0 FOLLOWER]: Replica starting. Triggering 0 pending ops. Active config: opid_index: -1 OBSOLETE_local: false peers { permanent_uuid: "07efdd8e129c49458ef78595ec6a1497" member_type: VOTER last_known_addr { host: "127.24.57.193" port: 38233 } } peers { permanent_uuid: "dae415d53ab14750aa122f644662a5b9" member_type: VOTER last_known_addr { host: "127.24.57.194" port: 42247 } } peers { permanent_uuid: "72a4fb843bd74e81961d21a93a540e39" member_type: VOTER last_known_addr { host: "127.24.57.195" port: 46183 } }
I20260608 12:45:43.691633 27654 raft_consensus.cc:385] T 439ae5a7efec4185a92b2ad0d24ef5dc P dae415d53ab14750aa122f644662a5b9 [term 0 FOLLOWER]: Consensus starting up: Expiring failure detector timer to make a prompt election more likely
I20260608 12:45:43.691619 27655 raft_consensus.cc:359] T 120160277e904969bebbbeaa81403283 P 72a4fb843bd74e81961d21a93a540e39 [term 0 FOLLOWER]: Replica starting. Triggering 0 pending ops. Active config: opid_index: -1 OBSOLETE_local: false peers { permanent_uuid: "07efdd8e129c49458ef78595ec6a1497" member_type: VOTER last_known_addr { host: "127.24.57.193" port: 38233 } } peers { permanent_uuid: "dae415d53ab14750aa122f644662a5b9" member_type: VOTER last_known_addr { host: "127.24.57.194" port: 42247 } } peers { permanent_uuid: "72a4fb843bd74e81961d21a93a540e39" member_type: VOTER last_known_addr { host: "127.24.57.195" port: 46183 } }
I20260608 12:45:43.692305 27654 raft_consensus.cc:740] T 439ae5a7efec4185a92b2ad0d24ef5dc P dae415d53ab14750aa122f644662a5b9 [term 0 FOLLOWER]: Becoming Follower/Learner. State: Replica: dae415d53ab14750aa122f644662a5b9, State: Initialized, Role: FOLLOWER
I20260608 12:45:43.691895 27657 raft_consensus.cc:359] T 439ae5a7efec4185a92b2ad0d24ef5dc P 07efdd8e129c49458ef78595ec6a1497 [term 0 FOLLOWER]: Replica starting. Triggering 0 pending ops. Active config: opid_index: -1 OBSOLETE_local: false peers { permanent_uuid: "07efdd8e129c49458ef78595ec6a1497" member_type: VOTER last_known_addr { host: "127.24.57.193" port: 38233 } } peers { permanent_uuid: "dae415d53ab14750aa122f644662a5b9" member_type: VOTER last_known_addr { host: "127.24.57.194" port: 42247 } } peers { permanent_uuid: "72a4fb843bd74e81961d21a93a540e39" member_type: VOTER last_known_addr { host: "127.24.57.195" port: 46183 } }
I20260608 12:45:43.692672 27655 raft_consensus.cc:385] T 120160277e904969bebbbeaa81403283 P 72a4fb843bd74e81961d21a93a540e39 [term 0 FOLLOWER]: Consensus starting up: Expiring failure detector timer to make a prompt election more likely
I20260608 12:45:43.692919 27657 raft_consensus.cc:385] T 439ae5a7efec4185a92b2ad0d24ef5dc P 07efdd8e129c49458ef78595ec6a1497 [term 0 FOLLOWER]: Consensus starting up: Expiring failure detector timer to make a prompt election more likely
I20260608 12:45:43.693094 27655 raft_consensus.cc:740] T 120160277e904969bebbbeaa81403283 P 72a4fb843bd74e81961d21a93a540e39 [term 0 FOLLOWER]: Becoming Follower/Learner. State: Replica: 72a4fb843bd74e81961d21a93a540e39, State: Initialized, Role: FOLLOWER
I20260608 12:45:43.693379 27657 raft_consensus.cc:740] T 439ae5a7efec4185a92b2ad0d24ef5dc P 07efdd8e129c49458ef78595ec6a1497 [term 0 FOLLOWER]: Becoming Follower/Learner. State: Replica: 07efdd8e129c49458ef78595ec6a1497, State: Initialized, Role: FOLLOWER
I20260608 12:45:43.693358 27654 consensus_queue.cc:260] T 439ae5a7efec4185a92b2ad0d24ef5dc P dae415d53ab14750aa122f644662a5b9 [NON_LEADER]: Queue going to NON_LEADER mode. State: All replicated index: 0, Majority replicated index: 0, Committed index: 0, Last appended: 0.0, Last appended by leader: 0, Current term: 0, Majority size: -1, State: 0, Mode: NON_LEADER, active raft config: opid_index: -1 OBSOLETE_local: false peers { permanent_uuid: "07efdd8e129c49458ef78595ec6a1497" member_type: VOTER last_known_addr { host: "127.24.57.193" port: 38233 } } peers { permanent_uuid: "dae415d53ab14750aa122f644662a5b9" member_type: VOTER last_known_addr { host: "127.24.57.194" port: 42247 } } peers { permanent_uuid: "72a4fb843bd74e81961d21a93a540e39" member_type: VOTER last_known_addr { host: "127.24.57.195" port: 46183 } }
I20260608 12:45:43.694162 27655 consensus_queue.cc:260] T 120160277e904969bebbbeaa81403283 P 72a4fb843bd74e81961d21a93a540e39 [NON_LEADER]: Queue going to NON_LEADER mode. State: All replicated index: 0, Majority replicated index: 0, Committed index: 0, Last appended: 0.0, Last appended by leader: 0, Current term: 0, Majority size: -1, State: 0, Mode: NON_LEADER, active raft config: opid_index: -1 OBSOLETE_local: false peers { permanent_uuid: "07efdd8e129c49458ef78595ec6a1497" member_type: VOTER last_known_addr { host: "127.24.57.193" port: 38233 } } peers { permanent_uuid: "dae415d53ab14750aa122f644662a5b9" member_type: VOTER last_known_addr { host: "127.24.57.194" port: 42247 } } peers { permanent_uuid: "72a4fb843bd74e81961d21a93a540e39" member_type: VOTER last_known_addr { host: "127.24.57.195" port: 46183 } }
I20260608 12:45:43.694584 27657 consensus_queue.cc:260] T 439ae5a7efec4185a92b2ad0d24ef5dc P 07efdd8e129c49458ef78595ec6a1497 [NON_LEADER]: Queue going to NON_LEADER mode. State: All replicated index: 0, Majority replicated index: 0, Committed index: 0, Last appended: 0.0, Last appended by leader: 0, Current term: 0, Majority size: -1, State: 0, Mode: NON_LEADER, active raft config: opid_index: -1 OBSOLETE_local: false peers { permanent_uuid: "07efdd8e129c49458ef78595ec6a1497" member_type: VOTER last_known_addr { host: "127.24.57.193" port: 38233 } } peers { permanent_uuid: "dae415d53ab14750aa122f644662a5b9" member_type: VOTER last_known_addr { host: "127.24.57.194" port: 42247 } } peers { permanent_uuid: "72a4fb843bd74e81961d21a93a540e39" member_type: VOTER last_known_addr { host: "127.24.57.195" port: 46183 } }
I20260608 12:45:43.696543 27655 ts_tablet_manager.cc:1434] T 120160277e904969bebbbeaa81403283 P 72a4fb843bd74e81961d21a93a540e39: Time spent starting tablet: real 0.008s	user 0.006s	sys 0.000s
I20260608 12:45:43.698419 27655 tablet_bootstrap.cc:492] T 439ae5a7efec4185a92b2ad0d24ef5dc P 72a4fb843bd74e81961d21a93a540e39: Bootstrap starting.
I20260608 12:45:43.698424 27654 ts_tablet_manager.cc:1434] T 439ae5a7efec4185a92b2ad0d24ef5dc P dae415d53ab14750aa122f644662a5b9: Time spent starting tablet: real 0.009s	user 0.005s	sys 0.000s
I20260608 12:45:43.700018 27654 tablet_bootstrap.cc:492] T 120160277e904969bebbbeaa81403283 P dae415d53ab14750aa122f644662a5b9: Bootstrap starting.
I20260608 12:45:43.706280 27655 tablet_bootstrap.cc:654] T 439ae5a7efec4185a92b2ad0d24ef5dc P 72a4fb843bd74e81961d21a93a540e39: Neither blocks nor log segments found. Creating new log.
I20260608 12:45:43.707974 27657 ts_tablet_manager.cc:1434] T 439ae5a7efec4185a92b2ad0d24ef5dc P 07efdd8e129c49458ef78595ec6a1497: Time spent starting tablet: real 0.019s	user 0.011s	sys 0.006s
I20260608 12:45:43.709236 27657 tablet_bootstrap.cc:492] T 888b3db5741c4081a1f98c0511b78d0b P 07efdd8e129c49458ef78595ec6a1497: Bootstrap starting.
I20260608 12:45:43.709290 27654 tablet_bootstrap.cc:654] T 120160277e904969bebbbeaa81403283 P dae415d53ab14750aa122f644662a5b9: Neither blocks nor log segments found. Creating new log.
I20260608 12:45:43.716647 27657 tablet_bootstrap.cc:654] T 888b3db5741c4081a1f98c0511b78d0b P 07efdd8e129c49458ef78595ec6a1497: Neither blocks nor log segments found. Creating new log.
I20260608 12:45:43.718267 27655 tablet_bootstrap.cc:492] T 439ae5a7efec4185a92b2ad0d24ef5dc P 72a4fb843bd74e81961d21a93a540e39: No bootstrap required, opened a new log
I20260608 12:45:43.718835 27655 ts_tablet_manager.cc:1403] T 439ae5a7efec4185a92b2ad0d24ef5dc P 72a4fb843bd74e81961d21a93a540e39: Time spent bootstrapping tablet: real 0.021s	user 0.017s	sys 0.000s
I20260608 12:45:43.722009 27655 raft_consensus.cc:359] T 439ae5a7efec4185a92b2ad0d24ef5dc P 72a4fb843bd74e81961d21a93a540e39 [term 0 FOLLOWER]: Replica starting. Triggering 0 pending ops. Active config: opid_index: -1 OBSOLETE_local: false peers { permanent_uuid: "07efdd8e129c49458ef78595ec6a1497" member_type: VOTER last_known_addr { host: "127.24.57.193" port: 38233 } } peers { permanent_uuid: "dae415d53ab14750aa122f644662a5b9" member_type: VOTER last_known_addr { host: "127.24.57.194" port: 42247 } } peers { permanent_uuid: "72a4fb843bd74e81961d21a93a540e39" member_type: VOTER last_known_addr { host: "127.24.57.195" port: 46183 } }
I20260608 12:45:43.722801 27655 raft_consensus.cc:385] T 439ae5a7efec4185a92b2ad0d24ef5dc P 72a4fb843bd74e81961d21a93a540e39 [term 0 FOLLOWER]: Consensus starting up: Expiring failure detector timer to make a prompt election more likely
I20260608 12:45:43.723142 27655 raft_consensus.cc:740] T 439ae5a7efec4185a92b2ad0d24ef5dc P 72a4fb843bd74e81961d21a93a540e39 [term 0 FOLLOWER]: Becoming Follower/Learner. State: Replica: 72a4fb843bd74e81961d21a93a540e39, State: Initialized, Role: FOLLOWER
I20260608 12:45:43.724054 27655 consensus_queue.cc:260] T 439ae5a7efec4185a92b2ad0d24ef5dc P 72a4fb843bd74e81961d21a93a540e39 [NON_LEADER]: Queue going to NON_LEADER mode. State: All replicated index: 0, Majority replicated index: 0, Committed index: 0, Last appended: 0.0, Last appended by leader: 0, Current term: 0, Majority size: -1, State: 0, Mode: NON_LEADER, active raft config: opid_index: -1 OBSOLETE_local: false peers { permanent_uuid: "07efdd8e129c49458ef78595ec6a1497" member_type: VOTER last_known_addr { host: "127.24.57.193" port: 38233 } } peers { permanent_uuid: "dae415d53ab14750aa122f644662a5b9" member_type: VOTER last_known_addr { host: "127.24.57.194" port: 42247 } } peers { permanent_uuid: "72a4fb843bd74e81961d21a93a540e39" member_type: VOTER last_known_addr { host: "127.24.57.195" port: 46183 } }
I20260608 12:45:43.726320 27655 ts_tablet_manager.cc:1434] T 439ae5a7efec4185a92b2ad0d24ef5dc P 72a4fb843bd74e81961d21a93a540e39: Time spent starting tablet: real 0.007s	user 0.005s	sys 0.000s
I20260608 12:45:43.727376 27655 tablet_bootstrap.cc:492] T 7440fd2fe1024847bd61f7f86d10f6fc P 72a4fb843bd74e81961d21a93a540e39: Bootstrap starting.
I20260608 12:45:43.734211 27655 tablet_bootstrap.cc:654] T 7440fd2fe1024847bd61f7f86d10f6fc P 72a4fb843bd74e81961d21a93a540e39: Neither blocks nor log segments found. Creating new log.
I20260608 12:45:43.739131 27667 raft_consensus.cc:493] T 439ae5a7efec4185a92b2ad0d24ef5dc P 07efdd8e129c49458ef78595ec6a1497 [term 0 FOLLOWER]: Starting pre-election (no leader contacted us within the election timeout)
I20260608 12:45:43.739804 27667 raft_consensus.cc:515] T 439ae5a7efec4185a92b2ad0d24ef5dc P 07efdd8e129c49458ef78595ec6a1497 [term 0 FOLLOWER]: Starting pre-election with config: opid_index: -1 OBSOLETE_local: false peers { permanent_uuid: "07efdd8e129c49458ef78595ec6a1497" member_type: VOTER last_known_addr { host: "127.24.57.193" port: 38233 } } peers { permanent_uuid: "dae415d53ab14750aa122f644662a5b9" member_type: VOTER last_known_addr { host: "127.24.57.194" port: 42247 } } peers { permanent_uuid: "72a4fb843bd74e81961d21a93a540e39" member_type: VOTER last_known_addr { host: "127.24.57.195" port: 46183 } }
I20260608 12:45:43.746227 27655 tablet_bootstrap.cc:492] T 7440fd2fe1024847bd61f7f86d10f6fc P 72a4fb843bd74e81961d21a93a540e39: No bootstrap required, opened a new log
I20260608 12:45:43.746788 27655 ts_tablet_manager.cc:1403] T 7440fd2fe1024847bd61f7f86d10f6fc P 72a4fb843bd74e81961d21a93a540e39: Time spent bootstrapping tablet: real 0.020s	user 0.009s	sys 0.010s
I20260608 12:45:43.746819 27667 leader_election.cc:290] T 439ae5a7efec4185a92b2ad0d24ef5dc P 07efdd8e129c49458ef78595ec6a1497 [CANDIDATE]: Term 1 pre-election: Requested pre-vote from peers dae415d53ab14750aa122f644662a5b9 (127.24.57.194:42247), 72a4fb843bd74e81961d21a93a540e39 (127.24.57.195:46183)
I20260608 12:45:43.748430 27654 tablet_bootstrap.cc:492] T 120160277e904969bebbbeaa81403283 P dae415d53ab14750aa122f644662a5b9: No bootstrap required, opened a new log
I20260608 12:45:43.748921 27654 ts_tablet_manager.cc:1403] T 120160277e904969bebbbeaa81403283 P dae415d53ab14750aa122f644662a5b9: Time spent bootstrapping tablet: real 0.049s	user 0.019s	sys 0.021s
