I20260608 12:45:43.577490 15853 raft_consensus.cc:493] T f60c3899c1414beaadceddb8848e82dc P 3160b6ff52884d21bd28c38249d32833 [term 0 FOLLOWER]: Starting leader election (no leader contacted us within the election timeout)
W20260608 12:45:43.585130 15769 leader_election.cc:343] T 8445b125c0324e0cbb7f824f5e51debc P 3160b6ff52884d21bd28c38249d32833 [CANDIDATE]: Term 1 election: Tablet error from VoteRequest() call to peer f605cfd34edd4758bbde23e3e22b79fe (127.12.97.2:43733): Illegal state: must be running to vote when last-logged opid is not known
I20260608 12:45:43.583389 15849 consensus_queue.cc:260] T f60c3899c1414beaadceddb8848e82dc P f605cfd34edd4758bbde23e3e22b79fe [NON_LEADER]: Queue going to NON_LEADER mode. State: All replicated index: 0, Majority replicated index: 0, Committed index: 0, Last appended: 0.0, Last appended by leader: 0, Current term: 0, Majority size: -1, State: 0, Mode: NON_LEADER, active raft config: opid_index: -1 OBSOLETE_local: false peers { permanent_uuid: "f605cfd34edd4758bbde23e3e22b79fe" member_type: VOTER last_known_addr { host: "127.12.97.2" port: 43733 } } peers { permanent_uuid: "2c01aefcd0cb4ac19740831d03321dd2" member_type: VOTER last_known_addr { host: "127.12.97.1" port: 32805 } } peers { permanent_uuid: "3160b6ff52884d21bd28c38249d32833" member_type: VOTER last_known_addr { host: "127.12.97.3" port: 40583 } }
I20260608 12:45:43.592818 15879 raft_consensus.cc:493] T 67297dfe7e8a4840a09497162b3d8625 P 3160b6ff52884d21bd28c38249d32833 [term 0 FOLLOWER]: Starting pre-election (no leader contacted us within the election timeout)
I20260608 12:45:43.590274 15848 raft_consensus.cc:359] T 9823ddc49ca3460aba6fd31135dbe0e7 P 2c01aefcd0cb4ac19740831d03321dd2 [term 0 FOLLOWER]: Replica starting. Triggering 0 pending ops. Active config: opid_index: -1 OBSOLETE_local: false peers { permanent_uuid: "f605cfd34edd4758bbde23e3e22b79fe" member_type: VOTER last_known_addr { host: "127.12.97.2" port: 43733 } } peers { permanent_uuid: "2c01aefcd0cb4ac19740831d03321dd2" member_type: VOTER last_known_addr { host: "127.12.97.1" port: 32805 } } peers { permanent_uuid: "3160b6ff52884d21bd28c38249d32833" member_type: VOTER last_known_addr { host: "127.12.97.3" port: 40583 } }
I20260608 12:45:43.597404 15654 raft_consensus.cc:3060] T ebb1f24b95b54b6491e62285870a2f66 P 2c01aefcd0cb4ac19740831d03321dd2 [term 0 FOLLOWER]: Advancing to term 1
I20260608 12:45:43.597286 15879 raft_consensus.cc:515] T 67297dfe7e8a4840a09497162b3d8625 P 3160b6ff52884d21bd28c38249d32833 [term 0 FOLLOWER]: Starting pre-election with config: opid_index: -1 OBSOLETE_local: false peers { permanent_uuid: "f605cfd34edd4758bbde23e3e22b79fe" member_type: VOTER last_known_addr { host: "127.12.97.2" port: 43733 } } peers { permanent_uuid: "2c01aefcd0cb4ac19740831d03321dd2" member_type: VOTER last_known_addr { host: "127.12.97.1" port: 32805 } } peers { permanent_uuid: "3160b6ff52884d21bd28c38249d32833" member_type: VOTER last_known_addr { host: "127.12.97.3" port: 40583 } }
I20260608 12:45:43.597692 15848 raft_consensus.cc:385] T 9823ddc49ca3460aba6fd31135dbe0e7 P 2c01aefcd0cb4ac19740831d03321dd2 [term 0 FOLLOWER]: Consensus starting up: Expiring failure detector timer to make a prompt election more likely
I20260608 12:45:43.598076 15848 raft_consensus.cc:740] T 9823ddc49ca3460aba6fd31135dbe0e7 P 2c01aefcd0cb4ac19740831d03321dd2 [term 0 FOLLOWER]: Becoming Follower/Learner. State: Replica: 2c01aefcd0cb4ac19740831d03321dd2, State: Initialized, Role: FOLLOWER
I20260608 12:45:43.598522 15849 ts_tablet_manager.cc:1434] T f60c3899c1414beaadceddb8848e82dc P f605cfd34edd4758bbde23e3e22b79fe: Time spent starting tablet: real 0.020s	user 0.008s	sys 0.003s
I20260608 12:45:43.598942 15848 consensus_queue.cc:260] T 9823ddc49ca3460aba6fd31135dbe0e7 P 2c01aefcd0cb4ac19740831d03321dd2 [NON_LEADER]: Queue going to NON_LEADER mode. State: All replicated index: 0, Majority replicated index: 0, Committed index: 0, Last appended: 0.0, Last appended by leader: 0, Current term: 0, Majority size: -1, State: 0, Mode: NON_LEADER, active raft config: opid_index: -1 OBSOLETE_local: false peers { permanent_uuid: "f605cfd34edd4758bbde23e3e22b79fe" member_type: VOTER last_known_addr { host: "127.12.97.2" port: 43733 } } peers { permanent_uuid: "2c01aefcd0cb4ac19740831d03321dd2" member_type: VOTER last_known_addr { host: "127.12.97.1" port: 32805 } } peers { permanent_uuid: "3160b6ff52884d21bd28c38249d32833" member_type: VOTER last_known_addr { host: "127.12.97.3" port: 40583 } }
I20260608 12:45:43.587138 15850 ts_tablet_manager.cc:1434] T 67297dfe7e8a4840a09497162b3d8625 P 3160b6ff52884d21bd28c38249d32833: Time spent starting tablet: real 0.041s	user 0.016s	sys 0.006s
I20260608 12:45:43.600683 15850 tablet_bootstrap.cc:492] T 4e276a90175240f0b517654d18499590 P 3160b6ff52884d21bd28c38249d32833: Bootstrap starting.
I20260608 12:45:43.601123 15848 ts_tablet_manager.cc:1434] T 9823ddc49ca3460aba6fd31135dbe0e7 P 2c01aefcd0cb4ac19740831d03321dd2: Time spent starting tablet: real 0.041s	user 0.006s	sys 0.001s
I20260608 12:45:43.602069 15848 tablet_bootstrap.cc:492] T aa939698983542a48345b1897f407e6e P 2c01aefcd0cb4ac19740831d03321dd2: Bootstrap starting.
W20260608 12:45:43.584414 15767 outbound_call.cc:321] RPC callback for RPC call kudu.consensus.ConsensusService.RequestConsensusVote -> {remote=127.12.97.1:32805, user_credentials={real_user=slave}} blocked reactor thread for 62650us
I20260608 12:45:43.604310 15853 raft_consensus.cc:3060] T f60c3899c1414beaadceddb8848e82dc P 3160b6ff52884d21bd28c38249d32833 [term 0 FOLLOWER]: Advancing to term 1
I20260608 12:45:43.605189 15849 tablet_bootstrap.cc:492] T 8445b125c0324e0cbb7f824f5e51debc P f605cfd34edd4758bbde23e3e22b79fe: Bootstrap starting.
I20260608 12:45:43.607651 15803 tablet_service.cc:1917] Received RequestConsensusVote() RPC: tablet_id: "ebb1f24b95b54b6491e62285870a2f66" candidate_uuid: "f605cfd34edd4758bbde23e3e22b79fe" candidate_term: 1 candidate_status { last_received { term: 0 index: 0 } } ignore_live_leader: false dest_uuid: "3160b6ff52884d21bd28c38249d32833" is_pre_election: true
I20260608 12:45:43.608289 15803 raft_consensus.cc:2468] T ebb1f24b95b54b6491e62285870a2f66 P 3160b6ff52884d21bd28c38249d32833 [term 0 FOLLOWER]: Leader pre-election vote request: Granting yes vote for candidate f605cfd34edd4758bbde23e3e22b79fe in term 0.
I20260608 12:45:43.609772 15850 tablet_bootstrap.cc:654] T 4e276a90175240f0b517654d18499590 P 3160b6ff52884d21bd28c38249d32833: Neither blocks nor log segments found. Creating new log.
I20260608 12:45:43.609668 15653 tablet_service.cc:1917] Received RequestConsensusVote() RPC: tablet_id: "8445b125c0324e0cbb7f824f5e51debc" candidate_uuid: "3160b6ff52884d21bd28c38249d32833" candidate_term: 1 candidate_status { last_received { term: 0 index: 0 } } ignore_live_leader: false dest_uuid: "2c01aefcd0cb4ac19740831d03321dd2"
I20260608 12:45:43.610662 15653 raft_consensus.cc:2393] T 8445b125c0324e0cbb7f824f5e51debc P 2c01aefcd0cb4ac19740831d03321dd2 [term 1 FOLLOWER]: Leader election vote request: Denying vote to candidate 3160b6ff52884d21bd28c38249d32833 in current term 1: Already voted for candidate 2c01aefcd0cb4ac19740831d03321dd2 in this term.
I20260608 12:45:43.612176 15848 tablet_bootstrap.cc:654] T aa939698983542a48345b1897f407e6e P 2c01aefcd0cb4ac19740831d03321dd2: Neither blocks nor log segments found. Creating new log.
I20260608 12:45:43.614641 15849 tablet_bootstrap.cc:654] T 8445b125c0324e0cbb7f824f5e51debc P f605cfd34edd4758bbde23e3e22b79fe: Neither blocks nor log segments found. Creating new log.
I20260608 12:45:43.620482 15803 tablet_service.cc:1917] Received RequestConsensusVote() RPC: tablet_id: "4e276a90175240f0b517654d18499590" candidate_uuid: "f605cfd34edd4758bbde23e3e22b79fe" candidate_term: 1 candidate_status { last_received { term: 0 index: 0 } } ignore_live_leader: false dest_uuid: "3160b6ff52884d21bd28c38249d32833" is_pre_election: true
I20260608 12:45:43.622071 15879 leader_election.cc:290] T 67297dfe7e8a4840a09497162b3d8625 P 3160b6ff52884d21bd28c38249d32833 [CANDIDATE]: Term 1 pre-election: Requested pre-vote from peers f605cfd34edd4758bbde23e3e22b79fe (127.12.97.2:43733), 2c01aefcd0cb4ac19740831d03321dd2 (127.12.97.1:32805)
I20260608 12:45:43.622913 15803 tablet_service.cc:1917] Received RequestConsensusVote() RPC: tablet_id: "ebb1f24b95b54b6491e62285870a2f66" candidate_uuid: "f605cfd34edd4758bbde23e3e22b79fe" candidate_term: 1 candidate_status { last_received { term: 0 index: 0 } } ignore_live_leader: false dest_uuid: "3160b6ff52884d21bd28c38249d32833"
I20260608 12:45:43.623140 15729 tablet_service.cc:1917] Received RequestConsensusVote() RPC: tablet_id: "67297dfe7e8a4840a09497162b3d8625" candidate_uuid: "3160b6ff52884d21bd28c38249d32833" candidate_term: 1 candidate_status { last_received { term: 0 index: 0 } } ignore_live_leader: false dest_uuid: "f605cfd34edd4758bbde23e3e22b79fe" is_pre_election: true
I20260608 12:45:43.623682 15803 raft_consensus.cc:3060] T ebb1f24b95b54b6491e62285870a2f66 P 3160b6ff52884d21bd28c38249d32833 [term 0 FOLLOWER]: Advancing to term 1
I20260608 12:45:43.626770 15854 raft_consensus.cc:493] T 08dbcee5289d409e9f7995b5ddfb86a2 P 2c01aefcd0cb4ac19740831d03321dd2 [term 0 FOLLOWER]: Starting pre-election (no leader contacted us within the election timeout)
W20260608 12:45:43.627401 15769 leader_election.cc:343] T 67297dfe7e8a4840a09497162b3d8625 P 3160b6ff52884d21bd28c38249d32833 [CANDIDATE]: Term 1 pre-election: Tablet error from VoteRequest() call to peer f605cfd34edd4758bbde23e3e22b79fe (127.12.97.2:43733): Illegal state: must be running to vote when last-logged opid is not known
I20260608 12:45:43.627241 15854 raft_consensus.cc:515] T 08dbcee5289d409e9f7995b5ddfb86a2 P 2c01aefcd0cb4ac19740831d03321dd2 [term 0 FOLLOWER]: Starting pre-election with config: opid_index: -1 OBSOLETE_local: false peers { permanent_uuid: "f605cfd34edd4758bbde23e3e22b79fe" member_type: VOTER last_known_addr { host: "127.12.97.2" port: 43733 } } peers { permanent_uuid: "2c01aefcd0cb4ac19740831d03321dd2" member_type: VOTER last_known_addr { host: "127.12.97.1" port: 32805 } } peers { permanent_uuid: "3160b6ff52884d21bd28c38249d32833" member_type: VOTER last_known_addr { host: "127.12.97.3" port: 40583 } }
I20260608 12:45:43.628948 15654 raft_consensus.cc:2468] T ebb1f24b95b54b6491e62285870a2f66 P 2c01aefcd0cb4ac19740831d03321dd2 [term 1 FOLLOWER]: Leader election vote request: Granting yes vote for candidate f605cfd34edd4758bbde23e3e22b79fe in term 1.
I20260608 12:45:43.629542 15854 leader_election.cc:290] T 08dbcee5289d409e9f7995b5ddfb86a2 P 2c01aefcd0cb4ac19740831d03321dd2 [CANDIDATE]: Term 1 pre-election: Requested pre-vote from peers f605cfd34edd4758bbde23e3e22b79fe (127.12.97.2:43733), 3160b6ff52884d21bd28c38249d32833 (127.12.97.3:40583)
I20260608 12:45:43.630465 15877 raft_consensus.cc:493] T ebb1f24b95b54b6491e62285870a2f66 P 2c01aefcd0cb4ac19740831d03321dd2 [term 1 FOLLOWER]: Starting leader election (no leader contacted us within the election timeout)
I20260608 12:45:43.630877 15877 raft_consensus.cc:3060] T ebb1f24b95b54b6491e62285870a2f66 P 2c01aefcd0cb4ac19740831d03321dd2 [term 1 FOLLOWER]: Advancing to term 2
I20260608 12:45:43.631251 15802 tablet_service.cc:1917] Received RequestConsensusVote() RPC: tablet_id: "08dbcee5289d409e9f7995b5ddfb86a2" candidate_uuid: "2c01aefcd0cb4ac19740831d03321dd2" candidate_term: 1 candidate_status { last_received { term: 0 index: 0 } } ignore_live_leader: false dest_uuid: "3160b6ff52884d21bd28c38249d32833" is_pre_election: true
I20260608 12:45:43.631060 15693 leader_election.cc:304] T ebb1f24b95b54b6491e62285870a2f66 P f605cfd34edd4758bbde23e3e22b79fe [CANDIDATE]: Term 1 election: Election decided. Result: candidate won. Election summary: received 2 responses out of 3 voters: 2 yes votes; 0 no votes. yes voters: 2c01aefcd0cb4ac19740831d03321dd2, f605cfd34edd4758bbde23e3e22b79fe; no voters: 
W20260608 12:45:43.637763 15620 leader_election.cc:343] T 08dbcee5289d409e9f7995b5ddfb86a2 P 2c01aefcd0cb4ac19740831d03321dd2 [CANDIDATE]: Term 1 pre-election: Tablet error from VoteRequest() call to peer 3160b6ff52884d21bd28c38249d32833 (127.12.97.3:40583): Illegal state: must be running to vote when last-logged opid is not known
I20260608 12:45:43.638659 15729 tablet_service.cc:1917] Received RequestConsensusVote() RPC: tablet_id: "08dbcee5289d409e9f7995b5ddfb86a2" candidate_uuid: "2c01aefcd0cb4ac19740831d03321dd2" candidate_term: 1 candidate_status { last_received { term: 0 index: 0 } } ignore_live_leader: false dest_uuid: "f605cfd34edd4758bbde23e3e22b79fe" is_pre_election: true
I20260608 12:45:43.641953 15857 raft_consensus.cc:2804] T ebb1f24b95b54b6491e62285870a2f66 P f605cfd34edd4758bbde23e3e22b79fe [term 1 FOLLOWER]: Leader election won for term 1
I20260608 12:45:43.644305 15857 raft_consensus.cc:697] T ebb1f24b95b54b6491e62285870a2f66 P f605cfd34edd4758bbde23e3e22b79fe [term 1 LEADER]: Becoming Leader. State: Replica: f605cfd34edd4758bbde23e3e22b79fe, State: Running, Role: LEADER
I20260608 12:45:43.644443 15767 leader_election.cc:304] T 8445b125c0324e0cbb7f824f5e51debc P 3160b6ff52884d21bd28c38249d32833 [CANDIDATE]: Term 1 election: Election decided. Result: candidate lost. Election summary: received 3 responses out of 3 voters: 1 yes votes; 2 no votes. yes voters: 3160b6ff52884d21bd28c38249d32833; no voters: 2c01aefcd0cb4ac19740831d03321dd2, f605cfd34edd4758bbde23e3e22b79fe
I20260608 12:45:43.645298 15879 raft_consensus.cc:2749] T 8445b125c0324e0cbb7f824f5e51debc P 3160b6ff52884d21bd28c38249d32833 [term 1 FOLLOWER]: Leader election lost for term 1. Reason: could not achieve majority
I20260608 12:45:43.645218 15857 consensus_queue.cc:237] T ebb1f24b95b54b6491e62285870a2f66 P f605cfd34edd4758bbde23e3e22b79fe [LEADER]: Queue going to LEADER mode. State: All replicated index: 0, Majority replicated index: 0, Committed index: 0, Last appended: 0.0, Last appended by leader: 0, Current term: 1, Majority size: 2, State: 0, Mode: LEADER, active raft config: opid_index: -1 OBSOLETE_local: false peers { permanent_uuid: "2c01aefcd0cb4ac19740831d03321dd2" member_type: VOTER last_known_addr { host: "127.12.97.1" port: 32805 } } peers { permanent_uuid: "f605cfd34edd4758bbde23e3e22b79fe" member_type: VOTER last_known_addr { host: "127.12.97.2" port: 43733 } } peers { permanent_uuid: "3160b6ff52884d21bd28c38249d32833" member_type: VOTER last_known_addr { host: "127.12.97.3" port: 40583 } }
W20260608 12:45:43.647558 15695 leader_election.cc:343] T 4e276a90175240f0b517654d18499590 P f605cfd34edd4758bbde23e3e22b79fe [CANDIDATE]: Term 1 pre-election: Tablet error from VoteRequest() call to peer 3160b6ff52884d21bd28c38249d32833 (127.12.97.3:40583): Illegal state: must be running to vote when last-logged opid is not known
I20260608 12:45:43.648015 15695 leader_election.cc:304] T 4e276a90175240f0b517654d18499590 P f605cfd34edd4758bbde23e3e22b79fe [CANDIDATE]: Term 1 pre-election: Election decided. Result: candidate lost. Election summary: received 3 responses out of 3 voters: 1 yes votes; 2 no votes. yes voters: f605cfd34edd4758bbde23e3e22b79fe; no voters: 2c01aefcd0cb4ac19740831d03321dd2, 3160b6ff52884d21bd28c38249d32833
I20260608 12:45:43.650417 15877 raft_consensus.cc:515] T ebb1f24b95b54b6491e62285870a2f66 P 2c01aefcd0cb4ac19740831d03321dd2 [term 2 FOLLOWER]: Starting leader election with config: opid_index: -1 OBSOLETE_local: false peers { permanent_uuid: "2c01aefcd0cb4ac19740831d03321dd2" member_type: VOTER last_known_addr { host: "127.12.97.1" port: 32805 } } peers { permanent_uuid: "f605cfd34edd4758bbde23e3e22b79fe" member_type: VOTER last_known_addr { host: "127.12.97.2" port: 43733 } } peers { permanent_uuid: "3160b6ff52884d21bd28c38249d32833" member_type: VOTER last_known_addr { host: "127.12.97.3" port: 40583 } }
I20260608 12:45:43.651945 15878 raft_consensus.cc:2749] T 4e276a90175240f0b517654d18499590 P f605cfd34edd4758bbde23e3e22b79fe [term 0 FOLLOWER]: Leader pre-election lost for term 1. Reason: could not achieve majority
I20260608 12:45:43.654743 15877 leader_election.cc:290] T ebb1f24b95b54b6491e62285870a2f66 P 2c01aefcd0cb4ac19740831d03321dd2 [CANDIDATE]: Term 2 election: Requested vote from peers f605cfd34edd4758bbde23e3e22b79fe (127.12.97.2:43733), 3160b6ff52884d21bd28c38249d32833 (127.12.97.3:40583)
W20260608 12:45:43.654943 15620 leader_election.cc:343] T 08dbcee5289d409e9f7995b5ddfb86a2 P 2c01aefcd0cb4ac19740831d03321dd2 [CANDIDATE]: Term 1 pre-election: Tablet error from VoteRequest() call to peer f605cfd34edd4758bbde23e3e22b79fe (127.12.97.2:43733): Illegal state: must be running to vote when last-logged opid is not known
I20260608 12:45:43.655650 15620 leader_election.cc:304] T 08dbcee5289d409e9f7995b5ddfb86a2 P 2c01aefcd0cb4ac19740831d03321dd2 [CANDIDATE]: Term 1 pre-election: Election decided. Result: candidate lost. Election summary: received 3 responses out of 3 voters: 1 yes votes; 2 no votes. yes voters: 2c01aefcd0cb4ac19740831d03321dd2; no voters: 3160b6ff52884d21bd28c38249d32833, f605cfd34edd4758bbde23e3e22b79fe
I20260608 12:45:43.657500 15877 raft_consensus.cc:493] T 9823ddc49ca3460aba6fd31135dbe0e7 P 2c01aefcd0cb4ac19740831d03321dd2 [term 0 FOLLOWER]: Starting pre-election (no leader contacted us within the election timeout)
I20260608 12:45:43.658357 15854 raft_consensus.cc:2749] T 08dbcee5289d409e9f7995b5ddfb86a2 P 2c01aefcd0cb4ac19740831d03321dd2 [term 0 FOLLOWER]: Leader pre-election lost for term 1. Reason: could not achieve majority
I20260608 12:45:43.659792 15877 raft_consensus.cc:515] T 9823ddc49ca3460aba6fd31135dbe0e7 P 2c01aefcd0cb4ac19740831d03321dd2 [term 0 FOLLOWER]: Starting pre-election with config: opid_index: -1 OBSOLETE_local: false peers { permanent_uuid: "f605cfd34edd4758bbde23e3e22b79fe" member_type: VOTER last_known_addr { host: "127.12.97.2" port: 43733 } } peers { permanent_uuid: "2c01aefcd0cb4ac19740831d03321dd2" member_type: VOTER last_known_addr { host: "127.12.97.1" port: 32805 } } peers { permanent_uuid: "3160b6ff52884d21bd28c38249d32833" member_type: VOTER last_known_addr { host: "127.12.97.3" port: 40583 } }
W20260608 12:45:43.661105 15600 auto_rebalancer.cc:259] Could not retrieve cluster info: Service unavailable: Tablet not running
I20260608 12:45:43.662317 15877 leader_election.cc:290] T 9823ddc49ca3460aba6fd31135dbe0e7 P 2c01aefcd0cb4ac19740831d03321dd2 [CANDIDATE]: Term 1 pre-election: Requested pre-vote from peers f605cfd34edd4758bbde23e3e22b79fe (127.12.97.2:43733), 3160b6ff52884d21bd28c38249d32833 (127.12.97.3:40583)
I20260608 12:45:43.663019 15802 tablet_service.cc:1917] Received RequestConsensusVote() RPC: tablet_id: "ebb1f24b95b54b6491e62285870a2f66" candidate_uuid: "2c01aefcd0cb4ac19740831d03321dd2" candidate_term: 2 candidate_status { last_received { term: 0 index: 0 } } ignore_live_leader: false dest_uuid: "3160b6ff52884d21bd28c38249d32833"
I20260608 12:45:43.662879 15729 tablet_service.cc:1917] Received RequestConsensusVote() RPC: tablet_id: "ebb1f24b95b54b6491e62285870a2f66" candidate_uuid: "2c01aefcd0cb4ac19740831d03321dd2" candidate_term: 2 candidate_status { last_received { term: 0 index: 0 } } ignore_live_leader: false dest_uuid: "f605cfd34edd4758bbde23e3e22b79fe"
I20260608 12:45:43.664319 15849 tablet_bootstrap.cc:492] T 8445b125c0324e0cbb7f824f5e51debc P f605cfd34edd4758bbde23e3e22b79fe: No bootstrap required, opened a new log
I20260608 12:45:43.664692 15654 tablet_service.cc:1917] Received RequestConsensusVote() RPC: tablet_id: "67297dfe7e8a4840a09497162b3d8625" candidate_uuid: "3160b6ff52884d21bd28c38249d32833" candidate_term: 1 candidate_status { last_received { term: 0 index: 0 } } ignore_live_leader: false dest_uuid: "2c01aefcd0cb4ac19740831d03321dd2" is_pre_election: true
I20260608 12:45:43.664901 15849 ts_tablet_manager.cc:1403] T 8445b125c0324e0cbb7f824f5e51debc P f605cfd34edd4758bbde23e3e22b79fe: Time spent bootstrapping tablet: real 0.066s	user 0.008s	sys 0.016s
I20260608 12:45:43.665426 15729 tablet_service.cc:1917] Received RequestConsensusVote() RPC: tablet_id: "9823ddc49ca3460aba6fd31135dbe0e7" candidate_uuid: "2c01aefcd0cb4ac19740831d03321dd2" candidate_term: 1 candidate_status { last_received { term: 0 index: 0 } } ignore_live_leader: false dest_uuid: "f605cfd34edd4758bbde23e3e22b79fe" is_pre_election: true
I20260608 12:45:43.665563 15620 leader_election.cc:304] T ebb1f24b95b54b6491e62285870a2f66 P 2c01aefcd0cb4ac19740831d03321dd2 [CANDIDATE]: Term 2 election: Election decided. Result: candidate lost. Election summary: received 3 responses out of 3 voters: 1 yes votes; 2 no votes. yes voters: 2c01aefcd0cb4ac19740831d03321dd2; no voters: 3160b6ff52884d21bd28c38249d32833, f605cfd34edd4758bbde23e3e22b79fe
I20260608 12:45:43.666330 15802 tablet_service.cc:1917] Received RequestConsensusVote() RPC: tablet_id: "9823ddc49ca3460aba6fd31135dbe0e7" candidate_uuid: "2c01aefcd0cb4ac19740831d03321dd2" candidate_term: 1 candidate_status { last_received { term: 0 index: 0 } } ignore_live_leader: false dest_uuid: "3160b6ff52884d21bd28c38249d32833" is_pre_election: true
W20260608 12:45:43.666994 15620 leader_election.cc:343] T 9823ddc49ca3460aba6fd31135dbe0e7 P 2c01aefcd0cb4ac19740831d03321dd2 [CANDIDATE]: Term 1 pre-election: Tablet error from VoteRequest() call to peer f605cfd34edd4758bbde23e3e22b79fe (127.12.97.2:43733): Illegal state: must be running to vote when last-logged opid is not known
I20260608 12:45:43.666947 15802 raft_consensus.cc:2468] T 9823ddc49ca3460aba6fd31135dbe0e7 P 3160b6ff52884d21bd28c38249d32833 [term 0 FOLLOWER]: Leader pre-election vote request: Granting yes vote for candidate 2c01aefcd0cb4ac19740831d03321dd2 in term 0.
I20260608 12:45:43.668432 15620 leader_election.cc:304] T 9823ddc49ca3460aba6fd31135dbe0e7 P 2c01aefcd0cb4ac19740831d03321dd2 [CANDIDATE]: Term 1 pre-election: Election decided. Result: candidate won. Election summary: received 3 responses out of 3 voters: 2 yes votes; 1 no votes. yes voters: 2c01aefcd0cb4ac19740831d03321dd2, 3160b6ff52884d21bd28c38249d32833; no voters: f605cfd34edd4758bbde23e3e22b79fe
I20260608 12:45:43.668612 15849 raft_consensus.cc:359] T 8445b125c0324e0cbb7f824f5e51debc P f605cfd34edd4758bbde23e3e22b79fe [term 0 FOLLOWER]: Replica starting. Triggering 0 pending ops. Active config: opid_index: -1 OBSOLETE_local: false peers { permanent_uuid: "f605cfd34edd4758bbde23e3e22b79fe" member_type: VOTER last_known_addr { host: "127.12.97.2" port: 43733 } } peers { permanent_uuid: "2c01aefcd0cb4ac19740831d03321dd2" member_type: VOTER last_known_addr { host: "127.12.97.1" port: 32805 } } peers { permanent_uuid: "3160b6ff52884d21bd28c38249d32833" member_type: VOTER last_known_addr { host: "127.12.97.3" port: 40583 } }
I20260608 12:45:43.669265 15854 raft_consensus.cc:2749] T ebb1f24b95b54b6491e62285870a2f66 P 2c01aefcd0cb4ac19740831d03321dd2 [term 2 FOLLOWER]: Leader election lost for term 2. Reason: could not achieve majority
I20260608 12:45:43.669691 15849 raft_consensus.cc:385] T 8445b125c0324e0cbb7f824f5e51debc P f605cfd34edd4758bbde23e3e22b79fe [term 0 FOLLOWER]: Consensus starting up: Expiring failure detector timer to make a prompt election more likely
W20260608 12:45:43.670578 15767 leader_election.cc:343] T 67297dfe7e8a4840a09497162b3d8625 P 3160b6ff52884d21bd28c38249d32833 [CANDIDATE]: Term 1 pre-election: Tablet error from VoteRequest() call to peer 2c01aefcd0cb4ac19740831d03321dd2 (127.12.97.1:32805): Illegal state: must be running to vote when last-logged opid is not known
I20260608 12:45:43.670868 15849 raft_consensus.cc:740] T 8445b125c0324e0cbb7f824f5e51debc P f605cfd34edd4758bbde23e3e22b79fe [term 0 FOLLOWER]: Becoming Follower/Learner. State: Replica: f605cfd34edd4758bbde23e3e22b79fe, State: Initialized, Role: FOLLOWER
I20260608 12:45:43.671072 15767 leader_election.cc:304] T 67297dfe7e8a4840a09497162b3d8625 P 3160b6ff52884d21bd28c38249d32833 [CANDIDATE]: Term 1 pre-election: Election decided. Result: candidate lost. Election summary: received 3 responses out of 3 voters: 1 yes votes; 2 no votes. yes voters: 3160b6ff52884d21bd28c38249d32833; no voters: 2c01aefcd0cb4ac19740831d03321dd2, f605cfd34edd4758bbde23e3e22b79fe
I20260608 12:45:43.642408 15853 raft_consensus.cc:515] T f60c3899c1414beaadceddb8848e82dc P 3160b6ff52884d21bd28c38249d32833 [term 1 FOLLOWER]: Starting leader election with config: opid_index: -1 OBSOLETE_local: false peers { permanent_uuid: "f605cfd34edd4758bbde23e3e22b79fe" member_type: VOTER last_known_addr { host: "127.12.97.2" port: 43733 } } peers { permanent_uuid: "2c01aefcd0cb4ac19740831d03321dd2" member_type: VOTER last_known_addr { host: "127.12.97.1" port: 32805 } } peers { permanent_uuid: "3160b6ff52884d21bd28c38249d32833" member_type: VOTER last_known_addr { host: "127.12.97.3" port: 40583 } }
I20260608 12:45:43.671952 15849 consensus_queue.cc:260] T 8445b125c0324e0cbb7f824f5e51debc P f605cfd34edd4758bbde23e3e22b79fe [NON_LEADER]: Queue going to NON_LEADER mode. State: All replicated index: 0, Majority replicated index: 0, Committed index: 0, Last appended: 0.0, Last appended by leader: 0, Current term: 0, Majority size: -1, State: 0, Mode: NON_LEADER, active raft config: opid_index: -1 OBSOLETE_local: false peers { permanent_uuid: "f605cfd34edd4758bbde23e3e22b79fe" member_type: VOTER last_known_addr { host: "127.12.97.2" port: 43733 } } peers { permanent_uuid: "2c01aefcd0cb4ac19740831d03321dd2" member_type: VOTER last_known_addr { host: "127.12.97.1" port: 32805 } } peers { permanent_uuid: "3160b6ff52884d21bd28c38249d32833" member_type: VOTER last_known_addr { host: "127.12.97.3" port: 40583 } }
I20260608 12:45:43.673055 15848 tablet_bootstrap.cc:492] T aa939698983542a48345b1897f407e6e P 2c01aefcd0cb4ac19740831d03321dd2: No bootstrap required, opened a new log
I20260608 12:45:43.673554 15848 ts_tablet_manager.cc:1403] T aa939698983542a48345b1897f407e6e P 2c01aefcd0cb4ac19740831d03321dd2: Time spent bootstrapping tablet: real 0.072s	user 0.025s	sys 0.012s
I20260608 12:45:43.673947 15853 leader_election.cc:290] T f60c3899c1414beaadceddb8848e82dc P 3160b6ff52884d21bd28c38249d32833 [CANDIDATE]: Term 1 election: Requested vote from peers f605cfd34edd4758bbde23e3e22b79fe (127.12.97.2:43733), 2c01aefcd0cb4ac19740831d03321dd2 (127.12.97.1:32805)
I20260608 12:45:43.674360 15803 raft_consensus.cc:2468] T ebb1f24b95b54b6491e62285870a2f66 P 3160b6ff52884d21bd28c38249d32833 [term 1 FOLLOWER]: Leader election vote request: Granting yes vote for candidate f605cfd34edd4758bbde23e3e22b79fe in term 1.
I20260608 12:45:43.674522 15879 raft_consensus.cc:2749] T 67297dfe7e8a4840a09497162b3d8625 P 3160b6ff52884d21bd28c38249d32833 [term 0 FOLLOWER]: Leader pre-election lost for term 1. Reason: could not achieve majority
I20260608 12:45:43.674659 15729 tablet_service.cc:1917] Received RequestConsensusVote() RPC: tablet_id: "f60c3899c1414beaadceddb8848e82dc" candidate_uuid: "3160b6ff52884d21bd28c38249d32833" candidate_term: 1 candidate_status { last_received { term: 0 index: 0 } } ignore_live_leader: false dest_uuid: "f605cfd34edd4758bbde23e3e22b79fe"
I20260608 12:45:43.675356 15729 raft_consensus.cc:3060] T f60c3899c1414beaadceddb8848e82dc P f605cfd34edd4758bbde23e3e22b79fe [term 0 FOLLOWER]: Advancing to term 1
I20260608 12:45:43.675559 15849 ts_tablet_manager.cc:1434] T 8445b125c0324e0cbb7f824f5e51debc P f605cfd34edd4758bbde23e3e22b79fe: Time spent starting tablet: real 0.010s	user 0.009s	sys 0.000s
I20260608 12:45:43.676690 15849 tablet_bootstrap.cc:492] T 67297dfe7e8a4840a09497162b3d8625 P f605cfd34edd4758bbde23e3e22b79fe: Bootstrap starting.
I20260608 12:45:43.676673 15654 tablet_service.cc:1917] Received RequestConsensusVote() RPC: tablet_id: "f60c3899c1414beaadceddb8848e82dc" candidate_uuid: "3160b6ff52884d21bd28c38249d32833" candidate_term: 1 candidate_status { last_received { term: 0 index: 0 } } ignore_live_leader: false dest_uuid: "2c01aefcd0cb4ac19740831d03321dd2"
I20260608 12:45:43.677443 15654 raft_consensus.cc:3060] T f60c3899c1414beaadceddb8848e82dc P 2c01aefcd0cb4ac19740831d03321dd2 [term 0 FOLLOWER]: Advancing to term 1
I20260608 12:45:43.679173 15877 raft_consensus.cc:2804] T 9823ddc49ca3460aba6fd31135dbe0e7 P 2c01aefcd0cb4ac19740831d03321dd2 [term 0 FOLLOWER]: Leader pre-election won for term 1
I20260608 12:45:43.679561 15877 raft_consensus.cc:493] T 9823ddc49ca3460aba6fd31135dbe0e7 P 2c01aefcd0cb4ac19740831d03321dd2 [term 0 FOLLOWER]: Starting leader election (no leader contacted us within the election timeout)
I20260608 12:45:43.679939 15877 raft_consensus.cc:3060] T 9823ddc49ca3460aba6fd31135dbe0e7 P 2c01aefcd0cb4ac19740831d03321dd2 [term 0 FOLLOWER]: Advancing to term 1
I20260608 12:45:43.682520 15729 raft_consensus.cc:2468] T f60c3899c1414beaadceddb8848e82dc P f605cfd34edd4758bbde23e3e22b79fe [term 1 FOLLOWER]: Leader election vote request: Granting yes vote for candidate 3160b6ff52884d21bd28c38249d32833 in term 1.
I20260608 12:45:43.683969 15849 tablet_bootstrap.cc:654] T 67297dfe7e8a4840a09497162b3d8625 P f605cfd34edd4758bbde23e3e22b79fe: Neither blocks nor log segments found. Creating new log.
I20260608 12:45:43.683851 15769 leader_election.cc:304] T f60c3899c1414beaadceddb8848e82dc P 3160b6ff52884d21bd28c38249d32833 [CANDIDATE]: Term 1 election: Election decided. Result: candidate won. Election summary: received 2 responses out of 3 voters: 2 yes votes; 0 no votes. yes voters: 3160b6ff52884d21bd28c38249d32833, f605cfd34edd4758bbde23e3e22b79fe; no voters: 
I20260608 12:45:43.686025 15857 raft_consensus.cc:493] T aa939698983542a48345b1897f407e6e P f605cfd34edd4758bbde23e3e22b79fe [term 0 FOLLOWER]: Starting pre-election (no leader contacted us within the election timeout)
I20260608 12:45:43.676810 15850 tablet_bootstrap.cc:492] T 4e276a90175240f0b517654d18499590 P 3160b6ff52884d21bd28c38249d32833: No bootstrap required, opened a new log
I20260608 12:45:43.688005 15850 ts_tablet_manager.cc:1403] T 4e276a90175240f0b517654d18499590 P 3160b6ff52884d21bd28c38249d32833: Time spent bootstrapping tablet: real 0.088s	user 0.013s	sys 0.017s
I20260608 12:45:43.687757 15848 raft_consensus.cc:359] T aa939698983542a48345b1897f407e6e P 2c01aefcd0cb4ac19740831d03321dd2 [term 0 FOLLOWER]: Replica starting. Triggering 0 pending ops. Active config: opid_index: -1 OBSOLETE_local: false peers { permanent_uuid: "f605cfd34edd4758bbde23e3e22b79fe" member_type: VOTER last_known_addr { host: "127.12.97.2" port: 43733 } } peers { permanent_uuid: "2c01aefcd0cb4ac19740831d03321dd2" member_type: VOTER last_known_addr { host: "127.12.97.1" port: 32805 } } peers { permanent_uuid: "3160b6ff52884d21bd28c38249d32833" member_type: VOTER last_known_addr { host: "127.12.97.3" port: 40583 } }
I20260608 12:45:43.688894 15848 raft_consensus.cc:385] T aa939698983542a48345b1897f407e6e P 2c01aefcd0cb4ac19740831d03321dd2 [term 0 FOLLOWER]: Consensus starting up: Expiring failure detector timer to make a prompt election more likely
I20260608 12:45:43.689102 15848 raft_consensus.cc:740] T aa939698983542a48345b1897f407e6e P 2c01aefcd0cb4ac19740831d03321dd2 [term 0 FOLLOWER]: Becoming Follower/Learner. State: Replica: 2c01aefcd0cb4ac19740831d03321dd2, State: Initialized, Role: FOLLOWER
I20260608 12:45:43.678869 15605 auto_leader_rebalancer.cc:140] leader rebalance for table range_aware_rebalance_new_range
I20260608 12:45:43.689851 15848 consensus_queue.cc:260] T aa939698983542a48345b1897f407e6e P 2c01aefcd0cb4ac19740831d03321dd2 [NON_LEADER]: Queue going to NON_LEADER mode. State: All replicated index: 0, Majority replicated index: 0, Committed index: 0, Last appended: 0.0, Last appended by leader: 0, Current term: 0, Majority size: -1, State: 0, Mode: NON_LEADER, active raft config: opid_index: -1 OBSOLETE_local: false peers { permanent_uuid: "f605cfd34edd4758bbde23e3e22b79fe" member_type: VOTER last_known_addr { host: "127.12.97.2" port: 43733 } } peers { permanent_uuid: "2c01aefcd0cb4ac19740831d03321dd2" member_type: VOTER last_known_addr { host: "127.12.97.1" port: 32805 } } peers { permanent_uuid: "3160b6ff52884d21bd28c38249d32833" member_type: VOTER last_known_addr { host: "127.12.97.3" port: 40583 } }
W20260608 12:45:43.690392 15605 auto_leader_rebalancer.cc:460] the master instance isn't leader: Service unavailable: Tablet not running
I20260608 12:45:43.691610 15850 raft_consensus.cc:359] T 4e276a90175240f0b517654d18499590 P 3160b6ff52884d21bd28c38249d32833 [term 0 FOLLOWER]: Replica starting. Triggering 0 pending ops. Active config: opid_index: -1 OBSOLETE_local: false peers { permanent_uuid: "2c01aefcd0cb4ac19740831d03321dd2" member_type: VOTER last_known_addr { host: "127.12.97.1" port: 32805 } } peers { permanent_uuid: "f605cfd34edd4758bbde23e3e22b79fe" member_type: VOTER last_known_addr { host: "127.12.97.2" port: 43733 } } peers { permanent_uuid: "3160b6ff52884d21bd28c38249d32833" member_type: VOTER last_known_addr { host: "127.12.97.3" port: 40583 } }
I20260608 12:45:43.692365 15850 raft_consensus.cc:385] T 4e276a90175240f0b517654d18499590 P 3160b6ff52884d21bd28c38249d32833 [term 0 FOLLOWER]: Consensus starting up: Expiring failure detector timer to make a prompt election more likely
I20260608 12:45:43.692699 15850 raft_consensus.cc:740] T 4e276a90175240f0b517654d18499590 P 3160b6ff52884d21bd28c38249d32833 [term 0 FOLLOWER]: Becoming Follower/Learner. State: Replica: 3160b6ff52884d21bd28c38249d32833, State: Initialized, Role: FOLLOWER
I20260608 12:45:43.693488 15850 consensus_queue.cc:260] T 4e276a90175240f0b517654d18499590 P 3160b6ff52884d21bd28c38249d32833 [NON_LEADER]: Queue going to NON_LEADER mode. State: All replicated index: 0, Majority replicated index: 0, Committed index: 0, Last appended: 0.0, Last appended by leader: 0, Current term: 0, Majority size: -1, State: 0, Mode: NON_LEADER, active raft config: opid_index: -1 OBSOLETE_local: false peers { permanent_uuid: "2c01aefcd0cb4ac19740831d03321dd2" member_type: VOTER last_known_addr { host: "127.12.97.1" port: 32805 } } peers { permanent_uuid: "f605cfd34edd4758bbde23e3e22b79fe" member_type: VOTER last_known_addr { host: "127.12.97.2" port: 43733 } } peers { permanent_uuid: "3160b6ff52884d21bd28c38249d32833" member_type: VOTER last_known_addr { host: "127.12.97.3" port: 40583 } }
I20260608 12:45:43.694042 15877 raft_consensus.cc:515] T 9823ddc49ca3460aba6fd31135dbe0e7 P 2c01aefcd0cb4ac19740831d03321dd2 [term 1 FOLLOWER]: Starting leader election with config: opid_index: -1 OBSOLETE_local: false peers { permanent_uuid: "f605cfd34edd4758bbde23e3e22b79fe" member_type: VOTER last_known_addr { host: "127.12.97.2" port: 43733 } } peers { permanent_uuid: "2c01aefcd0cb4ac19740831d03321dd2" member_type: VOTER last_known_addr { host: "127.12.97.1" port: 32805 } } peers { permanent_uuid: "3160b6ff52884d21bd28c38249d32833" member_type: VOTER last_known_addr { host: "127.12.97.3" port: 40583 } }
I20260608 12:45:43.693460 15551 catalog_manager.cc:5696] T ebb1f24b95b54b6491e62285870a2f66 P f605cfd34edd4758bbde23e3e22b79fe reported cstate change: term changed from 0 to 1, leader changed from <none> to f605cfd34edd4758bbde23e3e22b79fe (127.12.97.2). New cstate: current_term: 1 leader_uuid: "f605cfd34edd4758bbde23e3e22b79fe" committed_config { opid_index: -1 OBSOLETE_local: false peers { permanent_uuid: "2c01aefcd0cb4ac19740831d03321dd2" member_type: VOTER last_known_addr { host: "127.12.97.1" port: 32805 } health_report { overall_health: UNKNOWN } } peers { permanent_uuid: "f605cfd34edd4758bbde23e3e22b79fe" member_type: VOTER last_known_addr { host: "127.12.97.2" port: 43733 } health_report { overall_health: HEALTHY } } peers { permanent_uuid: "3160b6ff52884d21bd28c38249d32833" member_type: VOTER last_known_addr { host: "127.12.97.3" port: 40583 } health_report { overall_health: UNKNOWN } } }
I20260608 12:45:43.694875 15857 raft_consensus.cc:515] T aa939698983542a48345b1897f407e6e P f605cfd34edd4758bbde23e3e22b79fe [term 0 FOLLOWER]: Starting pre-election with config: opid_index: -1 OBSOLETE_local: false peers { permanent_uuid: "f605cfd34edd4758bbde23e3e22b79fe" member_type: VOTER last_known_addr { host: "127.12.97.2" port: 43733 } } peers { permanent_uuid: "2c01aefcd0cb4ac19740831d03321dd2" member_type: VOTER last_known_addr { host: "127.12.97.1" port: 32805 } } peers { permanent_uuid: "3160b6ff52884d21bd28c38249d32833" member_type: VOTER last_known_addr { host: "127.12.97.3" port: 40583 } }
I20260608 12:45:43.698179 15653 tablet_service.cc:1917] Received RequestConsensusVote() RPC: tablet_id: "aa939698983542a48345b1897f407e6e" candidate_uuid: "f605cfd34edd4758bbde23e3e22b79fe" candidate_term: 1 candidate_status { last_received { term: 0 index: 0 } } ignore_live_leader: false dest_uuid: "2c01aefcd0cb4ac19740831d03321dd2" is_pre_election: true
I20260608 12:45:43.698690 15803 tablet_service.cc:1917] Received RequestConsensusVote() RPC: tablet_id: "9823ddc49ca3460aba6fd31135dbe0e7" candidate_uuid: "2c01aefcd0cb4ac19740831d03321dd2" candidate_term: 1 candidate_status { last_received { term: 0 index: 0 } } ignore_live_leader: false dest_uuid: "3160b6ff52884d21bd28c38249d32833"
I20260608 12:45:43.698853 15653 raft_consensus.cc:2468] T aa939698983542a48345b1897f407e6e P 2c01aefcd0cb4ac19740831d03321dd2 [term 0 FOLLOWER]: Leader pre-election vote request: Granting yes vote for candidate f605cfd34edd4758bbde23e3e22b79fe in term 0.
I20260608 12:45:43.699287 15803 raft_consensus.cc:3060] T 9823ddc49ca3460aba6fd31135dbe0e7 P 3160b6ff52884d21bd28c38249d32833 [term 0 FOLLOWER]: Advancing to term 1
I20260608 12:45:43.699312 15802 tablet_service.cc:1917] Received RequestConsensusVote() RPC: tablet_id: "aa939698983542a48345b1897f407e6e" candidate_uuid: "f605cfd34edd4758bbde23e3e22b79fe" candidate_term: 1 candidate_status { last_received { term: 0 index: 0 } } ignore_live_leader: false dest_uuid: "3160b6ff52884d21bd28c38249d32833" is_pre_election: true
I20260608 12:45:43.700161 15693 leader_election.cc:304] T aa939698983542a48345b1897f407e6e P f605cfd34edd4758bbde23e3e22b79fe [CANDIDATE]: Term 1 pre-election: Election decided. Result: candidate won. Election summary: received 2 responses out of 3 voters: 2 yes votes; 0 no votes. yes voters: 2c01aefcd0cb4ac19740831d03321dd2, f605cfd34edd4758bbde23e3e22b79fe; no voters: 
W20260608 12:45:43.700727 15695 leader_election.cc:343] T aa939698983542a48345b1897f407e6e P f605cfd34edd4758bbde23e3e22b79fe [CANDIDATE]: Term 1 pre-election: Tablet error from VoteRequest() call to peer 3160b6ff52884d21bd28c38249d32833 (127.12.97.3:40583): Illegal state: must be running to vote when last-logged opid is not known
I20260608 12:45:43.700982 15878 raft_consensus.cc:2804] T aa939698983542a48345b1897f407e6e P f605cfd34edd4758bbde23e3e22b79fe [term 0 FOLLOWER]: Leader pre-election won for term 1
I20260608 12:45:43.701375 15878 raft_consensus.cc:493] T aa939698983542a48345b1897f407e6e P f605cfd34edd4758bbde23e3e22b79fe [term 0 FOLLOWER]: Starting leader election (no leader contacted us within the election timeout)
I20260608 12:45:43.701741 15878 raft_consensus.cc:3060] T aa939698983542a48345b1897f407e6e P f605cfd34edd4758bbde23e3e22b79fe [term 0 FOLLOWER]: Advancing to term 1
I20260608 12:45:43.702852 15729 tablet_service.cc:1917] Received RequestConsensusVote() RPC: tablet_id: "9823ddc49ca3460aba6fd31135dbe0e7" candidate_uuid: "2c01aefcd0cb4ac19740831d03321dd2" candidate_term: 1 candidate_status { last_received { term: 0 index: 0 } } ignore_live_leader: false dest_uuid: "f605cfd34edd4758bbde23e3e22b79fe"
I20260608 12:45:43.703672 15850 ts_tablet_manager.cc:1434] T 4e276a90175240f0b517654d18499590 P 3160b6ff52884d21bd28c38249d32833: Time spent starting tablet: real 0.013s	user 0.006s	sys 0.001s
W20260608 12:45:43.704244 15620 leader_election.cc:343] T 9823ddc49ca3460aba6fd31135dbe0e7 P 2c01aefcd0cb4ac19740831d03321dd2 [CANDIDATE]: Term 1 election: Tablet error from VoteRequest() call to peer f605cfd34edd4758bbde23e3e22b79fe (127.12.97.2:43733): Illegal state: must be running to vote when last-logged opid is not known
I20260608 12:45:43.702152 15857 leader_election.cc:290] T aa939698983542a48345b1897f407e6e P f605cfd34edd4758bbde23e3e22b79fe [CANDIDATE]: Term 1 pre-election: Requested pre-vote from peers 2c01aefcd0cb4ac19740831d03321dd2 (127.12.97.1:32805), 3160b6ff52884d21bd28c38249d32833 (127.12.97.3:40583)
I20260608 12:45:43.705366 15850 tablet_bootstrap.cc:492] T 08dbcee5289d409e9f7995b5ddfb86a2 P 3160b6ff52884d21bd28c38249d32833: Bootstrap starting.
I20260608 12:45:43.706326 15848 ts_tablet_manager.cc:1434] T aa939698983542a48345b1897f407e6e P 2c01aefcd0cb4ac19740831d03321dd2: Time spent starting tablet: real 0.032s	user 0.007s	sys 0.000s
I20260608 12:45:43.706453 15803 raft_consensus.cc:2468] T 9823ddc49ca3460aba6fd31135dbe0e7 P 3160b6ff52884d21bd28c38249d32833 [term 1 FOLLOWER]: Leader election vote request: Granting yes vote for candidate 2c01aefcd0cb4ac19740831d03321dd2 in term 1.
I20260608 12:45:43.707435 15848 tablet_bootstrap.cc:492] T 67297dfe7e8a4840a09497162b3d8625 P 2c01aefcd0cb4ac19740831d03321dd2: Bootstrap starting.
I20260608 12:45:43.707684 15620 leader_election.cc:304] T 9823ddc49ca3460aba6fd31135dbe0e7 P 2c01aefcd0cb4ac19740831d03321dd2 [CANDIDATE]: Term 1 election: Election decided. Result: candidate won. Election summary: received 3 responses out of 3 voters: 2 yes votes; 1 no votes. yes voters: 2c01aefcd0cb4ac19740831d03321dd2, 3160b6ff52884d21bd28c38249d32833; no voters: f605cfd34edd4758bbde23e3e22b79fe
I20260608 12:45:43.708554 15854 raft_consensus.cc:2804] T 9823ddc49ca3460aba6fd31135dbe0e7 P 2c01aefcd0cb4ac19740831d03321dd2 [term 1 FOLLOWER]: Leader election won for term 1
I20260608 12:45:43.709017 15854 raft_consensus.cc:697] T 9823ddc49ca3460aba6fd31135dbe0e7 P 2c01aefcd0cb4ac19740831d03321dd2 [term 1 LEADER]: Becoming Leader. State: Replica: 2c01aefcd0cb4ac19740831d03321dd2, State: Running, Role: LEADER
I20260608 12:45:43.709824 15854 consensus_queue.cc:237] T 9823ddc49ca3460aba6fd31135dbe0e7 P 2c01aefcd0cb4ac19740831d03321dd2 [LEADER]: Queue going to LEADER mode. State: All replicated index: 0, Majority replicated index: 0, Committed index: 0, Last appended: 0.0, Last appended by leader: 0, Current term: 1, Majority size: 2, State: 0, Mode: LEADER, active raft config: opid_index: -1 OBSOLETE_local: false peers { permanent_uuid: "f605cfd34edd4758bbde23e3e22b79fe" member_type: VOTER last_known_addr { host: "127.12.97.2" port: 43733 } } peers { permanent_uuid: "2c01aefcd0cb4ac19740831d03321dd2" member_type: VOTER last_known_addr { host: "127.12.97.1" port: 32805 } } peers { permanent_uuid: "3160b6ff52884d21bd28c38249d32833" member_type: VOTER last_known_addr { host: "127.12.97.3" port: 40583 } }
I20260608 12:45:43.710256 15878 raft_consensus.cc:515] T aa939698983542a48345b1897f407e6e P f605cfd34edd4758bbde23e3e22b79fe [term 1 FOLLOWER]: Starting leader election with config: opid_index: -1 OBSOLETE_local: false peers { permanent_uuid: "f605cfd34edd4758bbde23e3e22b79fe" member_type: VOTER last_known_addr { host: "127.12.97.2" port: 43733 } } peers { permanent_uuid: "2c01aefcd0cb4ac19740831d03321dd2" member_type: VOTER last_known_addr { host: "127.12.97.1" port: 32805 } } peers { permanent_uuid: "3160b6ff52884d21bd28c38249d32833" member_type: VOTER last_known_addr { host: "127.12.97.3" port: 40583 } }
I20260608 12:45:43.715600 15850 tablet_bootstrap.cc:654] T 08dbcee5289d409e9f7995b5ddfb86a2 P 3160b6ff52884d21bd28c38249d32833: Neither blocks nor log segments found. Creating new log.
I20260608 12:45:43.713797 15853 raft_consensus.cc:2804] T f60c3899c1414beaadceddb8848e82dc P 3160b6ff52884d21bd28c38249d32833 [term 1 FOLLOWER]: Leader election won for term 1
I20260608 12:45:43.721391 15853 raft_consensus.cc:697] T f60c3899c1414beaadceddb8848e82dc P 3160b6ff52884d21bd28c38249d32833 [term 1 LEADER]: Becoming Leader. State: Replica: 3160b6ff52884d21bd28c38249d32833, State: Running, Role: LEADER
I20260608 12:45:43.722385 15853 consensus_queue.cc:237] T f60c3899c1414beaadceddb8848e82dc P 3160b6ff52884d21bd28c38249d32833 [LEADER]: Queue going to LEADER mode. State: All replicated index: 0, Majority replicated index: 0, Committed index: 0, Last appended: 0.0, Last appended by leader: 0, Current term: 1, Majority size: 2, State: 0, Mode: LEADER, active raft config: opid_index: -1 OBSOLETE_local: false peers { permanent_uuid: "f605cfd34edd4758bbde23e3e22b79fe" member_type: VOTER last_known_addr { host: "127.12.97.2" port: 43733 } } peers { permanent_uuid: "2c01aefcd0cb4ac19740831d03321dd2" member_type: VOTER last_known_addr { host: "127.12.97.1" port: 32805 } } peers { permanent_uuid: "3160b6ff52884d21bd28c38249d32833" member_type: VOTER last_known_addr { host: "127.12.97.3" port: 40583 } }
I20260608 12:45:43.716090 15878 leader_election.cc:290] T aa939698983542a48345b1897f407e6e P f605cfd34edd4758bbde23e3e22b79fe [CANDIDATE]: Term 1 election: Requested vote from peers 2c01aefcd0cb4ac19740831d03321dd2 (127.12.97.1:32805), 3160b6ff52884d21bd28c38249d32833 (127.12.97.3:40583)
I20260608 12:45:43.693619 15654 raft_consensus.cc:2468] T f60c3899c1414beaadceddb8848e82dc P 2c01aefcd0cb4ac19740831d03321dd2 [term 1 FOLLOWER]: Leader election vote request: Granting yes vote for candidate 3160b6ff52884d21bd28c38249d32833 in term 1.
I20260608 12:45:43.716689 15653 tablet_service.cc:1917] Received RequestConsensusVote() RPC: tablet_id: "aa939698983542a48345b1897f407e6e" candidate_uuid: "f605cfd34edd4758bbde23e3e22b79fe" candidate_term: 1 candidate_status { last_received { term: 0 index: 0 } } ignore_live_leader: false dest_uuid: "2c01aefcd0cb4ac19740831d03321dd2"
I20260608 12:45:43.716691 15803 tablet_service.cc:1917] Received RequestConsensusVote() RPC: tablet_id: "aa939698983542a48345b1897f407e6e" candidate_uuid: "f605cfd34edd4758bbde23e3e22b79fe" candidate_term: 1 candidate_status { last_received { term: 0 index: 0 } } ignore_live_leader: false dest_uuid: "3160b6ff52884d21bd28c38249d32833"
I20260608 12:45:43.711141 15877 leader_election.cc:290] T 9823ddc49ca3460aba6fd31135dbe0e7 P 2c01aefcd0cb4ac19740831d03321dd2 [CANDIDATE]: Term 1 election: Requested vote from peers f605cfd34edd4758bbde23e3e22b79fe (127.12.97.2:43733), 3160b6ff52884d21bd28c38249d32833 (127.12.97.3:40583)
I20260608 12:45:43.725124 15653 raft_consensus.cc:3060] T aa939698983542a48345b1897f407e6e P 2c01aefcd0cb4ac19740831d03321dd2 [term 0 FOLLOWER]: Advancing to term 1
W20260608 12:45:43.728399 15695 leader_election.cc:343] T aa939698983542a48345b1897f407e6e P f605cfd34edd4758bbde23e3e22b79fe [CANDIDATE]: Term 1 election: Tablet error from VoteRequest() call to peer 3160b6ff52884d21bd28c38249d32833 (127.12.97.3:40583): Illegal state: must be running to vote when last-logged opid is not known
I20260608 12:45:43.729820 15878 raft_consensus.cc:493] T 8445b125c0324e0cbb7f824f5e51debc P f605cfd34edd4758bbde23e3e22b79fe [term 0 FOLLOWER]: Starting pre-election (no leader contacted us within the election timeout)
I20260608 12:45:43.730486 15878 raft_consensus.cc:515] T 8445b125c0324e0cbb7f824f5e51debc P f605cfd34edd4758bbde23e3e22b79fe [term 0 FOLLOWER]: Starting pre-election with config: opid_index: -1 OBSOLETE_local: false peers { permanent_uuid: "f605cfd34edd4758bbde23e3e22b79fe" member_type: VOTER last_known_addr { host: "127.12.97.2" port: 43733 } } peers { permanent_uuid: "2c01aefcd0cb4ac19740831d03321dd2" member_type: VOTER last_known_addr { host: "127.12.97.1" port: 32805 } } peers { permanent_uuid: "3160b6ff52884d21bd28c38249d32833" member_type: VOTER last_known_addr { host: "127.12.97.3" port: 40583 } }
I20260608 12:45:43.734483 15878 leader_election.cc:290] T 8445b125c0324e0cbb7f824f5e51debc P f605cfd34edd4758bbde23e3e22b79fe [CANDIDATE]: Term 1 pre-election: Requested pre-vote from peers 2c01aefcd0cb4ac19740831d03321dd2 (127.12.97.1:32805), 3160b6ff52884d21bd28c38249d32833 (127.12.97.3:40583)
I20260608 12:45:43.735577 15654 tablet_service.cc:1917] Received RequestConsensusVote() RPC: tablet_id: "8445b125c0324e0cbb7f824f5e51debc" candidate_uuid: "f605cfd34edd4758bbde23e3e22b79fe" candidate_term: 1 candidate_status { last_received { term: 0 index: 0 } } ignore_live_leader: false dest_uuid: "2c01aefcd0cb4ac19740831d03321dd2" is_pre_election: true
I20260608 12:45:43.736420 15654 raft_consensus.cc:2393] T 8445b125c0324e0cbb7f824f5e51debc P 2c01aefcd0cb4ac19740831d03321dd2 [term 1 FOLLOWER]: Leader pre-election vote request: Denying vote to candidate f605cfd34edd4758bbde23e3e22b79fe in current term 1: Already voted for candidate 2c01aefcd0cb4ac19740831d03321dd2 in this term.
I20260608 12:45:43.737031 15848 tablet_bootstrap.cc:654] T 67297dfe7e8a4840a09497162b3d8625 P 2c01aefcd0cb4ac19740831d03321dd2: Neither blocks nor log segments found. Creating new log.
I20260608 12:45:43.736948 15803 tablet_service.cc:1917] Received RequestConsensusVote() RPC: tablet_id: "8445b125c0324e0cbb7f824f5e51debc" candidate_uuid: "f605cfd34edd4758bbde23e3e22b79fe" candidate_term: 1 candidate_status { last_received { term: 0 index: 0 } } ignore_live_leader: false dest_uuid: "3160b6ff52884d21bd28c38249d32833" is_pre_election: true
I20260608 12:45:43.737848 15803 raft_consensus.cc:2393] T 8445b125c0324e0cbb7f824f5e51debc P 3160b6ff52884d21bd28c38249d32833 [term 1 FOLLOWER]: Leader pre-election vote request: Denying vote to candidate f605cfd34edd4758bbde23e3e22b79fe in current term 1: Already voted for candidate 3160b6ff52884d21bd28c38249d32833 in this term.
I20260608 12:45:43.739413 15695 leader_election.cc:304] T 8445b125c0324e0cbb7f824f5e51debc P f605cfd34edd4758bbde23e3e22b79fe [CANDIDATE]: Term 1 pre-election: Election decided. Result: candidate lost. Election summary: received 3 responses out of 3 voters: 1 yes votes; 2 no votes. yes voters: f605cfd34edd4758bbde23e3e22b79fe; no voters: 2c01aefcd0cb4ac19740831d03321dd2, 3160b6ff52884d21bd28c38249d32833
I20260608 12:45:43.739563 15653 raft_consensus.cc:2468] T aa939698983542a48345b1897f407e6e P 2c01aefcd0cb4ac19740831d03321dd2 [term 1 FOLLOWER]: Leader election vote request: Granting yes vote for candidate f605cfd34edd4758bbde23e3e22b79fe in term 1.
