I20260608 12:45:46.646369 15424 catalog_manager.cc:5696] T 9db900d044774e48aed7e97ce86e11bf P 582cd734741d486c9f58952f872aa71b reported cstate change: config changed from index 3 to 4, VOTER 9583fcd13b484f07b237214a8e007040 (127.12.66.131) evicted. New cstate: current_term: 1 leader_uuid: "582cd734741d486c9f58952f872aa71b" committed_config { opid_index: 4 OBSOLETE_local: false peers { permanent_uuid: "de2952985da54d3b9112fa69922660b7" member_type: VOTER last_known_addr { host: "127.12.66.129" port: 43203 } health_report { overall_health: HEALTHY } } peers { permanent_uuid: "582cd734741d486c9f58952f872aa71b" member_type: VOTER last_known_addr { host: "127.12.66.130" port: 45859 } health_report { overall_health: HEALTHY } } peers { permanent_uuid: "f31f6f417a68498789d5a8a258afdc59" member_type: VOTER last_known_addr { host: "127.12.66.132" port: 40051 } attrs { promote: false } health_report { overall_health: HEALTHY } } }
I20260608 12:45:46.660091 15665 tablet_service.cc:1558] Processing DeleteTablet for tablet 9db900d044774e48aed7e97ce86e11bf with delete_type TABLET_DATA_TOMBSTONED (TS 9583fcd13b484f07b237214a8e007040 not found in new config with opid_index 4) from {username='slave'} at 127.0.0.1:56994
I20260608 12:45:46.663362 16018 tablet_replica.cc:333] T 9db900d044774e48aed7e97ce86e11bf P 9583fcd13b484f07b237214a8e007040: stopping tablet replica
I20260608 12:45:46.664445 16018 raft_consensus.cc:2243] T 9db900d044774e48aed7e97ce86e11bf P 9583fcd13b484f07b237214a8e007040 [term 1 FOLLOWER]: Raft consensus shutting down.
I20260608 12:45:46.665300 16018 raft_consensus.cc:2272] T 9db900d044774e48aed7e97ce86e11bf P 9583fcd13b484f07b237214a8e007040 [term 1 FOLLOWER]: Raft consensus is shut down!
I20260608 12:45:46.668470 16018 ts_tablet_manager.cc:1916] T 9db900d044774e48aed7e97ce86e11bf P 9583fcd13b484f07b237214a8e007040: Deleting tablet data with delete state TABLET_DATA_TOMBSTONED
I20260608 12:45:46.681032 16018 ts_tablet_manager.cc:1929] T 9db900d044774e48aed7e97ce86e11bf P 9583fcd13b484f07b237214a8e007040: tablet deleted with delete type TABLET_DATA_TOMBSTONED: last-logged OpId 1.3
I20260608 12:45:46.681372 16018 log.cc:1199] T 9db900d044774e48aed7e97ce86e11bf P 9583fcd13b484f07b237214a8e007040: Deleting WAL directory at /tmp/dist-test-task9TWQtR/test-tmp/auto_rebalancer-test.0.AutoRebalancerTest.RangeAwareRebalancesNewRangeReplicas.1780922663435589-12554-0/minicluster-data/ts-2-root/wals/9db900d044774e48aed7e97ce86e11bf
I20260608 12:45:46.682821 15416 catalog_manager.cc:5027] TS 9583fcd13b484f07b237214a8e007040 (127.12.66.131:37103): tablet 9db900d044774e48aed7e97ce86e11bf (table range_aware_rebalance_new_range [id=550b40e742194d138c2d647c3bf73321]) successfully deleted
I20260608 12:45:46.743492 15482 auto_leader_rebalancer.cc:140] leader rebalance for table range_aware_rebalance_new_range
I20260608 12:45:46.768306 15606 tablet_service.cc:2072] Received LeaderStepDown RPC: tablet_id: "4c0f478813384c4da41b40f830446e83"
dest_uuid: "582cd734741d486c9f58952f872aa71b"
mode: GRACEFUL
new_leader_uuid: "f31f6f417a68498789d5a8a258afdc59"
 from {username='slave'} at 127.0.0.1:58432
I20260608 12:45:46.768920 15606 raft_consensus.cc:606] T 4c0f478813384c4da41b40f830446e83 P 582cd734741d486c9f58952f872aa71b [term 1 LEADER]: Received request to transfer leadership to TS f31f6f417a68498789d5a8a258afdc59
I20260608 12:45:46.770215 15482 auto_leader_rebalancer.cc:388] table: range_aware_rebalance_new_range, leader rebalance finish, leader transfer count: 1
I20260608 12:45:46.770809 15482 auto_leader_rebalancer.cc:451] All tables' leader rebalancing finished this round
I20260608 12:45:47.062726 15998 raft_consensus.cc:993] T 4c0f478813384c4da41b40f830446e83 P 582cd734741d486c9f58952f872aa71b: : Instructing follower f31f6f417a68498789d5a8a258afdc59 to start an election
I20260608 12:45:47.063226 15994 raft_consensus.cc:1081] T 4c0f478813384c4da41b40f830446e83 P 582cd734741d486c9f58952f872aa71b [term 1 LEADER]: Signalling peer f31f6f417a68498789d5a8a258afdc59 to start an election
I20260608 12:45:47.064965 15833 tablet_service.cc:2044] Received Run Leader Election RPC: tablet_id: "4c0f478813384c4da41b40f830446e83"
dest_uuid: "f31f6f417a68498789d5a8a258afdc59"
 from {username='slave'} at 127.0.0.1:33070
I20260608 12:45:47.065517 15833 raft_consensus.cc:493] T 4c0f478813384c4da41b40f830446e83 P f31f6f417a68498789d5a8a258afdc59 [term 1 FOLLOWER]: Starting forced leader election (received explicit request)
I20260608 12:45:47.065790 15833 raft_consensus.cc:3060] T 4c0f478813384c4da41b40f830446e83 P f31f6f417a68498789d5a8a258afdc59 [term 1 FOLLOWER]: Advancing to term 2
I20260608 12:45:47.070134 15833 raft_consensus.cc:515] T 4c0f478813384c4da41b40f830446e83 P f31f6f417a68498789d5a8a258afdc59 [term 2 FOLLOWER]: Starting forced leader election with config: opid_index: -1 OBSOLETE_local: false peers { permanent_uuid: "f31f6f417a68498789d5a8a258afdc59" member_type: VOTER last_known_addr { host: "127.12.66.132" port: 40051 } } peers { permanent_uuid: "582cd734741d486c9f58952f872aa71b" member_type: VOTER last_known_addr { host: "127.12.66.130" port: 45859 } } peers { permanent_uuid: "9583fcd13b484f07b237214a8e007040" member_type: VOTER last_known_addr { host: "127.12.66.131" port: 37103 } }
I20260608 12:45:47.071894 15833 leader_election.cc:290] T 4c0f478813384c4da41b40f830446e83 P f31f6f417a68498789d5a8a258afdc59 [CANDIDATE]: Term 2 election: Requested vote from peers 582cd734741d486c9f58952f872aa71b (127.12.66.130:45859), 9583fcd13b484f07b237214a8e007040 (127.12.66.131:37103)
I20260608 12:45:47.072834 15606 tablet_service.cc:1917] Received RequestConsensusVote() RPC: tablet_id: "4c0f478813384c4da41b40f830446e83" candidate_uuid: "f31f6f417a68498789d5a8a258afdc59" candidate_term: 2 candidate_status { last_received { term: 1 index: 1 } } ignore_live_leader: true dest_uuid: "582cd734741d486c9f58952f872aa71b"
I20260608 12:45:47.072925 15679 tablet_service.cc:1917] Received RequestConsensusVote() RPC: tablet_id: "4c0f478813384c4da41b40f830446e83" candidate_uuid: "f31f6f417a68498789d5a8a258afdc59" candidate_term: 2 candidate_status { last_received { term: 1 index: 1 } } ignore_live_leader: true dest_uuid: "9583fcd13b484f07b237214a8e007040"
I20260608 12:45:47.073613 15679 raft_consensus.cc:3060] T 4c0f478813384c4da41b40f830446e83 P 9583fcd13b484f07b237214a8e007040 [term 1 FOLLOWER]: Advancing to term 2
I20260608 12:45:47.073688 15606 raft_consensus.cc:3055] T 4c0f478813384c4da41b40f830446e83 P 582cd734741d486c9f58952f872aa71b [term 1 LEADER]: Stepping down as leader of term 1
I20260608 12:45:47.074074 15606 raft_consensus.cc:740] T 4c0f478813384c4da41b40f830446e83 P 582cd734741d486c9f58952f872aa71b [term 1 LEADER]: Becoming Follower/Learner. State: Replica: 582cd734741d486c9f58952f872aa71b, State: Running, Role: LEADER
I20260608 12:45:47.074780 15606 consensus_queue.cc:260] T 4c0f478813384c4da41b40f830446e83 P 582cd734741d486c9f58952f872aa71b [NON_LEADER]: Queue going to NON_LEADER mode. State: All replicated index: 0, Majority replicated index: 1, Committed index: 1, Last appended: 1.1, Last appended by leader: 1, Current term: 1, Majority size: -1, State: 0, Mode: NON_LEADER, active raft config: opid_index: -1 OBSOLETE_local: false peers { permanent_uuid: "f31f6f417a68498789d5a8a258afdc59" member_type: VOTER last_known_addr { host: "127.12.66.132" port: 40051 } } peers { permanent_uuid: "582cd734741d486c9f58952f872aa71b" member_type: VOTER last_known_addr { host: "127.12.66.130" port: 45859 } } peers { permanent_uuid: "9583fcd13b484f07b237214a8e007040" member_type: VOTER last_known_addr { host: "127.12.66.131" port: 37103 } }
I20260608 12:45:47.075793 15606 raft_consensus.cc:3060] T 4c0f478813384c4da41b40f830446e83 P 582cd734741d486c9f58952f872aa71b [term 1 FOLLOWER]: Advancing to term 2
I20260608 12:45:47.079314 15679 raft_consensus.cc:2468] T 4c0f478813384c4da41b40f830446e83 P 9583fcd13b484f07b237214a8e007040 [term 2 FOLLOWER]: Leader election vote request: Granting yes vote for candidate f31f6f417a68498789d5a8a258afdc59 in term 2.
I20260608 12:45:47.080704 15800 leader_election.cc:304] T 4c0f478813384c4da41b40f830446e83 P f31f6f417a68498789d5a8a258afdc59 [CANDIDATE]: Term 2 election: Election decided. Result: candidate won. Election summary: received 2 responses out of 3 voters: 2 yes votes; 0 no votes. yes voters: 9583fcd13b484f07b237214a8e007040, f31f6f417a68498789d5a8a258afdc59; no voters: 
I20260608 12:45:47.081419 15964 raft_consensus.cc:2804] T 4c0f478813384c4da41b40f830446e83 P f31f6f417a68498789d5a8a258afdc59 [term 2 FOLLOWER]: Leader election won for term 2
I20260608 12:45:47.081807 15606 raft_consensus.cc:2468] T 4c0f478813384c4da41b40f830446e83 P 582cd734741d486c9f58952f872aa71b [term 2 FOLLOWER]: Leader election vote request: Granting yes vote for candidate f31f6f417a68498789d5a8a258afdc59 in term 2.
I20260608 12:45:47.082547 15964 raft_consensus.cc:697] T 4c0f478813384c4da41b40f830446e83 P f31f6f417a68498789d5a8a258afdc59 [term 2 LEADER]: Becoming Leader. State: Replica: f31f6f417a68498789d5a8a258afdc59, State: Running, Role: LEADER
I20260608 12:45:47.083604 15964 consensus_queue.cc:237] T 4c0f478813384c4da41b40f830446e83 P f31f6f417a68498789d5a8a258afdc59 [LEADER]: Queue going to LEADER mode. State: All replicated index: 0, Majority replicated index: 1, Committed index: 1, Last appended: 1.1, Last appended by leader: 1, Current term: 2, Majority size: 2, State: 0, Mode: LEADER, active raft config: opid_index: -1 OBSOLETE_local: false peers { permanent_uuid: "f31f6f417a68498789d5a8a258afdc59" member_type: VOTER last_known_addr { host: "127.12.66.132" port: 40051 } } peers { permanent_uuid: "582cd734741d486c9f58952f872aa71b" member_type: VOTER last_known_addr { host: "127.12.66.130" port: 45859 } } peers { permanent_uuid: "9583fcd13b484f07b237214a8e007040" member_type: VOTER last_known_addr { host: "127.12.66.131" port: 37103 } }
I20260608 12:45:47.090406 15429 catalog_manager.cc:5696] T 4c0f478813384c4da41b40f830446e83 P f31f6f417a68498789d5a8a258afdc59 reported cstate change: term changed from 1 to 2, leader changed from 582cd734741d486c9f58952f872aa71b (127.12.66.130) to f31f6f417a68498789d5a8a258afdc59 (127.12.66.132). New cstate: current_term: 2 leader_uuid: "f31f6f417a68498789d5a8a258afdc59" committed_config { opid_index: -1 OBSOLETE_local: false peers { permanent_uuid: "f31f6f417a68498789d5a8a258afdc59" member_type: VOTER last_known_addr { host: "127.12.66.132" port: 40051 } health_report { overall_health: HEALTHY } } peers { permanent_uuid: "582cd734741d486c9f58952f872aa71b" member_type: VOTER last_known_addr { host: "127.12.66.130" port: 45859 } health_report { overall_health: UNKNOWN } } peers { permanent_uuid: "9583fcd13b484f07b237214a8e007040" member_type: VOTER last_known_addr { host: "127.12.66.131" port: 37103 } health_report { overall_health: UNKNOWN } } }
I20260608 12:45:47.527400 15606 raft_consensus.cc:1275] T 4c0f478813384c4da41b40f830446e83 P 582cd734741d486c9f58952f872aa71b [term 2 FOLLOWER]: Refusing update from remote peer f31f6f417a68498789d5a8a258afdc59: Log matching property violated. Preceding OpId in replica: term: 1 index: 1. Preceding OpId from leader: term: 2 index: 2. (index mismatch)
I20260608 12:45:47.528770 15964 consensus_queue.cc:1048] T 4c0f478813384c4da41b40f830446e83 P f31f6f417a68498789d5a8a258afdc59 [LEADER]: Connected to new peer: Peer: permanent_uuid: "582cd734741d486c9f58952f872aa71b" member_type: VOTER last_known_addr { host: "127.12.66.130" port: 45859 }, Status: LMP_MISMATCH, Last received: 0.0, Next index: 2, Last known committed idx: 1, Time since last communication: 0.000s
I20260608 12:45:47.539889 15679 raft_consensus.cc:1275] T 4c0f478813384c4da41b40f830446e83 P 9583fcd13b484f07b237214a8e007040 [term 2 FOLLOWER]: Refusing update from remote peer f31f6f417a68498789d5a8a258afdc59: Log matching property violated. Preceding OpId in replica: term: 1 index: 1. Preceding OpId from leader: term: 2 index: 2. (index mismatch)
I20260608 12:45:47.544499 15964 consensus_queue.cc:1048] T 4c0f478813384c4da41b40f830446e83 P f31f6f417a68498789d5a8a258afdc59 [LEADER]: Connected to new peer: Peer: permanent_uuid: "9583fcd13b484f07b237214a8e007040" member_type: VOTER last_known_addr { host: "127.12.66.131" port: 37103 }, Status: LMP_MISMATCH, Last received: 0.0, Next index: 2, Last known committed idx: 1, Time since last communication: 0.000s
I20260608 12:45:47.694934 15529 consensus_queue.cc:237] T d1d9608452d24310a392bef28e29eff9 P de2952985da54d3b9112fa69922660b7 [LEADER]: Queue going to LEADER mode. State: All replicated index: 0, Majority replicated index: 1, Committed index: 1, Last appended: 1.1, Last appended by leader: 0, Current term: 1, Majority size: 2, State: 0, Mode: LEADER, active raft config: opid_index: 2 OBSOLETE_local: false peers { permanent_uuid: "582cd734741d486c9f58952f872aa71b" member_type: VOTER last_known_addr { host: "127.12.66.130" port: 45859 } attrs { replace: true } } peers { permanent_uuid: "de2952985da54d3b9112fa69922660b7" member_type: VOTER last_known_addr { host: "127.12.66.129" port: 43203 } } peers { permanent_uuid: "9583fcd13b484f07b237214a8e007040" member_type: VOTER last_known_addr { host: "127.12.66.131" port: 37103 } } peers { permanent_uuid: "f31f6f417a68498789d5a8a258afdc59" member_type: NON_VOTER last_known_addr { host: "127.12.66.132" port: 40051 } attrs { promote: true } }
W20260608 12:45:47.702067 15497 consensus_peers.cc:597] T d1d9608452d24310a392bef28e29eff9 P de2952985da54d3b9112fa69922660b7 -> Peer f31f6f417a68498789d5a8a258afdc59 (127.12.66.132:40051): Couldn't send request to peer f31f6f417a68498789d5a8a258afdc59. Error code: TABLET_NOT_FOUND (6). Status: Not found: Tablet not found: d1d9608452d24310a392bef28e29eff9. This is attempt 1: this message will repeat every 5th retry.
I20260608 12:45:47.702157 15679 raft_consensus.cc:1275] T d1d9608452d24310a392bef28e29eff9 P 9583fcd13b484f07b237214a8e007040 [term 1 FOLLOWER]: Refusing update from remote peer de2952985da54d3b9112fa69922660b7: Log matching property violated. Preceding OpId in replica: term: 1 index: 1. Preceding OpId from leader: term: 1 index: 2. (index mismatch)
I20260608 12:45:47.702570 15605 raft_consensus.cc:1275] T d1d9608452d24310a392bef28e29eff9 P 582cd734741d486c9f58952f872aa71b [term 1 FOLLOWER]: Refusing update from remote peer de2952985da54d3b9112fa69922660b7: Log matching property violated. Preceding OpId in replica: term: 1 index: 1. Preceding OpId from leader: term: 1 index: 2. (index mismatch)
I20260608 12:45:47.703823 16034 consensus_queue.cc:1048] T d1d9608452d24310a392bef28e29eff9 P de2952985da54d3b9112fa69922660b7 [LEADER]: Connected to new peer: Peer: permanent_uuid: "9583fcd13b484f07b237214a8e007040" member_type: VOTER last_known_addr { host: "127.12.66.131" port: 37103 }, Status: LMP_MISMATCH, Last received: 0.0, Next index: 2, Last known committed idx: 1, Time since last communication: 0.001s
I20260608 12:45:47.704876 16033 consensus_queue.cc:1048] T d1d9608452d24310a392bef28e29eff9 P de2952985da54d3b9112fa69922660b7 [LEADER]: Connected to new peer: Peer: permanent_uuid: "582cd734741d486c9f58952f872aa71b" member_type: VOTER last_known_addr { host: "127.12.66.130" port: 45859 } attrs { replace: true }, Status: LMP_MISMATCH, Last received: 0.0, Next index: 2, Last known committed idx: 1, Time since last communication: 0.000s
I20260608 12:45:47.714404 16033 raft_consensus.cc:2955] T d1d9608452d24310a392bef28e29eff9 P de2952985da54d3b9112fa69922660b7 [term 1 LEADER]: Committing config change with OpId 1.2: config changed from index -1 to 2, NON_VOTER f31f6f417a68498789d5a8a258afdc59 (127.12.66.132) added. New config: { opid_index: 2 OBSOLETE_local: false peers { permanent_uuid: "582cd734741d486c9f58952f872aa71b" member_type: VOTER last_known_addr { host: "127.12.66.130" port: 45859 } attrs { replace: true } } peers { permanent_uuid: "de2952985da54d3b9112fa69922660b7" member_type: VOTER last_known_addr { host: "127.12.66.129" port: 43203 } } peers { permanent_uuid: "9583fcd13b484f07b237214a8e007040" member_type: VOTER last_known_addr { host: "127.12.66.131" port: 37103 } } peers { permanent_uuid: "f31f6f417a68498789d5a8a258afdc59" member_type: NON_VOTER last_known_addr { host: "127.12.66.132" port: 40051 } attrs { promote: true } } }
I20260608 12:45:47.716671 15679 raft_consensus.cc:2955] T d1d9608452d24310a392bef28e29eff9 P 9583fcd13b484f07b237214a8e007040 [term 1 FOLLOWER]: Committing config change with OpId 1.2: config changed from index -1 to 2, NON_VOTER f31f6f417a68498789d5a8a258afdc59 (127.12.66.132) added. New config: { opid_index: 2 OBSOLETE_local: false peers { permanent_uuid: "582cd734741d486c9f58952f872aa71b" member_type: VOTER last_known_addr { host: "127.12.66.130" port: 45859 } attrs { replace: true } } peers { permanent_uuid: "de2952985da54d3b9112fa69922660b7" member_type: VOTER last_known_addr { host: "127.12.66.129" port: 43203 } } peers { permanent_uuid: "9583fcd13b484f07b237214a8e007040" member_type: VOTER last_known_addr { host: "127.12.66.131" port: 37103 } } peers { permanent_uuid: "f31f6f417a68498789d5a8a258afdc59" member_type: NON_VOTER last_known_addr { host: "127.12.66.132" port: 40051 } attrs { promote: true } } }
I20260608 12:45:47.716478 15605 raft_consensus.cc:2955] T d1d9608452d24310a392bef28e29eff9 P 582cd734741d486c9f58952f872aa71b [term 1 FOLLOWER]: Committing config change with OpId 1.2: config changed from index -1 to 2, NON_VOTER f31f6f417a68498789d5a8a258afdc59 (127.12.66.132) added. New config: { opid_index: 2 OBSOLETE_local: false peers { permanent_uuid: "582cd734741d486c9f58952f872aa71b" member_type: VOTER last_known_addr { host: "127.12.66.130" port: 45859 } attrs { replace: true } } peers { permanent_uuid: "de2952985da54d3b9112fa69922660b7" member_type: VOTER last_known_addr { host: "127.12.66.129" port: 43203 } } peers { permanent_uuid: "9583fcd13b484f07b237214a8e007040" member_type: VOTER last_known_addr { host: "127.12.66.131" port: 37103 } } peers { permanent_uuid: "f31f6f417a68498789d5a8a258afdc59" member_type: NON_VOTER last_known_addr { host: "127.12.66.132" port: 40051 } attrs { promote: true } } }
I20260608 12:45:47.729310 15531 consensus_queue.cc:237] T 2a774004ab2b47fba9b19afe9350517e P de2952985da54d3b9112fa69922660b7 [LEADER]: Queue going to LEADER mode. State: All replicated index: 0, Majority replicated index: 1, Committed index: 1, Last appended: 1.1, Last appended by leader: 0, Current term: 1, Majority size: 2, State: 0, Mode: LEADER, active raft config: opid_index: 2 OBSOLETE_local: false peers { permanent_uuid: "f31f6f417a68498789d5a8a258afdc59" member_type: VOTER last_known_addr { host: "127.12.66.132" port: 40051 } attrs { replace: true } } peers { permanent_uuid: "582cd734741d486c9f58952f872aa71b" member_type: VOTER last_known_addr { host: "127.12.66.130" port: 45859 } } peers { permanent_uuid: "de2952985da54d3b9112fa69922660b7" member_type: VOTER last_known_addr { host: "127.12.66.129" port: 43203 } } peers { permanent_uuid: "9583fcd13b484f07b237214a8e007040" member_type: NON_VOTER last_known_addr { host: "127.12.66.131" port: 37103 } attrs { promote: true } }
I20260608 12:45:47.729228 15429 catalog_manager.cc:5696] T d1d9608452d24310a392bef28e29eff9 P de2952985da54d3b9112fa69922660b7 reported cstate change: config changed from index -1 to 2, NON_VOTER f31f6f417a68498789d5a8a258afdc59 (127.12.66.132) added. New cstate: current_term: 1 leader_uuid: "de2952985da54d3b9112fa69922660b7" committed_config { opid_index: 2 OBSOLETE_local: false peers { permanent_uuid: "582cd734741d486c9f58952f872aa71b" member_type: VOTER last_known_addr { host: "127.12.66.130" port: 45859 } attrs { replace: true } health_report { overall_health: HEALTHY } } peers { permanent_uuid: "de2952985da54d3b9112fa69922660b7" member_type: VOTER last_known_addr { host: "127.12.66.129" port: 43203 } health_report { overall_health: HEALTHY } } peers { permanent_uuid: "9583fcd13b484f07b237214a8e007040" member_type: VOTER last_known_addr { host: "127.12.66.131" port: 37103 } health_report { overall_health: HEALTHY } } peers { permanent_uuid: "f31f6f417a68498789d5a8a258afdc59" member_type: NON_VOTER last_known_addr { host: "127.12.66.132" port: 40051 } attrs { promote: true } health_report { overall_health: UNKNOWN } } }
I20260608 12:45:47.737432 15605 raft_consensus.cc:1275] T 2a774004ab2b47fba9b19afe9350517e P 582cd734741d486c9f58952f872aa71b [term 1 FOLLOWER]: Refusing update from remote peer de2952985da54d3b9112fa69922660b7: Log matching property violated. Preceding OpId in replica: term: 1 index: 1. Preceding OpId from leader: term: 1 index: 2. (index mismatch)
I20260608 12:45:47.738868 15925 consensus_queue.cc:1048] T 2a774004ab2b47fba9b19afe9350517e P de2952985da54d3b9112fa69922660b7 [LEADER]: Connected to new peer: Peer: permanent_uuid: "582cd734741d486c9f58952f872aa71b" member_type: VOTER last_known_addr { host: "127.12.66.130" port: 45859 }, Status: LMP_MISMATCH, Last received: 0.0, Next index: 2, Last known committed idx: 1, Time since last communication: 0.000s
I20260608 12:45:47.739946 15833 raft_consensus.cc:1275] T 2a774004ab2b47fba9b19afe9350517e P f31f6f417a68498789d5a8a258afdc59 [term 1 FOLLOWER]: Refusing update from remote peer de2952985da54d3b9112fa69922660b7: Log matching property violated. Preceding OpId in replica: term: 1 index: 1. Preceding OpId from leader: term: 1 index: 2. (index mismatch)
W20260608 12:45:47.740984 15497 consensus_peers.cc:597] T 2a774004ab2b47fba9b19afe9350517e P de2952985da54d3b9112fa69922660b7 -> Peer 9583fcd13b484f07b237214a8e007040 (127.12.66.131:37103): Couldn't send request to peer 9583fcd13b484f07b237214a8e007040. Error code: TABLET_NOT_FOUND (6). Status: Not found: Tablet not found: 2a774004ab2b47fba9b19afe9350517e. This is attempt 1: this message will repeat every 5th retry.
I20260608 12:45:47.742134 15925 consensus_queue.cc:1048] T 2a774004ab2b47fba9b19afe9350517e P de2952985da54d3b9112fa69922660b7 [LEADER]: Connected to new peer: Peer: permanent_uuid: "f31f6f417a68498789d5a8a258afdc59" member_type: VOTER last_known_addr { host: "127.12.66.132" port: 40051 } attrs { replace: true }, Status: LMP_MISMATCH, Last received: 0.0, Next index: 2, Last known committed idx: 1, Time since last communication: 0.001s
I20260608 12:45:47.748353 16033 raft_consensus.cc:2955] T 2a774004ab2b47fba9b19afe9350517e P de2952985da54d3b9112fa69922660b7 [term 1 LEADER]: Committing config change with OpId 1.2: config changed from index -1 to 2, NON_VOTER 9583fcd13b484f07b237214a8e007040 (127.12.66.131) added. New config: { opid_index: 2 OBSOLETE_local: false peers { permanent_uuid: "f31f6f417a68498789d5a8a258afdc59" member_type: VOTER last_known_addr { host: "127.12.66.132" port: 40051 } attrs { replace: true } } peers { permanent_uuid: "582cd734741d486c9f58952f872aa71b" member_type: VOTER last_known_addr { host: "127.12.66.130" port: 45859 } } peers { permanent_uuid: "de2952985da54d3b9112fa69922660b7" member_type: VOTER last_known_addr { host: "127.12.66.129" port: 43203 } } peers { permanent_uuid: "9583fcd13b484f07b237214a8e007040" member_type: NON_VOTER last_known_addr { host: "127.12.66.131" port: 37103 } attrs { promote: true } } }
I20260608 12:45:47.750015 15605 raft_consensus.cc:2955] T 2a774004ab2b47fba9b19afe9350517e P 582cd734741d486c9f58952f872aa71b [term 1 FOLLOWER]: Committing config change with OpId 1.2: config changed from index -1 to 2, NON_VOTER 9583fcd13b484f07b237214a8e007040 (127.12.66.131) added. New config: { opid_index: 2 OBSOLETE_local: false peers { permanent_uuid: "f31f6f417a68498789d5a8a258afdc59" member_type: VOTER last_known_addr { host: "127.12.66.132" port: 40051 } attrs { replace: true } } peers { permanent_uuid: "582cd734741d486c9f58952f872aa71b" member_type: VOTER last_known_addr { host: "127.12.66.130" port: 45859 } } peers { permanent_uuid: "de2952985da54d3b9112fa69922660b7" member_type: VOTER last_known_addr { host: "127.12.66.129" port: 43203 } } peers { permanent_uuid: "9583fcd13b484f07b237214a8e007040" member_type: NON_VOTER last_known_addr { host: "127.12.66.131" port: 37103 } attrs { promote: true } } }
I20260608 12:45:47.755694 15833 raft_consensus.cc:2955] T 2a774004ab2b47fba9b19afe9350517e P f31f6f417a68498789d5a8a258afdc59 [term 1 FOLLOWER]: Committing config change with OpId 1.2: config changed from index -1 to 2, NON_VOTER 9583fcd13b484f07b237214a8e007040 (127.12.66.131) added. New config: { opid_index: 2 OBSOLETE_local: false peers { permanent_uuid: "f31f6f417a68498789d5a8a258afdc59" member_type: VOTER last_known_addr { host: "127.12.66.132" port: 40051 } attrs { replace: true } } peers { permanent_uuid: "582cd734741d486c9f58952f872aa71b" member_type: VOTER last_known_addr { host: "127.12.66.130" port: 45859 } } peers { permanent_uuid: "de2952985da54d3b9112fa69922660b7" member_type: VOTER last_known_addr { host: "127.12.66.129" port: 43203 } } peers { permanent_uuid: "9583fcd13b484f07b237214a8e007040" member_type: NON_VOTER last_known_addr { host: "127.12.66.131" port: 37103 } attrs { promote: true } } }
I20260608 12:45:47.772764 15425 catalog_manager.cc:5696] T 2a774004ab2b47fba9b19afe9350517e P f31f6f417a68498789d5a8a258afdc59 reported cstate change: config changed from index -1 to 2, NON_VOTER 9583fcd13b484f07b237214a8e007040 (127.12.66.131) added. New cstate: current_term: 1 leader_uuid: "de2952985da54d3b9112fa69922660b7" committed_config { opid_index: 2 OBSOLETE_local: false peers { permanent_uuid: "f31f6f417a68498789d5a8a258afdc59" member_type: VOTER last_known_addr { host: "127.12.66.132" port: 40051 } attrs { replace: true } } peers { permanent_uuid: "582cd734741d486c9f58952f872aa71b" member_type: VOTER last_known_addr { host: "127.12.66.130" port: 45859 } } peers { permanent_uuid: "de2952985da54d3b9112fa69922660b7" member_type: VOTER last_known_addr { host: "127.12.66.129" port: 43203 } } peers { permanent_uuid: "9583fcd13b484f07b237214a8e007040" member_type: NON_VOTER last_known_addr { host: "127.12.66.131" port: 37103 } attrs { promote: true } } }
I20260608 12:45:47.775723 15605 consensus_queue.cc:237] T 93f35f5a8ded4bd5b2678d5ddcdeb4e6 P 582cd734741d486c9f58952f872aa71b [LEADER]: Queue going to LEADER mode. State: All replicated index: 0, Majority replicated index: 1, Committed index: 1, Last appended: 1.1, Last appended by leader: 0, Current term: 1, Majority size: 2, State: 0, Mode: LEADER, active raft config: opid_index: 2 OBSOLETE_local: false peers { permanent_uuid: "de2952985da54d3b9112fa69922660b7" member_type: VOTER last_known_addr { host: "127.12.66.129" port: 43203 } } peers { permanent_uuid: "582cd734741d486c9f58952f872aa71b" member_type: VOTER last_known_addr { host: "127.12.66.130" port: 45859 } } peers { permanent_uuid: "9583fcd13b484f07b237214a8e007040" member_type: VOTER last_known_addr { host: "127.12.66.131" port: 37103 } attrs { replace: true } } peers { permanent_uuid: "f31f6f417a68498789d5a8a258afdc59" member_type: NON_VOTER last_known_addr { host: "127.12.66.132" port: 40051 } attrs { promote: true } }
I20260608 12:45:47.782431 15679 raft_consensus.cc:1275] T 93f35f5a8ded4bd5b2678d5ddcdeb4e6 P 9583fcd13b484f07b237214a8e007040 [term 1 FOLLOWER]: Refusing update from remote peer 582cd734741d486c9f58952f872aa71b: Log matching property violated. Preceding OpId in replica: term: 1 index: 1. Preceding OpId from leader: term: 1 index: 2. (index mismatch)
W20260608 12:45:47.782846 15572 consensus_peers.cc:597] T 93f35f5a8ded4bd5b2678d5ddcdeb4e6 P 582cd734741d486c9f58952f872aa71b -> Peer f31f6f417a68498789d5a8a258afdc59 (127.12.66.132:40051): Couldn't send request to peer f31f6f417a68498789d5a8a258afdc59. Error code: TABLET_NOT_FOUND (6). Status: Not found: Tablet not found: 93f35f5a8ded4bd5b2678d5ddcdeb4e6. This is attempt 1: this message will repeat every 5th retry.
I20260608 12:45:47.783108 15531 raft_consensus.cc:1275] T 93f35f5a8ded4bd5b2678d5ddcdeb4e6 P de2952985da54d3b9112fa69922660b7 [term 1 FOLLOWER]: Refusing update from remote peer 582cd734741d486c9f58952f872aa71b: Log matching property violated. Preceding OpId in replica: term: 1 index: 1. Preceding OpId from leader: term: 1 index: 2. (index mismatch)
I20260608 12:45:47.784755 15994 consensus_queue.cc:1048] T 93f35f5a8ded4bd5b2678d5ddcdeb4e6 P 582cd734741d486c9f58952f872aa71b [LEADER]: Connected to new peer: Peer: permanent_uuid: "9583fcd13b484f07b237214a8e007040" member_type: VOTER last_known_addr { host: "127.12.66.131" port: 37103 } attrs { replace: true }, Status: LMP_MISMATCH, Last received: 0.0, Next index: 2, Last known committed idx: 1, Time since last communication: 0.000s
I20260608 12:45:47.785739 15998 consensus_queue.cc:1048] T 93f35f5a8ded4bd5b2678d5ddcdeb4e6 P 582cd734741d486c9f58952f872aa71b [LEADER]: Connected to new peer: Peer: permanent_uuid: "de2952985da54d3b9112fa69922660b7" member_type: VOTER last_known_addr { host: "127.12.66.129" port: 43203 }, Status: LMP_MISMATCH, Last received: 0.0, Next index: 2, Last known committed idx: 1, Time since last communication: 0.000s
I20260608 12:45:47.796505 16046 raft_consensus.cc:2955] T 93f35f5a8ded4bd5b2678d5ddcdeb4e6 P 582cd734741d486c9f58952f872aa71b [term 1 LEADER]: Committing config change with OpId 1.2: config changed from index -1 to 2, NON_VOTER f31f6f417a68498789d5a8a258afdc59 (127.12.66.132) added. New config: { opid_index: 2 OBSOLETE_local: false peers { permanent_uuid: "de2952985da54d3b9112fa69922660b7" member_type: VOTER last_known_addr { host: "127.12.66.129" port: 43203 } } peers { permanent_uuid: "582cd734741d486c9f58952f872aa71b" member_type: VOTER last_known_addr { host: "127.12.66.130" port: 45859 } } peers { permanent_uuid: "9583fcd13b484f07b237214a8e007040" member_type: VOTER last_known_addr { host: "127.12.66.131" port: 37103 } attrs { replace: true } } peers { permanent_uuid: "f31f6f417a68498789d5a8a258afdc59" member_type: NON_VOTER last_known_addr { host: "127.12.66.132" port: 40051 } attrs { promote: true } } }
I20260608 12:45:47.797701 15679 raft_consensus.cc:2955] T 93f35f5a8ded4bd5b2678d5ddcdeb4e6 P 9583fcd13b484f07b237214a8e007040 [term 1 FOLLOWER]: Committing config change with OpId 1.2: config changed from index -1 to 2, NON_VOTER f31f6f417a68498789d5a8a258afdc59 (127.12.66.132) added. New config: { opid_index: 2 OBSOLETE_local: false peers { permanent_uuid: "de2952985da54d3b9112fa69922660b7" member_type: VOTER last_known_addr { host: "127.12.66.129" port: 43203 } } peers { permanent_uuid: "582cd734741d486c9f58952f872aa71b" member_type: VOTER last_known_addr { host: "127.12.66.130" port: 45859 } } peers { permanent_uuid: "9583fcd13b484f07b237214a8e007040" member_type: VOTER last_known_addr { host: "127.12.66.131" port: 37103 } attrs { replace: true } } peers { permanent_uuid: "f31f6f417a68498789d5a8a258afdc59" member_type: NON_VOTER last_known_addr { host: "127.12.66.132" port: 40051 } attrs { promote: true } } }
I20260608 12:45:47.798270 15531 raft_consensus.cc:2955] T 93f35f5a8ded4bd5b2678d5ddcdeb4e6 P de2952985da54d3b9112fa69922660b7 [term 1 FOLLOWER]: Committing config change with OpId 1.2: config changed from index -1 to 2, NON_VOTER f31f6f417a68498789d5a8a258afdc59 (127.12.66.132) added. New config: { opid_index: 2 OBSOLETE_local: false peers { permanent_uuid: "de2952985da54d3b9112fa69922660b7" member_type: VOTER last_known_addr { host: "127.12.66.129" port: 43203 } } peers { permanent_uuid: "582cd734741d486c9f58952f872aa71b" member_type: VOTER last_known_addr { host: "127.12.66.130" port: 45859 } } peers { permanent_uuid: "9583fcd13b484f07b237214a8e007040" member_type: VOTER last_known_addr { host: "127.12.66.131" port: 37103 } attrs { replace: true } } peers { permanent_uuid: "f31f6f417a68498789d5a8a258afdc59" member_type: NON_VOTER last_known_addr { host: "127.12.66.132" port: 40051 } attrs { promote: true } } }
I20260608 12:45:47.810341 15424 catalog_manager.cc:5696] T 93f35f5a8ded4bd5b2678d5ddcdeb4e6 P 582cd734741d486c9f58952f872aa71b reported cstate change: config changed from index -1 to 2, NON_VOTER f31f6f417a68498789d5a8a258afdc59 (127.12.66.132) added. New cstate: current_term: 1 leader_uuid: "582cd734741d486c9f58952f872aa71b" committed_config { opid_index: 2 OBSOLETE_local: false peers { permanent_uuid: "de2952985da54d3b9112fa69922660b7" member_type: VOTER last_known_addr { host: "127.12.66.129" port: 43203 } health_report { overall_health: HEALTHY } } peers { permanent_uuid: "582cd734741d486c9f58952f872aa71b" member_type: VOTER last_known_addr { host: "127.12.66.130" port: 45859 } health_report { overall_health: HEALTHY } } peers { permanent_uuid: "9583fcd13b484f07b237214a8e007040" member_type: VOTER last_known_addr { host: "127.12.66.131" port: 37103 } attrs { replace: true } health_report { overall_health: HEALTHY } } peers { permanent_uuid: "f31f6f417a68498789d5a8a258afdc59" member_type: NON_VOTER last_known_addr { host: "127.12.66.132" port: 40051 } attrs { promote: true } health_report { overall_health: UNKNOWN } } }
I20260608 12:45:47.824327 15833 consensus_queue.cc:237] T d0caa7efb1b7445a880c8abcde9bf644 P f31f6f417a68498789d5a8a258afdc59 [LEADER]: Queue going to LEADER mode. State: All replicated index: 0, Majority replicated index: 2, Committed index: 2, Last appended: 2.2, Last appended by leader: 1, Current term: 2, Majority size: 2, State: 0, Mode: LEADER, active raft config: opid_index: 3 OBSOLETE_local: false peers { permanent_uuid: "de2952985da54d3b9112fa69922660b7" member_type: VOTER last_known_addr { host: "127.12.66.129" port: 43203 } } peers { permanent_uuid: "f31f6f417a68498789d5a8a258afdc59" member_type: VOTER last_known_addr { host: "127.12.66.132" port: 40051 } attrs { replace: true } } peers { permanent_uuid: "9583fcd13b484f07b237214a8e007040" member_type: VOTER last_known_addr { host: "127.12.66.131" port: 37103 } } peers { permanent_uuid: "582cd734741d486c9f58952f872aa71b" member_type: NON_VOTER last_known_addr { host: "127.12.66.130" port: 45859 } attrs { promote: true } }
I20260608 12:45:47.831030 15679 raft_consensus.cc:1275] T d0caa7efb1b7445a880c8abcde9bf644 P 9583fcd13b484f07b237214a8e007040 [term 2 FOLLOWER]: Refusing update from remote peer f31f6f417a68498789d5a8a258afdc59: Log matching property violated. Preceding OpId in replica: term: 2 index: 2. Preceding OpId from leader: term: 2 index: 3. (index mismatch)
I20260608 12:45:47.831149 15531 raft_consensus.cc:1275] T d0caa7efb1b7445a880c8abcde9bf644 P de2952985da54d3b9112fa69922660b7 [term 2 FOLLOWER]: Refusing update from remote peer f31f6f417a68498789d5a8a258afdc59: Log matching property violated. Preceding OpId in replica: term: 2 index: 2. Preceding OpId from leader: term: 2 index: 3. (index mismatch)
W20260608 12:45:47.831298 15798 consensus_peers.cc:597] T d0caa7efb1b7445a880c8abcde9bf644 P f31f6f417a68498789d5a8a258afdc59 -> Peer 582cd734741d486c9f58952f872aa71b (127.12.66.130:45859): Couldn't send request to peer 582cd734741d486c9f58952f872aa71b. Error code: TABLET_NOT_FOUND (6). Status: Not found: Tablet not found: d0caa7efb1b7445a880c8abcde9bf644. This is attempt 1: this message will repeat every 5th retry.
I20260608 12:45:47.832525 16025 consensus_queue.cc:1048] T d0caa7efb1b7445a880c8abcde9bf644 P f31f6f417a68498789d5a8a258afdc59 [LEADER]: Connected to new peer: Peer: permanent_uuid: "de2952985da54d3b9112fa69922660b7" member_type: VOTER last_known_addr { host: "127.12.66.129" port: 43203 }, Status: LMP_MISMATCH, Last received: 0.0, Next index: 3, Last known committed idx: 2, Time since last communication: 0.000s
I20260608 12:45:47.833289 16027 consensus_queue.cc:1048] T d0caa7efb1b7445a880c8abcde9bf644 P f31f6f417a68498789d5a8a258afdc59 [LEADER]: Connected to new peer: Peer: permanent_uuid: "9583fcd13b484f07b237214a8e007040" member_type: VOTER last_known_addr { host: "127.12.66.131" port: 37103 }, Status: LMP_MISMATCH, Last received: 0.0, Next index: 3, Last known committed idx: 2, Time since last communication: 0.000s
I20260608 12:45:47.840771 15964 raft_consensus.cc:2955] T d0caa7efb1b7445a880c8abcde9bf644 P f31f6f417a68498789d5a8a258afdc59 [term 2 LEADER]: Committing config change with OpId 2.3: config changed from index -1 to 3, NON_VOTER 582cd734741d486c9f58952f872aa71b (127.12.66.130) added. New config: { opid_index: 3 OBSOLETE_local: false peers { permanent_uuid: "de2952985da54d3b9112fa69922660b7" member_type: VOTER last_known_addr { host: "127.12.66.129" port: 43203 } } peers { permanent_uuid: "f31f6f417a68498789d5a8a258afdc59" member_type: VOTER last_known_addr { host: "127.12.66.132" port: 40051 } attrs { replace: true } } peers { permanent_uuid: "9583fcd13b484f07b237214a8e007040" member_type: VOTER last_known_addr { host: "127.12.66.131" port: 37103 } } peers { permanent_uuid: "582cd734741d486c9f58952f872aa71b" member_type: NON_VOTER last_known_addr { host: "127.12.66.130" port: 45859 } attrs { promote: true } } }
I20260608 12:45:47.842468 15531 raft_consensus.cc:2955] T d0caa7efb1b7445a880c8abcde9bf644 P de2952985da54d3b9112fa69922660b7 [term 2 FOLLOWER]: Committing config change with OpId 2.3: config changed from index -1 to 3, NON_VOTER 582cd734741d486c9f58952f872aa71b (127.12.66.130) added. New config: { opid_index: 3 OBSOLETE_local: false peers { permanent_uuid: "de2952985da54d3b9112fa69922660b7" member_type: VOTER last_known_addr { host: "127.12.66.129" port: 43203 } } peers { permanent_uuid: "f31f6f417a68498789d5a8a258afdc59" member_type: VOTER last_known_addr { host: "127.12.66.132" port: 40051 } attrs { replace: true } } peers { permanent_uuid: "9583fcd13b484f07b237214a8e007040" member_type: VOTER last_known_addr { host: "127.12.66.131" port: 37103 } } peers { permanent_uuid: "582cd734741d486c9f58952f872aa71b" member_type: NON_VOTER last_known_addr { host: "127.12.66.130" port: 45859 } attrs { promote: true } } }
I20260608 12:45:47.843780 15679 raft_consensus.cc:2955] T d0caa7efb1b7445a880c8abcde9bf644 P 9583fcd13b484f07b237214a8e007040 [term 2 FOLLOWER]: Committing config change with OpId 2.3: config changed from index -1 to 3, NON_VOTER 582cd734741d486c9f58952f872aa71b (127.12.66.130) added. New config: { opid_index: 3 OBSOLETE_local: false peers { permanent_uuid: "de2952985da54d3b9112fa69922660b7" member_type: VOTER last_known_addr { host: "127.12.66.129" port: 43203 } } peers { permanent_uuid: "f31f6f417a68498789d5a8a258afdc59" member_type: VOTER last_known_addr { host: "127.12.66.132" port: 40051 } attrs { replace: true } } peers { permanent_uuid: "9583fcd13b484f07b237214a8e007040" member_type: VOTER last_known_addr { host: "127.12.66.131" port: 37103 } } peers { permanent_uuid: "582cd734741d486c9f58952f872aa71b" member_type: NON_VOTER last_known_addr { host: "127.12.66.130" port: 45859 } attrs { promote: true } } }
I20260608 12:45:47.852782 15424 catalog_manager.cc:5696] T d0caa7efb1b7445a880c8abcde9bf644 P f31f6f417a68498789d5a8a258afdc59 reported cstate change: config changed from index -1 to 3, NON_VOTER 582cd734741d486c9f58952f872aa71b (127.12.66.130) added. New cstate: current_term: 2 leader_uuid: "f31f6f417a68498789d5a8a258afdc59" committed_config { opid_index: 3 OBSOLETE_local: false peers { permanent_uuid: "de2952985da54d3b9112fa69922660b7" member_type: VOTER last_known_addr { host: "127.12.66.129" port: 43203 } health_report { overall_health: HEALTHY } } peers { permanent_uuid: "f31f6f417a68498789d5a8a258afdc59" member_type: VOTER last_known_addr { host: "127.12.66.132" port: 40051 } attrs { replace: true } health_report { overall_health: HEALTHY } } peers { permanent_uuid: "9583fcd13b484f07b237214a8e007040" member_type: VOTER last_known_addr { host: "127.12.66.131" port: 37103 } health_report { overall_health: HEALTHY } } peers { permanent_uuid: "582cd734741d486c9f58952f872aa71b" member_type: NON_VOTER last_known_addr { host: "127.12.66.130" port: 45859 } attrs { promote: true } health_report { overall_health: UNKNOWN } } }
I20260608 12:45:47.866061 15833 tablet_service.cc:2072] Received LeaderStepDown RPC: tablet_id: "d0caa7efb1b7445a880c8abcde9bf644"
dest_uuid: "f31f6f417a68498789d5a8a258afdc59"
mode: GRACEFUL
 from {username='slave'} at 127.0.0.1:33056
I20260608 12:45:47.866662 15833 raft_consensus.cc:606] T d0caa7efb1b7445a880c8abcde9bf644 P f31f6f417a68498789d5a8a258afdc59 [term 2 LEADER]: Received request to transfer leadership
I20260608 12:45:47.876809 15833 tablet_service.cc:2072] Received LeaderStepDown RPC: tablet_id: "d0caa7efb1b7445a880c8abcde9bf644"
dest_uuid: "f31f6f417a68498789d5a8a258afdc59"
mode: GRACEFUL
 from {username='slave'} at 127.0.0.1:33056
I20260608 12:45:47.877292 15833 raft_consensus.cc:606] T d0caa7efb1b7445a880c8abcde9bf644 P f31f6f417a68498789d5a8a258afdc59 [term 2 LEADER]: Received request to transfer leadership
W20260608 12:45:47.878207 15416 proxy.cc:239] Call had error, refreshing address and retrying: Remote error: Service unavailable: leadership transfer for d0caa7efb1b7445a880c8abcde9bf644 already in progress [suppressed 1 similar messages]
I20260608 12:45:47.881340 15833 tablet_service.cc:2072] Received LeaderStepDown RPC: tablet_id: "d0caa7efb1b7445a880c8abcde9bf644"
dest_uuid: "f31f6f417a68498789d5a8a258afdc59"
mode: GRACEFUL
 from {username='slave'} at 127.0.0.1:33056
I20260608 12:45:47.881875 15833 raft_consensus.cc:606] T d0caa7efb1b7445a880c8abcde9bf644 P f31f6f417a68498789d5a8a258afdc59 [term 2 LEADER]: Received request to transfer leadership
W20260608 12:45:47.885695 15477 auto_rebalancer.cc:855] Removing replace marker failed: Service unavailable: leader transfer in progress
W20260608 12:45:47.885975 15477 auto_rebalancer.cc:863] Could not move replica: Remote error: Service unavailable: leadership transfer for d0caa7efb1b7445a880c8abcde9bf644 already in progress
W20260608 12:45:47.886205 15477 auto_rebalancer.cc:301] scheduled replica move failed to complete: Remote error: Service unavailable: leadership transfer for d0caa7efb1b7445a880c8abcde9bf644 already in progress
I20260608 12:45:48.213789 16052 ts_tablet_manager.cc:933] T 2a774004ab2b47fba9b19afe9350517e P 9583fcd13b484f07b237214a8e007040: Initiating tablet copy from peer de2952985da54d3b9112fa69922660b7 (127.12.66.129:43203)
I20260608 12:45:48.215427 16052 tablet_copy_client.cc:323] T 2a774004ab2b47fba9b19afe9350517e P 9583fcd13b484f07b237214a8e007040: tablet copy: Beginning tablet copy session from remote peer at address 127.12.66.129:43203
I20260608 12:45:48.217268 15541 tablet_copy_service.cc:140] P de2952985da54d3b9112fa69922660b7: Received BeginTabletCopySession request for tablet 2a774004ab2b47fba9b19afe9350517e from peer 9583fcd13b484f07b237214a8e007040 ({username='slave'} at 127.0.0.1:36072)
I20260608 12:45:48.217743 15541 tablet_copy_service.cc:161] P de2952985da54d3b9112fa69922660b7: Beginning new tablet copy session on tablet 2a774004ab2b47fba9b19afe9350517e from peer 9583fcd13b484f07b237214a8e007040 at {username='slave'} at 127.0.0.1:36072: session id = 9583fcd13b484f07b237214a8e007040-2a774004ab2b47fba9b19afe9350517e
I20260608 12:45:48.223075 15541 tablet_copy_source_session.cc:215] T 2a774004ab2b47fba9b19afe9350517e P de2952985da54d3b9112fa69922660b7: Tablet Copy: opened 0 blocks and 1 log segments
I20260608 12:45:48.226433 16052 data_dirs.cc:400] Could only allocate 1 dirs of requested 3 for tablet 2a774004ab2b47fba9b19afe9350517e. 1 dirs total, 0 dirs full, 0 dirs failed
I20260608 12:45:48.229475 16054 ts_tablet_manager.cc:933] T d1d9608452d24310a392bef28e29eff9 P f31f6f417a68498789d5a8a258afdc59: Initiating tablet copy from peer de2952985da54d3b9112fa69922660b7 (127.12.66.129:43203)
I20260608 12:45:48.237872 16021 raft_consensus.cc:993] T d0caa7efb1b7445a880c8abcde9bf644 P f31f6f417a68498789d5a8a258afdc59: : Instructing follower de2952985da54d3b9112fa69922660b7 to start an election
I20260608 12:45:48.238524 16021 raft_consensus.cc:1081] T d0caa7efb1b7445a880c8abcde9bf644 P f31f6f417a68498789d5a8a258afdc59 [term 2 LEADER]: Signalling peer de2952985da54d3b9112fa69922660b7 to start an election
I20260608 12:45:48.239289 16054 tablet_copy_client.cc:323] T d1d9608452d24310a392bef28e29eff9 P f31f6f417a68498789d5a8a258afdc59: tablet copy: Beginning tablet copy session from remote peer at address 127.12.66.129:43203
I20260608 12:45:48.240675 15531 tablet_service.cc:2044] Received Run Leader Election RPC: tablet_id: "d0caa7efb1b7445a880c8abcde9bf644"
dest_uuid: "de2952985da54d3b9112fa69922660b7"
 from {username='slave'} at 127.0.0.1:36088
I20260608 12:45:48.241271 15531 raft_consensus.cc:493] T d0caa7efb1b7445a880c8abcde9bf644 P de2952985da54d3b9112fa69922660b7 [term 2 FOLLOWER]: Starting forced leader election (received explicit request)
I20260608 12:45:48.241637 15531 raft_consensus.cc:3060] T d0caa7efb1b7445a880c8abcde9bf644 P de2952985da54d3b9112fa69922660b7 [term 2 FOLLOWER]: Advancing to term 3
I20260608 12:45:48.241544 15541 tablet_copy_service.cc:140] P de2952985da54d3b9112fa69922660b7: Received BeginTabletCopySession request for tablet d1d9608452d24310a392bef28e29eff9 from peer f31f6f417a68498789d5a8a258afdc59 ({username='slave'} at 127.0.0.1:36088)
I20260608 12:45:48.242504 15541 tablet_copy_service.cc:161] P de2952985da54d3b9112fa69922660b7: Beginning new tablet copy session on tablet d1d9608452d24310a392bef28e29eff9 from peer f31f6f417a68498789d5a8a258afdc59 at {username='slave'} at 127.0.0.1:36088: session id = f31f6f417a68498789d5a8a258afdc59-d1d9608452d24310a392bef28e29eff9
I20260608 12:45:48.247435 16052 tablet_copy_client.cc:806] T 2a774004ab2b47fba9b19afe9350517e P 9583fcd13b484f07b237214a8e007040: tablet copy: Starting download of 0 data blocks...
I20260608 12:45:48.248207 16052 tablet_copy_client.cc:670] T 2a774004ab2b47fba9b19afe9350517e P 9583fcd13b484f07b237214a8e007040: tablet copy: Starting download of 1 WAL segments...
I20260608 12:45:48.248258 15531 raft_consensus.cc:515] T d0caa7efb1b7445a880c8abcde9bf644 P de2952985da54d3b9112fa69922660b7 [term 3 FOLLOWER]: Starting forced leader election with config: opid_index: 3 OBSOLETE_local: false peers { permanent_uuid: "de2952985da54d3b9112fa69922660b7" member_type: VOTER last_known_addr { host: "127.12.66.129" port: 43203 } } peers { permanent_uuid: "f31f6f417a68498789d5a8a258afdc59" member_type: VOTER last_known_addr { host: "127.12.66.132" port: 40051 } attrs { replace: true } } peers { permanent_uuid: "9583fcd13b484f07b237214a8e007040" member_type: VOTER last_known_addr { host: "127.12.66.131" port: 37103 } } peers { permanent_uuid: "582cd734741d486c9f58952f872aa71b" member_type: NON_VOTER last_known_addr { host: "127.12.66.130" port: 45859 } attrs { promote: true } }
I20260608 12:45:48.250594 15531 leader_election.cc:290] T d0caa7efb1b7445a880c8abcde9bf644 P de2952985da54d3b9112fa69922660b7 [CANDIDATE]: Term 3 election: Requested vote from peers f31f6f417a68498789d5a8a258afdc59 (127.12.66.132:40051), 9583fcd13b484f07b237214a8e007040 (127.12.66.131:37103)
I20260608 12:45:48.254191 15833 tablet_service.cc:1917] Received RequestConsensusVote() RPC: tablet_id: "d0caa7efb1b7445a880c8abcde9bf644" candidate_uuid: "de2952985da54d3b9112fa69922660b7" candidate_term: 3 candidate_status { last_received { term: 2 index: 3 } } ignore_live_leader: true dest_uuid: "f31f6f417a68498789d5a8a258afdc59"
I20260608 12:45:48.254536 16052 tablet_copy_client.cc:538] T 2a774004ab2b47fba9b19afe9350517e P 9583fcd13b484f07b237214a8e007040: tablet copy: Tablet Copy complete. Replacing tablet superblock.
I20260608 12:45:48.254848 15833 raft_consensus.cc:3055] T d0caa7efb1b7445a880c8abcde9bf644 P f31f6f417a68498789d5a8a258afdc59 [term 2 LEADER]: Stepping down as leader of term 2
I20260608 12:45:48.255177 15833 raft_consensus.cc:740] T d0caa7efb1b7445a880c8abcde9bf644 P f31f6f417a68498789d5a8a258afdc59 [term 2 LEADER]: Becoming Follower/Learner. State: Replica: f31f6f417a68498789d5a8a258afdc59, State: Running, Role: LEADER
I20260608 12:45:48.255988 15833 consensus_queue.cc:260] T d0caa7efb1b7445a880c8abcde9bf644 P f31f6f417a68498789d5a8a258afdc59 [NON_LEADER]: Queue going to NON_LEADER mode. State: All replicated index: 0, Majority replicated index: 3, Committed index: 3, Last appended: 2.3, Last appended by leader: 3, Current term: 2, Majority size: -1, State: 0, Mode: NON_LEADER, active raft config: opid_index: 3 OBSOLETE_local: false peers { permanent_uuid: "de2952985da54d3b9112fa69922660b7" member_type: VOTER last_known_addr { host: "127.12.66.129" port: 43203 } } peers { permanent_uuid: "f31f6f417a68498789d5a8a258afdc59" member_type: VOTER last_known_addr { host: "127.12.66.132" port: 40051 } attrs { replace: true } } peers { permanent_uuid: "9583fcd13b484f07b237214a8e007040" member_type: VOTER last_known_addr { host: "127.12.66.131" port: 37103 } } peers { permanent_uuid: "582cd734741d486c9f58952f872aa71b" member_type: NON_VOTER last_known_addr { host: "127.12.66.130" port: 45859 } attrs { promote: true } }
I20260608 12:45:48.259268 15679 tablet_service.cc:1917] Received RequestConsensusVote() RPC: tablet_id: "d0caa7efb1b7445a880c8abcde9bf644" candidate_uuid: "de2952985da54d3b9112fa69922660b7" candidate_term: 3 candidate_status { last_received { term: 2 index: 3 } } ignore_live_leader: true dest_uuid: "9583fcd13b484f07b237214a8e007040"
I20260608 12:45:48.260216 15679 raft_consensus.cc:3060] T d0caa7efb1b7445a880c8abcde9bf644 P 9583fcd13b484f07b237214a8e007040 [term 2 FOLLOWER]: Advancing to term 3
I20260608 12:45:48.266705 16052 tablet_bootstrap.cc:492] T 2a774004ab2b47fba9b19afe9350517e P 9583fcd13b484f07b237214a8e007040: Bootstrap starting.
I20260608 12:45:48.266238 15833 raft_consensus.cc:3060] T d0caa7efb1b7445a880c8abcde9bf644 P f31f6f417a68498789d5a8a258afdc59 [term 2 FOLLOWER]: Advancing to term 3
I20260608 12:45:48.271672 15541 tablet_copy_source_session.cc:215] T d1d9608452d24310a392bef28e29eff9 P de2952985da54d3b9112fa69922660b7: Tablet Copy: opened 0 blocks and 1 log segments
I20260608 12:45:48.272416 15679 raft_consensus.cc:2468] T d0caa7efb1b7445a880c8abcde9bf644 P 9583fcd13b484f07b237214a8e007040 [term 3 FOLLOWER]: Leader election vote request: Granting yes vote for candidate de2952985da54d3b9112fa69922660b7 in term 3.
