I20260608 12:46:14.231122 15907 ts_tablet_manager.cc:1434] T 663c792d03bf4c499927825b6cc18a39 P 5537f02350b44690a3388dc90e502264: Time spent starting tablet: real 0.259s	user 0.030s	sys 0.009s
I20260608 12:46:14.231995 15907 tablet_bootstrap.cc:492] T 755f2468c9f74e51b8b42548d14d604b P 5537f02350b44690a3388dc90e502264: Bootstrap starting.
I20260608 12:46:14.242213 15914 consensus_queue.cc:1048] T f14fd580666b4379b68f5817ba99bc78 P 5537f02350b44690a3388dc90e502264 [LEADER]: Connected to new peer: Peer: permanent_uuid: "922e56c400684a9a8486f31edaa46cfb" member_type: VOTER last_known_addr { host: "127.12.99.1" port: 32965 }, Status: LMP_MISMATCH, Last received: 0.0, Next index: 1, Last known committed idx: 0, Time since last communication: 0.000s
W20260608 12:46:14.237179 15752 leader_election.cc:343] T e49387967d844cc2923632319a717f55 P f882c6f53bbb403d8b0e710e40845e6f [CANDIDATE]: Term 1 pre-election: Tablet error from VoteRequest() call to peer 2a789ab6492b47bba1b1f9c7dcf618be (127.12.99.4:45205): Illegal state: must be running to vote when last-logged opid is not known
I20260608 12:46:14.268867 15712 tablet_service.cc:1917] Received RequestConsensusVote() RPC: tablet_id: "05e4a4fb6817496b8bbd27561fc8d767" candidate_uuid: "5537f02350b44690a3388dc90e502264" candidate_term: 1 candidate_status { last_received { term: 0 index: 0 } } ignore_live_leader: false dest_uuid: "922e56c400684a9a8486f31edaa46cfb" is_pre_election: true
I20260608 12:46:14.275087 15953 raft_consensus.cc:515] T e49387967d844cc2923632319a717f55 P f882c6f53bbb403d8b0e710e40845e6f [term 1 FOLLOWER]: Starting leader election with config: opid_index: -1 OBSOLETE_local: false peers { permanent_uuid: "2a789ab6492b47bba1b1f9c7dcf618be" member_type: VOTER last_known_addr { host: "127.12.99.4" port: 45205 } } peers { permanent_uuid: "f882c6f53bbb403d8b0e710e40845e6f" member_type: VOTER last_known_addr { host: "127.12.99.2" port: 46267 } } peers { permanent_uuid: "922e56c400684a9a8486f31edaa46cfb" member_type: VOTER last_known_addr { host: "127.12.99.1" port: 32965 } }
I20260608 12:46:14.277463 15953 leader_election.cc:290] T e49387967d844cc2923632319a717f55 P f882c6f53bbb403d8b0e710e40845e6f [CANDIDATE]: Term 1 election: Requested vote from peers 2a789ab6492b47bba1b1f9c7dcf618be (127.12.99.4:45205), 922e56c400684a9a8486f31edaa46cfb (127.12.99.1:32965)
I20260608 12:46:14.279564 16014 tablet_service.cc:1917] Received RequestConsensusVote() RPC: tablet_id: "e49387967d844cc2923632319a717f55" candidate_uuid: "f882c6f53bbb403d8b0e710e40845e6f" candidate_term: 1 candidate_status { last_received { term: 0 index: 0 } } ignore_live_leader: false dest_uuid: "2a789ab6492b47bba1b1f9c7dcf618be"
I20260608 12:46:14.282328 15710 tablet_service.cc:1917] Received RequestConsensusVote() RPC: tablet_id: "e49387967d844cc2923632319a717f55" candidate_uuid: "f882c6f53bbb403d8b0e710e40845e6f" candidate_term: 1 candidate_status { last_received { term: 0 index: 0 } } ignore_live_leader: false dest_uuid: "922e56c400684a9a8486f31edaa46cfb"
W20260608 12:46:14.284045 15752 leader_election.cc:343] T e49387967d844cc2923632319a717f55 P f882c6f53bbb403d8b0e710e40845e6f [CANDIDATE]: Term 1 election: Tablet error from VoteRequest() call to peer 2a789ab6492b47bba1b1f9c7dcf618be (127.12.99.4:45205): Illegal state: must be running to vote when last-logged opid is not known
I20260608 12:46:14.284766 15710 raft_consensus.cc:3060] T e49387967d844cc2923632319a717f55 P 922e56c400684a9a8486f31edaa46cfb [term 0 FOLLOWER]: Advancing to term 1
I20260608 12:46:14.298826 15909 raft_consensus.cc:359] T 2d3ac93462a74f5da314fa0e3010c687 P f882c6f53bbb403d8b0e710e40845e6f [term 0 FOLLOWER]: Replica starting. Triggering 0 pending ops. Active config: opid_index: -1 OBSOLETE_local: false peers { permanent_uuid: "f882c6f53bbb403d8b0e710e40845e6f" member_type: VOTER last_known_addr { host: "127.12.99.2" port: 46267 } } peers { permanent_uuid: "2a789ab6492b47bba1b1f9c7dcf618be" member_type: VOTER last_known_addr { host: "127.12.99.4" port: 45205 } } peers { permanent_uuid: "922e56c400684a9a8486f31edaa46cfb" member_type: VOTER last_known_addr { host: "127.12.99.1" port: 32965 } }
I20260608 12:46:14.299435 15909 raft_consensus.cc:385] T 2d3ac93462a74f5da314fa0e3010c687 P f882c6f53bbb403d8b0e710e40845e6f [term 0 FOLLOWER]: Consensus starting up: Expiring failure detector timer to make a prompt election more likely
I20260608 12:46:14.299710 15909 raft_consensus.cc:740] T 2d3ac93462a74f5da314fa0e3010c687 P f882c6f53bbb403d8b0e710e40845e6f [term 0 FOLLOWER]: Becoming Follower/Learner. State: Replica: f882c6f53bbb403d8b0e710e40845e6f, State: Initialized, Role: FOLLOWER
I20260608 12:46:14.292972 15908 raft_consensus.cc:359] T 0cbd939ab77341f28891234705eb90b9 P 922e56c400684a9a8486f31edaa46cfb [term 0 FOLLOWER]: Replica starting. Triggering 0 pending ops. Active config: opid_index: -1 OBSOLETE_local: false peers { permanent_uuid: "5537f02350b44690a3388dc90e502264" member_type: VOTER last_known_addr { host: "127.12.99.3" port: 39099 } } peers { permanent_uuid: "2a789ab6492b47bba1b1f9c7dcf618be" member_type: VOTER last_known_addr { host: "127.12.99.4" port: 45205 } } peers { permanent_uuid: "922e56c400684a9a8486f31edaa46cfb" member_type: VOTER last_known_addr { host: "127.12.99.1" port: 32965 } }
I20260608 12:46:14.300578 15908 raft_consensus.cc:385] T 0cbd939ab77341f28891234705eb90b9 P 922e56c400684a9a8486f31edaa46cfb [term 0 FOLLOWER]: Consensus starting up: Expiring failure detector timer to make a prompt election more likely
I20260608 12:46:14.300894 15908 raft_consensus.cc:740] T 0cbd939ab77341f28891234705eb90b9 P 922e56c400684a9a8486f31edaa46cfb [term 0 FOLLOWER]: Becoming Follower/Learner. State: Replica: 922e56c400684a9a8486f31edaa46cfb, State: Initialized, Role: FOLLOWER
W20260608 12:46:14.305378 15827 leader_election.cc:343] T 05e4a4fb6817496b8bbd27561fc8d767 P 5537f02350b44690a3388dc90e502264 [CANDIDATE]: Term 1 pre-election: Tablet error from VoteRequest() call to peer 922e56c400684a9a8486f31edaa46cfb (127.12.99.1:32965): Illegal state: must be running to vote when last-logged opid is not known
I20260608 12:46:14.308424 15909 consensus_queue.cc:260] T 2d3ac93462a74f5da314fa0e3010c687 P f882c6f53bbb403d8b0e710e40845e6f [NON_LEADER]: Queue going to NON_LEADER mode. State: All replicated index: 0, Majority replicated index: 0, Committed index: 0, Last appended: 0.0, Last appended by leader: 0, Current term: 0, Majority size: -1, State: 0, Mode: NON_LEADER, active raft config: opid_index: -1 OBSOLETE_local: false peers { permanent_uuid: "f882c6f53bbb403d8b0e710e40845e6f" member_type: VOTER last_known_addr { host: "127.12.99.2" port: 46267 } } peers { permanent_uuid: "2a789ab6492b47bba1b1f9c7dcf618be" member_type: VOTER last_known_addr { host: "127.12.99.4" port: 45205 } } peers { permanent_uuid: "922e56c400684a9a8486f31edaa46cfb" member_type: VOTER last_known_addr { host: "127.12.99.1" port: 32965 } }
I20260608 12:46:14.309135 15908 consensus_queue.cc:260] T 0cbd939ab77341f28891234705eb90b9 P 922e56c400684a9a8486f31edaa46cfb [NON_LEADER]: Queue going to NON_LEADER mode. State: All replicated index: 0, Majority replicated index: 0, Committed index: 0, Last appended: 0.0, Last appended by leader: 0, Current term: 0, Majority size: -1, State: 0, Mode: NON_LEADER, active raft config: opid_index: -1 OBSOLETE_local: false peers { permanent_uuid: "5537f02350b44690a3388dc90e502264" member_type: VOTER last_known_addr { host: "127.12.99.3" port: 39099 } } peers { permanent_uuid: "2a789ab6492b47bba1b1f9c7dcf618be" member_type: VOTER last_known_addr { host: "127.12.99.4" port: 45205 } } peers { permanent_uuid: "922e56c400684a9a8486f31edaa46cfb" member_type: VOTER last_known_addr { host: "127.12.99.1" port: 32965 } }
I20260608 12:46:14.312290 15909 ts_tablet_manager.cc:1434] T 2d3ac93462a74f5da314fa0e3010c687 P f882c6f53bbb403d8b0e710e40845e6f: Time spent starting tablet: real 0.095s	user 0.007s	sys 0.000s
I20260608 12:46:14.327726 16014 tablet_service.cc:1917] Received RequestConsensusVote() RPC: tablet_id: "2d3ac93462a74f5da314fa0e3010c687" candidate_uuid: "922e56c400684a9a8486f31edaa46cfb" candidate_term: 1 candidate_status { last_received { term: 0 index: 0 } } ignore_live_leader: false dest_uuid: "2a789ab6492b47bba1b1f9c7dcf618be" is_pre_election: true
I20260608 12:46:14.314716 15914 raft_consensus.cc:493] T 663c792d03bf4c499927825b6cc18a39 P 5537f02350b44690a3388dc90e502264 [term 0 FOLLOWER]: Starting pre-election (no leader contacted us within the election timeout)
I20260608 12:46:14.328651 15909 tablet_bootstrap.cc:492] T 663c792d03bf4c499927825b6cc18a39 P f882c6f53bbb403d8b0e710e40845e6f: Bootstrap starting.
I20260608 12:46:14.328822 15914 raft_consensus.cc:515] T 663c792d03bf4c499927825b6cc18a39 P 5537f02350b44690a3388dc90e502264 [term 0 FOLLOWER]: Starting pre-election with config: opid_index: -1 OBSOLETE_local: false peers { permanent_uuid: "f882c6f53bbb403d8b0e710e40845e6f" member_type: VOTER last_known_addr { host: "127.12.99.2" port: 46267 } } peers { permanent_uuid: "5537f02350b44690a3388dc90e502264" member_type: VOTER last_known_addr { host: "127.12.99.3" port: 39099 } } peers { permanent_uuid: "2a789ab6492b47bba1b1f9c7dcf618be" member_type: VOTER last_known_addr { host: "127.12.99.4" port: 45205 } }
W20260608 12:46:14.329418 15677 leader_election.cc:343] T 2d3ac93462a74f5da314fa0e3010c687 P 922e56c400684a9a8486f31edaa46cfb [CANDIDATE]: Term 1 pre-election: Tablet error from VoteRequest() call to peer 2a789ab6492b47bba1b1f9c7dcf618be (127.12.99.4:45205): Illegal state: must be running to vote when last-logged opid is not known
I20260608 12:46:14.329975 15677 leader_election.cc:304] T 2d3ac93462a74f5da314fa0e3010c687 P 922e56c400684a9a8486f31edaa46cfb [CANDIDATE]: Term 1 pre-election: Election decided. Result: candidate lost. Election summary: received 3 responses out of 3 voters: 1 yes votes; 2 no votes. yes voters: 922e56c400684a9a8486f31edaa46cfb; no voters: 2a789ab6492b47bba1b1f9c7dcf618be, f882c6f53bbb403d8b0e710e40845e6f
I20260608 12:46:14.332760 15788 tablet_service.cc:1917] Received RequestConsensusVote() RPC: tablet_id: "663c792d03bf4c499927825b6cc18a39" candidate_uuid: "5537f02350b44690a3388dc90e502264" candidate_term: 1 candidate_status { last_received { term: 0 index: 0 } } ignore_live_leader: false dest_uuid: "f882c6f53bbb403d8b0e710e40845e6f" is_pre_election: true
I20260608 12:46:14.318113 15907 tablet_bootstrap.cc:654] T 755f2468c9f74e51b8b42548d14d604b P 5537f02350b44690a3388dc90e502264: Neither blocks nor log segments found. Creating new log.
W20260608 12:46:14.335513 15827 leader_election.cc:343] T 663c792d03bf4c499927825b6cc18a39 P 5537f02350b44690a3388dc90e502264 [CANDIDATE]: Term 1 pre-election: Tablet error from VoteRequest() call to peer f882c6f53bbb403d8b0e710e40845e6f (127.12.99.2:46267): Illegal state: must be running to vote when last-logged opid is not known
I20260608 12:46:14.339421 15908 ts_tablet_manager.cc:1434] T 0cbd939ab77341f28891234705eb90b9 P 922e56c400684a9a8486f31edaa46cfb: Time spent starting tablet: real 0.108s	user 0.007s	sys 0.001s
I20260608 12:46:14.340332 15908 tablet_bootstrap.cc:492] T 05e4a4fb6817496b8bbd27561fc8d767 P 922e56c400684a9a8486f31edaa46cfb: Bootstrap starting.
I20260608 12:46:14.331872 15710 raft_consensus.cc:2468] T e49387967d844cc2923632319a717f55 P 922e56c400684a9a8486f31edaa46cfb [term 1 FOLLOWER]: Leader election vote request: Granting yes vote for candidate f882c6f53bbb403d8b0e710e40845e6f in term 1.
I20260608 12:46:14.339352 15925 raft_consensus.cc:2749] T 2d3ac93462a74f5da314fa0e3010c687 P 922e56c400684a9a8486f31edaa46cfb [term 0 FOLLOWER]: Leader pre-election lost for term 1. Reason: could not achieve majority
I20260608 12:46:14.344018 15753 leader_election.cc:304] T e49387967d844cc2923632319a717f55 P f882c6f53bbb403d8b0e710e40845e6f [CANDIDATE]: Term 1 election: Election decided. Result: candidate won. Election summary: received 3 responses out of 3 voters: 2 yes votes; 1 no votes. yes voters: 922e56c400684a9a8486f31edaa46cfb, f882c6f53bbb403d8b0e710e40845e6f; no voters: 2a789ab6492b47bba1b1f9c7dcf618be
I20260608 12:46:14.341413 15914 leader_election.cc:290] T 663c792d03bf4c499927825b6cc18a39 P 5537f02350b44690a3388dc90e502264 [CANDIDATE]: Term 1 pre-election: Requested pre-vote from peers f882c6f53bbb403d8b0e710e40845e6f (127.12.99.2:46267), 2a789ab6492b47bba1b1f9c7dcf618be (127.12.99.4:45205)
I20260608 12:46:14.346138 15953 raft_consensus.cc:2804] T e49387967d844cc2923632319a717f55 P f882c6f53bbb403d8b0e710e40845e6f [term 1 FOLLOWER]: Leader election won for term 1
I20260608 12:46:14.347345 15953 raft_consensus.cc:697] T e49387967d844cc2923632319a717f55 P f882c6f53bbb403d8b0e710e40845e6f [term 1 LEADER]: Becoming Leader. State: Replica: f882c6f53bbb403d8b0e710e40845e6f, State: Running, Role: LEADER
I20260608 12:46:14.348665 15953 consensus_queue.cc:237] T e49387967d844cc2923632319a717f55 P f882c6f53bbb403d8b0e710e40845e6f [LEADER]: Queue going to LEADER mode. State: All replicated index: 0, Majority replicated index: 0, Committed index: 0, Last appended: 0.0, Last appended by leader: 0, Current term: 1, Majority size: 2, State: 0, Mode: LEADER, active raft config: opid_index: -1 OBSOLETE_local: false peers { permanent_uuid: "2a789ab6492b47bba1b1f9c7dcf618be" member_type: VOTER last_known_addr { host: "127.12.99.4" port: 45205 } } peers { permanent_uuid: "f882c6f53bbb403d8b0e710e40845e6f" member_type: VOTER last_known_addr { host: "127.12.99.2" port: 46267 } } peers { permanent_uuid: "922e56c400684a9a8486f31edaa46cfb" member_type: VOTER last_known_addr { host: "127.12.99.1" port: 32965 } }
I20260608 12:46:14.359238 16061 tablet_bootstrap.cc:492] T 755f2468c9f74e51b8b42548d14d604b P 2a789ab6492b47bba1b1f9c7dcf618be: No bootstrap required, opened a new log
I20260608 12:46:14.359990 16061 ts_tablet_manager.cc:1403] T 755f2468c9f74e51b8b42548d14d604b P 2a789ab6492b47bba1b1f9c7dcf618be: Time spent bootstrapping tablet: real 0.217s	user 0.009s	sys 0.008s
I20260608 12:46:14.366245 15909 tablet_bootstrap.cc:654] T 663c792d03bf4c499927825b6cc18a39 P f882c6f53bbb403d8b0e710e40845e6f: Neither blocks nor log segments found. Creating new log.
I20260608 12:46:14.373592 16061 raft_consensus.cc:359] T 755f2468c9f74e51b8b42548d14d604b P 2a789ab6492b47bba1b1f9c7dcf618be [term 0 FOLLOWER]: Replica starting. Triggering 0 pending ops. Active config: opid_index: -1 OBSOLETE_local: false peers { permanent_uuid: "2a789ab6492b47bba1b1f9c7dcf618be" member_type: VOTER last_known_addr { host: "127.12.99.4" port: 45205 } } peers { permanent_uuid: "f882c6f53bbb403d8b0e710e40845e6f" member_type: VOTER last_known_addr { host: "127.12.99.2" port: 46267 } } peers { permanent_uuid: "5537f02350b44690a3388dc90e502264" member_type: VOTER last_known_addr { host: "127.12.99.3" port: 39099 } }
I20260608 12:46:14.374440 16061 raft_consensus.cc:385] T 755f2468c9f74e51b8b42548d14d604b P 2a789ab6492b47bba1b1f9c7dcf618be [term 0 FOLLOWER]: Consensus starting up: Expiring failure detector timer to make a prompt election more likely
I20260608 12:46:14.374747 16061 raft_consensus.cc:740] T 755f2468c9f74e51b8b42548d14d604b P 2a789ab6492b47bba1b1f9c7dcf618be [term 0 FOLLOWER]: Becoming Follower/Learner. State: Replica: 2a789ab6492b47bba1b1f9c7dcf618be, State: Initialized, Role: FOLLOWER
I20260608 12:46:14.378566 15907 tablet_bootstrap.cc:492] T 755f2468c9f74e51b8b42548d14d604b P 5537f02350b44690a3388dc90e502264: No bootstrap required, opened a new log
I20260608 12:46:14.382402 15907 ts_tablet_manager.cc:1403] T 755f2468c9f74e51b8b42548d14d604b P 5537f02350b44690a3388dc90e502264: Time spent bootstrapping tablet: real 0.151s	user 0.011s	sys 0.002s
I20260608 12:46:14.386179 15908 tablet_bootstrap.cc:654] T 05e4a4fb6817496b8bbd27561fc8d767 P 922e56c400684a9a8486f31edaa46cfb: Neither blocks nor log segments found. Creating new log.
I20260608 12:46:14.390043 16061 consensus_queue.cc:260] T 755f2468c9f74e51b8b42548d14d604b P 2a789ab6492b47bba1b1f9c7dcf618be [NON_LEADER]: Queue going to NON_LEADER mode. State: All replicated index: 0, Majority replicated index: 0, Committed index: 0, Last appended: 0.0, Last appended by leader: 0, Current term: 0, Majority size: -1, State: 0, Mode: NON_LEADER, active raft config: opid_index: -1 OBSOLETE_local: false peers { permanent_uuid: "2a789ab6492b47bba1b1f9c7dcf618be" member_type: VOTER last_known_addr { host: "127.12.99.4" port: 45205 } } peers { permanent_uuid: "f882c6f53bbb403d8b0e710e40845e6f" member_type: VOTER last_known_addr { host: "127.12.99.2" port: 46267 } } peers { permanent_uuid: "5537f02350b44690a3388dc90e502264" member_type: VOTER last_known_addr { host: "127.12.99.3" port: 39099 } }
I20260608 12:46:14.392007 16014 tablet_service.cc:1917] Received RequestConsensusVote() RPC: tablet_id: "05e4a4fb6817496b8bbd27561fc8d767" candidate_uuid: "5537f02350b44690a3388dc90e502264" candidate_term: 1 candidate_status { last_received { term: 0 index: 0 } } ignore_live_leader: false dest_uuid: "2a789ab6492b47bba1b1f9c7dcf618be" is_pre_election: true
I20260608 12:46:14.394676 16013 tablet_service.cc:1917] Received RequestConsensusVote() RPC: tablet_id: "663c792d03bf4c499927825b6cc18a39" candidate_uuid: "5537f02350b44690a3388dc90e502264" candidate_term: 1 candidate_status { last_received { term: 0 index: 0 } } ignore_live_leader: false dest_uuid: "2a789ab6492b47bba1b1f9c7dcf618be" is_pre_election: true
W20260608 12:46:14.398443 15826 leader_election.cc:343] T 05e4a4fb6817496b8bbd27561fc8d767 P 5537f02350b44690a3388dc90e502264 [CANDIDATE]: Term 1 pre-election: Tablet error from VoteRequest() call to peer 2a789ab6492b47bba1b1f9c7dcf618be (127.12.99.4:45205): Illegal state: must be running to vote when last-logged opid is not known
I20260608 12:46:14.399139 15826 leader_election.cc:304] T 05e4a4fb6817496b8bbd27561fc8d767 P 5537f02350b44690a3388dc90e502264 [CANDIDATE]: Term 1 pre-election: Election decided. Result: candidate lost. Election summary: received 3 responses out of 3 voters: 1 yes votes; 2 no votes. yes voters: 5537f02350b44690a3388dc90e502264; no voters: 2a789ab6492b47bba1b1f9c7dcf618be, 922e56c400684a9a8486f31edaa46cfb
I20260608 12:46:14.403738 15914 raft_consensus.cc:2749] T 05e4a4fb6817496b8bbd27561fc8d767 P 5537f02350b44690a3388dc90e502264 [term 0 FOLLOWER]: Leader pre-election lost for term 1. Reason: could not achieve majority
I20260608 12:46:14.406615 15907 raft_consensus.cc:359] T 755f2468c9f74e51b8b42548d14d604b P 5537f02350b44690a3388dc90e502264 [term 0 FOLLOWER]: Replica starting. Triggering 0 pending ops. Active config: opid_index: -1 OBSOLETE_local: false peers { permanent_uuid: "2a789ab6492b47bba1b1f9c7dcf618be" member_type: VOTER last_known_addr { host: "127.12.99.4" port: 45205 } } peers { permanent_uuid: "f882c6f53bbb403d8b0e710e40845e6f" member_type: VOTER last_known_addr { host: "127.12.99.2" port: 46267 } } peers { permanent_uuid: "5537f02350b44690a3388dc90e502264" member_type: VOTER last_known_addr { host: "127.12.99.3" port: 39099 } }
I20260608 12:46:14.407461 15907 raft_consensus.cc:385] T 755f2468c9f74e51b8b42548d14d604b P 5537f02350b44690a3388dc90e502264 [term 0 FOLLOWER]: Consensus starting up: Expiring failure detector timer to make a prompt election more likely
I20260608 12:46:14.407778 15907 raft_consensus.cc:740] T 755f2468c9f74e51b8b42548d14d604b P 5537f02350b44690a3388dc90e502264 [term 0 FOLLOWER]: Becoming Follower/Learner. State: Replica: 5537f02350b44690a3388dc90e502264, State: Initialized, Role: FOLLOWER
I20260608 12:46:14.406777 16061 ts_tablet_manager.cc:1434] T 755f2468c9f74e51b8b42548d14d604b P 2a789ab6492b47bba1b1f9c7dcf618be: Time spent starting tablet: real 0.046s	user 0.003s	sys 0.015s
I20260608 12:46:14.408557 16041 heartbeater.cc:499] Master 127.12.99.62:40947 was elected leader, sending a full tablet report...
I20260608 12:46:14.409613 15907 consensus_queue.cc:260] T 755f2468c9f74e51b8b42548d14d604b P 5537f02350b44690a3388dc90e502264 [NON_LEADER]: Queue going to NON_LEADER mode. State: All replicated index: 0, Majority replicated index: 0, Committed index: 0, Last appended: 0.0, Last appended by leader: 0, Current term: 0, Majority size: -1, State: 0, Mode: NON_LEADER, active raft config: opid_index: -1 OBSOLETE_local: false peers { permanent_uuid: "2a789ab6492b47bba1b1f9c7dcf618be" member_type: VOTER last_known_addr { host: "127.12.99.4" port: 45205 } } peers { permanent_uuid: "f882c6f53bbb403d8b0e710e40845e6f" member_type: VOTER last_known_addr { host: "127.12.99.2" port: 46267 } } peers { permanent_uuid: "5537f02350b44690a3388dc90e502264" member_type: VOTER last_known_addr { host: "127.12.99.3" port: 39099 } }
I20260608 12:46:14.409031 16061 tablet_bootstrap.cc:492] T e49387967d844cc2923632319a717f55 P 2a789ab6492b47bba1b1f9c7dcf618be: Bootstrap starting.
W20260608 12:46:14.414630 15826 leader_election.cc:343] T 663c792d03bf4c499927825b6cc18a39 P 5537f02350b44690a3388dc90e502264 [CANDIDATE]: Term 1 pre-election: Tablet error from VoteRequest() call to peer 2a789ab6492b47bba1b1f9c7dcf618be (127.12.99.4:45205): Illegal state: must be running to vote when last-logged opid is not known
I20260608 12:46:14.415263 15826 leader_election.cc:304] T 663c792d03bf4c499927825b6cc18a39 P 5537f02350b44690a3388dc90e502264 [CANDIDATE]: Term 1 pre-election: Election decided. Result: candidate lost. Election summary: received 3 responses out of 3 voters: 1 yes votes; 2 no votes. yes voters: 5537f02350b44690a3388dc90e502264; no voters: 2a789ab6492b47bba1b1f9c7dcf618be, f882c6f53bbb403d8b0e710e40845e6f
I20260608 12:46:14.424186 16087 raft_consensus.cc:493] T 755f2468c9f74e51b8b42548d14d604b P 2a789ab6492b47bba1b1f9c7dcf618be [term 0 FOLLOWER]: Starting pre-election (no leader contacted us within the election timeout)
I20260608 12:46:14.425787 15909 tablet_bootstrap.cc:492] T 663c792d03bf4c499927825b6cc18a39 P f882c6f53bbb403d8b0e710e40845e6f: No bootstrap required, opened a new log
I20260608 12:46:14.425060 16087 raft_consensus.cc:515] T 755f2468c9f74e51b8b42548d14d604b P 2a789ab6492b47bba1b1f9c7dcf618be [term 0 FOLLOWER]: Starting pre-election with config: opid_index: -1 OBSOLETE_local: false peers { permanent_uuid: "2a789ab6492b47bba1b1f9c7dcf618be" member_type: VOTER last_known_addr { host: "127.12.99.4" port: 45205 } } peers { permanent_uuid: "f882c6f53bbb403d8b0e710e40845e6f" member_type: VOTER last_known_addr { host: "127.12.99.2" port: 46267 } } peers { permanent_uuid: "5537f02350b44690a3388dc90e502264" member_type: VOTER last_known_addr { host: "127.12.99.3" port: 39099 } }
I20260608 12:46:14.426429 15909 ts_tablet_manager.cc:1403] T 663c792d03bf4c499927825b6cc18a39 P f882c6f53bbb403d8b0e710e40845e6f: Time spent bootstrapping tablet: real 0.098s	user 0.016s	sys 0.022s
I20260608 12:46:14.429065 15907 ts_tablet_manager.cc:1434] T 755f2468c9f74e51b8b42548d14d604b P 5537f02350b44690a3388dc90e502264: Time spent starting tablet: real 0.046s	user 0.017s	sys 0.002s
I20260608 12:46:14.430047 15907 tablet_bootstrap.cc:492] T 0cbd939ab77341f28891234705eb90b9 P 5537f02350b44690a3388dc90e502264: Bootstrap starting.
I20260608 12:46:14.434499 15908 tablet_bootstrap.cc:492] T 05e4a4fb6817496b8bbd27561fc8d767 P 922e56c400684a9a8486f31edaa46cfb: No bootstrap required, opened a new log
I20260608 12:46:14.435020 15908 ts_tablet_manager.cc:1403] T 05e4a4fb6817496b8bbd27561fc8d767 P 922e56c400684a9a8486f31edaa46cfb: Time spent bootstrapping tablet: real 0.095s	user 0.010s	sys 0.006s
I20260608 12:46:14.436498 16061 tablet_bootstrap.cc:654] T e49387967d844cc2923632319a717f55 P 2a789ab6492b47bba1b1f9c7dcf618be: Neither blocks nor log segments found. Creating new log.
I20260608 12:46:14.438127 15909 raft_consensus.cc:359] T 663c792d03bf4c499927825b6cc18a39 P f882c6f53bbb403d8b0e710e40845e6f [term 0 FOLLOWER]: Replica starting. Triggering 0 pending ops. Active config: opid_index: -1 OBSOLETE_local: false peers { permanent_uuid: "f882c6f53bbb403d8b0e710e40845e6f" member_type: VOTER last_known_addr { host: "127.12.99.2" port: 46267 } } peers { permanent_uuid: "5537f02350b44690a3388dc90e502264" member_type: VOTER last_known_addr { host: "127.12.99.3" port: 39099 } } peers { permanent_uuid: "2a789ab6492b47bba1b1f9c7dcf618be" member_type: VOTER last_known_addr { host: "127.12.99.4" port: 45205 } }
I20260608 12:46:14.439069 15909 raft_consensus.cc:385] T 663c792d03bf4c499927825b6cc18a39 P f882c6f53bbb403d8b0e710e40845e6f [term 0 FOLLOWER]: Consensus starting up: Expiring failure detector timer to make a prompt election more likely
I20260608 12:46:14.439401 15909 raft_consensus.cc:740] T 663c792d03bf4c499927825b6cc18a39 P f882c6f53bbb403d8b0e710e40845e6f [term 0 FOLLOWER]: Becoming Follower/Learner. State: Replica: f882c6f53bbb403d8b0e710e40845e6f, State: Initialized, Role: FOLLOWER
I20260608 12:46:14.441316 15908 raft_consensus.cc:359] T 05e4a4fb6817496b8bbd27561fc8d767 P 922e56c400684a9a8486f31edaa46cfb [term 0 FOLLOWER]: Replica starting. Triggering 0 pending ops. Active config: opid_index: -1 OBSOLETE_local: false peers { permanent_uuid: "2a789ab6492b47bba1b1f9c7dcf618be" member_type: VOTER last_known_addr { host: "127.12.99.4" port: 45205 } } peers { permanent_uuid: "922e56c400684a9a8486f31edaa46cfb" member_type: VOTER last_known_addr { host: "127.12.99.1" port: 32965 } } peers { permanent_uuid: "5537f02350b44690a3388dc90e502264" member_type: VOTER last_known_addr { host: "127.12.99.3" port: 39099 } }
I20260608 12:46:14.442152 15908 raft_consensus.cc:385] T 05e4a4fb6817496b8bbd27561fc8d767 P 922e56c400684a9a8486f31edaa46cfb [term 0 FOLLOWER]: Consensus starting up: Expiring failure detector timer to make a prompt election more likely
I20260608 12:46:14.442494 15908 raft_consensus.cc:740] T 05e4a4fb6817496b8bbd27561fc8d767 P 922e56c400684a9a8486f31edaa46cfb [term 0 FOLLOWER]: Becoming Follower/Learner. State: Replica: 922e56c400684a9a8486f31edaa46cfb, State: Initialized, Role: FOLLOWER
I20260608 12:46:14.443261 15908 consensus_queue.cc:260] T 05e4a4fb6817496b8bbd27561fc8d767 P 922e56c400684a9a8486f31edaa46cfb [NON_LEADER]: Queue going to NON_LEADER mode. State: All replicated index: 0, Majority replicated index: 0, Committed index: 0, Last appended: 0.0, Last appended by leader: 0, Current term: 0, Majority size: -1, State: 0, Mode: NON_LEADER, active raft config: opid_index: -1 OBSOLETE_local: false peers { permanent_uuid: "2a789ab6492b47bba1b1f9c7dcf618be" member_type: VOTER last_known_addr { host: "127.12.99.4" port: 45205 } } peers { permanent_uuid: "922e56c400684a9a8486f31edaa46cfb" member_type: VOTER last_known_addr { host: "127.12.99.1" port: 32965 } } peers { permanent_uuid: "5537f02350b44690a3388dc90e502264" member_type: VOTER last_known_addr { host: "127.12.99.3" port: 39099 } }
I20260608 12:46:14.444864 15909 consensus_queue.cc:260] T 663c792d03bf4c499927825b6cc18a39 P f882c6f53bbb403d8b0e710e40845e6f [NON_LEADER]: Queue going to NON_LEADER mode. State: All replicated index: 0, Majority replicated index: 0, Committed index: 0, Last appended: 0.0, Last appended by leader: 0, Current term: 0, Majority size: -1, State: 0, Mode: NON_LEADER, active raft config: opid_index: -1 OBSOLETE_local: false peers { permanent_uuid: "f882c6f53bbb403d8b0e710e40845e6f" member_type: VOTER last_known_addr { host: "127.12.99.2" port: 46267 } } peers { permanent_uuid: "5537f02350b44690a3388dc90e502264" member_type: VOTER last_known_addr { host: "127.12.99.3" port: 39099 } } peers { permanent_uuid: "2a789ab6492b47bba1b1f9c7dcf618be" member_type: VOTER last_known_addr { host: "127.12.99.4" port: 45205 } }
I20260608 12:46:14.442836 15609 catalog_manager.cc:5696] T e49387967d844cc2923632319a717f55 P f882c6f53bbb403d8b0e710e40845e6f reported cstate change: term changed from 0 to 1, leader changed from <none> to f882c6f53bbb403d8b0e710e40845e6f (127.12.99.2). New cstate: current_term: 1 leader_uuid: "f882c6f53bbb403d8b0e710e40845e6f" committed_config { opid_index: -1 OBSOLETE_local: false peers { permanent_uuid: "2a789ab6492b47bba1b1f9c7dcf618be" member_type: VOTER last_known_addr { host: "127.12.99.4" port: 45205 } health_report { overall_health: UNKNOWN } } peers { permanent_uuid: "f882c6f53bbb403d8b0e710e40845e6f" member_type: VOTER last_known_addr { host: "127.12.99.2" port: 46267 } health_report { overall_health: HEALTHY } } peers { permanent_uuid: "922e56c400684a9a8486f31edaa46cfb" member_type: VOTER last_known_addr { host: "127.12.99.1" port: 32965 } health_report { overall_health: UNKNOWN } } }
I20260608 12:46:14.447733 15908 ts_tablet_manager.cc:1434] T 05e4a4fb6817496b8bbd27561fc8d767 P 922e56c400684a9a8486f31edaa46cfb: Time spent starting tablet: real 0.012s	user 0.005s	sys 0.002s
I20260608 12:46:14.448733 15908 tablet_bootstrap.cc:492] T d582eadf4dc14675932a03d5d2f2c0c1 P 922e56c400684a9a8486f31edaa46cfb: Bootstrap starting.
I20260608 12:46:14.452028 16073 raft_consensus.cc:2749] T 663c792d03bf4c499927825b6cc18a39 P 5537f02350b44690a3388dc90e502264 [term 0 FOLLOWER]: Leader pre-election lost for term 1. Reason: could not achieve majority
I20260608 12:46:14.452651 16087 leader_election.cc:290] T 755f2468c9f74e51b8b42548d14d604b P 2a789ab6492b47bba1b1f9c7dcf618be [CANDIDATE]: Term 1 pre-election: Requested pre-vote from peers f882c6f53bbb403d8b0e710e40845e6f (127.12.99.2:46267), 5537f02350b44690a3388dc90e502264 (127.12.99.3:39099)
I20260608 12:46:14.471511 15909 ts_tablet_manager.cc:1434] T 663c792d03bf4c499927825b6cc18a39 P f882c6f53bbb403d8b0e710e40845e6f: Time spent starting tablet: real 0.045s	user 0.006s	sys 0.003s
I20260608 12:46:14.472719 15909 tablet_bootstrap.cc:492] T 755f2468c9f74e51b8b42548d14d604b P f882c6f53bbb403d8b0e710e40845e6f: Bootstrap starting.
I20260608 12:46:14.476994 15907 tablet_bootstrap.cc:654] T 0cbd939ab77341f28891234705eb90b9 P 5537f02350b44690a3388dc90e502264: Neither blocks nor log segments found. Creating new log.
I20260608 12:46:14.488706 15909 tablet_bootstrap.cc:654] T 755f2468c9f74e51b8b42548d14d604b P f882c6f53bbb403d8b0e710e40845e6f: Neither blocks nor log segments found. Creating new log.
I20260608 12:46:14.494776 15907 tablet_bootstrap.cc:492] T 0cbd939ab77341f28891234705eb90b9 P 5537f02350b44690a3388dc90e502264: No bootstrap required, opened a new log
I20260608 12:46:14.495460 15907 ts_tablet_manager.cc:1403] T 0cbd939ab77341f28891234705eb90b9 P 5537f02350b44690a3388dc90e502264: Time spent bootstrapping tablet: real 0.066s	user 0.009s	sys 0.013s
I20260608 12:46:14.496960 15953 raft_consensus.cc:493] T 2d3ac93462a74f5da314fa0e3010c687 P f882c6f53bbb403d8b0e710e40845e6f [term 0 FOLLOWER]: Starting pre-election (no leader contacted us within the election timeout)
I20260608 12:46:14.498133 15953 raft_consensus.cc:515] T 2d3ac93462a74f5da314fa0e3010c687 P f882c6f53bbb403d8b0e710e40845e6f [term 0 FOLLOWER]: Starting pre-election with config: opid_index: -1 OBSOLETE_local: false peers { permanent_uuid: "f882c6f53bbb403d8b0e710e40845e6f" member_type: VOTER last_known_addr { host: "127.12.99.2" port: 46267 } } peers { permanent_uuid: "2a789ab6492b47bba1b1f9c7dcf618be" member_type: VOTER last_known_addr { host: "127.12.99.4" port: 45205 } } peers { permanent_uuid: "922e56c400684a9a8486f31edaa46cfb" member_type: VOTER last_known_addr { host: "127.12.99.1" port: 32965 } }
I20260608 12:46:14.500798 15908 tablet_bootstrap.cc:654] T d582eadf4dc14675932a03d5d2f2c0c1 P 922e56c400684a9a8486f31edaa46cfb: Neither blocks nor log segments found. Creating new log.
I20260608 12:46:14.504158 15953 leader_election.cc:290] T 2d3ac93462a74f5da314fa0e3010c687 P f882c6f53bbb403d8b0e710e40845e6f [CANDIDATE]: Term 1 pre-election: Requested pre-vote from peers 2a789ab6492b47bba1b1f9c7dcf618be (127.12.99.4:45205), 922e56c400684a9a8486f31edaa46cfb (127.12.99.1:32965)
I20260608 12:46:14.504601 16013 tablet_service.cc:1917] Received RequestConsensusVote() RPC: tablet_id: "2d3ac93462a74f5da314fa0e3010c687" candidate_uuid: "f882c6f53bbb403d8b0e710e40845e6f" candidate_term: 1 candidate_status { last_received { term: 0 index: 0 } } ignore_live_leader: false dest_uuid: "2a789ab6492b47bba1b1f9c7dcf618be" is_pre_election: true
I20260608 12:46:14.504980 15907 raft_consensus.cc:359] T 0cbd939ab77341f28891234705eb90b9 P 5537f02350b44690a3388dc90e502264 [term 0 FOLLOWER]: Replica starting. Triggering 0 pending ops. Active config: opid_index: -1 OBSOLETE_local: false peers { permanent_uuid: "5537f02350b44690a3388dc90e502264" member_type: VOTER last_known_addr { host: "127.12.99.3" port: 39099 } } peers { permanent_uuid: "2a789ab6492b47bba1b1f9c7dcf618be" member_type: VOTER last_known_addr { host: "127.12.99.4" port: 45205 } } peers { permanent_uuid: "922e56c400684a9a8486f31edaa46cfb" member_type: VOTER last_known_addr { host: "127.12.99.1" port: 32965 } }
I20260608 12:46:14.506359 15907 raft_consensus.cc:385] T 0cbd939ab77341f28891234705eb90b9 P 5537f02350b44690a3388dc90e502264 [term 0 FOLLOWER]: Consensus starting up: Expiring failure detector timer to make a prompt election more likely
I20260608 12:46:14.505975 16073 raft_consensus.cc:493] T 755f2468c9f74e51b8b42548d14d604b P 5537f02350b44690a3388dc90e502264 [term 0 FOLLOWER]: Starting pre-election (no leader contacted us within the election timeout)
I20260608 12:46:14.507030 15907 raft_consensus.cc:740] T 0cbd939ab77341f28891234705eb90b9 P 5537f02350b44690a3388dc90e502264 [term 0 FOLLOWER]: Becoming Follower/Learner. State: Replica: 5537f02350b44690a3388dc90e502264, State: Initialized, Role: FOLLOWER
I20260608 12:46:14.505540 15786 tablet_service.cc:1917] Received RequestConsensusVote() RPC: tablet_id: "755f2468c9f74e51b8b42548d14d604b" candidate_uuid: "2a789ab6492b47bba1b1f9c7dcf618be" candidate_term: 1 candidate_status { last_received { term: 0 index: 0 } } ignore_live_leader: false dest_uuid: "f882c6f53bbb403d8b0e710e40845e6f" is_pre_election: true
I20260608 12:46:14.507524 16073 raft_consensus.cc:515] T 755f2468c9f74e51b8b42548d14d604b P 5537f02350b44690a3388dc90e502264 [term 0 FOLLOWER]: Starting pre-election with config: opid_index: -1 OBSOLETE_local: false peers { permanent_uuid: "2a789ab6492b47bba1b1f9c7dcf618be" member_type: VOTER last_known_addr { host: "127.12.99.4" port: 45205 } } peers { permanent_uuid: "f882c6f53bbb403d8b0e710e40845e6f" member_type: VOTER last_known_addr { host: "127.12.99.2" port: 46267 } } peers { permanent_uuid: "5537f02350b44690a3388dc90e502264" member_type: VOTER last_known_addr { host: "127.12.99.3" port: 39099 } }
W20260608 12:46:14.510174 15974 leader_election.cc:343] T 755f2468c9f74e51b8b42548d14d604b P 2a789ab6492b47bba1b1f9c7dcf618be [CANDIDATE]: Term 1 pre-election: Tablet error from VoteRequest() call to peer f882c6f53bbb403d8b0e710e40845e6f (127.12.99.2:46267): Illegal state: must be running to vote when last-logged opid is not known
W20260608 12:46:14.510070 15752 leader_election.cc:343] T 2d3ac93462a74f5da314fa0e3010c687 P f882c6f53bbb403d8b0e710e40845e6f [CANDIDATE]: Term 1 pre-election: Tablet error from VoteRequest() call to peer 2a789ab6492b47bba1b1f9c7dcf618be (127.12.99.4:45205): Illegal state: must be running to vote when last-logged opid is not known
I20260608 12:46:14.511291 16073 leader_election.cc:290] T 755f2468c9f74e51b8b42548d14d604b P 5537f02350b44690a3388dc90e502264 [CANDIDATE]: Term 1 pre-election: Requested pre-vote from peers 2a789ab6492b47bba1b1f9c7dcf618be (127.12.99.4:45205), f882c6f53bbb403d8b0e710e40845e6f (127.12.99.2:46267)
I20260608 12:46:14.511371 15907 consensus_queue.cc:260] T 0cbd939ab77341f28891234705eb90b9 P 5537f02350b44690a3388dc90e502264 [NON_LEADER]: Queue going to NON_LEADER mode. State: All replicated index: 0, Majority replicated index: 0, Committed index: 0, Last appended: 0.0, Last appended by leader: 0, Current term: 0, Majority size: -1, State: 0, Mode: NON_LEADER, active raft config: opid_index: -1 OBSOLETE_local: false peers { permanent_uuid: "5537f02350b44690a3388dc90e502264" member_type: VOTER last_known_addr { host: "127.12.99.3" port: 39099 } } peers { permanent_uuid: "2a789ab6492b47bba1b1f9c7dcf618be" member_type: VOTER last_known_addr { host: "127.12.99.4" port: 45205 } } peers { permanent_uuid: "922e56c400684a9a8486f31edaa46cfb" member_type: VOTER last_known_addr { host: "127.12.99.1" port: 32965 } }
I20260608 12:46:14.513932 15786 tablet_service.cc:1917] Received RequestConsensusVote() RPC: tablet_id: "755f2468c9f74e51b8b42548d14d604b" candidate_uuid: "5537f02350b44690a3388dc90e502264" candidate_term: 1 candidate_status { last_received { term: 0 index: 0 } } ignore_live_leader: false dest_uuid: "f882c6f53bbb403d8b0e710e40845e6f" is_pre_election: true
I20260608 12:46:14.513932 16013 tablet_service.cc:1917] Received RequestConsensusVote() RPC: tablet_id: "755f2468c9f74e51b8b42548d14d604b" candidate_uuid: "5537f02350b44690a3388dc90e502264" candidate_term: 1 candidate_status { last_received { term: 0 index: 0 } } ignore_live_leader: false dest_uuid: "2a789ab6492b47bba1b1f9c7dcf618be" is_pre_election: true
I20260608 12:46:14.515442 15907 ts_tablet_manager.cc:1434] T 0cbd939ab77341f28891234705eb90b9 P 5537f02350b44690a3388dc90e502264: Time spent starting tablet: real 0.020s	user 0.008s	sys 0.005s
I20260608 12:46:14.511801 15712 tablet_service.cc:1917] Received RequestConsensusVote() RPC: tablet_id: "2d3ac93462a74f5da314fa0e3010c687" candidate_uuid: "f882c6f53bbb403d8b0e710e40845e6f" candidate_term: 1 candidate_status { last_received { term: 0 index: 0 } } ignore_live_leader: false dest_uuid: "922e56c400684a9a8486f31edaa46cfb" is_pre_election: true
I20260608 12:46:14.517355 15712 raft_consensus.cc:2468] T 2d3ac93462a74f5da314fa0e3010c687 P 922e56c400684a9a8486f31edaa46cfb [term 0 FOLLOWER]: Leader pre-election vote request: Granting yes vote for candidate f882c6f53bbb403d8b0e710e40845e6f in term 0.
I20260608 12:46:14.515105 16013 raft_consensus.cc:2468] T 755f2468c9f74e51b8b42548d14d604b P 2a789ab6492b47bba1b1f9c7dcf618be [term 0 FOLLOWER]: Leader pre-election vote request: Granting yes vote for candidate 5537f02350b44690a3388dc90e502264 in term 0.
W20260608 12:46:14.516961 15827 leader_election.cc:343] T 755f2468c9f74e51b8b42548d14d604b P 5537f02350b44690a3388dc90e502264 [CANDIDATE]: Term 1 pre-election: Tablet error from VoteRequest() call to peer f882c6f53bbb403d8b0e710e40845e6f (127.12.99.2:46267): Illegal state: must be running to vote when last-logged opid is not known
I20260608 12:46:14.516664 15907 tablet_bootstrap.cc:492] T d582eadf4dc14675932a03d5d2f2c0c1 P 5537f02350b44690a3388dc90e502264: Bootstrap starting.
I20260608 12:46:14.519869 15909 tablet_bootstrap.cc:492] T 755f2468c9f74e51b8b42548d14d604b P f882c6f53bbb403d8b0e710e40845e6f: No bootstrap required, opened a new log
I20260608 12:46:14.520562 15909 ts_tablet_manager.cc:1403] T 755f2468c9f74e51b8b42548d14d604b P f882c6f53bbb403d8b0e710e40845e6f: Time spent bootstrapping tablet: real 0.048s	user 0.009s	sys 0.007s
I20260608 12:46:14.521795 15953 raft_consensus.cc:493] T 663c792d03bf4c499927825b6cc18a39 P f882c6f53bbb403d8b0e710e40845e6f [term 0 FOLLOWER]: Starting pre-election (no leader contacted us within the election timeout)
I20260608 12:46:14.522099 15753 leader_election.cc:304] T 2d3ac93462a74f5da314fa0e3010c687 P f882c6f53bbb403d8b0e710e40845e6f [CANDIDATE]: Term 1 pre-election: Election decided. Result: candidate won. Election summary: received 3 responses out of 3 voters: 2 yes votes; 1 no votes. yes voters: 922e56c400684a9a8486f31edaa46cfb, f882c6f53bbb403d8b0e710e40845e6f; no voters: 2a789ab6492b47bba1b1f9c7dcf618be
I20260608 12:46:14.523470 15925 raft_consensus.cc:493] T 05e4a4fb6817496b8bbd27561fc8d767 P 922e56c400684a9a8486f31edaa46cfb [term 0 FOLLOWER]: Starting pre-election (no leader contacted us within the election timeout)
I20260608 12:46:14.522953 15826 leader_election.cc:304] T 755f2468c9f74e51b8b42548d14d604b P 5537f02350b44690a3388dc90e502264 [CANDIDATE]: Term 1 pre-election: Election decided. Result: candidate won. Election summary: received 3 responses out of 3 voters: 2 yes votes; 1 no votes. yes voters: 2a789ab6492b47bba1b1f9c7dcf618be, 5537f02350b44690a3388dc90e502264; no voters: f882c6f53bbb403d8b0e710e40845e6f
I20260608 12:46:14.526562 16074 raft_consensus.cc:2804] T 2d3ac93462a74f5da314fa0e3010c687 P f882c6f53bbb403d8b0e710e40845e6f [term 0 FOLLOWER]: Leader pre-election won for term 1
I20260608 12:46:14.527024 16074 raft_consensus.cc:493] T 2d3ac93462a74f5da314fa0e3010c687 P f882c6f53bbb403d8b0e710e40845e6f [term 0 FOLLOWER]: Starting leader election (no leader contacted us within the election timeout)
I20260608 12:46:14.527444 16074 raft_consensus.cc:3060] T 2d3ac93462a74f5da314fa0e3010c687 P f882c6f53bbb403d8b0e710e40845e6f [term 0 FOLLOWER]: Advancing to term 1
I20260608 12:46:14.527369 15925 raft_consensus.cc:515] T 05e4a4fb6817496b8bbd27561fc8d767 P 922e56c400684a9a8486f31edaa46cfb [term 0 FOLLOWER]: Starting pre-election with config: opid_index: -1 OBSOLETE_local: false peers { permanent_uuid: "2a789ab6492b47bba1b1f9c7dcf618be" member_type: VOTER last_known_addr { host: "127.12.99.4" port: 45205 } } peers { permanent_uuid: "922e56c400684a9a8486f31edaa46cfb" member_type: VOTER last_known_addr { host: "127.12.99.1" port: 32965 } } peers { permanent_uuid: "5537f02350b44690a3388dc90e502264" member_type: VOTER last_known_addr { host: "127.12.99.3" port: 39099 } }
I20260608 12:46:14.528851 15909 raft_consensus.cc:359] T 755f2468c9f74e51b8b42548d14d604b P f882c6f53bbb403d8b0e710e40845e6f [term 0 FOLLOWER]: Replica starting. Triggering 0 pending ops. Active config: opid_index: -1 OBSOLETE_local: false peers { permanent_uuid: "2a789ab6492b47bba1b1f9c7dcf618be" member_type: VOTER last_known_addr { host: "127.12.99.4" port: 45205 } } peers { permanent_uuid: "f882c6f53bbb403d8b0e710e40845e6f" member_type: VOTER last_known_addr { host: "127.12.99.2" port: 46267 } } peers { permanent_uuid: "5537f02350b44690a3388dc90e502264" member_type: VOTER last_known_addr { host: "127.12.99.3" port: 39099 } }
I20260608 12:46:14.522313 15953 raft_consensus.cc:515] T 663c792d03bf4c499927825b6cc18a39 P f882c6f53bbb403d8b0e710e40845e6f [term 0 FOLLOWER]: Starting pre-election with config: opid_index: -1 OBSOLETE_local: false peers { permanent_uuid: "f882c6f53bbb403d8b0e710e40845e6f" member_type: VOTER last_known_addr { host: "127.12.99.2" port: 46267 } } peers { permanent_uuid: "5537f02350b44690a3388dc90e502264" member_type: VOTER last_known_addr { host: "127.12.99.3" port: 39099 } } peers { permanent_uuid: "2a789ab6492b47bba1b1f9c7dcf618be" member_type: VOTER last_known_addr { host: "127.12.99.4" port: 45205 } }
I20260608 12:46:14.529413 15909 raft_consensus.cc:385] T 755f2468c9f74e51b8b42548d14d604b P f882c6f53bbb403d8b0e710e40845e6f [term 0 FOLLOWER]: Consensus starting up: Expiring failure detector timer to make a prompt election more likely
I20260608 12:46:14.533511 15862 tablet_service.cc:1917] Received RequestConsensusVote() RPC: tablet_id: "663c792d03bf4c499927825b6cc18a39" candidate_uuid: "f882c6f53bbb403d8b0e710e40845e6f" candidate_term: 1 candidate_status { last_received { term: 0 index: 0 } } ignore_live_leader: false dest_uuid: "5537f02350b44690a3388dc90e502264" is_pre_election: true
I20260608 12:46:14.534564 15862 raft_consensus.cc:2468] T 663c792d03bf4c499927825b6cc18a39 P 5537f02350b44690a3388dc90e502264 [term 0 FOLLOWER]: Leader pre-election vote request: Granting yes vote for candidate f882c6f53bbb403d8b0e710e40845e6f in term 0.
I20260608 12:46:14.535871 16013 tablet_service.cc:1917] Received RequestConsensusVote() RPC: tablet_id: "663c792d03bf4c499927825b6cc18a39" candidate_uuid: "f882c6f53bbb403d8b0e710e40845e6f" candidate_term: 1 candidate_status { last_received { term: 0 index: 0 } } ignore_live_leader: false dest_uuid: "2a789ab6492b47bba1b1f9c7dcf618be" is_pre_election: true
I20260608 12:46:14.536825 15907 tablet_bootstrap.cc:654] T d582eadf4dc14675932a03d5d2f2c0c1 P 5537f02350b44690a3388dc90e502264: Neither blocks nor log segments found. Creating new log.
I20260608 12:46:14.530946 15909 raft_consensus.cc:740] T 755f2468c9f74e51b8b42548d14d604b P f882c6f53bbb403d8b0e710e40845e6f [term 0 FOLLOWER]: Becoming Follower/Learner. State: Replica: f882c6f53bbb403d8b0e710e40845e6f, State: Initialized, Role: FOLLOWER
W20260608 12:46:14.538100 15752 leader_election.cc:343] T 663c792d03bf4c499927825b6cc18a39 P f882c6f53bbb403d8b0e710e40845e6f [CANDIDATE]: Term 1 pre-election: Tablet error from VoteRequest() call to peer 2a789ab6492b47bba1b1f9c7dcf618be (127.12.99.4:45205): Illegal state: must be running to vote when last-logged opid is not known
I20260608 12:46:14.527006 16073 raft_consensus.cc:2804] T 755f2468c9f74e51b8b42548d14d604b P 5537f02350b44690a3388dc90e502264 [term 0 FOLLOWER]: Leader pre-election won for term 1
I20260608 12:46:14.540421 16073 raft_consensus.cc:493] T 755f2468c9f74e51b8b42548d14d604b P 5537f02350b44690a3388dc90e502264 [term 0 FOLLOWER]: Starting leader election (no leader contacted us within the election timeout)
I20260608 12:46:14.541101 16073 raft_consensus.cc:3060] T 755f2468c9f74e51b8b42548d14d604b P 5537f02350b44690a3388dc90e502264 [term 0 FOLLOWER]: Advancing to term 1
I20260608 12:46:14.543992 15862 tablet_service.cc:1917] Received RequestConsensusVote() RPC: tablet_id: "05e4a4fb6817496b8bbd27561fc8d767" candidate_uuid: "922e56c400684a9a8486f31edaa46cfb" candidate_term: 1 candidate_status { last_received { term: 0 index: 0 } } ignore_live_leader: false dest_uuid: "5537f02350b44690a3388dc90e502264" is_pre_election: true
I20260608 12:46:14.544935 15862 raft_consensus.cc:2468] T 05e4a4fb6817496b8bbd27561fc8d767 P 5537f02350b44690a3388dc90e502264 [term 0 FOLLOWER]: Leader pre-election vote request: Granting yes vote for candidate 922e56c400684a9a8486f31edaa46cfb in term 0.
I20260608 12:46:14.533166 15953 leader_election.cc:290] T 663c792d03bf4c499927825b6cc18a39 P f882c6f53bbb403d8b0e710e40845e6f [CANDIDATE]: Term 1 pre-election: Requested pre-vote from peers 5537f02350b44690a3388dc90e502264 (127.12.99.3:39099), 2a789ab6492b47bba1b1f9c7dcf618be (127.12.99.4:45205)
I20260608 12:46:14.539484 15752 leader_election.cc:304] T 663c792d03bf4c499927825b6cc18a39 P f882c6f53bbb403d8b0e710e40845e6f [CANDIDATE]: Term 1 pre-election: Election decided. Result: candidate won. Election summary: received 3 responses out of 3 voters: 2 yes votes; 1 no votes. yes voters: 5537f02350b44690a3388dc90e502264, f882c6f53bbb403d8b0e710e40845e6f; no voters: 2a789ab6492b47bba1b1f9c7dcf618be
I20260608 12:46:14.555024 15909 consensus_queue.cc:260] T 755f2468c9f74e51b8b42548d14d604b P f882c6f53bbb403d8b0e710e40845e6f [NON_LEADER]: Queue going to NON_LEADER mode. State: All replicated index: 0, Majority replicated index: 0, Committed index: 0, Last appended: 0.0, Last appended by leader: 0, Current term: 0, Majority size: -1, State: 0, Mode: NON_LEADER, active raft config: opid_index: -1 OBSOLETE_local: false peers { permanent_uuid: "2a789ab6492b47bba1b1f9c7dcf618be" member_type: VOTER last_known_addr { host: "127.12.99.4" port: 45205 } } peers { permanent_uuid: "f882c6f53bbb403d8b0e710e40845e6f" member_type: VOTER last_known_addr { host: "127.12.99.2" port: 46267 } } peers { permanent_uuid: "5537f02350b44690a3388dc90e502264" member_type: VOTER last_known_addr { host: "127.12.99.3" port: 39099 } }
I20260608 12:46:14.557016 15677 leader_election.cc:304] T 05e4a4fb6817496b8bbd27561fc8d767 P 922e56c400684a9a8486f31edaa46cfb [CANDIDATE]: Term 1 pre-election: Election decided. Result: candidate won. Election summary: received 2 responses out of 3 voters: 2 yes votes; 0 no votes. yes voters: 5537f02350b44690a3388dc90e502264, 922e56c400684a9a8486f31edaa46cfb; no voters: 
I20260608 12:46:14.546221 15925 leader_election.cc:290] T 05e4a4fb6817496b8bbd27561fc8d767 P 922e56c400684a9a8486f31edaa46cfb [CANDIDATE]: Term 1 pre-election: Requested pre-vote from peers 2a789ab6492b47bba1b1f9c7dcf618be (127.12.99.4:45205), 5537f02350b44690a3388dc90e502264 (127.12.99.3:39099)
I20260608 12:46:14.558899 16061 tablet_bootstrap.cc:492] T e49387967d844cc2923632319a717f55 P 2a789ab6492b47bba1b1f9c7dcf618be: No bootstrap required, opened a new log
I20260608 12:46:14.558774 16063 raft_consensus.cc:2804] T 05e4a4fb6817496b8bbd27561fc8d767 P 922e56c400684a9a8486f31edaa46cfb [term 0 FOLLOWER]: Leader pre-election won for term 1
I20260608 12:46:14.559460 16061 ts_tablet_manager.cc:1403] T e49387967d844cc2923632319a717f55 P 2a789ab6492b47bba1b1f9c7dcf618be: Time spent bootstrapping tablet: real 0.151s	user 0.014s	sys 0.009s
I20260608 12:46:14.559337 16063 raft_consensus.cc:493] T 05e4a4fb6817496b8bbd27561fc8d767 P 922e56c400684a9a8486f31edaa46cfb [term 0 FOLLOWER]: Starting leader election (no leader contacted us within the election timeout)
I20260608 12:46:14.550035 16013 tablet_service.cc:1917] Received RequestConsensusVote() RPC: tablet_id: "05e4a4fb6817496b8bbd27561fc8d767" candidate_uuid: "922e56c400684a9a8486f31edaa46cfb" candidate_term: 1 candidate_status { last_received { term: 0 index: 0 } } ignore_live_leader: false dest_uuid: "2a789ab6492b47bba1b1f9c7dcf618be" is_pre_election: true
I20260608 12:46:14.565094 15908 tablet_bootstrap.cc:492] T d582eadf4dc14675932a03d5d2f2c0c1 P 922e56c400684a9a8486f31edaa46cfb: No bootstrap required, opened a new log
I20260608 12:46:14.562695 16063 raft_consensus.cc:3060] T 05e4a4fb6817496b8bbd27561fc8d767 P 922e56c400684a9a8486f31edaa46cfb [term 0 FOLLOWER]: Advancing to term 1
I20260608 12:46:14.565770 15907 tablet_bootstrap.cc:492] T d582eadf4dc14675932a03d5d2f2c0c1 P 5537f02350b44690a3388dc90e502264: No bootstrap required, opened a new log
I20260608 12:46:14.581815 15908 ts_tablet_manager.cc:1403] T d582eadf4dc14675932a03d5d2f2c0c1 P 922e56c400684a9a8486f31edaa46cfb: Time spent bootstrapping tablet: real 0.133s	user 0.025s	sys 0.009s
I20260608 12:46:14.583627 15907 ts_tablet_manager.cc:1403] T d582eadf4dc14675932a03d5d2f2c0c1 P 5537f02350b44690a3388dc90e502264: Time spent bootstrapping tablet: real 0.067s	user 0.016s	sys 0.011s
