I20260608 12:44:22.345633 13541 tablet_bootstrap.cc:654] T 676f35205e8a4ceda6473828b92db852 P 073e6f6c783045e5b2febb696b456d80: Neither blocks nor log segments found. Creating new log.
I20260608 12:44:22.345960 13539 ts_tablet_manager.cc:1403] T 676f35205e8a4ceda6473828b92db852 P 5b690d176eef48d2a9bdfa0b31b19b66: Time spent bootstrapping tablet: real 0.026s	user 0.007s	sys 0.014s
I20260608 12:44:22.347137 13540 raft_consensus.cc:359] T df0f81f1b2d64a51824169d6e8d5267d P a8e036aabd0b4f7c951db64f6376ea0f [term 0 FOLLOWER]: Replica starting. Triggering 0 pending ops. Active config: opid_index: -1 OBSOLETE_local: false peers { permanent_uuid: "5b690d176eef48d2a9bdfa0b31b19b66" member_type: VOTER last_known_addr { host: "127.12.97.3" port: 45925 } } peers { permanent_uuid: "a8e036aabd0b4f7c951db64f6376ea0f" member_type: VOTER last_known_addr { host: "127.12.97.2" port: 34549 } } peers { permanent_uuid: "073e6f6c783045e5b2febb696b456d80" member_type: VOTER last_known_addr { host: "127.12.97.1" port: 44825 } }
I20260608 12:44:22.347929 13540 raft_consensus.cc:385] T df0f81f1b2d64a51824169d6e8d5267d P a8e036aabd0b4f7c951db64f6376ea0f [term 0 FOLLOWER]: Consensus starting up: Expiring failure detector timer to make a prompt election more likely
I20260608 12:44:22.348256 13540 raft_consensus.cc:740] T df0f81f1b2d64a51824169d6e8d5267d P a8e036aabd0b4f7c951db64f6376ea0f [term 0 FOLLOWER]: Becoming Follower/Learner. State: Replica: a8e036aabd0b4f7c951db64f6376ea0f, State: Initialized, Role: FOLLOWER
I20260608 12:44:22.349056 13539 raft_consensus.cc:359] T 676f35205e8a4ceda6473828b92db852 P 5b690d176eef48d2a9bdfa0b31b19b66 [term 0 FOLLOWER]: Replica starting. Triggering 0 pending ops. Active config: opid_index: -1 OBSOLETE_local: false peers { permanent_uuid: "073e6f6c783045e5b2febb696b456d80" member_type: VOTER last_known_addr { host: "127.12.97.1" port: 44825 } } peers { permanent_uuid: "a8e036aabd0b4f7c951db64f6376ea0f" member_type: VOTER last_known_addr { host: "127.12.97.2" port: 34549 } } peers { permanent_uuid: "5b690d176eef48d2a9bdfa0b31b19b66" member_type: VOTER last_known_addr { host: "127.12.97.3" port: 45925 } }
I20260608 12:44:22.349170 13540 consensus_queue.cc:260] T df0f81f1b2d64a51824169d6e8d5267d P a8e036aabd0b4f7c951db64f6376ea0f [NON_LEADER]: Queue going to NON_LEADER mode. State: All replicated index: 0, Majority replicated index: 0, Committed index: 0, Last appended: 0.0, Last appended by leader: 0, Current term: 0, Majority size: -1, State: 0, Mode: NON_LEADER, active raft config: opid_index: -1 OBSOLETE_local: false peers { permanent_uuid: "5b690d176eef48d2a9bdfa0b31b19b66" member_type: VOTER last_known_addr { host: "127.12.97.3" port: 45925 } } peers { permanent_uuid: "a8e036aabd0b4f7c951db64f6376ea0f" member_type: VOTER last_known_addr { host: "127.12.97.2" port: 34549 } } peers { permanent_uuid: "073e6f6c783045e5b2febb696b456d80" member_type: VOTER last_known_addr { host: "127.12.97.1" port: 44825 } }
I20260608 12:44:22.349905 13539 raft_consensus.cc:385] T 676f35205e8a4ceda6473828b92db852 P 5b690d176eef48d2a9bdfa0b31b19b66 [term 0 FOLLOWER]: Consensus starting up: Expiring failure detector timer to make a prompt election more likely
I20260608 12:44:22.350345 13539 raft_consensus.cc:740] T 676f35205e8a4ceda6473828b92db852 P 5b690d176eef48d2a9bdfa0b31b19b66 [term 0 FOLLOWER]: Becoming Follower/Learner. State: Replica: 5b690d176eef48d2a9bdfa0b31b19b66, State: Initialized, Role: FOLLOWER
I20260608 12:44:22.351464 13540 ts_tablet_manager.cc:1434] T df0f81f1b2d64a51824169d6e8d5267d P a8e036aabd0b4f7c951db64f6376ea0f: Time spent starting tablet: real 0.007s	user 0.005s	sys 0.000s
I20260608 12:44:22.351317 13539 consensus_queue.cc:260] T 676f35205e8a4ceda6473828b92db852 P 5b690d176eef48d2a9bdfa0b31b19b66 [NON_LEADER]: Queue going to NON_LEADER mode. State: All replicated index: 0, Majority replicated index: 0, Committed index: 0, Last appended: 0.0, Last appended by leader: 0, Current term: 0, Majority size: -1, State: 0, Mode: NON_LEADER, active raft config: opid_index: -1 OBSOLETE_local: false peers { permanent_uuid: "073e6f6c783045e5b2febb696b456d80" member_type: VOTER last_known_addr { host: "127.12.97.1" port: 44825 } } peers { permanent_uuid: "a8e036aabd0b4f7c951db64f6376ea0f" member_type: VOTER last_known_addr { host: "127.12.97.2" port: 34549 } } peers { permanent_uuid: "5b690d176eef48d2a9bdfa0b31b19b66" member_type: VOTER last_known_addr { host: "127.12.97.3" port: 45925 } }
I20260608 12:44:22.352697 13540 tablet_bootstrap.cc:492] T 676f35205e8a4ceda6473828b92db852 P a8e036aabd0b4f7c951db64f6376ea0f: Bootstrap starting.
I20260608 12:44:22.361207 13540 tablet_bootstrap.cc:654] T 676f35205e8a4ceda6473828b92db852 P a8e036aabd0b4f7c951db64f6376ea0f: Neither blocks nor log segments found. Creating new log.
I20260608 12:44:22.368068 13539 ts_tablet_manager.cc:1434] T 676f35205e8a4ceda6473828b92db852 P 5b690d176eef48d2a9bdfa0b31b19b66: Time spent starting tablet: real 0.022s	user 0.006s	sys 0.001s
I20260608 12:44:22.368949 13345 tablet_service.cc:1917] Received RequestConsensusVote() RPC: tablet_id: "3ab61c942a6d44d38174f91616a1c622" candidate_uuid: "a8e036aabd0b4f7c951db64f6376ea0f" candidate_term: 1 candidate_status { last_received { term: 0 index: 0 } } ignore_live_leader: false dest_uuid: "073e6f6c783045e5b2febb696b456d80" is_pre_election: true
W20260608 12:44:22.371879 13384 leader_election.cc:343] T 3ab61c942a6d44d38174f91616a1c622 P a8e036aabd0b4f7c951db64f6376ea0f [CANDIDATE]: Term 1 pre-election: Tablet error from VoteRequest() call to peer 073e6f6c783045e5b2febb696b456d80 (127.12.97.1:44825): Illegal state: must be running to vote when last-logged opid is not known
I20260608 12:44:22.379662 13494 tablet_service.cc:1917] Received RequestConsensusVote() RPC: tablet_id: "3ab61c942a6d44d38174f91616a1c622" candidate_uuid: "a8e036aabd0b4f7c951db64f6376ea0f" candidate_term: 1 candidate_status { last_received { term: 0 index: 0 } } ignore_live_leader: false dest_uuid: "5b690d176eef48d2a9bdfa0b31b19b66" is_pre_election: true
I20260608 12:44:22.380626 13494 raft_consensus.cc:2468] T 3ab61c942a6d44d38174f91616a1c622 P 5b690d176eef48d2a9bdfa0b31b19b66 [term 0 FOLLOWER]: Leader pre-election vote request: Granting yes vote for candidate a8e036aabd0b4f7c951db64f6376ea0f in term 0.
I20260608 12:44:22.382630 13384 leader_election.cc:304] T 3ab61c942a6d44d38174f91616a1c622 P a8e036aabd0b4f7c951db64f6376ea0f [CANDIDATE]: Term 1 pre-election: Election decided. Result: candidate won. Election summary: received 3 responses out of 3 voters: 2 yes votes; 1 no votes. yes voters: 5b690d176eef48d2a9bdfa0b31b19b66, a8e036aabd0b4f7c951db64f6376ea0f; no voters: 073e6f6c783045e5b2febb696b456d80
I20260608 12:44:22.383467 13539 tablet_bootstrap.cc:492] T df0f81f1b2d64a51824169d6e8d5267d P 5b690d176eef48d2a9bdfa0b31b19b66: Bootstrap starting.
I20260608 12:44:22.384505 13546 raft_consensus.cc:2804] T 3ab61c942a6d44d38174f91616a1c622 P a8e036aabd0b4f7c951db64f6376ea0f [term 0 FOLLOWER]: Leader pre-election won for term 1
I20260608 12:44:22.385040 13546 raft_consensus.cc:493] T 3ab61c942a6d44d38174f91616a1c622 P a8e036aabd0b4f7c951db64f6376ea0f [term 0 FOLLOWER]: Starting leader election (no leader contacted us within the election timeout)
I20260608 12:44:22.385516 13546 raft_consensus.cc:3060] T 3ab61c942a6d44d38174f91616a1c622 P a8e036aabd0b4f7c951db64f6376ea0f [term 0 FOLLOWER]: Advancing to term 1
I20260608 12:44:22.395870 13539 tablet_bootstrap.cc:654] T df0f81f1b2d64a51824169d6e8d5267d P 5b690d176eef48d2a9bdfa0b31b19b66: Neither blocks nor log segments found. Creating new log.
I20260608 12:44:22.396220 13540 tablet_bootstrap.cc:492] T 676f35205e8a4ceda6473828b92db852 P a8e036aabd0b4f7c951db64f6376ea0f: No bootstrap required, opened a new log
I20260608 12:44:22.396801 13540 ts_tablet_manager.cc:1403] T 676f35205e8a4ceda6473828b92db852 P a8e036aabd0b4f7c951db64f6376ea0f: Time spent bootstrapping tablet: real 0.044s	user 0.015s	sys 0.023s
I20260608 12:44:22.398276 13546 raft_consensus.cc:515] T 3ab61c942a6d44d38174f91616a1c622 P a8e036aabd0b4f7c951db64f6376ea0f [term 1 FOLLOWER]: Starting leader election with config: opid_index: -1 OBSOLETE_local: false peers { permanent_uuid: "073e6f6c783045e5b2febb696b456d80" member_type: VOTER last_known_addr { host: "127.12.97.1" port: 44825 } } peers { permanent_uuid: "a8e036aabd0b4f7c951db64f6376ea0f" member_type: VOTER last_known_addr { host: "127.12.97.2" port: 34549 } } peers { permanent_uuid: "5b690d176eef48d2a9bdfa0b31b19b66" member_type: VOTER last_known_addr { host: "127.12.97.3" port: 45925 } }
I20260608 12:44:22.400679 13540 raft_consensus.cc:359] T 676f35205e8a4ceda6473828b92db852 P a8e036aabd0b4f7c951db64f6376ea0f [term 0 FOLLOWER]: Replica starting. Triggering 0 pending ops. Active config: opid_index: -1 OBSOLETE_local: false peers { permanent_uuid: "073e6f6c783045e5b2febb696b456d80" member_type: VOTER last_known_addr { host: "127.12.97.1" port: 44825 } } peers { permanent_uuid: "a8e036aabd0b4f7c951db64f6376ea0f" member_type: VOTER last_known_addr { host: "127.12.97.2" port: 34549 } } peers { permanent_uuid: "5b690d176eef48d2a9bdfa0b31b19b66" member_type: VOTER last_known_addr { host: "127.12.97.3" port: 45925 } }
I20260608 12:44:22.401763 13540 raft_consensus.cc:385] T 676f35205e8a4ceda6473828b92db852 P a8e036aabd0b4f7c951db64f6376ea0f [term 0 FOLLOWER]: Consensus starting up: Expiring failure detector timer to make a prompt election more likely
I20260608 12:44:22.402223 13540 raft_consensus.cc:740] T 676f35205e8a4ceda6473828b92db852 P a8e036aabd0b4f7c951db64f6376ea0f [term 0 FOLLOWER]: Becoming Follower/Learner. State: Replica: a8e036aabd0b4f7c951db64f6376ea0f, State: Initialized, Role: FOLLOWER
I20260608 12:44:22.402266 13345 tablet_service.cc:1917] Received RequestConsensusVote() RPC: tablet_id: "3ab61c942a6d44d38174f91616a1c622" candidate_uuid: "a8e036aabd0b4f7c951db64f6376ea0f" candidate_term: 1 candidate_status { last_received { term: 0 index: 0 } } ignore_live_leader: false dest_uuid: "073e6f6c783045e5b2febb696b456d80"
I20260608 12:44:22.403805 13540 consensus_queue.cc:260] T 676f35205e8a4ceda6473828b92db852 P a8e036aabd0b4f7c951db64f6376ea0f [NON_LEADER]: Queue going to NON_LEADER mode. State: All replicated index: 0, Majority replicated index: 0, Committed index: 0, Last appended: 0.0, Last appended by leader: 0, Current term: 0, Majority size: -1, State: 0, Mode: NON_LEADER, active raft config: opid_index: -1 OBSOLETE_local: false peers { permanent_uuid: "073e6f6c783045e5b2febb696b456d80" member_type: VOTER last_known_addr { host: "127.12.97.1" port: 44825 } } peers { permanent_uuid: "a8e036aabd0b4f7c951db64f6376ea0f" member_type: VOTER last_known_addr { host: "127.12.97.2" port: 34549 } } peers { permanent_uuid: "5b690d176eef48d2a9bdfa0b31b19b66" member_type: VOTER last_known_addr { host: "127.12.97.3" port: 45925 } }
W20260608 12:44:22.404501 13384 leader_election.cc:343] T 3ab61c942a6d44d38174f91616a1c622 P a8e036aabd0b4f7c951db64f6376ea0f [CANDIDATE]: Term 1 election: Tablet error from VoteRequest() call to peer 073e6f6c783045e5b2febb696b456d80 (127.12.97.1:44825): Illegal state: must be running to vote when last-logged opid is not known
I20260608 12:44:22.406376 13546 leader_election.cc:290] T 3ab61c942a6d44d38174f91616a1c622 P a8e036aabd0b4f7c951db64f6376ea0f [CANDIDATE]: Term 1 election: Requested vote from peers 073e6f6c783045e5b2febb696b456d80 (127.12.97.1:44825), 5b690d176eef48d2a9bdfa0b31b19b66 (127.12.97.3:45925)
I20260608 12:44:22.407632 13494 tablet_service.cc:1917] Received RequestConsensusVote() RPC: tablet_id: "3ab61c942a6d44d38174f91616a1c622" candidate_uuid: "a8e036aabd0b4f7c951db64f6376ea0f" candidate_term: 1 candidate_status { last_received { term: 0 index: 0 } } ignore_live_leader: false dest_uuid: "5b690d176eef48d2a9bdfa0b31b19b66"
I20260608 12:44:22.408187 13494 raft_consensus.cc:3060] T 3ab61c942a6d44d38174f91616a1c622 P 5b690d176eef48d2a9bdfa0b31b19b66 [term 0 FOLLOWER]: Advancing to term 1
I20260608 12:44:22.408661 13540 ts_tablet_manager.cc:1434] T 676f35205e8a4ceda6473828b92db852 P a8e036aabd0b4f7c951db64f6376ea0f: Time spent starting tablet: real 0.011s	user 0.006s	sys 0.002s
I20260608 12:44:22.408901 13539 tablet_bootstrap.cc:492] T df0f81f1b2d64a51824169d6e8d5267d P 5b690d176eef48d2a9bdfa0b31b19b66: No bootstrap required, opened a new log
I20260608 12:44:22.409399 13539 ts_tablet_manager.cc:1403] T df0f81f1b2d64a51824169d6e8d5267d P 5b690d176eef48d2a9bdfa0b31b19b66: Time spent bootstrapping tablet: real 0.026s	user 0.014s	sys 0.008s
I20260608 12:44:22.409724 13540 tablet_bootstrap.cc:492] T 7804d978b68e43279627fa0b60248123 P a8e036aabd0b4f7c951db64f6376ea0f: Bootstrap starting.
I20260608 12:44:22.410727 13541 tablet_bootstrap.cc:492] T 676f35205e8a4ceda6473828b92db852 P 073e6f6c783045e5b2febb696b456d80: No bootstrap required, opened a new log
I20260608 12:44:22.411245 13541 ts_tablet_manager.cc:1403] T 676f35205e8a4ceda6473828b92db852 P 073e6f6c783045e5b2febb696b456d80: Time spent bootstrapping tablet: real 0.087s	user 0.037s	sys 0.032s
I20260608 12:44:22.412410 13539 raft_consensus.cc:359] T df0f81f1b2d64a51824169d6e8d5267d P 5b690d176eef48d2a9bdfa0b31b19b66 [term 0 FOLLOWER]: Replica starting. Triggering 0 pending ops. Active config: opid_index: -1 OBSOLETE_local: false peers { permanent_uuid: "5b690d176eef48d2a9bdfa0b31b19b66" member_type: VOTER last_known_addr { host: "127.12.97.3" port: 45925 } } peers { permanent_uuid: "a8e036aabd0b4f7c951db64f6376ea0f" member_type: VOTER last_known_addr { host: "127.12.97.2" port: 34549 } } peers { permanent_uuid: "073e6f6c783045e5b2febb696b456d80" member_type: VOTER last_known_addr { host: "127.12.97.1" port: 44825 } }
I20260608 12:44:22.413245 13539 raft_consensus.cc:385] T df0f81f1b2d64a51824169d6e8d5267d P 5b690d176eef48d2a9bdfa0b31b19b66 [term 0 FOLLOWER]: Consensus starting up: Expiring failure detector timer to make a prompt election more likely
I20260608 12:44:22.413643 13539 raft_consensus.cc:740] T df0f81f1b2d64a51824169d6e8d5267d P 5b690d176eef48d2a9bdfa0b31b19b66 [term 0 FOLLOWER]: Becoming Follower/Learner. State: Replica: 5b690d176eef48d2a9bdfa0b31b19b66, State: Initialized, Role: FOLLOWER
I20260608 12:44:22.414109 13541 raft_consensus.cc:359] T 676f35205e8a4ceda6473828b92db852 P 073e6f6c783045e5b2febb696b456d80 [term 0 FOLLOWER]: Replica starting. Triggering 0 pending ops. Active config: opid_index: -1 OBSOLETE_local: false peers { permanent_uuid: "073e6f6c783045e5b2febb696b456d80" member_type: VOTER last_known_addr { host: "127.12.97.1" port: 44825 } } peers { permanent_uuid: "a8e036aabd0b4f7c951db64f6376ea0f" member_type: VOTER last_known_addr { host: "127.12.97.2" port: 34549 } } peers { permanent_uuid: "5b690d176eef48d2a9bdfa0b31b19b66" member_type: VOTER last_known_addr { host: "127.12.97.3" port: 45925 } }
I20260608 12:44:22.414870 13541 raft_consensus.cc:385] T 676f35205e8a4ceda6473828b92db852 P 073e6f6c783045e5b2febb696b456d80 [term 0 FOLLOWER]: Consensus starting up: Expiring failure detector timer to make a prompt election more likely
I20260608 12:44:22.414619 13539 consensus_queue.cc:260] T df0f81f1b2d64a51824169d6e8d5267d P 5b690d176eef48d2a9bdfa0b31b19b66 [NON_LEADER]: Queue going to NON_LEADER mode. State: All replicated index: 0, Majority replicated index: 0, Committed index: 0, Last appended: 0.0, Last appended by leader: 0, Current term: 0, Majority size: -1, State: 0, Mode: NON_LEADER, active raft config: opid_index: -1 OBSOLETE_local: false peers { permanent_uuid: "5b690d176eef48d2a9bdfa0b31b19b66" member_type: VOTER last_known_addr { host: "127.12.97.3" port: 45925 } } peers { permanent_uuid: "a8e036aabd0b4f7c951db64f6376ea0f" member_type: VOTER last_known_addr { host: "127.12.97.2" port: 34549 } } peers { permanent_uuid: "073e6f6c783045e5b2febb696b456d80" member_type: VOTER last_known_addr { host: "127.12.97.1" port: 44825 } }
I20260608 12:44:22.415249 13541 raft_consensus.cc:740] T 676f35205e8a4ceda6473828b92db852 P 073e6f6c783045e5b2febb696b456d80 [term 0 FOLLOWER]: Becoming Follower/Learner. State: Replica: 073e6f6c783045e5b2febb696b456d80, State: Initialized, Role: FOLLOWER
I20260608 12:44:22.416496 13540 tablet_bootstrap.cc:654] T 7804d978b68e43279627fa0b60248123 P a8e036aabd0b4f7c951db64f6376ea0f: Neither blocks nor log segments found. Creating new log.
I20260608 12:44:22.416090 13541 consensus_queue.cc:260] T 676f35205e8a4ceda6473828b92db852 P 073e6f6c783045e5b2febb696b456d80 [NON_LEADER]: Queue going to NON_LEADER mode. State: All replicated index: 0, Majority replicated index: 0, Committed index: 0, Last appended: 0.0, Last appended by leader: 0, Current term: 0, Majority size: -1, State: 0, Mode: NON_LEADER, active raft config: opid_index: -1 OBSOLETE_local: false peers { permanent_uuid: "073e6f6c783045e5b2febb696b456d80" member_type: VOTER last_known_addr { host: "127.12.97.1" port: 44825 } } peers { permanent_uuid: "a8e036aabd0b4f7c951db64f6376ea0f" member_type: VOTER last_known_addr { host: "127.12.97.2" port: 34549 } } peers { permanent_uuid: "5b690d176eef48d2a9bdfa0b31b19b66" member_type: VOTER last_known_addr { host: "127.12.97.3" port: 45925 } }
I20260608 12:44:22.418800 13541 ts_tablet_manager.cc:1434] T 676f35205e8a4ceda6473828b92db852 P 073e6f6c783045e5b2febb696b456d80: Time spent starting tablet: real 0.007s	user 0.005s	sys 0.001s
I20260608 12:44:22.419788 13541 tablet_bootstrap.cc:492] T caab4b355a2143db95b876e9fa580744 P 073e6f6c783045e5b2febb696b456d80: Bootstrap starting.
I20260608 12:44:22.421947 13494 raft_consensus.cc:2468] T 3ab61c942a6d44d38174f91616a1c622 P 5b690d176eef48d2a9bdfa0b31b19b66 [term 1 FOLLOWER]: Leader election vote request: Granting yes vote for candidate a8e036aabd0b4f7c951db64f6376ea0f in term 1.
I20260608 12:44:22.422199 13539 ts_tablet_manager.cc:1434] T df0f81f1b2d64a51824169d6e8d5267d P 5b690d176eef48d2a9bdfa0b31b19b66: Time spent starting tablet: real 0.012s	user 0.006s	sys 0.000s
I20260608 12:44:22.425498 13539 tablet_bootstrap.cc:492] T 84425b76e8de48e18b3b9e7a5dd4cfaf P 5b690d176eef48d2a9bdfa0b31b19b66: Bootstrap starting.
I20260608 12:44:22.425827 13541 tablet_bootstrap.cc:654] T caab4b355a2143db95b876e9fa580744 P 073e6f6c783045e5b2febb696b456d80: Neither blocks nor log segments found. Creating new log.
I20260608 12:44:22.427676 13545 raft_consensus.cc:493] T 676f35205e8a4ceda6473828b92db852 P 5b690d176eef48d2a9bdfa0b31b19b66 [term 0 FOLLOWER]: Starting pre-election (no leader contacted us within the election timeout)
I20260608 12:44:22.425347 13384 leader_election.cc:304] T 3ab61c942a6d44d38174f91616a1c622 P a8e036aabd0b4f7c951db64f6376ea0f [CANDIDATE]: Term 1 election: Election decided. Result: candidate won. Election summary: received 3 responses out of 3 voters: 2 yes votes; 1 no votes. yes voters: 5b690d176eef48d2a9bdfa0b31b19b66, a8e036aabd0b4f7c951db64f6376ea0f; no voters: 073e6f6c783045e5b2febb696b456d80
I20260608 12:44:22.430698 13546 raft_consensus.cc:2804] T 3ab61c942a6d44d38174f91616a1c622 P a8e036aabd0b4f7c951db64f6376ea0f [term 1 FOLLOWER]: Leader election won for term 1
I20260608 12:44:22.431368 13546 raft_consensus.cc:697] T 3ab61c942a6d44d38174f91616a1c622 P a8e036aabd0b4f7c951db64f6376ea0f [term 1 LEADER]: Becoming Leader. State: Replica: a8e036aabd0b4f7c951db64f6376ea0f, State: Running, Role: LEADER
I20260608 12:44:22.433658 13539 tablet_bootstrap.cc:654] T 84425b76e8de48e18b3b9e7a5dd4cfaf P 5b690d176eef48d2a9bdfa0b31b19b66: Neither blocks nor log segments found. Creating new log.
I20260608 12:44:22.428375 13545 raft_consensus.cc:515] T 676f35205e8a4ceda6473828b92db852 P 5b690d176eef48d2a9bdfa0b31b19b66 [term 0 FOLLOWER]: Starting pre-election with config: opid_index: -1 OBSOLETE_local: false peers { permanent_uuid: "073e6f6c783045e5b2febb696b456d80" member_type: VOTER last_known_addr { host: "127.12.97.1" port: 44825 } } peers { permanent_uuid: "a8e036aabd0b4f7c951db64f6376ea0f" member_type: VOTER last_known_addr { host: "127.12.97.2" port: 34549 } } peers { permanent_uuid: "5b690d176eef48d2a9bdfa0b31b19b66" member_type: VOTER last_known_addr { host: "127.12.97.3" port: 45925 } }
I20260608 12:44:22.443938 13545 leader_election.cc:290] T 676f35205e8a4ceda6473828b92db852 P 5b690d176eef48d2a9bdfa0b31b19b66 [CANDIDATE]: Term 1 pre-election: Requested pre-vote from peers 073e6f6c783045e5b2febb696b456d80 (127.12.97.1:44825), a8e036aabd0b4f7c951db64f6376ea0f (127.12.97.2:34549)
I20260608 12:44:22.432483 13546 consensus_queue.cc:237] T 3ab61c942a6d44d38174f91616a1c622 P a8e036aabd0b4f7c951db64f6376ea0f [LEADER]: Queue going to LEADER mode. State: All replicated index: 0, Majority replicated index: 0, Committed index: 0, Last appended: 0.0, Last appended by leader: 0, Current term: 1, Majority size: 2, State: 0, Mode: LEADER, active raft config: opid_index: -1 OBSOLETE_local: false peers { permanent_uuid: "073e6f6c783045e5b2febb696b456d80" member_type: VOTER last_known_addr { host: "127.12.97.1" port: 44825 } } peers { permanent_uuid: "a8e036aabd0b4f7c951db64f6376ea0f" member_type: VOTER last_known_addr { host: "127.12.97.2" port: 34549 } } peers { permanent_uuid: "5b690d176eef48d2a9bdfa0b31b19b66" member_type: VOTER last_known_addr { host: "127.12.97.3" port: 45925 } }
I20260608 12:44:22.453672 13541 tablet_bootstrap.cc:492] T caab4b355a2143db95b876e9fa580744 P 073e6f6c783045e5b2febb696b456d80: No bootstrap required, opened a new log
I20260608 12:44:22.455197 13540 tablet_bootstrap.cc:492] T 7804d978b68e43279627fa0b60248123 P a8e036aabd0b4f7c951db64f6376ea0f: No bootstrap required, opened a new log
I20260608 12:44:22.455829 13540 ts_tablet_manager.cc:1403] T 7804d978b68e43279627fa0b60248123 P a8e036aabd0b4f7c951db64f6376ea0f: Time spent bootstrapping tablet: real 0.046s	user 0.018s	sys 0.011s
I20260608 12:44:22.457135 13541 ts_tablet_manager.cc:1403] T caab4b355a2143db95b876e9fa580744 P 073e6f6c783045e5b2febb696b456d80: Time spent bootstrapping tablet: real 0.038s	user 0.018s	sys 0.016s
I20260608 12:44:22.460291 13541 raft_consensus.cc:359] T caab4b355a2143db95b876e9fa580744 P 073e6f6c783045e5b2febb696b456d80 [term 0 FOLLOWER]: Replica starting. Triggering 0 pending ops. Active config: opid_index: -1 OBSOLETE_local: false peers { permanent_uuid: "073e6f6c783045e5b2febb696b456d80" member_type: VOTER last_known_addr { host: "127.12.97.1" port: 44825 } } peers { permanent_uuid: "a8e036aabd0b4f7c951db64f6376ea0f" member_type: VOTER last_known_addr { host: "127.12.97.2" port: 34549 } } peers { permanent_uuid: "5b690d176eef48d2a9bdfa0b31b19b66" member_type: VOTER last_known_addr { host: "127.12.97.3" port: 45925 } }
I20260608 12:44:22.460660 13539 tablet_bootstrap.cc:492] T 84425b76e8de48e18b3b9e7a5dd4cfaf P 5b690d176eef48d2a9bdfa0b31b19b66: No bootstrap required, opened a new log
I20260608 12:44:22.461110 13541 raft_consensus.cc:385] T caab4b355a2143db95b876e9fa580744 P 073e6f6c783045e5b2febb696b456d80 [term 0 FOLLOWER]: Consensus starting up: Expiring failure detector timer to make a prompt election more likely
I20260608 12:44:22.461500 13541 raft_consensus.cc:740] T caab4b355a2143db95b876e9fa580744 P 073e6f6c783045e5b2febb696b456d80 [term 0 FOLLOWER]: Becoming Follower/Learner. State: Replica: 073e6f6c783045e5b2febb696b456d80, State: Initialized, Role: FOLLOWER
I20260608 12:44:22.462462 13541 consensus_queue.cc:260] T caab4b355a2143db95b876e9fa580744 P 073e6f6c783045e5b2febb696b456d80 [NON_LEADER]: Queue going to NON_LEADER mode. State: All replicated index: 0, Majority replicated index: 0, Committed index: 0, Last appended: 0.0, Last appended by leader: 0, Current term: 0, Majority size: -1, State: 0, Mode: NON_LEADER, active raft config: opid_index: -1 OBSOLETE_local: false peers { permanent_uuid: "073e6f6c783045e5b2febb696b456d80" member_type: VOTER last_known_addr { host: "127.12.97.1" port: 44825 } } peers { permanent_uuid: "a8e036aabd0b4f7c951db64f6376ea0f" member_type: VOTER last_known_addr { host: "127.12.97.2" port: 34549 } } peers { permanent_uuid: "5b690d176eef48d2a9bdfa0b31b19b66" member_type: VOTER last_known_addr { host: "127.12.97.3" port: 45925 } }
I20260608 12:44:22.463063 13540 raft_consensus.cc:359] T 7804d978b68e43279627fa0b60248123 P a8e036aabd0b4f7c951db64f6376ea0f [term 0 FOLLOWER]: Replica starting. Triggering 0 pending ops. Active config: opid_index: -1 OBSOLETE_local: false peers { permanent_uuid: "073e6f6c783045e5b2febb696b456d80" member_type: VOTER last_known_addr { host: "127.12.97.1" port: 44825 } } peers { permanent_uuid: "a8e036aabd0b4f7c951db64f6376ea0f" member_type: VOTER last_known_addr { host: "127.12.97.2" port: 34549 } } peers { permanent_uuid: "5b690d176eef48d2a9bdfa0b31b19b66" member_type: VOTER last_known_addr { host: "127.12.97.3" port: 45925 } }
I20260608 12:44:22.463817 13540 raft_consensus.cc:385] T 7804d978b68e43279627fa0b60248123 P a8e036aabd0b4f7c951db64f6376ea0f [term 0 FOLLOWER]: Consensus starting up: Expiring failure detector timer to make a prompt election more likely
I20260608 12:44:22.464210 13540 raft_consensus.cc:740] T 7804d978b68e43279627fa0b60248123 P a8e036aabd0b4f7c951db64f6376ea0f [term 0 FOLLOWER]: Becoming Follower/Learner. State: Replica: a8e036aabd0b4f7c951db64f6376ea0f, State: Initialized, Role: FOLLOWER
I20260608 12:44:22.463672 13241 catalog_manager.cc:5696] T 3ab61c942a6d44d38174f91616a1c622 P a8e036aabd0b4f7c951db64f6376ea0f reported cstate change: term changed from 0 to 1, leader changed from <none> to a8e036aabd0b4f7c951db64f6376ea0f (127.12.97.2). New cstate: current_term: 1 leader_uuid: "a8e036aabd0b4f7c951db64f6376ea0f" committed_config { opid_index: -1 OBSOLETE_local: false peers { permanent_uuid: "073e6f6c783045e5b2febb696b456d80" member_type: VOTER last_known_addr { host: "127.12.97.1" port: 44825 } health_report { overall_health: UNKNOWN } } peers { permanent_uuid: "a8e036aabd0b4f7c951db64f6376ea0f" member_type: VOTER last_known_addr { host: "127.12.97.2" port: 34549 } health_report { overall_health: HEALTHY } } peers { permanent_uuid: "5b690d176eef48d2a9bdfa0b31b19b66" member_type: VOTER last_known_addr { host: "127.12.97.3" port: 45925 } health_report { overall_health: UNKNOWN } } }
I20260608 12:44:22.466763 13541 ts_tablet_manager.cc:1434] T caab4b355a2143db95b876e9fa580744 P 073e6f6c783045e5b2febb696b456d80: Time spent starting tablet: real 0.009s	user 0.001s	sys 0.004s
I20260608 12:44:22.467897 13541 tablet_bootstrap.cc:492] T 3ab61c942a6d44d38174f91616a1c622 P 073e6f6c783045e5b2febb696b456d80: Bootstrap starting.
I20260608 12:44:22.469997 13420 tablet_service.cc:1917] Received RequestConsensusVote() RPC: tablet_id: "676f35205e8a4ceda6473828b92db852" candidate_uuid: "5b690d176eef48d2a9bdfa0b31b19b66" candidate_term: 1 candidate_status { last_received { term: 0 index: 0 } } ignore_live_leader: false dest_uuid: "a8e036aabd0b4f7c951db64f6376ea0f" is_pre_election: true
I20260608 12:44:22.470680 13420 raft_consensus.cc:2468] T 676f35205e8a4ceda6473828b92db852 P a8e036aabd0b4f7c951db64f6376ea0f [term 0 FOLLOWER]: Leader pre-election vote request: Granting yes vote for candidate 5b690d176eef48d2a9bdfa0b31b19b66 in term 0.
I20260608 12:44:22.471305 13539 ts_tablet_manager.cc:1403] T 84425b76e8de48e18b3b9e7a5dd4cfaf P 5b690d176eef48d2a9bdfa0b31b19b66: Time spent bootstrapping tablet: real 0.046s	user 0.014s	sys 0.000s
I20260608 12:44:22.473687 13460 leader_election.cc:304] T 676f35205e8a4ceda6473828b92db852 P 5b690d176eef48d2a9bdfa0b31b19b66 [CANDIDATE]: Term 1 pre-election: Election decided. Result: candidate won. Election summary: received 2 responses out of 3 voters: 2 yes votes; 0 no votes. yes voters: 5b690d176eef48d2a9bdfa0b31b19b66, a8e036aabd0b4f7c951db64f6376ea0f; no voters: 
I20260608 12:44:22.474496 13541 tablet_bootstrap.cc:654] T 3ab61c942a6d44d38174f91616a1c622 P 073e6f6c783045e5b2febb696b456d80: Neither blocks nor log segments found. Creating new log.
I20260608 12:44:22.474642 13545 raft_consensus.cc:2804] T 676f35205e8a4ceda6473828b92db852 P 5b690d176eef48d2a9bdfa0b31b19b66 [term 0 FOLLOWER]: Leader pre-election won for term 1
I20260608 12:44:22.475185 13545 raft_consensus.cc:493] T 676f35205e8a4ceda6473828b92db852 P 5b690d176eef48d2a9bdfa0b31b19b66 [term 0 FOLLOWER]: Starting leader election (no leader contacted us within the election timeout)
I20260608 12:44:22.475557 13545 raft_consensus.cc:3060] T 676f35205e8a4ceda6473828b92db852 P 5b690d176eef48d2a9bdfa0b31b19b66 [term 0 FOLLOWER]: Advancing to term 1
I20260608 12:44:22.465144 13540 consensus_queue.cc:260] T 7804d978b68e43279627fa0b60248123 P a8e036aabd0b4f7c951db64f6376ea0f [NON_LEADER]: Queue going to NON_LEADER mode. State: All replicated index: 0, Majority replicated index: 0, Committed index: 0, Last appended: 0.0, Last appended by leader: 0, Current term: 0, Majority size: -1, State: 0, Mode: NON_LEADER, active raft config: opid_index: -1 OBSOLETE_local: false peers { permanent_uuid: "073e6f6c783045e5b2febb696b456d80" member_type: VOTER last_known_addr { host: "127.12.97.1" port: 44825 } } peers { permanent_uuid: "a8e036aabd0b4f7c951db64f6376ea0f" member_type: VOTER last_known_addr { host: "127.12.97.2" port: 34549 } } peers { permanent_uuid: "5b690d176eef48d2a9bdfa0b31b19b66" member_type: VOTER last_known_addr { host: "127.12.97.3" port: 45925 } }
I20260608 12:44:22.474421 13539 raft_consensus.cc:359] T 84425b76e8de48e18b3b9e7a5dd4cfaf P 5b690d176eef48d2a9bdfa0b31b19b66 [term 0 FOLLOWER]: Replica starting. Triggering 0 pending ops. Active config: opid_index: -1 OBSOLETE_local: false peers { permanent_uuid: "073e6f6c783045e5b2febb696b456d80" member_type: VOTER last_known_addr { host: "127.12.97.1" port: 44825 } } peers { permanent_uuid: "a8e036aabd0b4f7c951db64f6376ea0f" member_type: VOTER last_known_addr { host: "127.12.97.2" port: 34549 } } peers { permanent_uuid: "5b690d176eef48d2a9bdfa0b31b19b66" member_type: VOTER last_known_addr { host: "127.12.97.3" port: 45925 } }
I20260608 12:44:22.481035 13539 raft_consensus.cc:385] T 84425b76e8de48e18b3b9e7a5dd4cfaf P 5b690d176eef48d2a9bdfa0b31b19b66 [term 0 FOLLOWER]: Consensus starting up: Expiring failure detector timer to make a prompt election more likely
I20260608 12:44:22.481371 13540 ts_tablet_manager.cc:1434] T 7804d978b68e43279627fa0b60248123 P a8e036aabd0b4f7c951db64f6376ea0f: Time spent starting tablet: real 0.025s	user 0.007s	sys 0.000s
I20260608 12:44:22.481426 13539 raft_consensus.cc:740] T 84425b76e8de48e18b3b9e7a5dd4cfaf P 5b690d176eef48d2a9bdfa0b31b19b66 [term 0 FOLLOWER]: Becoming Follower/Learner. State: Replica: 5b690d176eef48d2a9bdfa0b31b19b66, State: Initialized, Role: FOLLOWER
I20260608 12:44:22.482983 13540 tablet_bootstrap.cc:492] T 84425b76e8de48e18b3b9e7a5dd4cfaf P a8e036aabd0b4f7c951db64f6376ea0f: Bootstrap starting.
I20260608 12:44:22.485280 13545 raft_consensus.cc:515] T 676f35205e8a4ceda6473828b92db852 P 5b690d176eef48d2a9bdfa0b31b19b66 [term 1 FOLLOWER]: Starting leader election with config: opid_index: -1 OBSOLETE_local: false peers { permanent_uuid: "073e6f6c783045e5b2febb696b456d80" member_type: VOTER last_known_addr { host: "127.12.97.1" port: 44825 } } peers { permanent_uuid: "a8e036aabd0b4f7c951db64f6376ea0f" member_type: VOTER last_known_addr { host: "127.12.97.2" port: 34549 } } peers { permanent_uuid: "5b690d176eef48d2a9bdfa0b31b19b66" member_type: VOTER last_known_addr { host: "127.12.97.3" port: 45925 } }
I20260608 12:44:22.482697 13539 consensus_queue.cc:260] T 84425b76e8de48e18b3b9e7a5dd4cfaf P 5b690d176eef48d2a9bdfa0b31b19b66 [NON_LEADER]: Queue going to NON_LEADER mode. State: All replicated index: 0, Majority replicated index: 0, Committed index: 0, Last appended: 0.0, Last appended by leader: 0, Current term: 0, Majority size: -1, State: 0, Mode: NON_LEADER, active raft config: opid_index: -1 OBSOLETE_local: false peers { permanent_uuid: "073e6f6c783045e5b2febb696b456d80" member_type: VOTER last_known_addr { host: "127.12.97.1" port: 44825 } } peers { permanent_uuid: "a8e036aabd0b4f7c951db64f6376ea0f" member_type: VOTER last_known_addr { host: "127.12.97.2" port: 34549 } } peers { permanent_uuid: "5b690d176eef48d2a9bdfa0b31b19b66" member_type: VOTER last_known_addr { host: "127.12.97.3" port: 45925 } }
I20260608 12:44:22.490253 13420 tablet_service.cc:1917] Received RequestConsensusVote() RPC: tablet_id: "676f35205e8a4ceda6473828b92db852" candidate_uuid: "5b690d176eef48d2a9bdfa0b31b19b66" candidate_term: 1 candidate_status { last_received { term: 0 index: 0 } } ignore_live_leader: false dest_uuid: "a8e036aabd0b4f7c951db64f6376ea0f"
I20260608 12:44:22.490852 13420 raft_consensus.cc:3060] T 676f35205e8a4ceda6473828b92db852 P a8e036aabd0b4f7c951db64f6376ea0f [term 0 FOLLOWER]: Advancing to term 1
I20260608 12:44:22.492437 13540 tablet_bootstrap.cc:654] T 84425b76e8de48e18b3b9e7a5dd4cfaf P a8e036aabd0b4f7c951db64f6376ea0f: Neither blocks nor log segments found. Creating new log.
I20260608 12:44:22.498359 13420 raft_consensus.cc:2468] T 676f35205e8a4ceda6473828b92db852 P a8e036aabd0b4f7c951db64f6376ea0f [term 1 FOLLOWER]: Leader election vote request: Granting yes vote for candidate 5b690d176eef48d2a9bdfa0b31b19b66 in term 1.
I20260608 12:44:22.499764 13460 leader_election.cc:304] T 676f35205e8a4ceda6473828b92db852 P 5b690d176eef48d2a9bdfa0b31b19b66 [CANDIDATE]: Term 1 election: Election decided. Result: candidate won. Election summary: received 2 responses out of 3 voters: 2 yes votes; 0 no votes. yes voters: 5b690d176eef48d2a9bdfa0b31b19b66, a8e036aabd0b4f7c951db64f6376ea0f; no voters: 
I20260608 12:44:22.500893 13546 raft_consensus.cc:493] T df0f81f1b2d64a51824169d6e8d5267d P a8e036aabd0b4f7c951db64f6376ea0f [term 0 FOLLOWER]: Starting pre-election (no leader contacted us within the election timeout)
I20260608 12:44:22.501188 13345 tablet_service.cc:1917] Received RequestConsensusVote() RPC: tablet_id: "676f35205e8a4ceda6473828b92db852" candidate_uuid: "5b690d176eef48d2a9bdfa0b31b19b66" candidate_term: 1 candidate_status { last_received { term: 0 index: 0 } } ignore_live_leader: false dest_uuid: "073e6f6c783045e5b2febb696b456d80" is_pre_election: true
I20260608 12:44:22.501461 13546 raft_consensus.cc:515] T df0f81f1b2d64a51824169d6e8d5267d P a8e036aabd0b4f7c951db64f6376ea0f [term 0 FOLLOWER]: Starting pre-election with config: opid_index: -1 OBSOLETE_local: false peers { permanent_uuid: "5b690d176eef48d2a9bdfa0b31b19b66" member_type: VOTER last_known_addr { host: "127.12.97.3" port: 45925 } } peers { permanent_uuid: "a8e036aabd0b4f7c951db64f6376ea0f" member_type: VOTER last_known_addr { host: "127.12.97.2" port: 34549 } } peers { permanent_uuid: "073e6f6c783045e5b2febb696b456d80" member_type: VOTER last_known_addr { host: "127.12.97.1" port: 44825 } }
I20260608 12:44:22.502041 13345 raft_consensus.cc:2468] T 676f35205e8a4ceda6473828b92db852 P 073e6f6c783045e5b2febb696b456d80 [term 0 FOLLOWER]: Leader pre-election vote request: Granting yes vote for candidate 5b690d176eef48d2a9bdfa0b31b19b66 in term 0.
I20260608 12:44:22.504341 13345 tablet_service.cc:1917] Received RequestConsensusVote() RPC: tablet_id: "676f35205e8a4ceda6473828b92db852" candidate_uuid: "5b690d176eef48d2a9bdfa0b31b19b66" candidate_term: 1 candidate_status { last_received { term: 0 index: 0 } } ignore_live_leader: false dest_uuid: "073e6f6c783045e5b2febb696b456d80"
I20260608 12:44:22.505179 13345 raft_consensus.cc:3060] T 676f35205e8a4ceda6473828b92db852 P 073e6f6c783045e5b2febb696b456d80 [term 0 FOLLOWER]: Advancing to term 1
I20260608 12:44:22.509387 13344 tablet_service.cc:1917] Received RequestConsensusVote() RPC: tablet_id: "df0f81f1b2d64a51824169d6e8d5267d" candidate_uuid: "a8e036aabd0b4f7c951db64f6376ea0f" candidate_term: 1 candidate_status { last_received { term: 0 index: 0 } } ignore_live_leader: false dest_uuid: "073e6f6c783045e5b2febb696b456d80" is_pre_election: true
I20260608 12:44:22.504300 13546 leader_election.cc:290] T df0f81f1b2d64a51824169d6e8d5267d P a8e036aabd0b4f7c951db64f6376ea0f [CANDIDATE]: Term 1 pre-election: Requested pre-vote from peers 5b690d176eef48d2a9bdfa0b31b19b66 (127.12.97.3:45925), 073e6f6c783045e5b2febb696b456d80 (127.12.97.1:44825)
I20260608 12:44:22.510324 13344 raft_consensus.cc:2468] T df0f81f1b2d64a51824169d6e8d5267d P 073e6f6c783045e5b2febb696b456d80 [term 0 FOLLOWER]: Leader pre-election vote request: Granting yes vote for candidate a8e036aabd0b4f7c951db64f6376ea0f in term 0.
I20260608 12:44:22.509341 13494 tablet_service.cc:1917] Received RequestConsensusVote() RPC: tablet_id: "df0f81f1b2d64a51824169d6e8d5267d" candidate_uuid: "a8e036aabd0b4f7c951db64f6376ea0f" candidate_term: 1 candidate_status { last_received { term: 0 index: 0 } } ignore_live_leader: false dest_uuid: "5b690d176eef48d2a9bdfa0b31b19b66" is_pre_election: true
I20260608 12:44:22.511708 13494 raft_consensus.cc:2468] T df0f81f1b2d64a51824169d6e8d5267d P 5b690d176eef48d2a9bdfa0b31b19b66 [term 0 FOLLOWER]: Leader pre-election vote request: Granting yes vote for candidate a8e036aabd0b4f7c951db64f6376ea0f in term 0.
I20260608 12:44:22.512794 13384 leader_election.cc:304] T df0f81f1b2d64a51824169d6e8d5267d P a8e036aabd0b4f7c951db64f6376ea0f [CANDIDATE]: Term 1 pre-election: Election decided. Result: candidate won. Election summary: received 2 responses out of 3 voters: 2 yes votes; 0 no votes. yes voters: 073e6f6c783045e5b2febb696b456d80, a8e036aabd0b4f7c951db64f6376ea0f; no voters: 
I20260608 12:44:22.513093 13541 tablet_bootstrap.cc:492] T 3ab61c942a6d44d38174f91616a1c622 P 073e6f6c783045e5b2febb696b456d80: No bootstrap required, opened a new log
I20260608 12:44:22.513537 13345 raft_consensus.cc:2468] T 676f35205e8a4ceda6473828b92db852 P 073e6f6c783045e5b2febb696b456d80 [term 1 FOLLOWER]: Leader election vote request: Granting yes vote for candidate 5b690d176eef48d2a9bdfa0b31b19b66 in term 1.
I20260608 12:44:22.513677 13546 raft_consensus.cc:2804] T df0f81f1b2d64a51824169d6e8d5267d P a8e036aabd0b4f7c951db64f6376ea0f [term 0 FOLLOWER]: Leader pre-election won for term 1
I20260608 12:44:22.514205 13546 raft_consensus.cc:493] T df0f81f1b2d64a51824169d6e8d5267d P a8e036aabd0b4f7c951db64f6376ea0f [term 0 FOLLOWER]: Starting leader election (no leader contacted us within the election timeout)
I20260608 12:44:22.514663 13546 raft_consensus.cc:3060] T df0f81f1b2d64a51824169d6e8d5267d P a8e036aabd0b4f7c951db64f6376ea0f [term 0 FOLLOWER]: Advancing to term 1
I20260608 12:44:22.515079 13545 leader_election.cc:290] T 676f35205e8a4ceda6473828b92db852 P 5b690d176eef48d2a9bdfa0b31b19b66 [CANDIDATE]: Term 1 election: Requested vote from peers 073e6f6c783045e5b2febb696b456d80 (127.12.97.1:44825), a8e036aabd0b4f7c951db64f6376ea0f (127.12.97.2:34549)
I20260608 12:44:22.515743 13555 raft_consensus.cc:493] T 7804d978b68e43279627fa0b60248123 P a8e036aabd0b4f7c951db64f6376ea0f [term 0 FOLLOWER]: Starting pre-election (no leader contacted us within the election timeout)
I20260608 12:44:22.516826 13555 raft_consensus.cc:515] T 7804d978b68e43279627fa0b60248123 P a8e036aabd0b4f7c951db64f6376ea0f [term 0 FOLLOWER]: Starting pre-election with config: opid_index: -1 OBSOLETE_local: false peers { permanent_uuid: "073e6f6c783045e5b2febb696b456d80" member_type: VOTER last_known_addr { host: "127.12.97.1" port: 44825 } } peers { permanent_uuid: "a8e036aabd0b4f7c951db64f6376ea0f" member_type: VOTER last_known_addr { host: "127.12.97.2" port: 34549 } } peers { permanent_uuid: "5b690d176eef48d2a9bdfa0b31b19b66" member_type: VOTER last_known_addr { host: "127.12.97.3" port: 45925 } }
I20260608 12:44:22.521651 13555 leader_election.cc:290] T 7804d978b68e43279627fa0b60248123 P a8e036aabd0b4f7c951db64f6376ea0f [CANDIDATE]: Term 1 pre-election: Requested pre-vote from peers 073e6f6c783045e5b2febb696b456d80 (127.12.97.1:44825), 5b690d176eef48d2a9bdfa0b31b19b66 (127.12.97.3:45925)
I20260608 12:44:22.522681 13494 tablet_service.cc:1917] Received RequestConsensusVote() RPC: tablet_id: "7804d978b68e43279627fa0b60248123" candidate_uuid: "a8e036aabd0b4f7c951db64f6376ea0f" candidate_term: 1 candidate_status { last_received { term: 0 index: 0 } } ignore_live_leader: false dest_uuid: "5b690d176eef48d2a9bdfa0b31b19b66" is_pre_election: true
I20260608 12:44:22.522713 13345 tablet_service.cc:1917] Received RequestConsensusVote() RPC: tablet_id: "7804d978b68e43279627fa0b60248123" candidate_uuid: "a8e036aabd0b4f7c951db64f6376ea0f" candidate_term: 1 candidate_status { last_received { term: 0 index: 0 } } ignore_live_leader: false dest_uuid: "073e6f6c783045e5b2febb696b456d80" is_pre_election: true
W20260608 12:44:22.525638 13384 leader_election.cc:343] T 7804d978b68e43279627fa0b60248123 P a8e036aabd0b4f7c951db64f6376ea0f [CANDIDATE]: Term 1 pre-election: Tablet error from VoteRequest() call to peer 5b690d176eef48d2a9bdfa0b31b19b66 (127.12.97.3:45925): Illegal state: must be running to vote when last-logged opid is not known
W20260608 12:44:22.527197 13384 leader_election.cc:343] T 7804d978b68e43279627fa0b60248123 P a8e036aabd0b4f7c951db64f6376ea0f [CANDIDATE]: Term 1 pre-election: Tablet error from VoteRequest() call to peer 073e6f6c783045e5b2febb696b456d80 (127.12.97.1:44825): Illegal state: must be running to vote when last-logged opid is not known
I20260608 12:44:22.527776 13384 leader_election.cc:304] T 7804d978b68e43279627fa0b60248123 P a8e036aabd0b4f7c951db64f6376ea0f [CANDIDATE]: Term 1 pre-election: Election decided. Result: candidate lost. Election summary: received 3 responses out of 3 voters: 1 yes votes; 2 no votes. yes voters: a8e036aabd0b4f7c951db64f6376ea0f; no voters: 073e6f6c783045e5b2febb696b456d80, 5b690d176eef48d2a9bdfa0b31b19b66
I20260608 12:44:22.529356 13555 raft_consensus.cc:2749] T 7804d978b68e43279627fa0b60248123 P a8e036aabd0b4f7c951db64f6376ea0f [term 0 FOLLOWER]: Leader pre-election lost for term 1. Reason: could not achieve majority
I20260608 12:44:22.529798 13546 raft_consensus.cc:515] T df0f81f1b2d64a51824169d6e8d5267d P a8e036aabd0b4f7c951db64f6376ea0f [term 1 FOLLOWER]: Starting leader election with config: opid_index: -1 OBSOLETE_local: false peers { permanent_uuid: "5b690d176eef48d2a9bdfa0b31b19b66" member_type: VOTER last_known_addr { host: "127.12.97.3" port: 45925 } } peers { permanent_uuid: "a8e036aabd0b4f7c951db64f6376ea0f" member_type: VOTER last_known_addr { host: "127.12.97.2" port: 34549 } } peers { permanent_uuid: "073e6f6c783045e5b2febb696b456d80" member_type: VOTER last_known_addr { host: "127.12.97.1" port: 44825 } }
I20260608 12:44:22.532828 13546 leader_election.cc:290] T df0f81f1b2d64a51824169d6e8d5267d P a8e036aabd0b4f7c951db64f6376ea0f [CANDIDATE]: Term 1 election: Requested vote from peers 5b690d176eef48d2a9bdfa0b31b19b66 (127.12.97.3:45925), 073e6f6c783045e5b2febb696b456d80 (127.12.97.1:44825)
I20260608 12:44:22.533684 13541 ts_tablet_manager.cc:1403] T 3ab61c942a6d44d38174f91616a1c622 P 073e6f6c783045e5b2febb696b456d80: Time spent bootstrapping tablet: real 0.066s	user 0.018s	sys 0.015s
I20260608 12:44:22.538033 13494 tablet_service.cc:1917] Received RequestConsensusVote() RPC: tablet_id: "df0f81f1b2d64a51824169d6e8d5267d" candidate_uuid: "a8e036aabd0b4f7c951db64f6376ea0f" candidate_term: 1 candidate_status { last_received { term: 0 index: 0 } } ignore_live_leader: false dest_uuid: "5b690d176eef48d2a9bdfa0b31b19b66"
I20260608 12:44:22.538216 13541 raft_consensus.cc:359] T 3ab61c942a6d44d38174f91616a1c622 P 073e6f6c783045e5b2febb696b456d80 [term 0 FOLLOWER]: Replica starting. Triggering 0 pending ops. Active config: opid_index: -1 OBSOLETE_local: false peers { permanent_uuid: "073e6f6c783045e5b2febb696b456d80" member_type: VOTER last_known_addr { host: "127.12.97.1" port: 44825 } } peers { permanent_uuid: "a8e036aabd0b4f7c951db64f6376ea0f" member_type: VOTER last_known_addr { host: "127.12.97.2" port: 34549 } } peers { permanent_uuid: "5b690d176eef48d2a9bdfa0b31b19b66" member_type: VOTER last_known_addr { host: "127.12.97.3" port: 45925 } }
I20260608 12:44:22.538923 13494 raft_consensus.cc:3060] T df0f81f1b2d64a51824169d6e8d5267d P 5b690d176eef48d2a9bdfa0b31b19b66 [term 0 FOLLOWER]: Advancing to term 1
I20260608 12:44:22.539419 13541 raft_consensus.cc:385] T 3ab61c942a6d44d38174f91616a1c622 P 073e6f6c783045e5b2febb696b456d80 [term 0 FOLLOWER]: Consensus starting up: Expiring failure detector timer to make a prompt election more likely
I20260608 12:44:22.539961 13541 raft_consensus.cc:740] T 3ab61c942a6d44d38174f91616a1c622 P 073e6f6c783045e5b2febb696b456d80 [term 0 FOLLOWER]: Becoming Follower/Learner. State: Replica: 073e6f6c783045e5b2febb696b456d80, State: Initialized, Role: FOLLOWER
I20260608 12:44:22.541242 13541 consensus_queue.cc:260] T 3ab61c942a6d44d38174f91616a1c622 P 073e6f6c783045e5b2febb696b456d80 [NON_LEADER]: Queue going to NON_LEADER mode. State: All replicated index: 0, Majority replicated index: 0, Committed index: 0, Last appended: 0.0, Last appended by leader: 0, Current term: 0, Majority size: -1, State: 0, Mode: NON_LEADER, active raft config: opid_index: -1 OBSOLETE_local: false peers { permanent_uuid: "073e6f6c783045e5b2febb696b456d80" member_type: VOTER last_known_addr { host: "127.12.97.1" port: 44825 } } peers { permanent_uuid: "a8e036aabd0b4f7c951db64f6376ea0f" member_type: VOTER last_known_addr { host: "127.12.97.2" port: 34549 } } peers { permanent_uuid: "5b690d176eef48d2a9bdfa0b31b19b66" member_type: VOTER last_known_addr { host: "127.12.97.3" port: 45925 } }
I20260608 12:44:22.542467 13345 tablet_service.cc:1917] Received RequestConsensusVote() RPC: tablet_id: "df0f81f1b2d64a51824169d6e8d5267d" candidate_uuid: "a8e036aabd0b4f7c951db64f6376ea0f" candidate_term: 1 candidate_status { last_received { term: 0 index: 0 } } ignore_live_leader: false dest_uuid: "073e6f6c783045e5b2febb696b456d80"
I20260608 12:44:22.543339 13345 raft_consensus.cc:3060] T df0f81f1b2d64a51824169d6e8d5267d P 073e6f6c783045e5b2febb696b456d80 [term 0 FOLLOWER]: Advancing to term 1
I20260608 12:44:22.554741 13541 ts_tablet_manager.cc:1434] T 3ab61c942a6d44d38174f91616a1c622 P 073e6f6c783045e5b2febb696b456d80: Time spent starting tablet: real 0.021s	user 0.002s	sys 0.005s
I20260608 12:44:22.561666 13545 raft_consensus.cc:2804] T 676f35205e8a4ceda6473828b92db852 P 5b690d176eef48d2a9bdfa0b31b19b66 [term 1 FOLLOWER]: Leader election won for term 1
I20260608 12:44:22.565016 13545 raft_consensus.cc:697] T 676f35205e8a4ceda6473828b92db852 P 5b690d176eef48d2a9bdfa0b31b19b66 [term 1 LEADER]: Becoming Leader. State: Replica: 5b690d176eef48d2a9bdfa0b31b19b66, State: Running, Role: LEADER
I20260608 12:44:22.566524 13541 tablet_bootstrap.cc:492] T a985caac3c5e4943b8ff86cf8ba48376 P 073e6f6c783045e5b2febb696b456d80: Bootstrap starting.
I20260608 12:44:22.567631 13545 consensus_queue.cc:237] T 676f35205e8a4ceda6473828b92db852 P 5b690d176eef48d2a9bdfa0b31b19b66 [LEADER]: Queue going to LEADER mode. State: All replicated index: 0, Majority replicated index: 0, Committed index: 0, Last appended: 0.0, Last appended by leader: 0, Current term: 1, Majority size: 2, State: 0, Mode: LEADER, active raft config: opid_index: -1 OBSOLETE_local: false peers { permanent_uuid: "073e6f6c783045e5b2febb696b456d80" member_type: VOTER last_known_addr { host: "127.12.97.1" port: 44825 } } peers { permanent_uuid: "a8e036aabd0b4f7c951db64f6376ea0f" member_type: VOTER last_known_addr { host: "127.12.97.2" port: 34549 } } peers { permanent_uuid: "5b690d176eef48d2a9bdfa0b31b19b66" member_type: VOTER last_known_addr { host: "127.12.97.3" port: 45925 } }
I20260608 12:44:22.569854 13345 raft_consensus.cc:2468] T df0f81f1b2d64a51824169d6e8d5267d P 073e6f6c783045e5b2febb696b456d80 [term 1 FOLLOWER]: Leader election vote request: Granting yes vote for candidate a8e036aabd0b4f7c951db64f6376ea0f in term 1.
I20260608 12:44:22.572469 13539 ts_tablet_manager.cc:1434] T 84425b76e8de48e18b3b9e7a5dd4cfaf P 5b690d176eef48d2a9bdfa0b31b19b66: Time spent starting tablet: real 0.101s	user 0.013s	sys 0.052s
I20260608 12:44:22.573693 13539 tablet_bootstrap.cc:492] T 7804d978b68e43279627fa0b60248123 P 5b690d176eef48d2a9bdfa0b31b19b66: Bootstrap starting.
I20260608 12:44:22.573606 13384 leader_election.cc:304] T df0f81f1b2d64a51824169d6e8d5267d P a8e036aabd0b4f7c951db64f6376ea0f [CANDIDATE]: Term 1 election: Election decided. Result: candidate won. Election summary: received 2 responses out of 3 voters: 2 yes votes; 0 no votes. yes voters: 073e6f6c783045e5b2febb696b456d80, a8e036aabd0b4f7c951db64f6376ea0f; no voters: 
I20260608 12:44:22.574780 13555 raft_consensus.cc:2804] T df0f81f1b2d64a51824169d6e8d5267d P a8e036aabd0b4f7c951db64f6376ea0f [term 1 FOLLOWER]: Leader election won for term 1
I20260608 12:44:22.575300 13555 raft_consensus.cc:697] T df0f81f1b2d64a51824169d6e8d5267d P a8e036aabd0b4f7c951db64f6376ea0f [term 1 LEADER]: Becoming Leader. State: Replica: a8e036aabd0b4f7c951db64f6376ea0f, State: Running, Role: LEADER
I20260608 12:44:22.576136 13555 consensus_queue.cc:237] T df0f81f1b2d64a51824169d6e8d5267d P a8e036aabd0b4f7c951db64f6376ea0f [LEADER]: Queue going to LEADER mode. State: All replicated index: 0, Majority replicated index: 0, Committed index: 0, Last appended: 0.0, Last appended by leader: 0, Current term: 1, Majority size: 2, State: 0, Mode: LEADER, active raft config: opid_index: -1 OBSOLETE_local: false peers { permanent_uuid: "5b690d176eef48d2a9bdfa0b31b19b66" member_type: VOTER last_known_addr { host: "127.12.97.3" port: 45925 } } peers { permanent_uuid: "a8e036aabd0b4f7c951db64f6376ea0f" member_type: VOTER last_known_addr { host: "127.12.97.2" port: 34549 } } peers { permanent_uuid: "073e6f6c783045e5b2febb696b456d80" member_type: VOTER last_known_addr { host: "127.12.97.1" port: 44825 } }
I20260608 12:44:22.576659 13541 tablet_bootstrap.cc:654] T a985caac3c5e4943b8ff86cf8ba48376 P 073e6f6c783045e5b2febb696b456d80: Neither blocks nor log segments found. Creating new log.
I20260608 12:44:22.564085 13494 raft_consensus.cc:2468] T df0f81f1b2d64a51824169d6e8d5267d P 5b690d176eef48d2a9bdfa0b31b19b66 [term 1 FOLLOWER]: Leader election vote request: Granting yes vote for candidate a8e036aabd0b4f7c951db64f6376ea0f in term 1.
