I20260608 12:45:34.208611 15502 leader_election.cc:290] T 24cc55071c6e4d278c17bbb5097ea665 P 30c6349e04c24fb0a39a84ee94bb30f1 [CANDIDATE]: Term 1 pre-election: Requested pre-vote from peers efa625bbfdd2487b899ba67728c0ad32 (127.12.97.2:42221), 18d50bbfe6f3403fb15e3d072f86b150 (127.12.97.3:39417)
I20260608 12:45:34.209576 15501 ts_tablet_manager.cc:1434] T 24cc55071c6e4d278c17bbb5097ea665 P 18d50bbfe6f3403fb15e3d072f86b150: Time spent starting tablet: real 0.009s	user 0.009s	sys 0.000s
I20260608 12:45:34.213421 15506 ts_tablet_manager.cc:1434] T 24cc55071c6e4d278c17bbb5097ea665 P efa625bbfdd2487b899ba67728c0ad32: Time spent starting tablet: real 0.027s	user 0.008s	sys 0.000s
I20260608 12:45:34.225776 15380 tablet_service.cc:1917] Received RequestConsensusVote() RPC: tablet_id: "24cc55071c6e4d278c17bbb5097ea665" candidate_uuid: "30c6349e04c24fb0a39a84ee94bb30f1" candidate_term: 1 candidate_status { last_received { term: 0 index: 0 } } ignore_live_leader: false dest_uuid: "efa625bbfdd2487b899ba67728c0ad32" is_pre_election: true
I20260608 12:45:34.226656 15380 raft_consensus.cc:2468] T 24cc55071c6e4d278c17bbb5097ea665 P efa625bbfdd2487b899ba67728c0ad32 [term 0 FOLLOWER]: Leader pre-election vote request: Granting yes vote for candidate 30c6349e04c24fb0a39a84ee94bb30f1 in term 0.
I20260608 12:45:34.228075 15270 leader_election.cc:304] T 24cc55071c6e4d278c17bbb5097ea665 P 30c6349e04c24fb0a39a84ee94bb30f1 [CANDIDATE]: Term 1 pre-election: Election decided. Result: candidate won. Election summary: received 2 responses out of 3 voters: 2 yes votes; 0 no votes. yes voters: 30c6349e04c24fb0a39a84ee94bb30f1, efa625bbfdd2487b899ba67728c0ad32; no voters: 
I20260608 12:45:34.229149 15502 raft_consensus.cc:2804] T 24cc55071c6e4d278c17bbb5097ea665 P 30c6349e04c24fb0a39a84ee94bb30f1 [term 0 FOLLOWER]: Leader pre-election won for term 1
I20260608 12:45:34.229555 15502 raft_consensus.cc:493] T 24cc55071c6e4d278c17bbb5097ea665 P 30c6349e04c24fb0a39a84ee94bb30f1 [term 0 FOLLOWER]: Starting leader election (no leader contacted us within the election timeout)
I20260608 12:45:34.229923 15502 raft_consensus.cc:3060] T 24cc55071c6e4d278c17bbb5097ea665 P 30c6349e04c24fb0a39a84ee94bb30f1 [term 0 FOLLOWER]: Advancing to term 1
I20260608 12:45:34.231072 15506 tablet_bootstrap.cc:492] T 9f34181367184a3f8b8a5f1759355379 P efa625bbfdd2487b899ba67728c0ad32: Bootstrap starting.
I20260608 12:45:34.236228 15502 raft_consensus.cc:515] T 24cc55071c6e4d278c17bbb5097ea665 P 30c6349e04c24fb0a39a84ee94bb30f1 [term 1 FOLLOWER]: Starting leader election with config: opid_index: -1 OBSOLETE_local: false peers { permanent_uuid: "30c6349e04c24fb0a39a84ee94bb30f1" member_type: VOTER last_known_addr { host: "127.12.97.1" port: 42355 } } peers { permanent_uuid: "efa625bbfdd2487b899ba67728c0ad32" member_type: VOTER last_known_addr { host: "127.12.97.2" port: 42221 } } peers { permanent_uuid: "18d50bbfe6f3403fb15e3d072f86b150" member_type: VOTER last_known_addr { host: "127.12.97.3" port: 39417 } }
I20260608 12:45:34.238716 15454 tablet_service.cc:1917] Received RequestConsensusVote() RPC: tablet_id: "24cc55071c6e4d278c17bbb5097ea665" candidate_uuid: "30c6349e04c24fb0a39a84ee94bb30f1" candidate_term: 1 candidate_status { last_received { term: 0 index: 0 } } ignore_live_leader: false dest_uuid: "18d50bbfe6f3403fb15e3d072f86b150" is_pre_election: true
I20260608 12:45:34.239328 15380 tablet_service.cc:1917] Received RequestConsensusVote() RPC: tablet_id: "24cc55071c6e4d278c17bbb5097ea665" candidate_uuid: "30c6349e04c24fb0a39a84ee94bb30f1" candidate_term: 1 candidate_status { last_received { term: 0 index: 0 } } ignore_live_leader: false dest_uuid: "efa625bbfdd2487b899ba67728c0ad32"
I20260608 12:45:34.239445 15454 raft_consensus.cc:2468] T 24cc55071c6e4d278c17bbb5097ea665 P 18d50bbfe6f3403fb15e3d072f86b150 [term 0 FOLLOWER]: Leader pre-election vote request: Granting yes vote for candidate 30c6349e04c24fb0a39a84ee94bb30f1 in term 0.
I20260608 12:45:34.239982 15380 raft_consensus.cc:3060] T 24cc55071c6e4d278c17bbb5097ea665 P efa625bbfdd2487b899ba67728c0ad32 [term 0 FOLLOWER]: Advancing to term 1
I20260608 12:45:34.240938 15453 tablet_service.cc:1917] Received RequestConsensusVote() RPC: tablet_id: "24cc55071c6e4d278c17bbb5097ea665" candidate_uuid: "30c6349e04c24fb0a39a84ee94bb30f1" candidate_term: 1 candidate_status { last_received { term: 0 index: 0 } } ignore_live_leader: false dest_uuid: "18d50bbfe6f3403fb15e3d072f86b150"
I20260608 12:45:34.241389 15506 tablet_bootstrap.cc:654] T 9f34181367184a3f8b8a5f1759355379 P efa625bbfdd2487b899ba67728c0ad32: Neither blocks nor log segments found. Creating new log.
I20260608 12:45:34.241593 15453 raft_consensus.cc:3060] T 24cc55071c6e4d278c17bbb5097ea665 P 18d50bbfe6f3403fb15e3d072f86b150 [term 0 FOLLOWER]: Advancing to term 1
I20260608 12:45:34.240152 15502 leader_election.cc:290] T 24cc55071c6e4d278c17bbb5097ea665 P 30c6349e04c24fb0a39a84ee94bb30f1 [CANDIDATE]: Term 1 election: Requested vote from peers efa625bbfdd2487b899ba67728c0ad32 (127.12.97.2:42221), 18d50bbfe6f3403fb15e3d072f86b150 (127.12.97.3:39417)
I20260608 12:45:34.247942 15380 raft_consensus.cc:2468] T 24cc55071c6e4d278c17bbb5097ea665 P efa625bbfdd2487b899ba67728c0ad32 [term 1 FOLLOWER]: Leader election vote request: Granting yes vote for candidate 30c6349e04c24fb0a39a84ee94bb30f1 in term 1.
I20260608 12:45:34.249150 15453 raft_consensus.cc:2468] T 24cc55071c6e4d278c17bbb5097ea665 P 18d50bbfe6f3403fb15e3d072f86b150 [term 1 FOLLOWER]: Leader election vote request: Granting yes vote for candidate 30c6349e04c24fb0a39a84ee94bb30f1 in term 1.
I20260608 12:45:34.249732 15270 leader_election.cc:304] T 24cc55071c6e4d278c17bbb5097ea665 P 30c6349e04c24fb0a39a84ee94bb30f1 [CANDIDATE]: Term 1 election: Election decided. Result: candidate won. Election summary: received 2 responses out of 3 voters: 2 yes votes; 0 no votes. yes voters: 30c6349e04c24fb0a39a84ee94bb30f1, efa625bbfdd2487b899ba67728c0ad32; no voters: 
I20260608 12:45:34.251034 15502 raft_consensus.cc:2804] T 24cc55071c6e4d278c17bbb5097ea665 P 30c6349e04c24fb0a39a84ee94bb30f1 [term 1 FOLLOWER]: Leader election won for term 1
I20260608 12:45:34.251649 15502 raft_consensus.cc:697] T 24cc55071c6e4d278c17bbb5097ea665 P 30c6349e04c24fb0a39a84ee94bb30f1 [term 1 LEADER]: Becoming Leader. State: Replica: 30c6349e04c24fb0a39a84ee94bb30f1, State: Running, Role: LEADER
I20260608 12:45:34.253276 15502 consensus_queue.cc:237] T 24cc55071c6e4d278c17bbb5097ea665 P 30c6349e04c24fb0a39a84ee94bb30f1 [LEADER]: Queue going to LEADER mode. State: All replicated index: 0, Majority replicated index: 0, Committed index: 0, Last appended: 0.0, Last appended by leader: 0, Current term: 1, Majority size: 2, State: 0, Mode: LEADER, active raft config: opid_index: -1 OBSOLETE_local: false peers { permanent_uuid: "30c6349e04c24fb0a39a84ee94bb30f1" member_type: VOTER last_known_addr { host: "127.12.97.1" port: 42355 } } peers { permanent_uuid: "efa625bbfdd2487b899ba67728c0ad32" member_type: VOTER last_known_addr { host: "127.12.97.2" port: 42221 } } peers { permanent_uuid: "18d50bbfe6f3403fb15e3d072f86b150" member_type: VOTER last_known_addr { host: "127.12.97.3" port: 39417 } }
I20260608 12:45:34.254392 15506 tablet_bootstrap.cc:492] T 9f34181367184a3f8b8a5f1759355379 P efa625bbfdd2487b899ba67728c0ad32: No bootstrap required, opened a new log
I20260608 12:45:34.254832 15506 ts_tablet_manager.cc:1403] T 9f34181367184a3f8b8a5f1759355379 P efa625bbfdd2487b899ba67728c0ad32: Time spent bootstrapping tablet: real 0.024s	user 0.013s	sys 0.004s
I20260608 12:45:34.258073 15506 raft_consensus.cc:359] T 9f34181367184a3f8b8a5f1759355379 P efa625bbfdd2487b899ba67728c0ad32 [term 0 FOLLOWER]: Replica starting. Triggering 0 pending ops. Active config: opid_index: -1 OBSOLETE_local: false peers { permanent_uuid: "30c6349e04c24fb0a39a84ee94bb30f1" member_type: VOTER last_known_addr { host: "127.12.97.1" port: 42355 } } peers { permanent_uuid: "efa625bbfdd2487b899ba67728c0ad32" member_type: VOTER last_known_addr { host: "127.12.97.2" port: 42221 } } peers { permanent_uuid: "18d50bbfe6f3403fb15e3d072f86b150" member_type: VOTER last_known_addr { host: "127.12.97.3" port: 39417 } }
I20260608 12:45:34.258912 15506 raft_consensus.cc:385] T 9f34181367184a3f8b8a5f1759355379 P efa625bbfdd2487b899ba67728c0ad32 [term 0 FOLLOWER]: Consensus starting up: Expiring failure detector timer to make a prompt election more likely
I20260608 12:45:34.259152 15506 raft_consensus.cc:740] T 9f34181367184a3f8b8a5f1759355379 P efa625bbfdd2487b899ba67728c0ad32 [term 0 FOLLOWER]: Becoming Follower/Learner. State: Replica: efa625bbfdd2487b899ba67728c0ad32, State: Initialized, Role: FOLLOWER
I20260608 12:45:34.259979 15506 consensus_queue.cc:260] T 9f34181367184a3f8b8a5f1759355379 P efa625bbfdd2487b899ba67728c0ad32 [NON_LEADER]: Queue going to NON_LEADER mode. State: All replicated index: 0, Majority replicated index: 0, Committed index: 0, Last appended: 0.0, Last appended by leader: 0, Current term: 0, Majority size: -1, State: 0, Mode: NON_LEADER, active raft config: opid_index: -1 OBSOLETE_local: false peers { permanent_uuid: "30c6349e04c24fb0a39a84ee94bb30f1" member_type: VOTER last_known_addr { host: "127.12.97.1" port: 42355 } } peers { permanent_uuid: "efa625bbfdd2487b899ba67728c0ad32" member_type: VOTER last_known_addr { host: "127.12.97.2" port: 42221 } } peers { permanent_uuid: "18d50bbfe6f3403fb15e3d072f86b150" member_type: VOTER last_known_addr { host: "127.12.97.3" port: 39417 } }
I20260608 12:45:34.262286 15506 ts_tablet_manager.cc:1434] T 9f34181367184a3f8b8a5f1759355379 P efa625bbfdd2487b899ba67728c0ad32: Time spent starting tablet: real 0.007s	user 0.008s	sys 0.000s
I20260608 12:45:34.263406 15506 tablet_bootstrap.cc:492] T 82df8b9b28134635bd2bbe9226c4db0e P efa625bbfdd2487b899ba67728c0ad32: Bootstrap starting.
I20260608 12:45:34.262917 15202 catalog_manager.cc:5696] T 24cc55071c6e4d278c17bbb5097ea665 P 30c6349e04c24fb0a39a84ee94bb30f1 reported cstate change: term changed from 0 to 1, leader changed from <none> to 30c6349e04c24fb0a39a84ee94bb30f1 (127.12.97.1). New cstate: current_term: 1 leader_uuid: "30c6349e04c24fb0a39a84ee94bb30f1" committed_config { opid_index: -1 OBSOLETE_local: false peers { permanent_uuid: "30c6349e04c24fb0a39a84ee94bb30f1" member_type: VOTER last_known_addr { host: "127.12.97.1" port: 42355 } health_report { overall_health: HEALTHY } } peers { permanent_uuid: "efa625bbfdd2487b899ba67728c0ad32" member_type: VOTER last_known_addr { host: "127.12.97.2" port: 42221 } health_report { overall_health: UNKNOWN } } peers { permanent_uuid: "18d50bbfe6f3403fb15e3d072f86b150" member_type: VOTER last_known_addr { host: "127.12.97.3" port: 39417 } health_report { overall_health: UNKNOWN } } }
I20260608 12:45:34.270792 15506 tablet_bootstrap.cc:654] T 82df8b9b28134635bd2bbe9226c4db0e P efa625bbfdd2487b899ba67728c0ad32: Neither blocks nor log segments found. Creating new log.
I20260608 12:45:34.275873 15506 tablet_bootstrap.cc:492] T 82df8b9b28134635bd2bbe9226c4db0e P efa625bbfdd2487b899ba67728c0ad32: No bootstrap required, opened a new log
I20260608 12:45:34.276223 15506 ts_tablet_manager.cc:1403] T 82df8b9b28134635bd2bbe9226c4db0e P efa625bbfdd2487b899ba67728c0ad32: Time spent bootstrapping tablet: real 0.013s	user 0.011s	sys 0.000s
I20260608 12:45:34.278327 15506 raft_consensus.cc:359] T 82df8b9b28134635bd2bbe9226c4db0e P efa625bbfdd2487b899ba67728c0ad32 [term 0 FOLLOWER]: Replica starting. Triggering 0 pending ops. Active config: opid_index: -1 OBSOLETE_local: false peers { permanent_uuid: "30c6349e04c24fb0a39a84ee94bb30f1" member_type: VOTER last_known_addr { host: "127.12.97.1" port: 42355 } } peers { permanent_uuid: "efa625bbfdd2487b899ba67728c0ad32" member_type: VOTER last_known_addr { host: "127.12.97.2" port: 42221 } } peers { permanent_uuid: "18d50bbfe6f3403fb15e3d072f86b150" member_type: VOTER last_known_addr { host: "127.12.97.3" port: 39417 } }
I20260608 12:45:34.278821 15506 raft_consensus.cc:385] T 82df8b9b28134635bd2bbe9226c4db0e P efa625bbfdd2487b899ba67728c0ad32 [term 0 FOLLOWER]: Consensus starting up: Expiring failure detector timer to make a prompt election more likely
I20260608 12:45:34.279016 15506 raft_consensus.cc:740] T 82df8b9b28134635bd2bbe9226c4db0e P efa625bbfdd2487b899ba67728c0ad32 [term 0 FOLLOWER]: Becoming Follower/Learner. State: Replica: efa625bbfdd2487b899ba67728c0ad32, State: Initialized, Role: FOLLOWER
I20260608 12:45:34.279546 15506 consensus_queue.cc:260] T 82df8b9b28134635bd2bbe9226c4db0e P efa625bbfdd2487b899ba67728c0ad32 [NON_LEADER]: Queue going to NON_LEADER mode. State: All replicated index: 0, Majority replicated index: 0, Committed index: 0, Last appended: 0.0, Last appended by leader: 0, Current term: 0, Majority size: -1, State: 0, Mode: NON_LEADER, active raft config: opid_index: -1 OBSOLETE_local: false peers { permanent_uuid: "30c6349e04c24fb0a39a84ee94bb30f1" member_type: VOTER last_known_addr { host: "127.12.97.1" port: 42355 } } peers { permanent_uuid: "efa625bbfdd2487b899ba67728c0ad32" member_type: VOTER last_known_addr { host: "127.12.97.2" port: 42221 } } peers { permanent_uuid: "18d50bbfe6f3403fb15e3d072f86b150" member_type: VOTER last_known_addr { host: "127.12.97.3" port: 39417 } }
I20260608 12:45:34.281173 15506 ts_tablet_manager.cc:1434] T 82df8b9b28134635bd2bbe9226c4db0e P efa625bbfdd2487b899ba67728c0ad32: Time spent starting tablet: real 0.005s	user 0.003s	sys 0.003s
I20260608 12:45:34.323256 15502 raft_consensus.cc:493] T 1530e4d22e5446b0999429381590039f P 30c6349e04c24fb0a39a84ee94bb30f1 [term 0 FOLLOWER]: Starting pre-election (no leader contacted us within the election timeout)
I20260608 12:45:34.323803 15502 raft_consensus.cc:515] T 1530e4d22e5446b0999429381590039f P 30c6349e04c24fb0a39a84ee94bb30f1 [term 0 FOLLOWER]: Starting pre-election with config: opid_index: -1 OBSOLETE_local: false peers { permanent_uuid: "30c6349e04c24fb0a39a84ee94bb30f1" member_type: VOTER last_known_addr { host: "127.12.97.1" port: 42355 } } peers { permanent_uuid: "18d50bbfe6f3403fb15e3d072f86b150" member_type: VOTER last_known_addr { host: "127.12.97.3" port: 39417 } } peers { permanent_uuid: "efa625bbfdd2487b899ba67728c0ad32" member_type: VOTER last_known_addr { host: "127.12.97.2" port: 42221 } }
I20260608 12:45:34.325912 15502 leader_election.cc:290] T 1530e4d22e5446b0999429381590039f P 30c6349e04c24fb0a39a84ee94bb30f1 [CANDIDATE]: Term 1 pre-election: Requested pre-vote from peers 18d50bbfe6f3403fb15e3d072f86b150 (127.12.97.3:39417), efa625bbfdd2487b899ba67728c0ad32 (127.12.97.2:42221)
I20260608 12:45:34.326807 15453 tablet_service.cc:1917] Received RequestConsensusVote() RPC: tablet_id: "1530e4d22e5446b0999429381590039f" candidate_uuid: "30c6349e04c24fb0a39a84ee94bb30f1" candidate_term: 1 candidate_status { last_received { term: 0 index: 0 } } ignore_live_leader: false dest_uuid: "18d50bbfe6f3403fb15e3d072f86b150" is_pre_election: true
I20260608 12:45:34.327548 15453 raft_consensus.cc:2468] T 1530e4d22e5446b0999429381590039f P 18d50bbfe6f3403fb15e3d072f86b150 [term 0 FOLLOWER]: Leader pre-election vote request: Granting yes vote for candidate 30c6349e04c24fb0a39a84ee94bb30f1 in term 0.
I20260608 12:45:34.327677 15380 tablet_service.cc:1917] Received RequestConsensusVote() RPC: tablet_id: "1530e4d22e5446b0999429381590039f" candidate_uuid: "30c6349e04c24fb0a39a84ee94bb30f1" candidate_term: 1 candidate_status { last_received { term: 0 index: 0 } } ignore_live_leader: false dest_uuid: "efa625bbfdd2487b899ba67728c0ad32" is_pre_election: true
I20260608 12:45:34.328368 15380 raft_consensus.cc:2468] T 1530e4d22e5446b0999429381590039f P efa625bbfdd2487b899ba67728c0ad32 [term 0 FOLLOWER]: Leader pre-election vote request: Granting yes vote for candidate 30c6349e04c24fb0a39a84ee94bb30f1 in term 0.
I20260608 12:45:34.328919 15268 leader_election.cc:304] T 1530e4d22e5446b0999429381590039f P 30c6349e04c24fb0a39a84ee94bb30f1 [CANDIDATE]: Term 1 pre-election: Election decided. Result: candidate won. Election summary: received 2 responses out of 3 voters: 2 yes votes; 0 no votes. yes voters: 18d50bbfe6f3403fb15e3d072f86b150, 30c6349e04c24fb0a39a84ee94bb30f1; no voters: 
I20260608 12:45:34.329726 15502 raft_consensus.cc:2804] T 1530e4d22e5446b0999429381590039f P 30c6349e04c24fb0a39a84ee94bb30f1 [term 0 FOLLOWER]: Leader pre-election won for term 1
I20260608 12:45:34.330121 15502 raft_consensus.cc:493] T 1530e4d22e5446b0999429381590039f P 30c6349e04c24fb0a39a84ee94bb30f1 [term 0 FOLLOWER]: Starting leader election (no leader contacted us within the election timeout)
I20260608 12:45:34.330380 15502 raft_consensus.cc:3060] T 1530e4d22e5446b0999429381590039f P 30c6349e04c24fb0a39a84ee94bb30f1 [term 0 FOLLOWER]: Advancing to term 1
I20260608 12:45:34.334972 15502 raft_consensus.cc:515] T 1530e4d22e5446b0999429381590039f P 30c6349e04c24fb0a39a84ee94bb30f1 [term 1 FOLLOWER]: Starting leader election with config: opid_index: -1 OBSOLETE_local: false peers { permanent_uuid: "30c6349e04c24fb0a39a84ee94bb30f1" member_type: VOTER last_known_addr { host: "127.12.97.1" port: 42355 } } peers { permanent_uuid: "18d50bbfe6f3403fb15e3d072f86b150" member_type: VOTER last_known_addr { host: "127.12.97.3" port: 39417 } } peers { permanent_uuid: "efa625bbfdd2487b899ba67728c0ad32" member_type: VOTER last_known_addr { host: "127.12.97.2" port: 42221 } }
I20260608 12:45:34.336704 15502 leader_election.cc:290] T 1530e4d22e5446b0999429381590039f P 30c6349e04c24fb0a39a84ee94bb30f1 [CANDIDATE]: Term 1 election: Requested vote from peers 18d50bbfe6f3403fb15e3d072f86b150 (127.12.97.3:39417), efa625bbfdd2487b899ba67728c0ad32 (127.12.97.2:42221)
I20260608 12:45:34.337667 15453 tablet_service.cc:1917] Received RequestConsensusVote() RPC: tablet_id: "1530e4d22e5446b0999429381590039f" candidate_uuid: "30c6349e04c24fb0a39a84ee94bb30f1" candidate_term: 1 candidate_status { last_received { term: 0 index: 0 } } ignore_live_leader: false dest_uuid: "18d50bbfe6f3403fb15e3d072f86b150"
I20260608 12:45:34.337783 15380 tablet_service.cc:1917] Received RequestConsensusVote() RPC: tablet_id: "1530e4d22e5446b0999429381590039f" candidate_uuid: "30c6349e04c24fb0a39a84ee94bb30f1" candidate_term: 1 candidate_status { last_received { term: 0 index: 0 } } ignore_live_leader: false dest_uuid: "efa625bbfdd2487b899ba67728c0ad32"
I20260608 12:45:34.338284 15453 raft_consensus.cc:3060] T 1530e4d22e5446b0999429381590039f P 18d50bbfe6f3403fb15e3d072f86b150 [term 0 FOLLOWER]: Advancing to term 1
I20260608 12:45:34.338337 15380 raft_consensus.cc:3060] T 1530e4d22e5446b0999429381590039f P efa625bbfdd2487b899ba67728c0ad32 [term 0 FOLLOWER]: Advancing to term 1
I20260608 12:45:34.342939 15380 raft_consensus.cc:2468] T 1530e4d22e5446b0999429381590039f P efa625bbfdd2487b899ba67728c0ad32 [term 1 FOLLOWER]: Leader election vote request: Granting yes vote for candidate 30c6349e04c24fb0a39a84ee94bb30f1 in term 1.
I20260608 12:45:34.343446 15453 raft_consensus.cc:2468] T 1530e4d22e5446b0999429381590039f P 18d50bbfe6f3403fb15e3d072f86b150 [term 1 FOLLOWER]: Leader election vote request: Granting yes vote for candidate 30c6349e04c24fb0a39a84ee94bb30f1 in term 1.
I20260608 12:45:34.343991 15270 leader_election.cc:304] T 1530e4d22e5446b0999429381590039f P 30c6349e04c24fb0a39a84ee94bb30f1 [CANDIDATE]: Term 1 election: Election decided. Result: candidate won. Election summary: received 2 responses out of 3 voters: 2 yes votes; 0 no votes. yes voters: 30c6349e04c24fb0a39a84ee94bb30f1, efa625bbfdd2487b899ba67728c0ad32; no voters: 
I20260608 12:45:34.344736 15502 raft_consensus.cc:2804] T 1530e4d22e5446b0999429381590039f P 30c6349e04c24fb0a39a84ee94bb30f1 [term 1 FOLLOWER]: Leader election won for term 1
I20260608 12:45:34.345242 15502 raft_consensus.cc:697] T 1530e4d22e5446b0999429381590039f P 30c6349e04c24fb0a39a84ee94bb30f1 [term 1 LEADER]: Becoming Leader. State: Replica: 30c6349e04c24fb0a39a84ee94bb30f1, State: Running, Role: LEADER
I20260608 12:45:34.346134 15502 consensus_queue.cc:237] T 1530e4d22e5446b0999429381590039f P 30c6349e04c24fb0a39a84ee94bb30f1 [LEADER]: Queue going to LEADER mode. State: All replicated index: 0, Majority replicated index: 0, Committed index: 0, Last appended: 0.0, Last appended by leader: 0, Current term: 1, Majority size: 2, State: 0, Mode: LEADER, active raft config: opid_index: -1 OBSOLETE_local: false peers { permanent_uuid: "30c6349e04c24fb0a39a84ee94bb30f1" member_type: VOTER last_known_addr { host: "127.12.97.1" port: 42355 } } peers { permanent_uuid: "18d50bbfe6f3403fb15e3d072f86b150" member_type: VOTER last_known_addr { host: "127.12.97.3" port: 39417 } } peers { permanent_uuid: "efa625bbfdd2487b899ba67728c0ad32" member_type: VOTER last_known_addr { host: "127.12.97.2" port: 42221 } }
I20260608 12:45:34.350056 15502 raft_consensus.cc:493] T 82df8b9b28134635bd2bbe9226c4db0e P 30c6349e04c24fb0a39a84ee94bb30f1 [term 0 FOLLOWER]: Starting pre-election (no leader contacted us within the election timeout)
I20260608 12:45:34.350603 15502 raft_consensus.cc:515] T 82df8b9b28134635bd2bbe9226c4db0e P 30c6349e04c24fb0a39a84ee94bb30f1 [term 0 FOLLOWER]: Starting pre-election with config: opid_index: -1 OBSOLETE_local: false peers { permanent_uuid: "30c6349e04c24fb0a39a84ee94bb30f1" member_type: VOTER last_known_addr { host: "127.12.97.1" port: 42355 } } peers { permanent_uuid: "efa625bbfdd2487b899ba67728c0ad32" member_type: VOTER last_known_addr { host: "127.12.97.2" port: 42221 } } peers { permanent_uuid: "18d50bbfe6f3403fb15e3d072f86b150" member_type: VOTER last_known_addr { host: "127.12.97.3" port: 39417 } }
I20260608 12:45:34.352419 15515 raft_consensus.cc:493] T 9f34181367184a3f8b8a5f1759355379 P 30c6349e04c24fb0a39a84ee94bb30f1 [term 0 FOLLOWER]: Starting pre-election (no leader contacted us within the election timeout)
I20260608 12:45:34.352921 15502 leader_election.cc:290] T 82df8b9b28134635bd2bbe9226c4db0e P 30c6349e04c24fb0a39a84ee94bb30f1 [CANDIDATE]: Term 1 pre-election: Requested pre-vote from peers efa625bbfdd2487b899ba67728c0ad32 (127.12.97.2:42221), 18d50bbfe6f3403fb15e3d072f86b150 (127.12.97.3:39417)
I20260608 12:45:34.354398 15453 tablet_service.cc:1917] Received RequestConsensusVote() RPC: tablet_id: "82df8b9b28134635bd2bbe9226c4db0e" candidate_uuid: "30c6349e04c24fb0a39a84ee94bb30f1" candidate_term: 1 candidate_status { last_received { term: 0 index: 0 } } ignore_live_leader: false dest_uuid: "18d50bbfe6f3403fb15e3d072f86b150" is_pre_election: true
I20260608 12:45:34.352974 15515 raft_consensus.cc:515] T 9f34181367184a3f8b8a5f1759355379 P 30c6349e04c24fb0a39a84ee94bb30f1 [term 0 FOLLOWER]: Starting pre-election with config: opid_index: -1 OBSOLETE_local: false peers { permanent_uuid: "30c6349e04c24fb0a39a84ee94bb30f1" member_type: VOTER last_known_addr { host: "127.12.97.1" port: 42355 } } peers { permanent_uuid: "efa625bbfdd2487b899ba67728c0ad32" member_type: VOTER last_known_addr { host: "127.12.97.2" port: 42221 } } peers { permanent_uuid: "18d50bbfe6f3403fb15e3d072f86b150" member_type: VOTER last_known_addr { host: "127.12.97.3" port: 39417 } }
I20260608 12:45:34.354873 15380 tablet_service.cc:1917] Received RequestConsensusVote() RPC: tablet_id: "82df8b9b28134635bd2bbe9226c4db0e" candidate_uuid: "30c6349e04c24fb0a39a84ee94bb30f1" candidate_term: 1 candidate_status { last_received { term: 0 index: 0 } } ignore_live_leader: false dest_uuid: "efa625bbfdd2487b899ba67728c0ad32" is_pre_election: true
I20260608 12:45:34.355281 15453 raft_consensus.cc:2468] T 82df8b9b28134635bd2bbe9226c4db0e P 18d50bbfe6f3403fb15e3d072f86b150 [term 0 FOLLOWER]: Leader pre-election vote request: Granting yes vote for candidate 30c6349e04c24fb0a39a84ee94bb30f1 in term 0.
I20260608 12:45:34.354741 15202 catalog_manager.cc:5696] T 1530e4d22e5446b0999429381590039f P 30c6349e04c24fb0a39a84ee94bb30f1 reported cstate change: term changed from 0 to 1, leader changed from <none> to 30c6349e04c24fb0a39a84ee94bb30f1 (127.12.97.1). New cstate: current_term: 1 leader_uuid: "30c6349e04c24fb0a39a84ee94bb30f1" committed_config { opid_index: -1 OBSOLETE_local: false peers { permanent_uuid: "30c6349e04c24fb0a39a84ee94bb30f1" member_type: VOTER last_known_addr { host: "127.12.97.1" port: 42355 } health_report { overall_health: HEALTHY } } peers { permanent_uuid: "18d50bbfe6f3403fb15e3d072f86b150" member_type: VOTER last_known_addr { host: "127.12.97.3" port: 39417 } health_report { overall_health: UNKNOWN } } peers { permanent_uuid: "efa625bbfdd2487b899ba67728c0ad32" member_type: VOTER last_known_addr { host: "127.12.97.2" port: 42221 } health_report { overall_health: UNKNOWN } } }
I20260608 12:45:34.355516 15380 raft_consensus.cc:2468] T 82df8b9b28134635bd2bbe9226c4db0e P efa625bbfdd2487b899ba67728c0ad32 [term 0 FOLLOWER]: Leader pre-election vote request: Granting yes vote for candidate 30c6349e04c24fb0a39a84ee94bb30f1 in term 0.
I20260608 12:45:34.356557 15268 leader_election.cc:304] T 82df8b9b28134635bd2bbe9226c4db0e P 30c6349e04c24fb0a39a84ee94bb30f1 [CANDIDATE]: Term 1 pre-election: Election decided. Result: candidate won. Election summary: received 2 responses out of 3 voters: 2 yes votes; 0 no votes. yes voters: 18d50bbfe6f3403fb15e3d072f86b150, 30c6349e04c24fb0a39a84ee94bb30f1; no voters: 
I20260608 12:45:34.356989 15515 leader_election.cc:290] T 9f34181367184a3f8b8a5f1759355379 P 30c6349e04c24fb0a39a84ee94bb30f1 [CANDIDATE]: Term 1 pre-election: Requested pre-vote from peers efa625bbfdd2487b899ba67728c0ad32 (127.12.97.2:42221), 18d50bbfe6f3403fb15e3d072f86b150 (127.12.97.3:39417)
I20260608 12:45:34.357582 15515 raft_consensus.cc:2804] T 82df8b9b28134635bd2bbe9226c4db0e P 30c6349e04c24fb0a39a84ee94bb30f1 [term 0 FOLLOWER]: Leader pre-election won for term 1
I20260608 12:45:34.357919 15515 raft_consensus.cc:493] T 82df8b9b28134635bd2bbe9226c4db0e P 30c6349e04c24fb0a39a84ee94bb30f1 [term 0 FOLLOWER]: Starting leader election (no leader contacted us within the election timeout)
I20260608 12:45:34.358276 15515 raft_consensus.cc:3060] T 82df8b9b28134635bd2bbe9226c4db0e P 30c6349e04c24fb0a39a84ee94bb30f1 [term 0 FOLLOWER]: Advancing to term 1
I20260608 12:45:34.358487 15454 tablet_service.cc:1917] Received RequestConsensusVote() RPC: tablet_id: "9f34181367184a3f8b8a5f1759355379" candidate_uuid: "30c6349e04c24fb0a39a84ee94bb30f1" candidate_term: 1 candidate_status { last_received { term: 0 index: 0 } } ignore_live_leader: false dest_uuid: "18d50bbfe6f3403fb15e3d072f86b150" is_pre_election: true
I20260608 12:45:34.359122 15454 raft_consensus.cc:2468] T 9f34181367184a3f8b8a5f1759355379 P 18d50bbfe6f3403fb15e3d072f86b150 [term 0 FOLLOWER]: Leader pre-election vote request: Granting yes vote for candidate 30c6349e04c24fb0a39a84ee94bb30f1 in term 0.
I20260608 12:45:34.360271 15268 leader_election.cc:304] T 9f34181367184a3f8b8a5f1759355379 P 30c6349e04c24fb0a39a84ee94bb30f1 [CANDIDATE]: Term 1 pre-election: Election decided. Result: candidate won. Election summary: received 2 responses out of 3 voters: 2 yes votes; 0 no votes. yes voters: 18d50bbfe6f3403fb15e3d072f86b150, 30c6349e04c24fb0a39a84ee94bb30f1; no voters: 
I20260608 12:45:34.361210 15502 raft_consensus.cc:2804] T 9f34181367184a3f8b8a5f1759355379 P 30c6349e04c24fb0a39a84ee94bb30f1 [term 0 FOLLOWER]: Leader pre-election won for term 1
I20260608 12:45:34.361649 15502 raft_consensus.cc:493] T 9f34181367184a3f8b8a5f1759355379 P 30c6349e04c24fb0a39a84ee94bb30f1 [term 0 FOLLOWER]: Starting leader election (no leader contacted us within the election timeout)
I20260608 12:45:34.361606 15380 tablet_service.cc:1917] Received RequestConsensusVote() RPC: tablet_id: "9f34181367184a3f8b8a5f1759355379" candidate_uuid: "30c6349e04c24fb0a39a84ee94bb30f1" candidate_term: 1 candidate_status { last_received { term: 0 index: 0 } } ignore_live_leader: false dest_uuid: "efa625bbfdd2487b899ba67728c0ad32" is_pre_election: true
I20260608 12:45:34.362285 15502 raft_consensus.cc:3060] T 9f34181367184a3f8b8a5f1759355379 P 30c6349e04c24fb0a39a84ee94bb30f1 [term 0 FOLLOWER]: Advancing to term 1
I20260608 12:45:34.362493 15380 raft_consensus.cc:2468] T 9f34181367184a3f8b8a5f1759355379 P efa625bbfdd2487b899ba67728c0ad32 [term 0 FOLLOWER]: Leader pre-election vote request: Granting yes vote for candidate 30c6349e04c24fb0a39a84ee94bb30f1 in term 0.
I20260608 12:45:34.366914 15515 raft_consensus.cc:515] T 82df8b9b28134635bd2bbe9226c4db0e P 30c6349e04c24fb0a39a84ee94bb30f1 [term 1 FOLLOWER]: Starting leader election with config: opid_index: -1 OBSOLETE_local: false peers { permanent_uuid: "30c6349e04c24fb0a39a84ee94bb30f1" member_type: VOTER last_known_addr { host: "127.12.97.1" port: 42355 } } peers { permanent_uuid: "efa625bbfdd2487b899ba67728c0ad32" member_type: VOTER last_known_addr { host: "127.12.97.2" port: 42221 } } peers { permanent_uuid: "18d50bbfe6f3403fb15e3d072f86b150" member_type: VOTER last_known_addr { host: "127.12.97.3" port: 39417 } }
I20260608 12:45:34.367885 15502 raft_consensus.cc:515] T 9f34181367184a3f8b8a5f1759355379 P 30c6349e04c24fb0a39a84ee94bb30f1 [term 1 FOLLOWER]: Starting leader election with config: opid_index: -1 OBSOLETE_local: false peers { permanent_uuid: "30c6349e04c24fb0a39a84ee94bb30f1" member_type: VOTER last_known_addr { host: "127.12.97.1" port: 42355 } } peers { permanent_uuid: "efa625bbfdd2487b899ba67728c0ad32" member_type: VOTER last_known_addr { host: "127.12.97.2" port: 42221 } } peers { permanent_uuid: "18d50bbfe6f3403fb15e3d072f86b150" member_type: VOTER last_known_addr { host: "127.12.97.3" port: 39417 } }
I20260608 12:45:34.369176 15515 leader_election.cc:290] T 82df8b9b28134635bd2bbe9226c4db0e P 30c6349e04c24fb0a39a84ee94bb30f1 [CANDIDATE]: Term 1 election: Requested vote from peers efa625bbfdd2487b899ba67728c0ad32 (127.12.97.2:42221), 18d50bbfe6f3403fb15e3d072f86b150 (127.12.97.3:39417)
I20260608 12:45:34.369586 15380 tablet_service.cc:1917] Received RequestConsensusVote() RPC: tablet_id: "82df8b9b28134635bd2bbe9226c4db0e" candidate_uuid: "30c6349e04c24fb0a39a84ee94bb30f1" candidate_term: 1 candidate_status { last_received { term: 0 index: 0 } } ignore_live_leader: false dest_uuid: "efa625bbfdd2487b899ba67728c0ad32"
I20260608 12:45:34.369899 15454 tablet_service.cc:1917] Received RequestConsensusVote() RPC: tablet_id: "82df8b9b28134635bd2bbe9226c4db0e" candidate_uuid: "30c6349e04c24fb0a39a84ee94bb30f1" candidate_term: 1 candidate_status { last_received { term: 0 index: 0 } } ignore_live_leader: false dest_uuid: "18d50bbfe6f3403fb15e3d072f86b150"
I20260608 12:45:34.370250 15380 raft_consensus.cc:3060] T 82df8b9b28134635bd2bbe9226c4db0e P efa625bbfdd2487b899ba67728c0ad32 [term 0 FOLLOWER]: Advancing to term 1
I20260608 12:45:34.370595 15502 leader_election.cc:290] T 9f34181367184a3f8b8a5f1759355379 P 30c6349e04c24fb0a39a84ee94bb30f1 [CANDIDATE]: Term 1 election: Requested vote from peers efa625bbfdd2487b899ba67728c0ad32 (127.12.97.2:42221), 18d50bbfe6f3403fb15e3d072f86b150 (127.12.97.3:39417)
I20260608 12:45:34.371078 15379 tablet_service.cc:1917] Received RequestConsensusVote() RPC: tablet_id: "9f34181367184a3f8b8a5f1759355379" candidate_uuid: "30c6349e04c24fb0a39a84ee94bb30f1" candidate_term: 1 candidate_status { last_received { term: 0 index: 0 } } ignore_live_leader: false dest_uuid: "efa625bbfdd2487b899ba67728c0ad32"
I20260608 12:45:34.370522 15454 raft_consensus.cc:3060] T 82df8b9b28134635bd2bbe9226c4db0e P 18d50bbfe6f3403fb15e3d072f86b150 [term 0 FOLLOWER]: Advancing to term 1
I20260608 12:45:34.371723 15379 raft_consensus.cc:3060] T 9f34181367184a3f8b8a5f1759355379 P efa625bbfdd2487b899ba67728c0ad32 [term 0 FOLLOWER]: Advancing to term 1
I20260608 12:45:34.371641 15453 tablet_service.cc:1917] Received RequestConsensusVote() RPC: tablet_id: "9f34181367184a3f8b8a5f1759355379" candidate_uuid: "30c6349e04c24fb0a39a84ee94bb30f1" candidate_term: 1 candidate_status { last_received { term: 0 index: 0 } } ignore_live_leader: false dest_uuid: "18d50bbfe6f3403fb15e3d072f86b150"
I20260608 12:45:34.372447 15453 raft_consensus.cc:3060] T 9f34181367184a3f8b8a5f1759355379 P 18d50bbfe6f3403fb15e3d072f86b150 [term 0 FOLLOWER]: Advancing to term 1
I20260608 12:45:34.377527 15380 raft_consensus.cc:2468] T 82df8b9b28134635bd2bbe9226c4db0e P efa625bbfdd2487b899ba67728c0ad32 [term 1 FOLLOWER]: Leader election vote request: Granting yes vote for candidate 30c6349e04c24fb0a39a84ee94bb30f1 in term 1.
I20260608 12:45:34.378904 15454 raft_consensus.cc:2468] T 82df8b9b28134635bd2bbe9226c4db0e P 18d50bbfe6f3403fb15e3d072f86b150 [term 1 FOLLOWER]: Leader election vote request: Granting yes vote for candidate 30c6349e04c24fb0a39a84ee94bb30f1 in term 1.
I20260608 12:45:34.379212 15270 leader_election.cc:304] T 82df8b9b28134635bd2bbe9226c4db0e P 30c6349e04c24fb0a39a84ee94bb30f1 [CANDIDATE]: Term 1 election: Election decided. Result: candidate won. Election summary: received 2 responses out of 3 voters: 2 yes votes; 0 no votes. yes voters: 30c6349e04c24fb0a39a84ee94bb30f1, efa625bbfdd2487b899ba67728c0ad32; no voters: 
I20260608 12:45:34.379557 15453 raft_consensus.cc:2468] T 9f34181367184a3f8b8a5f1759355379 P 18d50bbfe6f3403fb15e3d072f86b150 [term 1 FOLLOWER]: Leader election vote request: Granting yes vote for candidate 30c6349e04c24fb0a39a84ee94bb30f1 in term 1.
I20260608 12:45:34.380640 15379 raft_consensus.cc:2468] T 9f34181367184a3f8b8a5f1759355379 P efa625bbfdd2487b899ba67728c0ad32 [term 1 FOLLOWER]: Leader election vote request: Granting yes vote for candidate 30c6349e04c24fb0a39a84ee94bb30f1 in term 1.
I20260608 12:45:34.380824 15268 leader_election.cc:304] T 9f34181367184a3f8b8a5f1759355379 P 30c6349e04c24fb0a39a84ee94bb30f1 [CANDIDATE]: Term 1 election: Election decided. Result: candidate won. Election summary: received 2 responses out of 3 voters: 2 yes votes; 0 no votes. yes voters: 18d50bbfe6f3403fb15e3d072f86b150, 30c6349e04c24fb0a39a84ee94bb30f1; no voters: 
I20260608 12:45:34.381171 15502 raft_consensus.cc:2804] T 82df8b9b28134635bd2bbe9226c4db0e P 30c6349e04c24fb0a39a84ee94bb30f1 [term 1 FOLLOWER]: Leader election won for term 1
I20260608 12:45:34.382185 15515 raft_consensus.cc:2804] T 9f34181367184a3f8b8a5f1759355379 P 30c6349e04c24fb0a39a84ee94bb30f1 [term 1 FOLLOWER]: Leader election won for term 1
I20260608 12:45:34.383051 15502 raft_consensus.cc:697] T 82df8b9b28134635bd2bbe9226c4db0e P 30c6349e04c24fb0a39a84ee94bb30f1 [term 1 LEADER]: Becoming Leader. State: Replica: 30c6349e04c24fb0a39a84ee94bb30f1, State: Running, Role: LEADER
I20260608 12:45:34.383628 15515 raft_consensus.cc:697] T 9f34181367184a3f8b8a5f1759355379 P 30c6349e04c24fb0a39a84ee94bb30f1 [term 1 LEADER]: Becoming Leader. State: Replica: 30c6349e04c24fb0a39a84ee94bb30f1, State: Running, Role: LEADER
I20260608 12:45:34.384126 15502 consensus_queue.cc:237] T 82df8b9b28134635bd2bbe9226c4db0e P 30c6349e04c24fb0a39a84ee94bb30f1 [LEADER]: Queue going to LEADER mode. State: All replicated index: 0, Majority replicated index: 0, Committed index: 0, Last appended: 0.0, Last appended by leader: 0, Current term: 1, Majority size: 2, State: 0, Mode: LEADER, active raft config: opid_index: -1 OBSOLETE_local: false peers { permanent_uuid: "30c6349e04c24fb0a39a84ee94bb30f1" member_type: VOTER last_known_addr { host: "127.12.97.1" port: 42355 } } peers { permanent_uuid: "efa625bbfdd2487b899ba67728c0ad32" member_type: VOTER last_known_addr { host: "127.12.97.2" port: 42221 } } peers { permanent_uuid: "18d50bbfe6f3403fb15e3d072f86b150" member_type: VOTER last_known_addr { host: "127.12.97.3" port: 39417 } }
I20260608 12:45:34.384510 15515 consensus_queue.cc:237] T 9f34181367184a3f8b8a5f1759355379 P 30c6349e04c24fb0a39a84ee94bb30f1 [LEADER]: Queue going to LEADER mode. State: All replicated index: 0, Majority replicated index: 0, Committed index: 0, Last appended: 0.0, Last appended by leader: 0, Current term: 1, Majority size: 2, State: 0, Mode: LEADER, active raft config: opid_index: -1 OBSOLETE_local: false peers { permanent_uuid: "30c6349e04c24fb0a39a84ee94bb30f1" member_type: VOTER last_known_addr { host: "127.12.97.1" port: 42355 } } peers { permanent_uuid: "efa625bbfdd2487b899ba67728c0ad32" member_type: VOTER last_known_addr { host: "127.12.97.2" port: 42221 } } peers { permanent_uuid: "18d50bbfe6f3403fb15e3d072f86b150" member_type: VOTER last_known_addr { host: "127.12.97.3" port: 39417 } }
I20260608 12:45:34.392325 15202 catalog_manager.cc:5696] T 82df8b9b28134635bd2bbe9226c4db0e P 30c6349e04c24fb0a39a84ee94bb30f1 reported cstate change: term changed from 0 to 1, leader changed from <none> to 30c6349e04c24fb0a39a84ee94bb30f1 (127.12.97.1). New cstate: current_term: 1 leader_uuid: "30c6349e04c24fb0a39a84ee94bb30f1" committed_config { opid_index: -1 OBSOLETE_local: false peers { permanent_uuid: "30c6349e04c24fb0a39a84ee94bb30f1" member_type: VOTER last_known_addr { host: "127.12.97.1" port: 42355 } health_report { overall_health: HEALTHY } } peers { permanent_uuid: "efa625bbfdd2487b899ba67728c0ad32" member_type: VOTER last_known_addr { host: "127.12.97.2" port: 42221 } health_report { overall_health: UNKNOWN } } peers { permanent_uuid: "18d50bbfe6f3403fb15e3d072f86b150" member_type: VOTER last_known_addr { host: "127.12.97.3" port: 39417 } health_report { overall_health: UNKNOWN } } }
I20260608 12:45:34.405308 15201 catalog_manager.cc:5696] T 9f34181367184a3f8b8a5f1759355379 P 30c6349e04c24fb0a39a84ee94bb30f1 reported cstate change: term changed from 0 to 1, leader changed from <none> to 30c6349e04c24fb0a39a84ee94bb30f1 (127.12.97.1). New cstate: current_term: 1 leader_uuid: "30c6349e04c24fb0a39a84ee94bb30f1" committed_config { opid_index: -1 OBSOLETE_local: false peers { permanent_uuid: "30c6349e04c24fb0a39a84ee94bb30f1" member_type: VOTER last_known_addr { host: "127.12.97.1" port: 42355 } health_report { overall_health: HEALTHY } } peers { permanent_uuid: "efa625bbfdd2487b899ba67728c0ad32" member_type: VOTER last_known_addr { host: "127.12.97.2" port: 42221 } health_report { overall_health: UNKNOWN } } peers { permanent_uuid: "18d50bbfe6f3403fb15e3d072f86b150" member_type: VOTER last_known_addr { host: "127.12.97.3" port: 39417 } health_report { overall_health: UNKNOWN } } }
I20260608 12:45:34.581422 15256 auto_leader_rebalancer.cc:140] leader rebalance for table range_aware_auto_rebalancer_test
I20260608 12:45:34.646005 15305 tablet_service.cc:2072] Received LeaderStepDown RPC: tablet_id: "82df8b9b28134635bd2bbe9226c4db0e"
dest_uuid: "30c6349e04c24fb0a39a84ee94bb30f1"
mode: GRACEFUL
new_leader_uuid: "efa625bbfdd2487b899ba67728c0ad32"
 from {username='slave'} at 127.0.0.1:43952
I20260608 12:45:34.646791 15305 raft_consensus.cc:606] T 82df8b9b28134635bd2bbe9226c4db0e P 30c6349e04c24fb0a39a84ee94bb30f1 [term 1 LEADER]: Received request to transfer leadership to TS efa625bbfdd2487b899ba67728c0ad32
I20260608 12:45:34.651984 15305 tablet_service.cc:2072] Received LeaderStepDown RPC: tablet_id: "9f34181367184a3f8b8a5f1759355379"
dest_uuid: "30c6349e04c24fb0a39a84ee94bb30f1"
mode: GRACEFUL
new_leader_uuid: "18d50bbfe6f3403fb15e3d072f86b150"
 from {username='slave'} at 127.0.0.1:43952
I20260608 12:45:34.652577 15305 raft_consensus.cc:606] T 9f34181367184a3f8b8a5f1759355379 P 30c6349e04c24fb0a39a84ee94bb30f1 [term 1 LEADER]: Received request to transfer leadership to TS 18d50bbfe6f3403fb15e3d072f86b150
I20260608 12:45:34.653290 12676 tablet_server.cc:179] TabletServer@127.12.97.1:0 shutting down...
I20260608 12:45:34.660228 15256 auto_leader_rebalancer.cc:388] table: range_aware_auto_rebalancer_test, leader rebalance finish, leader transfer count: 2
I20260608 12:45:34.661228 15256 auto_leader_rebalancer.cc:451] All tables' leader rebalancing finished this round
I20260608 12:45:34.681849 12676 ts_tablet_manager.cc:1507] Shutting down tablet manager...
I20260608 12:45:34.682986 12676 tablet_replica.cc:333] T 9f34181367184a3f8b8a5f1759355379 P 30c6349e04c24fb0a39a84ee94bb30f1: stopping tablet replica
I20260608 12:45:34.683679 12676 raft_consensus.cc:2243] T 9f34181367184a3f8b8a5f1759355379 P 30c6349e04c24fb0a39a84ee94bb30f1 [term 1 LEADER]: Raft consensus shutting down.
I20260608 12:45:34.684326 12676 pending_rounds.cc:70] T 9f34181367184a3f8b8a5f1759355379 P 30c6349e04c24fb0a39a84ee94bb30f1: Trying to abort 1 pending ops.
I20260608 12:45:34.684584 12676 pending_rounds.cc:77] T 9f34181367184a3f8b8a5f1759355379 P 30c6349e04c24fb0a39a84ee94bb30f1: Aborting op as it isn't in flight: id { term: 1 index: 1 } timestamp: 7294659520047493120 op_type: NO_OP noop_request { }
I20260608 12:45:34.684978 12676 raft_consensus.cc:2889] T 9f34181367184a3f8b8a5f1759355379 P 30c6349e04c24fb0a39a84ee94bb30f1 [term 1 LEADER]: NO_OP replication failed: Aborted: Op aborted
I20260608 12:45:34.685283 12676 raft_consensus.cc:2272] T 9f34181367184a3f8b8a5f1759355379 P 30c6349e04c24fb0a39a84ee94bb30f1 [term 1 FOLLOWER]: Raft consensus is shut down!
I20260608 12:45:34.687512 12676 tablet_replica.cc:333] T 82df8b9b28134635bd2bbe9226c4db0e P 30c6349e04c24fb0a39a84ee94bb30f1: stopping tablet replica
I20260608 12:45:34.688175 12676 raft_consensus.cc:2243] T 82df8b9b28134635bd2bbe9226c4db0e P 30c6349e04c24fb0a39a84ee94bb30f1 [term 1 LEADER]: Raft consensus shutting down.
I20260608 12:45:34.688783 12676 pending_rounds.cc:70] T 82df8b9b28134635bd2bbe9226c4db0e P 30c6349e04c24fb0a39a84ee94bb30f1: Trying to abort 1 pending ops.
I20260608 12:45:34.689060 12676 pending_rounds.cc:77] T 82df8b9b28134635bd2bbe9226c4db0e P 30c6349e04c24fb0a39a84ee94bb30f1: Aborting op as it isn't in flight: id { term: 1 index: 1 } timestamp: 7294659520045617152 op_type: NO_OP noop_request { }
I20260608 12:45:34.689343 12676 raft_consensus.cc:2889] T 82df8b9b28134635bd2bbe9226c4db0e P 30c6349e04c24fb0a39a84ee94bb30f1 [term 1 LEADER]: NO_OP replication failed: Aborted: Op aborted
I20260608 12:45:34.689626 12676 raft_consensus.cc:2272] T 82df8b9b28134635bd2bbe9226c4db0e P 30c6349e04c24fb0a39a84ee94bb30f1 [term 1 FOLLOWER]: Raft consensus is shut down!
I20260608 12:45:34.690912 15502 consensus_queue.cc:1048] T 24cc55071c6e4d278c17bbb5097ea665 P 30c6349e04c24fb0a39a84ee94bb30f1 [LEADER]: Connected to new peer: Peer: permanent_uuid: "efa625bbfdd2487b899ba67728c0ad32" member_type: VOTER last_known_addr { host: "127.12.97.2" port: 42221 }, Status: LMP_MISMATCH, Last received: 0.0, Next index: 1, Last known committed idx: 0, Time since last communication: 0.000s
I20260608 12:45:34.692296 12676 tablet_replica.cc:333] T 1530e4d22e5446b0999429381590039f P 30c6349e04c24fb0a39a84ee94bb30f1: stopping tablet replica
I20260608 12:45:34.692922 12676 raft_consensus.cc:2243] T 1530e4d22e5446b0999429381590039f P 30c6349e04c24fb0a39a84ee94bb30f1 [term 1 LEADER]: Raft consensus shutting down.
I20260608 12:45:34.693531 12676 pending_rounds.cc:70] T 1530e4d22e5446b0999429381590039f P 30c6349e04c24fb0a39a84ee94bb30f1: Trying to abort 1 pending ops.
I20260608 12:45:34.693813 12676 pending_rounds.cc:77] T 1530e4d22e5446b0999429381590039f P 30c6349e04c24fb0a39a84ee94bb30f1: Aborting op as it isn't in flight: id { term: 1 index: 1 } timestamp: 7294659519890141184 op_type: NO_OP noop_request { }
I20260608 12:45:34.694089 12676 raft_consensus.cc:2889] T 1530e4d22e5446b0999429381590039f P 30c6349e04c24fb0a39a84ee94bb30f1 [term 1 LEADER]: NO_OP replication failed: Aborted: Op aborted
I20260608 12:45:34.694383 12676 raft_consensus.cc:2272] T 1530e4d22e5446b0999429381590039f P 30c6349e04c24fb0a39a84ee94bb30f1 [term 1 FOLLOWER]: Raft consensus is shut down!
I20260608 12:45:34.696542 12676 tablet_replica.cc:333] T 24cc55071c6e4d278c17bbb5097ea665 P 30c6349e04c24fb0a39a84ee94bb30f1: stopping tablet replica
I20260608 12:45:34.697110 12676 raft_consensus.cc:2243] T 24cc55071c6e4d278c17bbb5097ea665 P 30c6349e04c24fb0a39a84ee94bb30f1 [term 1 LEADER]: Raft consensus shutting down.
I20260608 12:45:34.697732 12676 pending_rounds.cc:70] T 24cc55071c6e4d278c17bbb5097ea665 P 30c6349e04c24fb0a39a84ee94bb30f1: Trying to abort 1 pending ops.
I20260608 12:45:34.697981 12676 pending_rounds.cc:77] T 24cc55071c6e4d278c17bbb5097ea665 P 30c6349e04c24fb0a39a84ee94bb30f1: Aborting op as it isn't in flight: id { term: 1 index: 1 } timestamp: 7294659519509282816 op_type: NO_OP noop_request { }
I20260608 12:45:34.698374 12676 raft_consensus.cc:2889] T 24cc55071c6e4d278c17bbb5097ea665 P 30c6349e04c24fb0a39a84ee94bb30f1 [term 1 LEADER]: NO_OP replication failed: Aborted: Op aborted
I20260608 12:45:34.698750 12676 raft_consensus.cc:2272] T 24cc55071c6e4d278c17bbb5097ea665 P 30c6349e04c24fb0a39a84ee94bb30f1 [term 1 FOLLOWER]: Raft consensus is shut down!
W20260608 12:45:35.548233 15326 debug-util.cc:398] Leaking SignalData structure 0x7b080011cb80 after lost signal to thread 12679
W20260608 12:45:35.549381 15326 debug-util.cc:398] Leaking SignalData structure 0x7b080009d840 after lost signal to thread 15237
W20260608 12:45:35.550971 15326 debug-util.cc:398] Leaking SignalData structure 0x7b0800212220 after lost signal to thread 15404
W20260608 12:45:35.551841 15326 debug-util.cc:398] Leaking SignalData structure 0x7b08001b2460 after lost signal to thread 15478
W20260608 12:45:35.552254 15326 debug-util.cc:398] Leaking SignalData structure 0x7b08001ceda0 after lost signal to thread 15500
W20260608 12:45:35.723685 12676 thread.cc:527] Waited for 1000ms trying to join with diag-logger (tid 15326)
I20260608 12:45:35.957985 15530 raft_consensus.cc:493] T 24cc55071c6e4d278c17bbb5097ea665 P 18d50bbfe6f3403fb15e3d072f86b150 [term 1 FOLLOWER]: Starting pre-election (no leader contacted us within the election timeout)
I20260608 12:45:35.958990 15530 raft_consensus.cc:515] T 24cc55071c6e4d278c17bbb5097ea665 P 18d50bbfe6f3403fb15e3d072f86b150 [term 1 FOLLOWER]: Starting pre-election with config: opid_index: -1 OBSOLETE_local: false peers { permanent_uuid: "30c6349e04c24fb0a39a84ee94bb30f1" member_type: VOTER last_known_addr { host: "127.12.97.1" port: 42355 } } peers { permanent_uuid: "efa625bbfdd2487b899ba67728c0ad32" member_type: VOTER last_known_addr { host: "127.12.97.2" port: 42221 } } peers { permanent_uuid: "18d50bbfe6f3403fb15e3d072f86b150" member_type: VOTER last_known_addr { host: "127.12.97.3" port: 39417 } }
I20260608 12:45:35.962622 15530 leader_election.cc:290] T 24cc55071c6e4d278c17bbb5097ea665 P 18d50bbfe6f3403fb15e3d072f86b150 [CANDIDATE]: Term 2 pre-election: Requested pre-vote from peers 30c6349e04c24fb0a39a84ee94bb30f1 (127.12.97.1:42355), efa625bbfdd2487b899ba67728c0ad32 (127.12.97.2:42221)
W20260608 12:45:35.976997 15418 proxy.cc:239] Call had error, refreshing address and retrying: Network error: Client connection negotiation failed: client connection to 127.12.97.1:42355: connect: Connection refused (error 111) [suppressed 8 similar messages]
W20260608 12:45:35.981997 15418 leader_election.cc:336] T 24cc55071c6e4d278c17bbb5097ea665 P 18d50bbfe6f3403fb15e3d072f86b150 [CANDIDATE]: Term 2 pre-election: RPC error from VoteRequest() call to peer 30c6349e04c24fb0a39a84ee94bb30f1 (127.12.97.1:42355): Network error: Client connection negotiation failed: client connection to 127.12.97.1:42355: connect: Connection refused (error 111)
I20260608 12:45:35.989459 15379 tablet_service.cc:1917] Received RequestConsensusVote() RPC: tablet_id: "24cc55071c6e4d278c17bbb5097ea665" candidate_uuid: "18d50bbfe6f3403fb15e3d072f86b150" candidate_term: 2 candidate_status { last_received { term: 0 index: 0 } } ignore_live_leader: false dest_uuid: "efa625bbfdd2487b899ba67728c0ad32" is_pre_election: true
I20260608 12:45:35.991647 15419 leader_election.cc:304] T 24cc55071c6e4d278c17bbb5097ea665 P 18d50bbfe6f3403fb15e3d072f86b150 [CANDIDATE]: Term 2 pre-election: Election decided. Result: candidate lost. Election summary: received 3 responses out of 3 voters: 1 yes votes; 2 no votes. yes voters: 18d50bbfe6f3403fb15e3d072f86b150; no voters: 30c6349e04c24fb0a39a84ee94bb30f1, efa625bbfdd2487b899ba67728c0ad32
I20260608 12:45:35.992765 15530 raft_consensus.cc:2749] T 24cc55071c6e4d278c17bbb5097ea665 P 18d50bbfe6f3403fb15e3d072f86b150 [term 1 FOLLOWER]: Leader pre-election lost for term 2. Reason: could not achieve majority
I20260608 12:45:36.054335 15535 raft_consensus.cc:493] T 9f34181367184a3f8b8a5f1759355379 P efa625bbfdd2487b899ba67728c0ad32 [term 1 FOLLOWER]: Starting pre-election (no leader contacted us within the election timeout)
I20260608 12:45:36.055116 15535 raft_consensus.cc:515] T 9f34181367184a3f8b8a5f1759355379 P efa625bbfdd2487b899ba67728c0ad32 [term 1 FOLLOWER]: Starting pre-election with config: opid_index: -1 OBSOLETE_local: false peers { permanent_uuid: "30c6349e04c24fb0a39a84ee94bb30f1" member_type: VOTER last_known_addr { host: "127.12.97.1" port: 42355 } } peers { permanent_uuid: "efa625bbfdd2487b899ba67728c0ad32" member_type: VOTER last_known_addr { host: "127.12.97.2" port: 42221 } } peers { permanent_uuid: "18d50bbfe6f3403fb15e3d072f86b150" member_type: VOTER last_known_addr { host: "127.12.97.3" port: 39417 } }
I20260608 12:45:36.057919 15535 leader_election.cc:290] T 9f34181367184a3f8b8a5f1759355379 P efa625bbfdd2487b899ba67728c0ad32 [CANDIDATE]: Term 2 pre-election: Requested pre-vote from peers 30c6349e04c24fb0a39a84ee94bb30f1 (127.12.97.1:42355), 18d50bbfe6f3403fb15e3d072f86b150 (127.12.97.3:39417)
I20260608 12:45:36.061838 15535 raft_consensus.cc:493] T 1530e4d22e5446b0999429381590039f P efa625bbfdd2487b899ba67728c0ad32 [term 1 FOLLOWER]: Starting pre-election (no leader contacted us within the election timeout)
I20260608 12:45:36.063261 15535 raft_consensus.cc:515] T 1530e4d22e5446b0999429381590039f P efa625bbfdd2487b899ba67728c0ad32 [term 1 FOLLOWER]: Starting pre-election with config: opid_index: -1 OBSOLETE_local: false peers { permanent_uuid: "30c6349e04c24fb0a39a84ee94bb30f1" member_type: VOTER last_known_addr { host: "127.12.97.1" port: 42355 } } peers { permanent_uuid: "18d50bbfe6f3403fb15e3d072f86b150" member_type: VOTER last_known_addr { host: "127.12.97.3" port: 39417 } } peers { permanent_uuid: "efa625bbfdd2487b899ba67728c0ad32" member_type: VOTER last_known_addr { host: "127.12.97.2" port: 42221 } }
