W20260608 12:45:41.731099 16635 instance_detector.cc:116] could not retrieve OpenStack instance metadata: Network error: curl error: HTTP response code said error: The requested URL returned error: 404
I20260608 12:45:41.731527 16629 heartbeater.cc:461] Registering TS with master...
I20260608 12:45:41.732362 12825 hybrid_clock.cc:584] initializing the hybrid clock with 'system_unsync' time source
W20260608 12:45:41.732661 12825 system_unsync_time.cc:38] NTP support is disabled. Clock error bounds will not be accurate. This configuration is not suitable for distributed clusters.
I20260608 12:45:41.732610 16629 heartbeater.cc:507] Master 127.12.134.126:36819 requested a full tablet report, sending...
I20260608 12:45:41.733080 12825 hybrid_clock.cc:648] HybridClock initialized: now 1780922741733059 us; error 0 us; skew 500 ppm
I20260608 12:45:41.733984 12825 server_base.cc:861] Flag tcmalloc_max_total_thread_cache_bytes is not working since tcmalloc is not enabled.
I20260608 12:45:41.735519 16427 ts_manager.cc:194] Registered new tserver with Master: 019f91bad3ef46398661ee060693acc1 (127.12.134.66:34567)
I20260608 12:45:41.737140 16427 master_service.cc:502] Signed X509 certificate for tserver {username='slave'} at 127.0.0.1:44186
I20260608 12:45:41.738440 12825 webserver.cc:533] Webserver started at http://127.12.134.67:33805/ using document root <none> and password file <none>
I20260608 12:45:41.739068 12825 fs_manager.cc:362] Metadata directory not provided
I20260608 12:45:41.739354 12825 fs_manager.cc:368] Using write-ahead log directory (fs_wal_dir) as metadata directory
I20260608 12:45:41.739711 12825 server_base.cc:909] This appears to be a new deployment of Kudu; creating new FS layout
I20260608 12:45:41.740895 12825 fs_manager.cc:1068] Generated new instance metadata in path /tmp/dist-test-task6vaXEn/test-tmp/auto_rebalancer-test.0.AutoRebalancerTest.NoReplicaMovesIfLocationLoadSkewedByOne.1780922650161146-12825-0/minicluster-data/ts-2-root/instance:
uuid: "8da33747c3e64ec2a760df48d0641b5b"
format_stamp: "Formatted at 2026-06-08 12:45:41 on dist-test-slave-zgvq"
I20260608 12:45:41.745782 12825 fs_manager.cc:696] Time spent creating directory manager: real 0.004s	user 0.003s	sys 0.001s
I20260608 12:45:41.749416 16640 log_block_manager.cc:4031] Time spent loading block containers with low live blocks: real 0.000s	user 0.000s	sys 0.000s
I20260608 12:45:41.750224 12825 fs_manager.cc:730] Time spent opening block manager: real 0.002s	user 0.002s	sys 0.002s
I20260608 12:45:41.750561 12825 fs_manager.cc:647] Opened local filesystem: /tmp/dist-test-task6vaXEn/test-tmp/auto_rebalancer-test.0.AutoRebalancerTest.NoReplicaMovesIfLocationLoadSkewedByOne.1780922650161146-12825-0/minicluster-data/ts-2-root
uuid: "8da33747c3e64ec2a760df48d0641b5b"
format_stamp: "Formatted at 2026-06-08 12:45:41 on dist-test-slave-zgvq"
I20260608 12:45:41.750887 12825 fs_report.cc:389] FS layout report
--------------------
wal directory: /tmp/dist-test-task6vaXEn/test-tmp/auto_rebalancer-test.0.AutoRebalancerTest.NoReplicaMovesIfLocationLoadSkewedByOne.1780922650161146-12825-0/minicluster-data/ts-2-root
metadata directory: /tmp/dist-test-task6vaXEn/test-tmp/auto_rebalancer-test.0.AutoRebalancerTest.NoReplicaMovesIfLocationLoadSkewedByOne.1780922650161146-12825-0/minicluster-data/ts-2-root
1 data directories: /tmp/dist-test-task6vaXEn/test-tmp/auto_rebalancer-test.0.AutoRebalancerTest.NoReplicaMovesIfLocationLoadSkewedByOne.1780922650161146-12825-0/minicluster-data/ts-2-root/data
Total live blocks: 0
Total live bytes: 0
Total live bytes (after alignment): 0
Total number of LBM containers: 0 (0 full)
Did not check for missing blocks
Did not check for orphaned blocks
Total full LBM containers with extra space: 0 (0 repaired)
Total full LBM container extra space in bytes: 0 (0 repaired)
Total incomplete LBM containers: 0 (0 repaired)
Total LBM partial records: 0 (0 repaired)
Total corrupted LBM metadata records in RocksDB: 0 (0 repaired)
I20260608 12:45:41.777654 12825 rpc_server.cc:225] running with OpenSSL 1.1.1  11 Sep 2018
I20260608 12:45:41.778975 12825 kserver.cc:163] Server-wide thread pool size limit: 3276
I20260608 12:45:41.781332 12825 txn_system_client.cc:432] TxnSystemClient initialization is disabled...
I20260608 12:45:41.783686 12825 ts_tablet_manager.cc:585] Loaded tablet metadata (0 total tablets, 0 live tablets)
I20260608 12:45:41.783929 12825 ts_tablet_manager.cc:531] Time spent load tablet metadata: real 0.000s	user 0.000s	sys 0.000s
I20260608 12:45:41.784201 12825 ts_tablet_manager.cc:616] Registered 0 tablets
I20260608 12:45:41.784386 12825 ts_tablet_manager.cc:595] Time spent register tablets: real 0.000s	user 0.000s	sys 0.000s
I20260608 12:45:41.824649 12825 rpc_server.cc:307] RPC server started. Bound to: 127.12.134.67:36433
I20260608 12:45:41.824751 16702 acceptor_pool.cc:272] collecting diagnostics on the listening RPC socket 127.12.134.67:36433 every 8 connection(s)
I20260608 12:45:41.829890 12825 file_cache.cc:492] Constructed file cache file cache with capacity 419430
W20260608 12:45:41.837152 16706 instance_detector.cc:116] could not retrieve AWS instance metadata: Network error: curl error: HTTP response code said error: The requested URL returned error: 404
W20260608 12:45:41.839495 16707 instance_detector.cc:116] could not retrieve Azure instance metadata: Network error: curl error: HTTP response code said error: The requested URL returned error: 404
I20260608 12:45:41.842170 12825 server_base.cc:1061] running on GCE node
W20260608 12:45:41.842204 16709 instance_detector.cc:116] could not retrieve OpenStack instance metadata: Network error: curl error: HTTP response code said error: The requested URL returned error: 404
I20260608 12:45:41.844189 12825 hybrid_clock.cc:584] initializing the hybrid clock with 'system_unsync' time source
W20260608 12:45:41.844478 12825 system_unsync_time.cc:38] NTP support is disabled. Clock error bounds will not be accurate. This configuration is not suitable for distributed clusters.
I20260608 12:45:41.844740 12825 hybrid_clock.cc:648] HybridClock initialized: now 1780922741844719 us; error 0 us; skew 500 ppm
I20260608 12:45:41.844897 16703 heartbeater.cc:344] Connected to a master server at 127.12.134.126:36819
I20260608 12:45:41.845422 16703 heartbeater.cc:461] Registering TS with master...
I20260608 12:45:41.845763 12825 server_base.cc:861] Flag tcmalloc_max_total_thread_cache_bytes is not working since tcmalloc is not enabled.
I20260608 12:45:41.846570 16703 heartbeater.cc:507] Master 127.12.134.126:36819 requested a full tablet report, sending...
I20260608 12:45:41.849012 12825 webserver.cc:533] Webserver started at http://127.12.134.68:39521/ using document root <none> and password file <none>
I20260608 12:45:41.849478 16427 ts_manager.cc:194] Registered new tserver with Master: 8da33747c3e64ec2a760df48d0641b5b (127.12.134.67:36433)
I20260608 12:45:41.849795 12825 fs_manager.cc:362] Metadata directory not provided
I20260608 12:45:41.850097 12825 fs_manager.cc:368] Using write-ahead log directory (fs_wal_dir) as metadata directory
I20260608 12:45:41.850471 12825 server_base.cc:909] This appears to be a new deployment of Kudu; creating new FS layout
I20260608 12:45:41.851560 16427 master_service.cc:502] Signed X509 certificate for tserver {username='slave'} at 127.0.0.1:44190
I20260608 12:45:41.852151 12825 fs_manager.cc:1068] Generated new instance metadata in path /tmp/dist-test-task6vaXEn/test-tmp/auto_rebalancer-test.0.AutoRebalancerTest.NoReplicaMovesIfLocationLoadSkewedByOne.1780922650161146-12825-0/minicluster-data/ts-3-root/instance:
uuid: "1d823f1bccdd4477b295703f518450f3"
format_stamp: "Formatted at 2026-06-08 12:45:41 on dist-test-slave-zgvq"
I20260608 12:45:41.858139 12825 fs_manager.cc:696] Time spent creating directory manager: real 0.005s	user 0.004s	sys 0.000s
I20260608 12:45:41.861974 16714 log_block_manager.cc:4031] Time spent loading block containers with low live blocks: real 0.000s	user 0.000s	sys 0.000s
I20260608 12:45:41.863112 12825 fs_manager.cc:730] Time spent opening block manager: real 0.003s	user 0.004s	sys 0.000s
I20260608 12:45:41.863523 12825 fs_manager.cc:647] Opened local filesystem: /tmp/dist-test-task6vaXEn/test-tmp/auto_rebalancer-test.0.AutoRebalancerTest.NoReplicaMovesIfLocationLoadSkewedByOne.1780922650161146-12825-0/minicluster-data/ts-3-root
uuid: "1d823f1bccdd4477b295703f518450f3"
format_stamp: "Formatted at 2026-06-08 12:45:41 on dist-test-slave-zgvq"
I20260608 12:45:41.863839 12825 fs_report.cc:389] FS layout report
--------------------
wal directory: /tmp/dist-test-task6vaXEn/test-tmp/auto_rebalancer-test.0.AutoRebalancerTest.NoReplicaMovesIfLocationLoadSkewedByOne.1780922650161146-12825-0/minicluster-data/ts-3-root
metadata directory: /tmp/dist-test-task6vaXEn/test-tmp/auto_rebalancer-test.0.AutoRebalancerTest.NoReplicaMovesIfLocationLoadSkewedByOne.1780922650161146-12825-0/minicluster-data/ts-3-root
1 data directories: /tmp/dist-test-task6vaXEn/test-tmp/auto_rebalancer-test.0.AutoRebalancerTest.NoReplicaMovesIfLocationLoadSkewedByOne.1780922650161146-12825-0/minicluster-data/ts-3-root/data
Total live blocks: 0
Total live bytes: 0
Total live bytes (after alignment): 0
Total number of LBM containers: 0 (0 full)
Did not check for missing blocks
Did not check for orphaned blocks
Total full LBM containers with extra space: 0 (0 repaired)
Total full LBM container extra space in bytes: 0 (0 repaired)
Total incomplete LBM containers: 0 (0 repaired)
Total LBM partial records: 0 (0 repaired)
Total corrupted LBM metadata records in RocksDB: 0 (0 repaired)
I20260608 12:45:41.878024 12825 rpc_server.cc:225] running with OpenSSL 1.1.1  11 Sep 2018
I20260608 12:45:41.879272 12825 kserver.cc:163] Server-wide thread pool size limit: 3276
I20260608 12:45:41.880713 12825 txn_system_client.cc:432] TxnSystemClient initialization is disabled...
I20260608 12:45:41.883386 12825 ts_tablet_manager.cc:585] Loaded tablet metadata (0 total tablets, 0 live tablets)
I20260608 12:45:41.883589 12825 ts_tablet_manager.cc:531] Time spent load tablet metadata: real 0.000s	user 0.000s	sys 0.000s
I20260608 12:45:41.883906 12825 ts_tablet_manager.cc:616] Registered 0 tablets
I20260608 12:45:41.884079 12825 ts_tablet_manager.cc:595] Time spent register tablets: real 0.000s	user 0.000s	sys 0.000s
I20260608 12:45:41.925879 12825 rpc_server.cc:307] RPC server started. Bound to: 127.12.134.68:39197
I20260608 12:45:41.926021 16776 acceptor_pool.cc:272] collecting diagnostics on the listening RPC socket 127.12.134.68:39197 every 8 connection(s)
I20260608 12:45:41.941150 16777 heartbeater.cc:344] Connected to a master server at 127.12.134.126:36819
I20260608 12:45:41.941536 16777 heartbeater.cc:461] Registering TS with master...
I20260608 12:45:41.942463 16777 heartbeater.cc:507] Master 127.12.134.126:36819 requested a full tablet report, sending...
I20260608 12:45:41.944661 16427 ts_manager.cc:194] Registered new tserver with Master: 1d823f1bccdd4477b295703f518450f3 (127.12.134.68:39197)
I20260608 12:45:41.944875 12825 internal_mini_cluster.cc:371] 4 TS(s) registered with all masters after 0.01541165s
I20260608 12:45:41.947338 16427 master_service.cc:502] Signed X509 certificate for tserver {username='slave'} at 127.0.0.1:44194
I20260608 12:45:42.504712 16427 catalog_manager.cc:2282] Servicing CreateTable request from {username='slave'} at 127.0.0.1:44202:
name: "test-workload"
schema {
  columns {
    name: "key"
    type: INT32
    is_key: true
    is_nullable: false
    encoding: AUTO_ENCODING
    compression: DEFAULT_COMPRESSION
    cfile_block_size: 0
    immutable: false
  }
  columns {
    name: "int_val"
    type: INT32
    is_key: false
    is_nullable: false
    encoding: AUTO_ENCODING
    compression: DEFAULT_COMPRESSION
    cfile_block_size: 0
    immutable: false
  }
  columns {
    name: "string_val"
    type: STRING
    is_key: false
    is_nullable: true
    encoding: AUTO_ENCODING
    compression: DEFAULT_COMPRESSION
    cfile_block_size: 0
    immutable: false
  }
}
num_replicas: 3
split_rows_range_bounds {
}
partition_schema {
  range_schema {
    columns {
      name: "key"
    }
  }
}
I20260608 12:45:42.554481 16519 tablet_service.cc:1511] Processing CreateTablet for tablet 969cf5426fc143119ec85e8a915f326d (DEFAULT_TABLE table=test-workload [id=9f731007356a43a4aa199871d98e0d14]), partition=RANGE (key) PARTITION UNBOUNDED
I20260608 12:45:42.555894 16519 data_dirs.cc:400] Could only allocate 1 dirs of requested 3 for tablet 969cf5426fc143119ec85e8a915f326d. 1 dirs total, 0 dirs full, 0 dirs failed
I20260608 12:45:42.560876 16594 tablet_service.cc:1511] Processing CreateTablet for tablet 969cf5426fc143119ec85e8a915f326d (DEFAULT_TABLE table=test-workload [id=9f731007356a43a4aa199871d98e0d14]), partition=RANGE (key) PARTITION UNBOUNDED
I20260608 12:45:42.562222 16594 data_dirs.cc:400] Could only allocate 1 dirs of requested 3 for tablet 969cf5426fc143119ec85e8a915f326d. 1 dirs total, 0 dirs full, 0 dirs failed
I20260608 12:45:42.566309 16742 tablet_service.cc:1511] Processing CreateTablet for tablet 969cf5426fc143119ec85e8a915f326d (DEFAULT_TABLE table=test-workload [id=9f731007356a43a4aa199871d98e0d14]), partition=RANGE (key) PARTITION UNBOUNDED
I20260608 12:45:42.567644 16742 data_dirs.cc:400] Could only allocate 1 dirs of requested 3 for tablet 969cf5426fc143119ec85e8a915f326d. 1 dirs total, 0 dirs full, 0 dirs failed
I20260608 12:45:42.572403 16798 tablet_bootstrap.cc:492] T 969cf5426fc143119ec85e8a915f326d P 9d95a27aece14f8395bb5ddfcfbf1d7c: Bootstrap starting.
I20260608 12:45:42.578524 16798 tablet_bootstrap.cc:654] T 969cf5426fc143119ec85e8a915f326d P 9d95a27aece14f8395bb5ddfcfbf1d7c: Neither blocks nor log segments found. Creating new log.
I20260608 12:45:42.580703 16799 tablet_bootstrap.cc:492] T 969cf5426fc143119ec85e8a915f326d P 019f91bad3ef46398661ee060693acc1: Bootstrap starting.
I20260608 12:45:42.584993 16801 tablet_bootstrap.cc:492] T 969cf5426fc143119ec85e8a915f326d P 1d823f1bccdd4477b295703f518450f3: Bootstrap starting.
I20260608 12:45:42.585003 16798 tablet_bootstrap.cc:492] T 969cf5426fc143119ec85e8a915f326d P 9d95a27aece14f8395bb5ddfcfbf1d7c: No bootstrap required, opened a new log
I20260608 12:45:42.585916 16798 ts_tablet_manager.cc:1403] T 969cf5426fc143119ec85e8a915f326d P 9d95a27aece14f8395bb5ddfcfbf1d7c: Time spent bootstrapping tablet: real 0.014s	user 0.012s	sys 0.000s
I20260608 12:45:42.588764 16799 tablet_bootstrap.cc:654] T 969cf5426fc143119ec85e8a915f326d P 019f91bad3ef46398661ee060693acc1: Neither blocks nor log segments found. Creating new log.
I20260608 12:45:42.589248 16798 raft_consensus.cc:359] T 969cf5426fc143119ec85e8a915f326d P 9d95a27aece14f8395bb5ddfcfbf1d7c [term 0 FOLLOWER]: Replica starting. Triggering 0 pending ops. Active config: opid_index: -1 OBSOLETE_local: false peers { permanent_uuid: "9d95a27aece14f8395bb5ddfcfbf1d7c" member_type: VOTER last_known_addr { host: "127.12.134.65" port: 34725 } } peers { permanent_uuid: "1d823f1bccdd4477b295703f518450f3" member_type: VOTER last_known_addr { host: "127.12.134.68" port: 39197 } } peers { permanent_uuid: "019f91bad3ef46398661ee060693acc1" member_type: VOTER last_known_addr { host: "127.12.134.66" port: 34567 } }
I20260608 12:45:42.590095 16798 raft_consensus.cc:385] T 969cf5426fc143119ec85e8a915f326d P 9d95a27aece14f8395bb5ddfcfbf1d7c [term 0 FOLLOWER]: Consensus starting up: Expiring failure detector timer to make a prompt election more likely
I20260608 12:45:42.590406 16798 raft_consensus.cc:740] T 969cf5426fc143119ec85e8a915f326d P 9d95a27aece14f8395bb5ddfcfbf1d7c [term 0 FOLLOWER]: Becoming Follower/Learner. State: Replica: 9d95a27aece14f8395bb5ddfcfbf1d7c, State: Initialized, Role: FOLLOWER
I20260608 12:45:42.591684 16801 tablet_bootstrap.cc:654] T 969cf5426fc143119ec85e8a915f326d P 1d823f1bccdd4477b295703f518450f3: Neither blocks nor log segments found. Creating new log.
I20260608 12:45:42.591274 16798 consensus_queue.cc:260] T 969cf5426fc143119ec85e8a915f326d P 9d95a27aece14f8395bb5ddfcfbf1d7c [NON_LEADER]: Queue going to NON_LEADER mode. State: All replicated index: 0, Majority replicated index: 0, Committed index: 0, Last appended: 0.0, Last appended by leader: 0, Current term: 0, Majority size: -1, State: 0, Mode: NON_LEADER, active raft config: opid_index: -1 OBSOLETE_local: false peers { permanent_uuid: "9d95a27aece14f8395bb5ddfcfbf1d7c" member_type: VOTER last_known_addr { host: "127.12.134.65" port: 34725 } } peers { permanent_uuid: "1d823f1bccdd4477b295703f518450f3" member_type: VOTER last_known_addr { host: "127.12.134.68" port: 39197 } } peers { permanent_uuid: "019f91bad3ef46398661ee060693acc1" member_type: VOTER last_known_addr { host: "127.12.134.66" port: 34567 } }
I20260608 12:45:42.595278 16799 tablet_bootstrap.cc:492] T 969cf5426fc143119ec85e8a915f326d P 019f91bad3ef46398661ee060693acc1: No bootstrap required, opened a new log
I20260608 12:45:42.595610 16554 heartbeater.cc:499] Master 127.12.134.126:36819 was elected leader, sending a full tablet report...
I20260608 12:45:42.595880 16799 ts_tablet_manager.cc:1403] T 969cf5426fc143119ec85e8a915f326d P 019f91bad3ef46398661ee060693acc1: Time spent bootstrapping tablet: real 0.016s	user 0.006s	sys 0.007s
I20260608 12:45:42.596014 16798 ts_tablet_manager.cc:1434] T 969cf5426fc143119ec85e8a915f326d P 9d95a27aece14f8395bb5ddfcfbf1d7c: Time spent starting tablet: real 0.010s	user 0.007s	sys 0.002s
I20260608 12:45:42.598398 16801 tablet_bootstrap.cc:492] T 969cf5426fc143119ec85e8a915f326d P 1d823f1bccdd4477b295703f518450f3: No bootstrap required, opened a new log
I20260608 12:45:42.598888 16801 ts_tablet_manager.cc:1403] T 969cf5426fc143119ec85e8a915f326d P 1d823f1bccdd4477b295703f518450f3: Time spent bootstrapping tablet: real 0.014s	user 0.010s	sys 0.000s
I20260608 12:45:42.599133 16799 raft_consensus.cc:359] T 969cf5426fc143119ec85e8a915f326d P 019f91bad3ef46398661ee060693acc1 [term 0 FOLLOWER]: Replica starting. Triggering 0 pending ops. Active config: opid_index: -1 OBSOLETE_local: false peers { permanent_uuid: "9d95a27aece14f8395bb5ddfcfbf1d7c" member_type: VOTER last_known_addr { host: "127.12.134.65" port: 34725 } } peers { permanent_uuid: "1d823f1bccdd4477b295703f518450f3" member_type: VOTER last_known_addr { host: "127.12.134.68" port: 39197 } } peers { permanent_uuid: "019f91bad3ef46398661ee060693acc1" member_type: VOTER last_known_addr { host: "127.12.134.66" port: 34567 } }
I20260608 12:45:42.599941 16799 raft_consensus.cc:385] T 969cf5426fc143119ec85e8a915f326d P 019f91bad3ef46398661ee060693acc1 [term 0 FOLLOWER]: Consensus starting up: Expiring failure detector timer to make a prompt election more likely
I20260608 12:45:42.600257 16799 raft_consensus.cc:740] T 969cf5426fc143119ec85e8a915f326d P 019f91bad3ef46398661ee060693acc1 [term 0 FOLLOWER]: Becoming Follower/Learner. State: Replica: 019f91bad3ef46398661ee060693acc1, State: Initialized, Role: FOLLOWER
I20260608 12:45:42.601099 16799 consensus_queue.cc:260] T 969cf5426fc143119ec85e8a915f326d P 019f91bad3ef46398661ee060693acc1 [NON_LEADER]: Queue going to NON_LEADER mode. State: All replicated index: 0, Majority replicated index: 0, Committed index: 0, Last appended: 0.0, Last appended by leader: 0, Current term: 0, Majority size: -1, State: 0, Mode: NON_LEADER, active raft config: opid_index: -1 OBSOLETE_local: false peers { permanent_uuid: "9d95a27aece14f8395bb5ddfcfbf1d7c" member_type: VOTER last_known_addr { host: "127.12.134.65" port: 34725 } } peers { permanent_uuid: "1d823f1bccdd4477b295703f518450f3" member_type: VOTER last_known_addr { host: "127.12.134.68" port: 39197 } } peers { permanent_uuid: "019f91bad3ef46398661ee060693acc1" member_type: VOTER last_known_addr { host: "127.12.134.66" port: 34567 } }
I20260608 12:45:42.601974 16801 raft_consensus.cc:359] T 969cf5426fc143119ec85e8a915f326d P 1d823f1bccdd4477b295703f518450f3 [term 0 FOLLOWER]: Replica starting. Triggering 0 pending ops. Active config: opid_index: -1 OBSOLETE_local: false peers { permanent_uuid: "9d95a27aece14f8395bb5ddfcfbf1d7c" member_type: VOTER last_known_addr { host: "127.12.134.65" port: 34725 } } peers { permanent_uuid: "1d823f1bccdd4477b295703f518450f3" member_type: VOTER last_known_addr { host: "127.12.134.68" port: 39197 } } peers { permanent_uuid: "019f91bad3ef46398661ee060693acc1" member_type: VOTER last_known_addr { host: "127.12.134.66" port: 34567 } }
I20260608 12:45:42.602748 16801 raft_consensus.cc:385] T 969cf5426fc143119ec85e8a915f326d P 1d823f1bccdd4477b295703f518450f3 [term 0 FOLLOWER]: Consensus starting up: Expiring failure detector timer to make a prompt election more likely
I20260608 12:45:42.603066 16801 raft_consensus.cc:740] T 969cf5426fc143119ec85e8a915f326d P 1d823f1bccdd4477b295703f518450f3 [term 0 FOLLOWER]: Becoming Follower/Learner. State: Replica: 1d823f1bccdd4477b295703f518450f3, State: Initialized, Role: FOLLOWER
I20260608 12:45:42.603866 16801 consensus_queue.cc:260] T 969cf5426fc143119ec85e8a915f326d P 1d823f1bccdd4477b295703f518450f3 [NON_LEADER]: Queue going to NON_LEADER mode. State: All replicated index: 0, Majority replicated index: 0, Committed index: 0, Last appended: 0.0, Last appended by leader: 0, Current term: 0, Majority size: -1, State: 0, Mode: NON_LEADER, active raft config: opid_index: -1 OBSOLETE_local: false peers { permanent_uuid: "9d95a27aece14f8395bb5ddfcfbf1d7c" member_type: VOTER last_known_addr { host: "127.12.134.65" port: 34725 } } peers { permanent_uuid: "1d823f1bccdd4477b295703f518450f3" member_type: VOTER last_known_addr { host: "127.12.134.68" port: 39197 } } peers { permanent_uuid: "019f91bad3ef46398661ee060693acc1" member_type: VOTER last_known_addr { host: "127.12.134.66" port: 34567 } }
I20260608 12:45:42.604928 16799 ts_tablet_manager.cc:1434] T 969cf5426fc143119ec85e8a915f326d P 019f91bad3ef46398661ee060693acc1: Time spent starting tablet: real 0.009s	user 0.005s	sys 0.005s
I20260608 12:45:42.607712 16777 heartbeater.cc:499] Master 127.12.134.126:36819 was elected leader, sending a full tablet report...
I20260608 12:45:42.605540 16629 heartbeater.cc:499] Master 127.12.134.126:36819 was elected leader, sending a full tablet report...
I20260608 12:45:42.609042 16801 ts_tablet_manager.cc:1434] T 969cf5426fc143119ec85e8a915f326d P 1d823f1bccdd4477b295703f518450f3: Time spent starting tablet: real 0.010s	user 0.011s	sys 0.000s
I20260608 12:45:42.646281 16806 raft_consensus.cc:493] T 969cf5426fc143119ec85e8a915f326d P 1d823f1bccdd4477b295703f518450f3 [term 0 FOLLOWER]: Starting pre-election (no leader contacted us within the election timeout)
I20260608 12:45:42.646797 16806 raft_consensus.cc:515] T 969cf5426fc143119ec85e8a915f326d P 1d823f1bccdd4477b295703f518450f3 [term 0 FOLLOWER]: Starting pre-election with config: opid_index: -1 OBSOLETE_local: false peers { permanent_uuid: "9d95a27aece14f8395bb5ddfcfbf1d7c" member_type: VOTER last_known_addr { host: "127.12.134.65" port: 34725 } } peers { permanent_uuid: "1d823f1bccdd4477b295703f518450f3" member_type: VOTER last_known_addr { host: "127.12.134.68" port: 39197 } } peers { permanent_uuid: "019f91bad3ef46398661ee060693acc1" member_type: VOTER last_known_addr { host: "127.12.134.66" port: 34567 } }
I20260608 12:45:42.649117 16806 leader_election.cc:290] T 969cf5426fc143119ec85e8a915f326d P 1d823f1bccdd4477b295703f518450f3 [CANDIDATE]: Term 1 pre-election: Requested pre-vote from peers 9d95a27aece14f8395bb5ddfcfbf1d7c (127.12.134.65:34725), 019f91bad3ef46398661ee060693acc1 (127.12.134.66:34567)
I20260608 12:45:42.661397 16604 tablet_service.cc:1917] Received RequestConsensusVote() RPC: tablet_id: "969cf5426fc143119ec85e8a915f326d" candidate_uuid: "1d823f1bccdd4477b295703f518450f3" candidate_term: 1 candidate_status { last_received { term: 0 index: 0 } } ignore_live_leader: false dest_uuid: "019f91bad3ef46398661ee060693acc1" is_pre_election: true
I20260608 12:45:42.661409 16529 tablet_service.cc:1917] Received RequestConsensusVote() RPC: tablet_id: "969cf5426fc143119ec85e8a915f326d" candidate_uuid: "1d823f1bccdd4477b295703f518450f3" candidate_term: 1 candidate_status { last_received { term: 0 index: 0 } } ignore_live_leader: false dest_uuid: "9d95a27aece14f8395bb5ddfcfbf1d7c" is_pre_election: true
I20260608 12:45:42.662240 16604 raft_consensus.cc:2468] T 969cf5426fc143119ec85e8a915f326d P 019f91bad3ef46398661ee060693acc1 [term 0 FOLLOWER]: Leader pre-election vote request: Granting yes vote for candidate 1d823f1bccdd4477b295703f518450f3 in term 0.
I20260608 12:45:42.662343 16529 raft_consensus.cc:2468] T 969cf5426fc143119ec85e8a915f326d P 9d95a27aece14f8395bb5ddfcfbf1d7c [term 0 FOLLOWER]: Leader pre-election vote request: Granting yes vote for candidate 1d823f1bccdd4477b295703f518450f3 in term 0.
I20260608 12:45:42.663558 16715 leader_election.cc:304] T 969cf5426fc143119ec85e8a915f326d P 1d823f1bccdd4477b295703f518450f3 [CANDIDATE]: Term 1 pre-election: Election decided. Result: candidate won. Election summary: received 2 responses out of 3 voters: 2 yes votes; 0 no votes. yes voters: 019f91bad3ef46398661ee060693acc1, 1d823f1bccdd4477b295703f518450f3; no voters: 
I20260608 12:45:42.664285 16806 raft_consensus.cc:2804] T 969cf5426fc143119ec85e8a915f326d P 1d823f1bccdd4477b295703f518450f3 [term 0 FOLLOWER]: Leader pre-election won for term 1
I20260608 12:45:42.664674 16806 raft_consensus.cc:493] T 969cf5426fc143119ec85e8a915f326d P 1d823f1bccdd4477b295703f518450f3 [term 0 FOLLOWER]: Starting leader election (no leader contacted us within the election timeout)
I20260608 12:45:42.664979 16806 raft_consensus.cc:3060] T 969cf5426fc143119ec85e8a915f326d P 1d823f1bccdd4477b295703f518450f3 [term 0 FOLLOWER]: Advancing to term 1
I20260608 12:45:42.669808 16806 raft_consensus.cc:515] T 969cf5426fc143119ec85e8a915f326d P 1d823f1bccdd4477b295703f518450f3 [term 1 FOLLOWER]: Starting leader election with config: opid_index: -1 OBSOLETE_local: false peers { permanent_uuid: "9d95a27aece14f8395bb5ddfcfbf1d7c" member_type: VOTER last_known_addr { host: "127.12.134.65" port: 34725 } } peers { permanent_uuid: "1d823f1bccdd4477b295703f518450f3" member_type: VOTER last_known_addr { host: "127.12.134.68" port: 39197 } } peers { permanent_uuid: "019f91bad3ef46398661ee060693acc1" member_type: VOTER last_known_addr { host: "127.12.134.66" port: 34567 } }
I20260608 12:45:42.671473 16806 leader_election.cc:290] T 969cf5426fc143119ec85e8a915f326d P 1d823f1bccdd4477b295703f518450f3 [CANDIDATE]: Term 1 election: Requested vote from peers 9d95a27aece14f8395bb5ddfcfbf1d7c (127.12.134.65:34725), 019f91bad3ef46398661ee060693acc1 (127.12.134.66:34567)
I20260608 12:45:42.672468 16529 tablet_service.cc:1917] Received RequestConsensusVote() RPC: tablet_id: "969cf5426fc143119ec85e8a915f326d" candidate_uuid: "1d823f1bccdd4477b295703f518450f3" candidate_term: 1 candidate_status { last_received { term: 0 index: 0 } } ignore_live_leader: false dest_uuid: "9d95a27aece14f8395bb5ddfcfbf1d7c"
I20260608 12:45:42.672554 16604 tablet_service.cc:1917] Received RequestConsensusVote() RPC: tablet_id: "969cf5426fc143119ec85e8a915f326d" candidate_uuid: "1d823f1bccdd4477b295703f518450f3" candidate_term: 1 candidate_status { last_received { term: 0 index: 0 } } ignore_live_leader: false dest_uuid: "019f91bad3ef46398661ee060693acc1"
I20260608 12:45:42.673058 16529 raft_consensus.cc:3060] T 969cf5426fc143119ec85e8a915f326d P 9d95a27aece14f8395bb5ddfcfbf1d7c [term 0 FOLLOWER]: Advancing to term 1
I20260608 12:45:42.673202 16604 raft_consensus.cc:3060] T 969cf5426fc143119ec85e8a915f326d P 019f91bad3ef46398661ee060693acc1 [term 0 FOLLOWER]: Advancing to term 1
I20260608 12:45:42.678020 16529 raft_consensus.cc:2468] T 969cf5426fc143119ec85e8a915f326d P 9d95a27aece14f8395bb5ddfcfbf1d7c [term 1 FOLLOWER]: Leader election vote request: Granting yes vote for candidate 1d823f1bccdd4477b295703f518450f3 in term 1.
I20260608 12:45:42.678836 16604 raft_consensus.cc:2468] T 969cf5426fc143119ec85e8a915f326d P 019f91bad3ef46398661ee060693acc1 [term 1 FOLLOWER]: Leader election vote request: Granting yes vote for candidate 1d823f1bccdd4477b295703f518450f3 in term 1.
I20260608 12:45:42.679404 16716 leader_election.cc:304] T 969cf5426fc143119ec85e8a915f326d P 1d823f1bccdd4477b295703f518450f3 [CANDIDATE]: Term 1 election: Election decided. Result: candidate won. Election summary: received 2 responses out of 3 voters: 2 yes votes; 0 no votes. yes voters: 1d823f1bccdd4477b295703f518450f3, 9d95a27aece14f8395bb5ddfcfbf1d7c; no voters: 
I20260608 12:45:42.680294 16806 raft_consensus.cc:2804] T 969cf5426fc143119ec85e8a915f326d P 1d823f1bccdd4477b295703f518450f3 [term 1 FOLLOWER]: Leader election won for term 1
I20260608 12:45:42.681823 16806 raft_consensus.cc:697] T 969cf5426fc143119ec85e8a915f326d P 1d823f1bccdd4477b295703f518450f3 [term 1 LEADER]: Becoming Leader. State: Replica: 1d823f1bccdd4477b295703f518450f3, State: Running, Role: LEADER
I20260608 12:45:42.682749 16806 consensus_queue.cc:237] T 969cf5426fc143119ec85e8a915f326d P 1d823f1bccdd4477b295703f518450f3 [LEADER]: Queue going to LEADER mode. State: All replicated index: 0, Majority replicated index: 0, Committed index: 0, Last appended: 0.0, Last appended by leader: 0, Current term: 1, Majority size: 2, State: 0, Mode: LEADER, active raft config: opid_index: -1 OBSOLETE_local: false peers { permanent_uuid: "9d95a27aece14f8395bb5ddfcfbf1d7c" member_type: VOTER last_known_addr { host: "127.12.134.65" port: 34725 } } peers { permanent_uuid: "1d823f1bccdd4477b295703f518450f3" member_type: VOTER last_known_addr { host: "127.12.134.68" port: 39197 } } peers { permanent_uuid: "019f91bad3ef46398661ee060693acc1" member_type: VOTER last_known_addr { host: "127.12.134.66" port: 34567 } }
I20260608 12:45:42.691236 16426 catalog_manager.cc:5696] T 969cf5426fc143119ec85e8a915f326d P 1d823f1bccdd4477b295703f518450f3 reported cstate change: term changed from 0 to 1, leader changed from <none> to 1d823f1bccdd4477b295703f518450f3 (127.12.134.68). New cstate: current_term: 1 leader_uuid: "1d823f1bccdd4477b295703f518450f3" committed_config { opid_index: -1 OBSOLETE_local: false peers { permanent_uuid: "9d95a27aece14f8395bb5ddfcfbf1d7c" member_type: VOTER last_known_addr { host: "127.12.134.65" port: 34725 } health_report { overall_health: UNKNOWN } } peers { permanent_uuid: "1d823f1bccdd4477b295703f518450f3" member_type: VOTER last_known_addr { host: "127.12.134.68" port: 39197 } health_report { overall_health: HEALTHY } } peers { permanent_uuid: "019f91bad3ef46398661ee060693acc1" member_type: VOTER last_known_addr { host: "127.12.134.66" port: 34567 } health_report { overall_health: UNKNOWN } } }
I20260608 12:45:42.854848 16703 heartbeater.cc:499] Master 127.12.134.126:36819 was elected leader, sending a full tablet report...
I20260608 12:45:43.190804 16811 consensus_queue.cc:1048] T 969cf5426fc143119ec85e8a915f326d P 1d823f1bccdd4477b295703f518450f3 [LEADER]: Connected to new peer: Peer: permanent_uuid: "019f91bad3ef46398661ee060693acc1" member_type: VOTER last_known_addr { host: "127.12.134.66" port: 34567 }, Status: LMP_MISMATCH, Last received: 0.0, Next index: 1, Last known committed idx: 0, Time since last communication: 0.000s
I20260608 12:45:43.206913 16811 consensus_queue.cc:1048] T 969cf5426fc143119ec85e8a915f326d P 1d823f1bccdd4477b295703f518450f3 [LEADER]: Connected to new peer: Peer: permanent_uuid: "9d95a27aece14f8395bb5ddfcfbf1d7c" member_type: VOTER last_known_addr { host: "127.12.134.65" port: 34725 }, Status: LMP_MISMATCH, Last received: 0.0, Next index: 1, Last known committed idx: 0, Time since last communication: 0.001s
I20260608 12:45:43.444063 16480 auto_leader_rebalancer.cc:140] leader rebalance for table test-workload
I20260608 12:45:43.445768 16480 auto_leader_rebalancer.cc:388] table: test-workload, leader rebalance finish, leader transfer count: 0
I20260608 12:45:43.446146 16480 auto_leader_rebalancer.cc:451] All tables' leader rebalancing finished this round
I20260608 12:45:45.447101 16480 auto_leader_rebalancer.cc:140] leader rebalance for table test-workload
I20260608 12:45:45.448526 16480 auto_leader_rebalancer.cc:388] table: test-workload, leader rebalance finish, leader transfer count: 0
I20260608 12:45:45.448807 16480 auto_leader_rebalancer.cc:451] All tables' leader rebalancing finished this round
W20260608 12:45:46.061983 16773 debug-util.cc:398] Leaking SignalData structure 0x7b0800109f20 after lost signal to thread 12828
W20260608 12:45:46.062923 16773 debug-util.cc:398] Leaking SignalData structure 0x7b08000466c0 after lost signal to thread 16461
W20260608 12:45:46.063804 16773 debug-util.cc:398] Leaking SignalData structure 0x7b0800121de0 after lost signal to thread 16553
W20260608 12:45:46.064666 16773 debug-util.cc:398] Leaking SignalData structure 0x7b080002fcc0 after lost signal to thread 16628
W20260608 12:45:46.065670 16773 debug-util.cc:398] Leaking SignalData structure 0x7b0800254500 after lost signal to thread 16702
W20260608 12:45:46.066460 16773 debug-util.cc:398] Leaking SignalData structure 0x7b0800145c40 after lost signal to thread 16776
I20260608 12:45:47.449975 16480 auto_leader_rebalancer.cc:140] leader rebalance for table test-workload
I20260608 12:45:47.452121 16480 auto_leader_rebalancer.cc:388] table: test-workload, leader rebalance finish, leader transfer count: 0
I20260608 12:45:47.452586 16480 auto_leader_rebalancer.cc:451] All tables' leader rebalancing finished this round
I20260608 12:45:49.453653 16480 auto_leader_rebalancer.cc:140] leader rebalance for table test-workload
I20260608 12:45:49.454960 16480 auto_leader_rebalancer.cc:388] table: test-workload, leader rebalance finish, leader transfer count: 0
I20260608 12:45:49.455224 16480 auto_leader_rebalancer.cc:451] All tables' leader rebalancing finished this round
I20260608 12:45:51.456444 16480 auto_leader_rebalancer.cc:140] leader rebalance for table test-workload
I20260608 12:45:51.458263 16480 auto_leader_rebalancer.cc:388] table: test-workload, leader rebalance finish, leader transfer count: 0
I20260608 12:45:51.458563 16480 auto_leader_rebalancer.cc:451] All tables' leader rebalancing finished this round
I20260608 12:45:53.459446 16480 auto_leader_rebalancer.cc:140] leader rebalance for table test-workload
I20260608 12:45:53.460718 16480 auto_leader_rebalancer.cc:388] table: test-workload, leader rebalance finish, leader transfer count: 0
I20260608 12:45:53.461054 16480 auto_leader_rebalancer.cc:451] All tables' leader rebalancing finished this round
I20260608 12:45:54.000197 12825 tablet_server.cc:179] TabletServer@127.12.134.65:0 shutting down...
I20260608 12:45:54.038450 12825 ts_tablet_manager.cc:1507] Shutting down tablet manager...
I20260608 12:45:54.039275 12825 tablet_replica.cc:333] T 969cf5426fc143119ec85e8a915f326d P 9d95a27aece14f8395bb5ddfcfbf1d7c: stopping tablet replica
I20260608 12:45:54.039917 12825 raft_consensus.cc:2243] T 969cf5426fc143119ec85e8a915f326d P 9d95a27aece14f8395bb5ddfcfbf1d7c [term 1 FOLLOWER]: Raft consensus shutting down.
I20260608 12:45:54.040596 12825 raft_consensus.cc:2272] T 969cf5426fc143119ec85e8a915f326d P 9d95a27aece14f8395bb5ddfcfbf1d7c [term 1 FOLLOWER]: Raft consensus is shut down!
I20260608 12:45:54.062424 12825 tablet_server.cc:196] TabletServer@127.12.134.65:0 shutdown complete.
I20260608 12:45:54.074755 12825 tablet_server.cc:179] TabletServer@127.12.134.66:0 shutting down...
I20260608 12:45:54.097414 12825 ts_tablet_manager.cc:1507] Shutting down tablet manager...
I20260608 12:45:54.098165 12825 tablet_replica.cc:333] T 969cf5426fc143119ec85e8a915f326d P 019f91bad3ef46398661ee060693acc1: stopping tablet replica
I20260608 12:45:54.098685 12825 raft_consensus.cc:2243] T 969cf5426fc143119ec85e8a915f326d P 019f91bad3ef46398661ee060693acc1 [term 1 FOLLOWER]: Raft consensus shutting down.
I20260608 12:45:54.099184 12825 raft_consensus.cc:2272] T 969cf5426fc143119ec85e8a915f326d P 019f91bad3ef46398661ee060693acc1 [term 1 FOLLOWER]: Raft consensus is shut down!
I20260608 12:45:54.119426 12825 tablet_server.cc:196] TabletServer@127.12.134.66:0 shutdown complete.
I20260608 12:45:54.131510 12825 tablet_server.cc:179] TabletServer@127.12.134.67:0 shutting down...
I20260608 12:45:54.159870 12825 ts_tablet_manager.cc:1507] Shutting down tablet manager...
I20260608 12:45:54.176087 12825 tablet_server.cc:196] TabletServer@127.12.134.67:0 shutdown complete.
I20260608 12:45:54.186004 12825 tablet_server.cc:179] TabletServer@127.12.134.68:0 shutting down...
I20260608 12:45:54.206854 12825 ts_tablet_manager.cc:1507] Shutting down tablet manager...
I20260608 12:45:54.207515 12825 tablet_replica.cc:333] T 969cf5426fc143119ec85e8a915f326d P 1d823f1bccdd4477b295703f518450f3: stopping tablet replica
I20260608 12:45:54.208035 12825 raft_consensus.cc:2243] T 969cf5426fc143119ec85e8a915f326d P 1d823f1bccdd4477b295703f518450f3 [term 1 LEADER]: Raft consensus shutting down.
I20260608 12:45:54.208899 12825 raft_consensus.cc:2272] T 969cf5426fc143119ec85e8a915f326d P 1d823f1bccdd4477b295703f518450f3 [term 1 FOLLOWER]: Raft consensus is shut down!
I20260608 12:45:54.244865 12825 tablet_server.cc:196] TabletServer@127.12.134.68:0 shutdown complete.
I20260608 12:45:54.256469 12825 master.cc:562] Master@127.12.134.126:36819 shutting down...
I20260608 12:45:54.280068 12825 raft_consensus.cc:2243] T 00000000000000000000000000000000 P be04e3c7cd7c49faa473ff28cb861323 [term 1 LEADER]: Raft consensus shutting down.
I20260608 12:45:54.280773 12825 raft_consensus.cc:2272] T 00000000000000000000000000000000 P be04e3c7cd7c49faa473ff28cb861323 [term 1 FOLLOWER]: Raft consensus is shut down!
I20260608 12:45:54.281195 12825 tablet_replica.cc:333] T 00000000000000000000000000000000 P be04e3c7cd7c49faa473ff28cb861323: stopping tablet replica
I20260608 12:45:54.301247 12825 master.cc:584] Master@127.12.134.126:36819 shutdown complete.
[       OK ] AutoRebalancerTest.NoReplicaMovesIfLocationLoadSkewedByOne (13031 ms)
[ RUN      ] AutoRebalancerTest.NoReplicaMovesIfCannotFixPlacementPolicy
I20260608 12:45:54.339437 12825 internal_mini_cluster.cc:156] Creating distributed mini masters. Addrs: 127.12.134.126:35821
I20260608 12:45:54.340690 12825 file_cache.cc:492] Constructed file cache file cache with capacity 419430
W20260608 12:45:54.346921 16826 instance_detector.cc:116] could not retrieve Azure instance metadata: Network error: curl error: HTTP response code said error: The requested URL returned error: 404
W20260608 12:45:54.346904 16825 instance_detector.cc:116] could not retrieve AWS instance metadata: Network error: curl error: HTTP response code said error: The requested URL returned error: 404
W20260608 12:45:54.347500 16828 instance_detector.cc:116] could not retrieve OpenStack instance metadata: Network error: curl error: HTTP response code said error: The requested URL returned error: 404
I20260608 12:45:54.349262 12825 server_base.cc:1061] running on GCE node
I20260608 12:45:54.350082 12825 hybrid_clock.cc:584] initializing the hybrid clock with 'system_unsync' time source
W20260608 12:45:54.350298 12825 system_unsync_time.cc:38] NTP support is disabled. Clock error bounds will not be accurate. This configuration is not suitable for distributed clusters.
I20260608 12:45:54.350466 12825 hybrid_clock.cc:648] HybridClock initialized: now 1780922754350448 us; error 0 us; skew 500 ppm
I20260608 12:45:54.351111 12825 server_base.cc:861] Flag tcmalloc_max_total_thread_cache_bytes is not working since tcmalloc is not enabled.
I20260608 12:45:54.354090 12825 webserver.cc:533] Webserver started at http://127.12.134.126:36969/ using document root <none> and password file <none>
I20260608 12:45:54.354645 12825 fs_manager.cc:362] Metadata directory not provided
I20260608 12:45:54.354853 12825 fs_manager.cc:368] Using write-ahead log directory (fs_wal_dir) as metadata directory
I20260608 12:45:54.355134 12825 server_base.cc:909] This appears to be a new deployment of Kudu; creating new FS layout
I20260608 12:45:54.356451 12825 fs_manager.cc:1068] Generated new instance metadata in path /tmp/dist-test-task6vaXEn/test-tmp/auto_rebalancer-test.0.AutoRebalancerTest.NoReplicaMovesIfCannotFixPlacementPolicy.1780922650161146-12825-0/minicluster-data/master-0-root/instance:
uuid: "f0a591a47ca34017ad40d79e9b38b4ca"
format_stamp: "Formatted at 2026-06-08 12:45:54 on dist-test-slave-zgvq"
I20260608 12:45:54.361318 12825 fs_manager.cc:696] Time spent creating directory manager: real 0.004s	user 0.002s	sys 0.001s
I20260608 12:45:54.364820 16833 log_block_manager.cc:4031] Time spent loading block containers with low live blocks: real 0.000s	user 0.000s	sys 0.000s
I20260608 12:45:54.365682 12825 fs_manager.cc:730] Time spent opening block manager: real 0.002s	user 0.003s	sys 0.000s
I20260608 12:45:54.365976 12825 fs_manager.cc:647] Opened local filesystem: /tmp/dist-test-task6vaXEn/test-tmp/auto_rebalancer-test.0.AutoRebalancerTest.NoReplicaMovesIfCannotFixPlacementPolicy.1780922650161146-12825-0/minicluster-data/master-0-root
uuid: "f0a591a47ca34017ad40d79e9b38b4ca"
format_stamp: "Formatted at 2026-06-08 12:45:54 on dist-test-slave-zgvq"
I20260608 12:45:54.366310 12825 fs_report.cc:389] FS layout report
--------------------
wal directory: /tmp/dist-test-task6vaXEn/test-tmp/auto_rebalancer-test.0.AutoRebalancerTest.NoReplicaMovesIfCannotFixPlacementPolicy.1780922650161146-12825-0/minicluster-data/master-0-root
metadata directory: /tmp/dist-test-task6vaXEn/test-tmp/auto_rebalancer-test.0.AutoRebalancerTest.NoReplicaMovesIfCannotFixPlacementPolicy.1780922650161146-12825-0/minicluster-data/master-0-root
1 data directories: /tmp/dist-test-task6vaXEn/test-tmp/auto_rebalancer-test.0.AutoRebalancerTest.NoReplicaMovesIfCannotFixPlacementPolicy.1780922650161146-12825-0/minicluster-data/master-0-root/data
Total live blocks: 0
Total live bytes: 0
Total live bytes (after alignment): 0
Total number of LBM containers: 0 (0 full)
Did not check for missing blocks
Did not check for orphaned blocks
Total full LBM containers with extra space: 0 (0 repaired)
Total full LBM container extra space in bytes: 0 (0 repaired)
Total incomplete LBM containers: 0 (0 repaired)
Total LBM partial records: 0 (0 repaired)
Total corrupted LBM metadata records in RocksDB: 0 (0 repaired)
I20260608 12:45:54.399909 12825 rpc_server.cc:225] running with OpenSSL 1.1.1  11 Sep 2018
I20260608 12:45:54.401341 12825 kserver.cc:163] Server-wide thread pool size limit: 3276
I20260608 12:45:54.439878 12825 rpc_server.cc:307] RPC server started. Bound to: 127.12.134.126:35821
I20260608 12:45:54.439994 16884 acceptor_pool.cc:272] collecting diagnostics on the listening RPC socket 127.12.134.126:35821 every 8 connection(s)
I20260608 12:45:54.444331 16885 data_dirs.cc:400] Could only allocate 1 dirs of requested 3 for tablet 00000000000000000000000000000000. 1 dirs total, 0 dirs full, 0 dirs failed
I20260608 12:45:54.455492 16885 tablet_bootstrap.cc:492] T 00000000000000000000000000000000 P f0a591a47ca34017ad40d79e9b38b4ca: Bootstrap starting.
I20260608 12:45:54.460351 16885 tablet_bootstrap.cc:654] T 00000000000000000000000000000000 P f0a591a47ca34017ad40d79e9b38b4ca: Neither blocks nor log segments found. Creating new log.
I20260608 12:45:54.464593 16885 tablet_bootstrap.cc:492] T 00000000000000000000000000000000 P f0a591a47ca34017ad40d79e9b38b4ca: No bootstrap required, opened a new log
I20260608 12:45:54.466881 16885 raft_consensus.cc:359] T 00000000000000000000000000000000 P f0a591a47ca34017ad40d79e9b38b4ca [term 0 FOLLOWER]: Replica starting. Triggering 0 pending ops. Active config: opid_index: -1 OBSOLETE_local: true peers { permanent_uuid: "f0a591a47ca34017ad40d79e9b38b4ca" member_type: VOTER }
I20260608 12:45:54.467295 16885 raft_consensus.cc:385] T 00000000000000000000000000000000 P f0a591a47ca34017ad40d79e9b38b4ca [term 0 FOLLOWER]: Consensus starting up: Expiring failure detector timer to make a prompt election more likely
I20260608 12:45:54.467510 16885 raft_consensus.cc:740] T 00000000000000000000000000000000 P f0a591a47ca34017ad40d79e9b38b4ca [term 0 FOLLOWER]: Becoming Follower/Learner. State: Replica: f0a591a47ca34017ad40d79e9b38b4ca, State: Initialized, Role: FOLLOWER
I20260608 12:45:54.468132 16885 consensus_queue.cc:260] T 00000000000000000000000000000000 P f0a591a47ca34017ad40d79e9b38b4ca [NON_LEADER]: Queue going to NON_LEADER mode. State: All replicated index: 0, Majority replicated index: 0, Committed index: 0, Last appended: 0.0, Last appended by leader: 0, Current term: 0, Majority size: -1, State: 0, Mode: NON_LEADER, active raft config: opid_index: -1 OBSOLETE_local: true peers { permanent_uuid: "f0a591a47ca34017ad40d79e9b38b4ca" member_type: VOTER }
I20260608 12:45:54.468674 16885 raft_consensus.cc:399] T 00000000000000000000000000000000 P f0a591a47ca34017ad40d79e9b38b4ca [term 0 FOLLOWER]: Only one voter in the Raft config. Triggering election immediately
I20260608 12:45:54.468885 16885 raft_consensus.cc:493] T 00000000000000000000000000000000 P f0a591a47ca34017ad40d79e9b38b4ca [term 0 FOLLOWER]: Starting leader election (initial election of a single-replica configuration)
I20260608 12:45:54.469120 16885 raft_consensus.cc:3060] T 00000000000000000000000000000000 P f0a591a47ca34017ad40d79e9b38b4ca [term 0 FOLLOWER]: Advancing to term 1
I20260608 12:45:54.473461 16885 raft_consensus.cc:515] T 00000000000000000000000000000000 P f0a591a47ca34017ad40d79e9b38b4ca [term 1 FOLLOWER]: Starting leader election with config: opid_index: -1 OBSOLETE_local: true peers { permanent_uuid: "f0a591a47ca34017ad40d79e9b38b4ca" member_type: VOTER }
I20260608 12:45:54.473940 16885 leader_election.cc:304] T 00000000000000000000000000000000 P f0a591a47ca34017ad40d79e9b38b4ca [CANDIDATE]: Term 1 election: Election decided. Result: candidate won. Election summary: received 1 responses out of 1 voters: 1 yes votes; 0 no votes. yes voters: f0a591a47ca34017ad40d79e9b38b4ca; no voters: 
I20260608 12:45:54.475033 16885 leader_election.cc:290] T 00000000000000000000000000000000 P f0a591a47ca34017ad40d79e9b38b4ca [CANDIDATE]: Term 1 election: Requested vote from peers 
I20260608 12:45:54.475441 16888 raft_consensus.cc:2804] T 00000000000000000000000000000000 P f0a591a47ca34017ad40d79e9b38b4ca [term 1 FOLLOWER]: Leader election won for term 1
I20260608 12:45:54.476792 16888 raft_consensus.cc:697] T 00000000000000000000000000000000 P f0a591a47ca34017ad40d79e9b38b4ca [term 1 LEADER]: Becoming Leader. State: Replica: f0a591a47ca34017ad40d79e9b38b4ca, State: Running, Role: LEADER
I20260608 12:45:54.477571 16888 consensus_queue.cc:237] T 00000000000000000000000000000000 P f0a591a47ca34017ad40d79e9b38b4ca [LEADER]: Queue going to LEADER mode. State: All replicated index: 0, Majority replicated index: 0, Committed index: 0, Last appended: 0.0, Last appended by leader: 0, Current term: 1, Majority size: 1, State: 0, Mode: LEADER, active raft config: opid_index: -1 OBSOLETE_local: true peers { permanent_uuid: "f0a591a47ca34017ad40d79e9b38b4ca" member_type: VOTER }
I20260608 12:45:54.478232 16885 sys_catalog.cc:565] T 00000000000000000000000000000000 P f0a591a47ca34017ad40d79e9b38b4ca [sys.catalog]: configured and running, proceeding with master startup.
I20260608 12:45:54.483666 16890 sys_catalog.cc:455] T 00000000000000000000000000000000 P f0a591a47ca34017ad40d79e9b38b4ca [sys.catalog]: SysCatalogTable state changed. Reason: New leader f0a591a47ca34017ad40d79e9b38b4ca. Latest consensus state: current_term: 1 leader_uuid: "f0a591a47ca34017ad40d79e9b38b4ca" committed_config { opid_index: -1 OBSOLETE_local: true peers { permanent_uuid: "f0a591a47ca34017ad40d79e9b38b4ca" member_type: VOTER } }
I20260608 12:45:54.484508 16890 sys_catalog.cc:458] T 00000000000000000000000000000000 P f0a591a47ca34017ad40d79e9b38b4ca [sys.catalog]: This master's current role is: LEADER
I20260608 12:45:54.487366 16889 sys_catalog.cc:455] T 00000000000000000000000000000000 P f0a591a47ca34017ad40d79e9b38b4ca [sys.catalog]: SysCatalogTable state changed. Reason: RaftConsensus started. Latest consensus state: current_term: 1 leader_uuid: "f0a591a47ca34017ad40d79e9b38b4ca" committed_config { opid_index: -1 OBSOLETE_local: true peers { permanent_uuid: "f0a591a47ca34017ad40d79e9b38b4ca" member_type: VOTER } }
I20260608 12:45:54.487927 16889 sys_catalog.cc:458] T 00000000000000000000000000000000 P f0a591a47ca34017ad40d79e9b38b4ca [sys.catalog]: This master's current role is: LEADER
I20260608 12:45:54.495788 12825 internal_mini_cluster.cc:184] Waiting to initialize catalog manager on master 0
W20260608 12:45:54.499606 16904 catalog_manager.cc:1593] T 00000000000000000000000000000000 P f0a591a47ca34017ad40d79e9b38b4ca: loading cluster ID for follower catalog manager: Not found: cluster ID entry not found
W20260608 12:45:54.499863 16904 catalog_manager.cc:883] Not found: cluster ID entry not found: failed to prepare follower catalog manager, will retry
I20260608 12:45:54.500274 16898 catalog_manager.cc:1510] Loading table and tablet metadata into memory...
I20260608 12:45:54.505204 16898 catalog_manager.cc:1519] Initializing Kudu cluster ID...
I20260608 12:45:54.514492 16898 catalog_manager.cc:1382] Generated new cluster ID: 224a2fdcf97d4786b32a9c0ca0bcf267
I20260608 12:45:54.514843 16898 catalog_manager.cc:1530] Initializing Kudu internal certificate authority...
I20260608 12:45:54.536332 16898 catalog_manager.cc:1405] Generated new certificate authority record
I20260608 12:45:54.537672 16898 catalog_manager.cc:1539] Loading token signing keys...
I20260608 12:45:54.555383 16898 catalog_manager.cc:6069] T 00000000000000000000000000000000 P f0a591a47ca34017ad40d79e9b38b4ca: Generated new TSK 0
I20260608 12:45:54.556048 16898 catalog_manager.cc:1549] Initializing in-progress tserver states...
I20260608 12:45:54.562793 12825 file_cache.cc:492] Constructed file cache file cache with capacity 419430
