I20260608 12:44:10.975754 13662 leader_election.cc:304] T d063f781e51d49af83889c58b1f0c164 P 5b24014744d847b2a5ea944cb922ea52 [CANDIDATE]: Term 1 pre-election: Election decided. Result: candidate won. Election summary: received 3 responses out of 3 voters: 2 yes votes; 1 no votes. yes voters: 5b24014744d847b2a5ea944cb922ea52, 6a4559a626a54034bd9ee633d515b7de; no voters: 2a3db321c41a4818845e5d0750407dcc
I20260608 12:44:10.976485 13749 raft_consensus.cc:493] T f8aca5b707db44738ab31a06c78aad1a P 6a4559a626a54034bd9ee633d515b7de [term 0 FOLLOWER]: Starting pre-election (no leader contacted us within the election timeout)
I20260608 12:44:10.977391 13662 leader_election.cc:304] T 2fd1a2dcaf754aafbd3f9db16b71e6ea P 5b24014744d847b2a5ea944cb922ea52 [CANDIDATE]: Term 1 pre-election: Election decided. Result: candidate won. Election summary: received 2 responses out of 3 voters: 2 yes votes; 0 no votes. yes voters: 5b24014744d847b2a5ea944cb922ea52, 6a4559a626a54034bd9ee633d515b7de; no voters: 
I20260608 12:44:10.978518 13770 raft_consensus.cc:2804] T d063f781e51d49af83889c58b1f0c164 P 5b24014744d847b2a5ea944cb922ea52 [term 0 FOLLOWER]: Leader pre-election won for term 1
I20260608 12:44:10.979020 13747 raft_consensus.cc:2804] T 2fd1a2dcaf754aafbd3f9db16b71e6ea P 5b24014744d847b2a5ea944cb922ea52 [term 0 FOLLOWER]: Leader pre-election won for term 1
I20260608 12:44:10.979097 13770 raft_consensus.cc:493] T d063f781e51d49af83889c58b1f0c164 P 5b24014744d847b2a5ea944cb922ea52 [term 0 FOLLOWER]: Starting leader election (no leader contacted us within the election timeout)
I20260608 12:44:10.979481 13747 raft_consensus.cc:493] T 2fd1a2dcaf754aafbd3f9db16b71e6ea P 5b24014744d847b2a5ea944cb922ea52 [term 0 FOLLOWER]: Starting leader election (no leader contacted us within the election timeout)
I20260608 12:44:10.979667 13770 raft_consensus.cc:3060] T d063f781e51d49af83889c58b1f0c164 P 5b24014744d847b2a5ea944cb922ea52 [term 0 FOLLOWER]: Advancing to term 1
I20260608 12:44:10.979915 13747 raft_consensus.cc:3060] T 2fd1a2dcaf754aafbd3f9db16b71e6ea P 5b24014744d847b2a5ea944cb922ea52 [term 0 FOLLOWER]: Advancing to term 1
I20260608 12:44:10.977028 13749 raft_consensus.cc:515] T f8aca5b707db44738ab31a06c78aad1a P 6a4559a626a54034bd9ee633d515b7de [term 0 FOLLOWER]: Starting pre-election with config: opid_index: -1 OBSOLETE_local: false peers { permanent_uuid: "2a3db321c41a4818845e5d0750407dcc" member_type: VOTER last_known_addr { host: "127.12.146.129" port: 45235 } } peers { permanent_uuid: "6a4559a626a54034bd9ee633d515b7de" member_type: VOTER last_known_addr { host: "127.12.146.130" port: 42933 } } peers { permanent_uuid: "5b24014744d847b2a5ea944cb922ea52" member_type: VOTER last_known_addr { host: "127.12.146.131" port: 41733 } }
I20260608 12:44:10.983023 13742 tablet_bootstrap.cc:492] T 82dab9de8f0347d09cda457448e1c6fc P 6a4559a626a54034bd9ee633d515b7de: No bootstrap required, opened a new log
I20260608 12:44:10.983568 13742 ts_tablet_manager.cc:1403] T 82dab9de8f0347d09cda457448e1c6fc P 6a4559a626a54034bd9ee633d515b7de: Time spent bootstrapping tablet: real 0.188s	user 0.025s	sys 0.020s
I20260608 12:44:10.972012 13660 leader_election.cc:304] T 03f317bb3fce4942945e5951e7ad90e8 P 5b24014744d847b2a5ea944cb922ea52 [CANDIDATE]: Term 1 pre-election: Election decided. Result: candidate lost. Election summary: received 3 responses out of 3 voters: 1 yes votes; 2 no votes. yes voters: 5b24014744d847b2a5ea944cb922ea52; no voters: 2a3db321c41a4818845e5d0750407dcc, 6a4559a626a54034bd9ee633d515b7de
I20260608 12:44:10.983969 13749 leader_election.cc:290] T f8aca5b707db44738ab31a06c78aad1a P 6a4559a626a54034bd9ee633d515b7de [CANDIDATE]: Term 1 pre-election: Requested pre-vote from peers 2a3db321c41a4818845e5d0750407dcc (127.12.146.129:45235), 5b24014744d847b2a5ea944cb922ea52 (127.12.146.131:41733)
I20260608 12:44:10.994376 13747 raft_consensus.cc:515] T 2fd1a2dcaf754aafbd3f9db16b71e6ea P 5b24014744d847b2a5ea944cb922ea52 [term 1 FOLLOWER]: Starting leader election with config: opid_index: -1 OBSOLETE_local: false peers { permanent_uuid: "2a3db321c41a4818845e5d0750407dcc" member_type: VOTER last_known_addr { host: "127.12.146.129" port: 45235 } } peers { permanent_uuid: "6a4559a626a54034bd9ee633d515b7de" member_type: VOTER last_known_addr { host: "127.12.146.130" port: 42933 } } peers { permanent_uuid: "5b24014744d847b2a5ea944cb922ea52" member_type: VOTER last_known_addr { host: "127.12.146.131" port: 41733 } }
I20260608 12:44:10.999063 13767 raft_consensus.cc:515] T aef505526350451c919d6350b693b68d P 2a3db321c41a4818845e5d0750407dcc [term 1 FOLLOWER]: Starting leader election with config: opid_index: -1 OBSOLETE_local: false peers { permanent_uuid: "2a3db321c41a4818845e5d0750407dcc" member_type: VOTER last_known_addr { host: "127.12.146.129" port: 45235 } } peers { permanent_uuid: "6a4559a626a54034bd9ee633d515b7de" member_type: VOTER last_known_addr { host: "127.12.146.130" port: 42933 } } peers { permanent_uuid: "5b24014744d847b2a5ea944cb922ea52" member_type: VOTER last_known_addr { host: "127.12.146.131" port: 41733 } }
I20260608 12:44:11.004595 13767 leader_election.cc:290] T aef505526350451c919d6350b693b68d P 2a3db321c41a4818845e5d0750407dcc [CANDIDATE]: Term 1 election: Requested vote from peers 6a4559a626a54034bd9ee633d515b7de (127.12.146.130:42933), 5b24014744d847b2a5ea944cb922ea52 (127.12.146.131:41733)
W20260608 12:44:11.006197 13660 leader_election.cc:343] T 2fd1a2dcaf754aafbd3f9db16b71e6ea P 5b24014744d847b2a5ea944cb922ea52 [CANDIDATE]: Term 1 pre-election: Tablet error from VoteRequest() call to peer 2a3db321c41a4818845e5d0750407dcc (127.12.146.129:45235): Illegal state: must be running to vote when last-logged opid is not known
I20260608 12:44:11.005750 13621 tablet_service.cc:1917] Received RequestConsensusVote() RPC: tablet_id: "aef505526350451c919d6350b693b68d" candidate_uuid: "2a3db321c41a4818845e5d0750407dcc" candidate_term: 1 candidate_status { last_received { term: 0 index: 0 } } ignore_live_leader: false dest_uuid: "6a4559a626a54034bd9ee633d515b7de"
I20260608 12:44:11.006965 13621 raft_consensus.cc:3060] T aef505526350451c919d6350b693b68d P 6a4559a626a54034bd9ee633d515b7de [term 0 FOLLOWER]: Advancing to term 1
I20260608 12:44:11.008632 13545 tablet_service.cc:1917] Received RequestConsensusVote() RPC: tablet_id: "a3aae88cba2540859dc1323046bf9e68" candidate_uuid: "6a4559a626a54034bd9ee633d515b7de" candidate_term: 1 candidate_status { last_received { term: 0 index: 0 } } ignore_live_leader: false dest_uuid: "2a3db321c41a4818845e5d0750407dcc" is_pre_election: true
I20260608 12:44:11.007038 13696 tablet_service.cc:1917] Received RequestConsensusVote() RPC: tablet_id: "aef505526350451c919d6350b693b68d" candidate_uuid: "2a3db321c41a4818845e5d0750407dcc" candidate_term: 1 candidate_status { last_received { term: 0 index: 0 } } ignore_live_leader: false dest_uuid: "5b24014744d847b2a5ea944cb922ea52"
I20260608 12:44:11.010354 13696 raft_consensus.cc:3060] T aef505526350451c919d6350b693b68d P 5b24014744d847b2a5ea944cb922ea52 [term 0 FOLLOWER]: Advancing to term 1
I20260608 12:44:11.010267 13545 raft_consensus.cc:2468] T a3aae88cba2540859dc1323046bf9e68 P 2a3db321c41a4818845e5d0750407dcc [term 0 FOLLOWER]: Leader pre-election vote request: Granting yes vote for candidate 6a4559a626a54034bd9ee633d515b7de in term 0.
I20260608 12:44:11.010736 13695 tablet_service.cc:1917] Received RequestConsensusVote() RPC: tablet_id: "a3aae88cba2540859dc1323046bf9e68" candidate_uuid: "6a4559a626a54034bd9ee633d515b7de" candidate_term: 1 candidate_status { last_received { term: 0 index: 0 } } ignore_live_leader: false dest_uuid: "5b24014744d847b2a5ea944cb922ea52" is_pre_election: true
I20260608 12:44:11.010012 13747 leader_election.cc:290] T 2fd1a2dcaf754aafbd3f9db16b71e6ea P 5b24014744d847b2a5ea944cb922ea52 [CANDIDATE]: Term 1 election: Requested vote from peers 2a3db321c41a4818845e5d0750407dcc (127.12.146.129:45235), 6a4559a626a54034bd9ee633d515b7de (127.12.146.130:42933)
I20260608 12:44:11.012854 13694 tablet_service.cc:1917] Received RequestConsensusVote() RPC: tablet_id: "f8aca5b707db44738ab31a06c78aad1a" candidate_uuid: "6a4559a626a54034bd9ee633d515b7de" candidate_term: 1 candidate_status { last_received { term: 0 index: 0 } } ignore_live_leader: false dest_uuid: "5b24014744d847b2a5ea944cb922ea52" is_pre_election: true
I20260608 12:44:11.022576 13622 tablet_service.cc:1917] Received RequestConsensusVote() RPC: tablet_id: "2fd1a2dcaf754aafbd3f9db16b71e6ea" candidate_uuid: "5b24014744d847b2a5ea944cb922ea52" candidate_term: 1 candidate_status { last_received { term: 0 index: 0 } } ignore_live_leader: false dest_uuid: "6a4559a626a54034bd9ee633d515b7de"
I20260608 12:44:11.023280 13622 raft_consensus.cc:3060] T 2fd1a2dcaf754aafbd3f9db16b71e6ea P 6a4559a626a54034bd9ee633d515b7de [term 0 FOLLOWER]: Advancing to term 1
I20260608 12:44:11.011415 13770 raft_consensus.cc:515] T d063f781e51d49af83889c58b1f0c164 P 5b24014744d847b2a5ea944cb922ea52 [term 1 FOLLOWER]: Starting leader election with config: opid_index: -1 OBSOLETE_local: false peers { permanent_uuid: "2a3db321c41a4818845e5d0750407dcc" member_type: VOTER last_known_addr { host: "127.12.146.129" port: 45235 } } peers { permanent_uuid: "6a4559a626a54034bd9ee633d515b7de" member_type: VOTER last_known_addr { host: "127.12.146.130" port: 42933 } } peers { permanent_uuid: "5b24014744d847b2a5ea944cb922ea52" member_type: VOTER last_known_addr { host: "127.12.146.131" port: 41733 } }
I20260608 12:44:11.022634 13694 raft_consensus.cc:2468] T f8aca5b707db44738ab31a06c78aad1a P 5b24014744d847b2a5ea944cb922ea52 [term 0 FOLLOWER]: Leader pre-election vote request: Granting yes vote for candidate 6a4559a626a54034bd9ee633d515b7de in term 0.
I20260608 12:44:11.026954 13545 tablet_service.cc:1917] Received RequestConsensusVote() RPC: tablet_id: "f8aca5b707db44738ab31a06c78aad1a" candidate_uuid: "6a4559a626a54034bd9ee633d515b7de" candidate_term: 1 candidate_status { last_received { term: 0 index: 0 } } ignore_live_leader: false dest_uuid: "2a3db321c41a4818845e5d0750407dcc" is_pre_election: true
I20260608 12:44:11.028017 13586 leader_election.cc:304] T a3aae88cba2540859dc1323046bf9e68 P 6a4559a626a54034bd9ee633d515b7de [CANDIDATE]: Term 1 pre-election: Election decided. Result: candidate won. Election summary: received 2 responses out of 3 voters: 2 yes votes; 0 no votes. yes voters: 2a3db321c41a4818845e5d0750407dcc, 6a4559a626a54034bd9ee633d515b7de; no voters: 
I20260608 12:44:11.028249 13545 raft_consensus.cc:2468] T f8aca5b707db44738ab31a06c78aad1a P 2a3db321c41a4818845e5d0750407dcc [term 0 FOLLOWER]: Leader pre-election vote request: Granting yes vote for candidate 6a4559a626a54034bd9ee633d515b7de in term 0.
I20260608 12:44:11.027577 13770 leader_election.cc:290] T d063f781e51d49af83889c58b1f0c164 P 5b24014744d847b2a5ea944cb922ea52 [CANDIDATE]: Term 1 election: Requested vote from peers 2a3db321c41a4818845e5d0750407dcc (127.12.146.129:45235), 6a4559a626a54034bd9ee633d515b7de (127.12.146.130:42933)
I20260608 12:44:11.030074 13749 raft_consensus.cc:2804] T a3aae88cba2540859dc1323046bf9e68 P 6a4559a626a54034bd9ee633d515b7de [term 0 FOLLOWER]: Leader pre-election won for term 1
I20260608 12:44:11.030486 13749 raft_consensus.cc:493] T a3aae88cba2540859dc1323046bf9e68 P 6a4559a626a54034bd9ee633d515b7de [term 0 FOLLOWER]: Starting leader election (no leader contacted us within the election timeout)
I20260608 12:44:11.031196 13749 raft_consensus.cc:3060] T a3aae88cba2540859dc1323046bf9e68 P 6a4559a626a54034bd9ee633d515b7de [term 0 FOLLOWER]: Advancing to term 1
W20260608 12:44:11.035108 13493 auto_rebalancer.cc:259] Could not retrieve cluster info: Service unavailable: Tablet not running
I20260608 12:44:11.019021 13747 raft_consensus.cc:2749] T 03f317bb3fce4942945e5951e7ad90e8 P 5b24014744d847b2a5ea944cb922ea52 [term 0 FOLLOWER]: Leader pre-election lost for term 1. Reason: could not achieve majority
I20260608 12:44:11.036480 13545 tablet_service.cc:1917] Received RequestConsensusVote() RPC: tablet_id: "2fd1a2dcaf754aafbd3f9db16b71e6ea" candidate_uuid: "5b24014744d847b2a5ea944cb922ea52" candidate_term: 1 candidate_status { last_received { term: 0 index: 0 } } ignore_live_leader: false dest_uuid: "2a3db321c41a4818845e5d0750407dcc"
I20260608 12:44:11.036796 13586 leader_election.cc:304] T f8aca5b707db44738ab31a06c78aad1a P 6a4559a626a54034bd9ee633d515b7de [CANDIDATE]: Term 1 pre-election: Election decided. Result: candidate won. Election summary: received 2 responses out of 3 voters: 2 yes votes; 0 no votes. yes voters: 5b24014744d847b2a5ea944cb922ea52, 6a4559a626a54034bd9ee633d515b7de; no voters: 
I20260608 12:44:11.038213 13498 auto_leader_rebalancer.cc:140] leader rebalance for table test-workload
I20260608 12:44:11.012847 13695 raft_consensus.cc:2468] T a3aae88cba2540859dc1323046bf9e68 P 5b24014744d847b2a5ea944cb922ea52 [term 0 FOLLOWER]: Leader pre-election vote request: Granting yes vote for candidate 6a4559a626a54034bd9ee633d515b7de in term 0.
I20260608 12:44:11.044466 13545 tablet_service.cc:1917] Received RequestConsensusVote() RPC: tablet_id: "d063f781e51d49af83889c58b1f0c164" candidate_uuid: "5b24014744d847b2a5ea944cb922ea52" candidate_term: 1 candidate_status { last_received { term: 0 index: 0 } } ignore_live_leader: false dest_uuid: "2a3db321c41a4818845e5d0750407dcc"
W20260608 12:44:11.041426 13498 auto_leader_rebalancer.cc:460] the master instance isn't leader: Service unavailable: Tablet not running
I20260608 12:44:11.047679 13749 raft_consensus.cc:515] T a3aae88cba2540859dc1323046bf9e68 P 6a4559a626a54034bd9ee633d515b7de [term 1 FOLLOWER]: Starting leader election with config: opid_index: -1 OBSOLETE_local: false peers { permanent_uuid: "5b24014744d847b2a5ea944cb922ea52" member_type: VOTER last_known_addr { host: "127.12.146.131" port: 41733 } } peers { permanent_uuid: "6a4559a626a54034bd9ee633d515b7de" member_type: VOTER last_known_addr { host: "127.12.146.130" port: 42933 } } peers { permanent_uuid: "2a3db321c41a4818845e5d0750407dcc" member_type: VOTER last_known_addr { host: "127.12.146.129" port: 45235 } }
W20260608 12:44:11.041400 13660 leader_election.cc:343] T 2fd1a2dcaf754aafbd3f9db16b71e6ea P 5b24014744d847b2a5ea944cb922ea52 [CANDIDATE]: Term 1 election: Tablet error from VoteRequest() call to peer 2a3db321c41a4818845e5d0750407dcc (127.12.146.129:45235): Illegal state: must be running to vote when last-logged opid is not known
I20260608 12:44:11.052505 13749 leader_election.cc:290] T a3aae88cba2540859dc1323046bf9e68 P 6a4559a626a54034bd9ee633d515b7de [CANDIDATE]: Term 1 election: Requested vote from peers 5b24014744d847b2a5ea944cb922ea52 (127.12.146.131:41733), 2a3db321c41a4818845e5d0750407dcc (127.12.146.129:45235)
I20260608 12:44:11.053706 13749 raft_consensus.cc:2804] T f8aca5b707db44738ab31a06c78aad1a P 6a4559a626a54034bd9ee633d515b7de [term 0 FOLLOWER]: Leader pre-election won for term 1
I20260608 12:44:11.054203 13749 raft_consensus.cc:493] T f8aca5b707db44738ab31a06c78aad1a P 6a4559a626a54034bd9ee633d515b7de [term 0 FOLLOWER]: Starting leader election (no leader contacted us within the election timeout)
I20260608 12:44:11.054632 13749 raft_consensus.cc:3060] T f8aca5b707db44738ab31a06c78aad1a P 6a4559a626a54034bd9ee633d515b7de [term 0 FOLLOWER]: Advancing to term 1
I20260608 12:44:11.056185 13741 tablet_bootstrap.cc:654] T 82dab9de8f0347d09cda457448e1c6fc P 5b24014744d847b2a5ea944cb922ea52: Neither blocks nor log segments found. Creating new log.
W20260608 12:44:11.057794 13660 leader_election.cc:343] T d063f781e51d49af83889c58b1f0c164 P 5b24014744d847b2a5ea944cb922ea52 [CANDIDATE]: Term 1 election: Tablet error from VoteRequest() call to peer 2a3db321c41a4818845e5d0750407dcc (127.12.146.129:45235): Illegal state: must be running to vote when last-logged opid is not known
I20260608 12:44:11.049825 13770 raft_consensus.cc:493] T a3aae88cba2540859dc1323046bf9e68 P 5b24014744d847b2a5ea944cb922ea52 [term 0 FOLLOWER]: Starting pre-election (no leader contacted us within the election timeout)
I20260608 12:44:11.058689 13743 tablet_bootstrap.cc:492] T d063f781e51d49af83889c58b1f0c164 P 2a3db321c41a4818845e5d0750407dcc: No bootstrap required, opened a new log
I20260608 12:44:11.060015 13622 raft_consensus.cc:2468] T 2fd1a2dcaf754aafbd3f9db16b71e6ea P 6a4559a626a54034bd9ee633d515b7de [term 1 FOLLOWER]: Leader election vote request: Granting yes vote for candidate 5b24014744d847b2a5ea944cb922ea52 in term 1.
I20260608 12:44:11.060194 13743 ts_tablet_manager.cc:1403] T d063f781e51d49af83889c58b1f0c164 P 2a3db321c41a4818845e5d0750407dcc: Time spent bootstrapping tablet: real 0.178s	user 0.014s	sys 0.021s
I20260608 12:44:11.060993 13696 raft_consensus.cc:2468] T aef505526350451c919d6350b693b68d P 5b24014744d847b2a5ea944cb922ea52 [term 1 FOLLOWER]: Leader election vote request: Granting yes vote for candidate 2a3db321c41a4818845e5d0750407dcc in term 1.
I20260608 12:44:11.062235 13695 tablet_service.cc:1917] Received RequestConsensusVote() RPC: tablet_id: "a3aae88cba2540859dc1323046bf9e68" candidate_uuid: "6a4559a626a54034bd9ee633d515b7de" candidate_term: 1 candidate_status { last_received { term: 0 index: 0 } } ignore_live_leader: false dest_uuid: "5b24014744d847b2a5ea944cb922ea52"
I20260608 12:44:11.062711 13511 leader_election.cc:304] T aef505526350451c919d6350b693b68d P 2a3db321c41a4818845e5d0750407dcc [CANDIDATE]: Term 1 election: Election decided. Result: candidate won. Election summary: received 2 responses out of 3 voters: 2 yes votes; 0 no votes. yes voters: 2a3db321c41a4818845e5d0750407dcc, 5b24014744d847b2a5ea944cb922ea52; no voters: 
I20260608 12:44:11.063766 13767 raft_consensus.cc:2804] T aef505526350451c919d6350b693b68d P 2a3db321c41a4818845e5d0750407dcc [term 1 FOLLOWER]: Leader election won for term 1
I20260608 12:44:11.064263 13767 raft_consensus.cc:697] T aef505526350451c919d6350b693b68d P 2a3db321c41a4818845e5d0750407dcc [term 1 LEADER]: Becoming Leader. State: Replica: 2a3db321c41a4818845e5d0750407dcc, State: Running, Role: LEADER
I20260608 12:44:11.065162 13767 consensus_queue.cc:237] T aef505526350451c919d6350b693b68d P 2a3db321c41a4818845e5d0750407dcc [LEADER]: Queue going to LEADER mode. State: All replicated index: 0, Majority replicated index: 0, Committed index: 0, Last appended: 0.0, Last appended by leader: 0, Current term: 1, Majority size: 2, State: 0, Mode: LEADER, active raft config: opid_index: -1 OBSOLETE_local: false peers { permanent_uuid: "2a3db321c41a4818845e5d0750407dcc" member_type: VOTER last_known_addr { host: "127.12.146.129" port: 45235 } } peers { permanent_uuid: "6a4559a626a54034bd9ee633d515b7de" member_type: VOTER last_known_addr { host: "127.12.146.130" port: 42933 } } peers { permanent_uuid: "5b24014744d847b2a5ea944cb922ea52" member_type: VOTER last_known_addr { host: "127.12.146.131" port: 41733 } }
I20260608 12:44:11.065713 13743 raft_consensus.cc:359] T d063f781e51d49af83889c58b1f0c164 P 2a3db321c41a4818845e5d0750407dcc [term 0 FOLLOWER]: Replica starting. Triggering 0 pending ops. Active config: opid_index: -1 OBSOLETE_local: false peers { permanent_uuid: "2a3db321c41a4818845e5d0750407dcc" member_type: VOTER last_known_addr { host: "127.12.146.129" port: 45235 } } peers { permanent_uuid: "6a4559a626a54034bd9ee633d515b7de" member_type: VOTER last_known_addr { host: "127.12.146.130" port: 42933 } } peers { permanent_uuid: "5b24014744d847b2a5ea944cb922ea52" member_type: VOTER last_known_addr { host: "127.12.146.131" port: 41733 } }
I20260608 12:44:11.066686 13743 raft_consensus.cc:385] T d063f781e51d49af83889c58b1f0c164 P 2a3db321c41a4818845e5d0750407dcc [term 0 FOLLOWER]: Consensus starting up: Expiring failure detector timer to make a prompt election more likely
I20260608 12:44:11.066429 13749 raft_consensus.cc:515] T f8aca5b707db44738ab31a06c78aad1a P 6a4559a626a54034bd9ee633d515b7de [term 1 FOLLOWER]: Starting leader election with config: opid_index: -1 OBSOLETE_local: false peers { permanent_uuid: "2a3db321c41a4818845e5d0750407dcc" member_type: VOTER last_known_addr { host: "127.12.146.129" port: 45235 } } peers { permanent_uuid: "6a4559a626a54034bd9ee633d515b7de" member_type: VOTER last_known_addr { host: "127.12.146.130" port: 42933 } } peers { permanent_uuid: "5b24014744d847b2a5ea944cb922ea52" member_type: VOTER last_known_addr { host: "127.12.146.131" port: 41733 } }
I20260608 12:44:11.067042 13743 raft_consensus.cc:740] T d063f781e51d49af83889c58b1f0c164 P 2a3db321c41a4818845e5d0750407dcc [term 0 FOLLOWER]: Becoming Follower/Learner. State: Replica: 2a3db321c41a4818845e5d0750407dcc, State: Initialized, Role: FOLLOWER
I20260608 12:44:11.051416 13742 raft_consensus.cc:359] T 82dab9de8f0347d09cda457448e1c6fc P 6a4559a626a54034bd9ee633d515b7de [term 0 FOLLOWER]: Replica starting. Triggering 0 pending ops. Active config: opid_index: -1 OBSOLETE_local: false peers { permanent_uuid: "2a3db321c41a4818845e5d0750407dcc" member_type: VOTER last_known_addr { host: "127.12.146.129" port: 45235 } } peers { permanent_uuid: "6a4559a626a54034bd9ee633d515b7de" member_type: VOTER last_known_addr { host: "127.12.146.130" port: 42933 } } peers { permanent_uuid: "5b24014744d847b2a5ea944cb922ea52" member_type: VOTER last_known_addr { host: "127.12.146.131" port: 41733 } }
I20260608 12:44:11.069157 13770 raft_consensus.cc:515] T a3aae88cba2540859dc1323046bf9e68 P 5b24014744d847b2a5ea944cb922ea52 [term 0 FOLLOWER]: Starting pre-election with config: opid_index: -1 OBSOLETE_local: false peers { permanent_uuid: "5b24014744d847b2a5ea944cb922ea52" member_type: VOTER last_known_addr { host: "127.12.146.131" port: 41733 } } peers { permanent_uuid: "6a4559a626a54034bd9ee633d515b7de" member_type: VOTER last_known_addr { host: "127.12.146.130" port: 42933 } } peers { permanent_uuid: "2a3db321c41a4818845e5d0750407dcc" member_type: VOTER last_known_addr { host: "127.12.146.129" port: 45235 } }
I20260608 12:44:11.071734 13749 leader_election.cc:290] T f8aca5b707db44738ab31a06c78aad1a P 6a4559a626a54034bd9ee633d515b7de [CANDIDATE]: Term 1 election: Requested vote from peers 2a3db321c41a4818845e5d0750407dcc (127.12.146.129:45235), 5b24014744d847b2a5ea944cb922ea52 (127.12.146.131:41733)
I20260608 12:44:11.071938 13545 tablet_service.cc:1917] Received RequestConsensusVote() RPC: tablet_id: "a3aae88cba2540859dc1323046bf9e68" candidate_uuid: "6a4559a626a54034bd9ee633d515b7de" candidate_term: 1 candidate_status { last_received { term: 0 index: 0 } } ignore_live_leader: false dest_uuid: "2a3db321c41a4818845e5d0750407dcc"
I20260608 12:44:11.072909 13545 raft_consensus.cc:3060] T a3aae88cba2540859dc1323046bf9e68 P 2a3db321c41a4818845e5d0750407dcc [term 0 FOLLOWER]: Advancing to term 1
I20260608 12:44:11.074928 13695 raft_consensus.cc:3060] T a3aae88cba2540859dc1323046bf9e68 P 5b24014744d847b2a5ea944cb922ea52 [term 0 FOLLOWER]: Advancing to term 1
I20260608 12:44:11.074472 13742 raft_consensus.cc:385] T 82dab9de8f0347d09cda457448e1c6fc P 6a4559a626a54034bd9ee633d515b7de [term 0 FOLLOWER]: Consensus starting up: Expiring failure detector timer to make a prompt election more likely
I20260608 12:44:11.076443 13742 raft_consensus.cc:740] T 82dab9de8f0347d09cda457448e1c6fc P 6a4559a626a54034bd9ee633d515b7de [term 0 FOLLOWER]: Becoming Follower/Learner. State: Replica: 6a4559a626a54034bd9ee633d515b7de, State: Initialized, Role: FOLLOWER
I20260608 12:44:11.068166 13743 consensus_queue.cc:260] T d063f781e51d49af83889c58b1f0c164 P 2a3db321c41a4818845e5d0750407dcc [NON_LEADER]: Queue going to NON_LEADER mode. State: All replicated index: 0, Majority replicated index: 0, Committed index: 0, Last appended: 0.0, Last appended by leader: 0, Current term: 0, Majority size: -1, State: 0, Mode: NON_LEADER, active raft config: opid_index: -1 OBSOLETE_local: false peers { permanent_uuid: "2a3db321c41a4818845e5d0750407dcc" member_type: VOTER last_known_addr { host: "127.12.146.129" port: 45235 } } peers { permanent_uuid: "6a4559a626a54034bd9ee633d515b7de" member_type: VOTER last_known_addr { host: "127.12.146.130" port: 42933 } } peers { permanent_uuid: "5b24014744d847b2a5ea944cb922ea52" member_type: VOTER last_known_addr { host: "127.12.146.131" port: 41733 } }
I20260608 12:44:11.080895 13622 tablet_service.cc:1917] Received RequestConsensusVote() RPC: tablet_id: "d063f781e51d49af83889c58b1f0c164" candidate_uuid: "5b24014744d847b2a5ea944cb922ea52" candidate_term: 1 candidate_status { last_received { term: 0 index: 0 } } ignore_live_leader: false dest_uuid: "6a4559a626a54034bd9ee633d515b7de"
I20260608 12:44:11.080405 13742 consensus_queue.cc:260] T 82dab9de8f0347d09cda457448e1c6fc P 6a4559a626a54034bd9ee633d515b7de [NON_LEADER]: Queue going to NON_LEADER mode. State: All replicated index: 0, Majority replicated index: 0, Committed index: 0, Last appended: 0.0, Last appended by leader: 0, Current term: 0, Majority size: -1, State: 0, Mode: NON_LEADER, active raft config: opid_index: -1 OBSOLETE_local: false peers { permanent_uuid: "2a3db321c41a4818845e5d0750407dcc" member_type: VOTER last_known_addr { host: "127.12.146.129" port: 45235 } } peers { permanent_uuid: "6a4559a626a54034bd9ee633d515b7de" member_type: VOTER last_known_addr { host: "127.12.146.130" port: 42933 } } peers { permanent_uuid: "5b24014744d847b2a5ea944cb922ea52" member_type: VOTER last_known_addr { host: "127.12.146.131" port: 41733 } }
I20260608 12:44:11.081609 13622 raft_consensus.cc:3060] T d063f781e51d49af83889c58b1f0c164 P 6a4559a626a54034bd9ee633d515b7de [term 0 FOLLOWER]: Advancing to term 1
I20260608 12:44:11.084095 13742 ts_tablet_manager.cc:1434] T 82dab9de8f0347d09cda457448e1c6fc P 6a4559a626a54034bd9ee633d515b7de: Time spent starting tablet: real 0.100s	user 0.011s	sys 0.001s
I20260608 12:44:11.068996 13621 raft_consensus.cc:2468] T aef505526350451c919d6350b693b68d P 6a4559a626a54034bd9ee633d515b7de [term 1 FOLLOWER]: Leader election vote request: Granting yes vote for candidate 2a3db321c41a4818845e5d0750407dcc in term 1.
I20260608 12:44:11.084909 13545 raft_consensus.cc:2468] T a3aae88cba2540859dc1323046bf9e68 P 2a3db321c41a4818845e5d0750407dcc [term 1 FOLLOWER]: Leader election vote request: Granting yes vote for candidate 6a4559a626a54034bd9ee633d515b7de in term 1.
I20260608 12:44:11.088575 13545 tablet_service.cc:1917] Received RequestConsensusVote() RPC: tablet_id: "f8aca5b707db44738ab31a06c78aad1a" candidate_uuid: "6a4559a626a54034bd9ee633d515b7de" candidate_term: 1 candidate_status { last_received { term: 0 index: 0 } } ignore_live_leader: false dest_uuid: "2a3db321c41a4818845e5d0750407dcc"
I20260608 12:44:11.088788 13662 leader_election.cc:304] T 2fd1a2dcaf754aafbd3f9db16b71e6ea P 5b24014744d847b2a5ea944cb922ea52 [CANDIDATE]: Term 1 election: Election decided. Result: candidate won. Election summary: received 3 responses out of 3 voters: 2 yes votes; 1 no votes. yes voters: 5b24014744d847b2a5ea944cb922ea52, 6a4559a626a54034bd9ee633d515b7de; no voters: 2a3db321c41a4818845e5d0750407dcc
I20260608 12:44:11.088850 13696 tablet_service.cc:1917] Received RequestConsensusVote() RPC: tablet_id: "f8aca5b707db44738ab31a06c78aad1a" candidate_uuid: "6a4559a626a54034bd9ee633d515b7de" candidate_term: 1 candidate_status { last_received { term: 0 index: 0 } } ignore_live_leader: false dest_uuid: "5b24014744d847b2a5ea944cb922ea52"
I20260608 12:44:11.089320 13545 raft_consensus.cc:3060] T f8aca5b707db44738ab31a06c78aad1a P 2a3db321c41a4818845e5d0750407dcc [term 0 FOLLOWER]: Advancing to term 1
I20260608 12:44:11.089701 13696 raft_consensus.cc:3060] T f8aca5b707db44738ab31a06c78aad1a P 5b24014744d847b2a5ea944cb922ea52 [term 0 FOLLOWER]: Advancing to term 1
I20260608 12:44:11.093901 13777 raft_consensus.cc:2804] T 2fd1a2dcaf754aafbd3f9db16b71e6ea P 5b24014744d847b2a5ea944cb922ea52 [term 1 FOLLOWER]: Leader election won for term 1
I20260608 12:44:11.094714 13777 raft_consensus.cc:697] T 2fd1a2dcaf754aafbd3f9db16b71e6ea P 5b24014744d847b2a5ea944cb922ea52 [term 1 LEADER]: Becoming Leader. State: Replica: 5b24014744d847b2a5ea944cb922ea52, State: Running, Role: LEADER
I20260608 12:44:11.095780 13777 consensus_queue.cc:237] T 2fd1a2dcaf754aafbd3f9db16b71e6ea P 5b24014744d847b2a5ea944cb922ea52 [LEADER]: Queue going to LEADER mode. State: All replicated index: 0, Majority replicated index: 0, Committed index: 0, Last appended: 0.0, Last appended by leader: 0, Current term: 1, Majority size: 2, State: 0, Mode: LEADER, active raft config: opid_index: -1 OBSOLETE_local: false peers { permanent_uuid: "2a3db321c41a4818845e5d0750407dcc" member_type: VOTER last_known_addr { host: "127.12.146.129" port: 45235 } } peers { permanent_uuid: "6a4559a626a54034bd9ee633d515b7de" member_type: VOTER last_known_addr { host: "127.12.146.130" port: 42933 } } peers { permanent_uuid: "5b24014744d847b2a5ea944cb922ea52" member_type: VOTER last_known_addr { host: "127.12.146.131" port: 41733 } }
I20260608 12:44:11.100484 13586 leader_election.cc:304] T a3aae88cba2540859dc1323046bf9e68 P 6a4559a626a54034bd9ee633d515b7de [CANDIDATE]: Term 1 election: Election decided. Result: candidate won. Election summary: received 2 responses out of 3 voters: 2 yes votes; 0 no votes. yes voters: 2a3db321c41a4818845e5d0750407dcc, 6a4559a626a54034bd9ee633d515b7de; no voters: 
I20260608 12:44:11.101184 13743 ts_tablet_manager.cc:1434] T d063f781e51d49af83889c58b1f0c164 P 2a3db321c41a4818845e5d0750407dcc: Time spent starting tablet: real 0.040s	user 0.009s	sys 0.001s
I20260608 12:44:11.102372 13743 tablet_bootstrap.cc:492] T 2fd1a2dcaf754aafbd3f9db16b71e6ea P 2a3db321c41a4818845e5d0750407dcc: Bootstrap starting.
I20260608 12:44:11.102908 13622 raft_consensus.cc:2468] T d063f781e51d49af83889c58b1f0c164 P 6a4559a626a54034bd9ee633d515b7de [term 1 FOLLOWER]: Leader election vote request: Granting yes vote for candidate 5b24014744d847b2a5ea944cb922ea52 in term 1.
I20260608 12:44:11.100530 13620 tablet_service.cc:1917] Received RequestConsensusVote() RPC: tablet_id: "a3aae88cba2540859dc1323046bf9e68" candidate_uuid: "5b24014744d847b2a5ea944cb922ea52" candidate_term: 1 candidate_status { last_received { term: 0 index: 0 } } ignore_live_leader: false dest_uuid: "6a4559a626a54034bd9ee633d515b7de" is_pre_election: true
I20260608 12:44:11.107575 13742 tablet_bootstrap.cc:492] T 03f317bb3fce4942945e5951e7ad90e8 P 6a4559a626a54034bd9ee633d515b7de: Bootstrap starting.
I20260608 12:44:11.118846 13545 raft_consensus.cc:2468] T f8aca5b707db44738ab31a06c78aad1a P 2a3db321c41a4818845e5d0750407dcc [term 1 FOLLOWER]: Leader election vote request: Granting yes vote for candidate 6a4559a626a54034bd9ee633d515b7de in term 1.
I20260608 12:44:11.105963 13749 raft_consensus.cc:2804] T a3aae88cba2540859dc1323046bf9e68 P 6a4559a626a54034bd9ee633d515b7de [term 1 FOLLOWER]: Leader election won for term 1
I20260608 12:44:11.120572 13662 leader_election.cc:304] T d063f781e51d49af83889c58b1f0c164 P 5b24014744d847b2a5ea944cb922ea52 [CANDIDATE]: Term 1 election: Election decided. Result: candidate won. Election summary: received 3 responses out of 3 voters: 2 yes votes; 1 no votes. yes voters: 5b24014744d847b2a5ea944cb922ea52, 6a4559a626a54034bd9ee633d515b7de; no voters: 2a3db321c41a4818845e5d0750407dcc
I20260608 12:44:11.120671 13749 raft_consensus.cc:697] T a3aae88cba2540859dc1323046bf9e68 P 6a4559a626a54034bd9ee633d515b7de [term 1 LEADER]: Becoming Leader. State: Replica: 6a4559a626a54034bd9ee633d515b7de, State: Running, Role: LEADER
I20260608 12:44:11.121760 13747 raft_consensus.cc:2804] T d063f781e51d49af83889c58b1f0c164 P 5b24014744d847b2a5ea944cb922ea52 [term 1 FOLLOWER]: Leader election won for term 1
I20260608 12:44:11.122673 13747 raft_consensus.cc:697] T d063f781e51d49af83889c58b1f0c164 P 5b24014744d847b2a5ea944cb922ea52 [term 1 LEADER]: Becoming Leader. State: Replica: 5b24014744d847b2a5ea944cb922ea52, State: Running, Role: LEADER
I20260608 12:44:11.122902 13586 leader_election.cc:304] T f8aca5b707db44738ab31a06c78aad1a P 6a4559a626a54034bd9ee633d515b7de [CANDIDATE]: Term 1 election: Election decided. Result: candidate won. Election summary: received 2 responses out of 3 voters: 2 yes votes; 0 no votes. yes voters: 2a3db321c41a4818845e5d0750407dcc, 6a4559a626a54034bd9ee633d515b7de; no voters: 
I20260608 12:44:11.124982 13778 raft_consensus.cc:2804] T f8aca5b707db44738ab31a06c78aad1a P 6a4559a626a54034bd9ee633d515b7de [term 1 FOLLOWER]: Leader election won for term 1
I20260608 12:44:11.124755 13747 consensus_queue.cc:237] T d063f781e51d49af83889c58b1f0c164 P 5b24014744d847b2a5ea944cb922ea52 [LEADER]: Queue going to LEADER mode. State: All replicated index: 0, Majority replicated index: 0, Committed index: 0, Last appended: 0.0, Last appended by leader: 0, Current term: 1, Majority size: 2, State: 0, Mode: LEADER, active raft config: opid_index: -1 OBSOLETE_local: false peers { permanent_uuid: "2a3db321c41a4818845e5d0750407dcc" member_type: VOTER last_known_addr { host: "127.12.146.129" port: 45235 } } peers { permanent_uuid: "6a4559a626a54034bd9ee633d515b7de" member_type: VOTER last_known_addr { host: "127.12.146.130" port: 42933 } } peers { permanent_uuid: "5b24014744d847b2a5ea944cb922ea52" member_type: VOTER last_known_addr { host: "127.12.146.131" port: 41733 } }
I20260608 12:44:11.126291 13749 consensus_queue.cc:237] T a3aae88cba2540859dc1323046bf9e68 P 6a4559a626a54034bd9ee633d515b7de [LEADER]: Queue going to LEADER mode. State: All replicated index: 0, Majority replicated index: 0, Committed index: 0, Last appended: 0.0, Last appended by leader: 0, Current term: 1, Majority size: 2, State: 0, Mode: LEADER, active raft config: opid_index: -1 OBSOLETE_local: false peers { permanent_uuid: "5b24014744d847b2a5ea944cb922ea52" member_type: VOTER last_known_addr { host: "127.12.146.131" port: 41733 } } peers { permanent_uuid: "6a4559a626a54034bd9ee633d515b7de" member_type: VOTER last_known_addr { host: "127.12.146.130" port: 42933 } } peers { permanent_uuid: "2a3db321c41a4818845e5d0750407dcc" member_type: VOTER last_known_addr { host: "127.12.146.129" port: 45235 } }
I20260608 12:44:11.134439 13770 leader_election.cc:290] T a3aae88cba2540859dc1323046bf9e68 P 5b24014744d847b2a5ea944cb922ea52 [CANDIDATE]: Term 1 pre-election: Requested pre-vote from peers 6a4559a626a54034bd9ee633d515b7de (127.12.146.130:42933), 2a3db321c41a4818845e5d0750407dcc (127.12.146.129:45235)
I20260608 12:44:11.133867 13545 tablet_service.cc:1917] Received RequestConsensusVote() RPC: tablet_id: "a3aae88cba2540859dc1323046bf9e68" candidate_uuid: "5b24014744d847b2a5ea944cb922ea52" candidate_term: 1 candidate_status { last_received { term: 0 index: 0 } } ignore_live_leader: false dest_uuid: "2a3db321c41a4818845e5d0750407dcc" is_pre_election: true
I20260608 12:44:11.133318 13443 catalog_manager.cc:5696] T aef505526350451c919d6350b693b68d P 2a3db321c41a4818845e5d0750407dcc reported cstate change: term changed from 0 to 1, leader changed from <none> to 2a3db321c41a4818845e5d0750407dcc (127.12.146.129). New cstate: current_term: 1 leader_uuid: "2a3db321c41a4818845e5d0750407dcc" committed_config { opid_index: -1 OBSOLETE_local: false peers { permanent_uuid: "2a3db321c41a4818845e5d0750407dcc" member_type: VOTER last_known_addr { host: "127.12.146.129" port: 45235 } health_report { overall_health: HEALTHY } } peers { permanent_uuid: "6a4559a626a54034bd9ee633d515b7de" member_type: VOTER last_known_addr { host: "127.12.146.130" port: 42933 } health_report { overall_health: UNKNOWN } } peers { permanent_uuid: "5b24014744d847b2a5ea944cb922ea52" member_type: VOTER last_known_addr { host: "127.12.146.131" port: 41733 } health_report { overall_health: UNKNOWN } } }
I20260608 12:44:11.139492 13778 raft_consensus.cc:697] T f8aca5b707db44738ab31a06c78aad1a P 6a4559a626a54034bd9ee633d515b7de [term 1 LEADER]: Becoming Leader. State: Replica: 6a4559a626a54034bd9ee633d515b7de, State: Running, Role: LEADER
I20260608 12:44:11.146181 13743 tablet_bootstrap.cc:654] T 2fd1a2dcaf754aafbd3f9db16b71e6ea P 2a3db321c41a4818845e5d0750407dcc: Neither blocks nor log segments found. Creating new log.
I20260608 12:44:11.145982 13695 raft_consensus.cc:2468] T a3aae88cba2540859dc1323046bf9e68 P 5b24014744d847b2a5ea944cb922ea52 [term 1 FOLLOWER]: Leader election vote request: Granting yes vote for candidate 6a4559a626a54034bd9ee633d515b7de in term 1.
I20260608 12:44:11.148636 13741 tablet_bootstrap.cc:492] T 82dab9de8f0347d09cda457448e1c6fc P 5b24014744d847b2a5ea944cb922ea52: No bootstrap required, opened a new log
I20260608 12:44:11.146334 13696 raft_consensus.cc:2468] T f8aca5b707db44738ab31a06c78aad1a P 5b24014744d847b2a5ea944cb922ea52 [term 1 FOLLOWER]: Leader election vote request: Granting yes vote for candidate 6a4559a626a54034bd9ee633d515b7de in term 1.
I20260608 12:44:11.154899 13741 ts_tablet_manager.cc:1403] T 82dab9de8f0347d09cda457448e1c6fc P 5b24014744d847b2a5ea944cb922ea52: Time spent bootstrapping tablet: real 0.195s	user 0.025s	sys 0.013s
I20260608 12:44:11.150468 13545 raft_consensus.cc:2393] T a3aae88cba2540859dc1323046bf9e68 P 2a3db321c41a4818845e5d0750407dcc [term 1 FOLLOWER]: Leader pre-election vote request: Denying vote to candidate 5b24014744d847b2a5ea944cb922ea52 in current term 1: Already voted for candidate 6a4559a626a54034bd9ee633d515b7de in this term.
I20260608 12:44:11.170426 13778 consensus_queue.cc:237] T f8aca5b707db44738ab31a06c78aad1a P 6a4559a626a54034bd9ee633d515b7de [LEADER]: Queue going to LEADER mode. State: All replicated index: 0, Majority replicated index: 0, Committed index: 0, Last appended: 0.0, Last appended by leader: 0, Current term: 1, Majority size: 2, State: 0, Mode: LEADER, active raft config: opid_index: -1 OBSOLETE_local: false peers { permanent_uuid: "2a3db321c41a4818845e5d0750407dcc" member_type: VOTER last_known_addr { host: "127.12.146.129" port: 45235 } } peers { permanent_uuid: "6a4559a626a54034bd9ee633d515b7de" member_type: VOTER last_known_addr { host: "127.12.146.130" port: 42933 } } peers { permanent_uuid: "5b24014744d847b2a5ea944cb922ea52" member_type: VOTER last_known_addr { host: "127.12.146.131" port: 41733 } }
I20260608 12:44:11.180764 13741 raft_consensus.cc:359] T 82dab9de8f0347d09cda457448e1c6fc P 5b24014744d847b2a5ea944cb922ea52 [term 0 FOLLOWER]: Replica starting. Triggering 0 pending ops. Active config: opid_index: -1 OBSOLETE_local: false peers { permanent_uuid: "2a3db321c41a4818845e5d0750407dcc" member_type: VOTER last_known_addr { host: "127.12.146.129" port: 45235 } } peers { permanent_uuid: "6a4559a626a54034bd9ee633d515b7de" member_type: VOTER last_known_addr { host: "127.12.146.130" port: 42933 } } peers { permanent_uuid: "5b24014744d847b2a5ea944cb922ea52" member_type: VOTER last_known_addr { host: "127.12.146.131" port: 41733 } }
I20260608 12:44:11.182164 13741 raft_consensus.cc:385] T 82dab9de8f0347d09cda457448e1c6fc P 5b24014744d847b2a5ea944cb922ea52 [term 0 FOLLOWER]: Consensus starting up: Expiring failure detector timer to make a prompt election more likely
I20260608 12:44:11.182516 13741 raft_consensus.cc:740] T 82dab9de8f0347d09cda457448e1c6fc P 5b24014744d847b2a5ea944cb922ea52 [term 0 FOLLOWER]: Becoming Follower/Learner. State: Replica: 5b24014744d847b2a5ea944cb922ea52, State: Initialized, Role: FOLLOWER
I20260608 12:44:11.183540 13741 consensus_queue.cc:260] T 82dab9de8f0347d09cda457448e1c6fc P 5b24014744d847b2a5ea944cb922ea52 [NON_LEADER]: Queue going to NON_LEADER mode. State: All replicated index: 0, Majority replicated index: 0, Committed index: 0, Last appended: 0.0, Last appended by leader: 0, Current term: 0, Majority size: -1, State: 0, Mode: NON_LEADER, active raft config: opid_index: -1 OBSOLETE_local: false peers { permanent_uuid: "2a3db321c41a4818845e5d0750407dcc" member_type: VOTER last_known_addr { host: "127.12.146.129" port: 45235 } } peers { permanent_uuid: "6a4559a626a54034bd9ee633d515b7de" member_type: VOTER last_known_addr { host: "127.12.146.130" port: 42933 } } peers { permanent_uuid: "5b24014744d847b2a5ea944cb922ea52" member_type: VOTER last_known_addr { host: "127.12.146.131" port: 41733 } }
I20260608 12:44:11.187245 13662 leader_election.cc:304] T a3aae88cba2540859dc1323046bf9e68 P 5b24014744d847b2a5ea944cb922ea52 [CANDIDATE]: Term 1 pre-election: Election decided. Result: candidate lost. Election summary: received 3 responses out of 3 voters: 1 yes votes; 2 no votes. yes voters: 5b24014744d847b2a5ea944cb922ea52; no voters: 2a3db321c41a4818845e5d0750407dcc, 6a4559a626a54034bd9ee633d515b7de
I20260608 12:44:11.188833 13747 raft_consensus.cc:2749] T a3aae88cba2540859dc1323046bf9e68 P 5b24014744d847b2a5ea944cb922ea52 [term 1 FOLLOWER]: Leader pre-election lost for term 1. Reason: could not achieve majority
I20260608 12:44:11.190407 13445 catalog_manager.cc:5696] T a3aae88cba2540859dc1323046bf9e68 P 6a4559a626a54034bd9ee633d515b7de reported cstate change: term changed from 0 to 1, leader changed from <none> to 6a4559a626a54034bd9ee633d515b7de (127.12.146.130). New cstate: current_term: 1 leader_uuid: "6a4559a626a54034bd9ee633d515b7de" committed_config { opid_index: -1 OBSOLETE_local: false peers { permanent_uuid: "5b24014744d847b2a5ea944cb922ea52" member_type: VOTER last_known_addr { host: "127.12.146.131" port: 41733 } health_report { overall_health: UNKNOWN } } peers { permanent_uuid: "6a4559a626a54034bd9ee633d515b7de" member_type: VOTER last_known_addr { host: "127.12.146.130" port: 42933 } health_report { overall_health: HEALTHY } } peers { permanent_uuid: "2a3db321c41a4818845e5d0750407dcc" member_type: VOTER last_known_addr { host: "127.12.146.129" port: 45235 } health_report { overall_health: UNKNOWN } } }
I20260608 12:44:11.195941 13741 ts_tablet_manager.cc:1434] T 82dab9de8f0347d09cda457448e1c6fc P 5b24014744d847b2a5ea944cb922ea52: Time spent starting tablet: real 0.041s	user 0.005s	sys 0.004s
I20260608 12:44:11.176456 13442 catalog_manager.cc:5696] T 2fd1a2dcaf754aafbd3f9db16b71e6ea P 5b24014744d847b2a5ea944cb922ea52 reported cstate change: term changed from 0 to 1, leader changed from <none> to 5b24014744d847b2a5ea944cb922ea52 (127.12.146.131). New cstate: current_term: 1 leader_uuid: "5b24014744d847b2a5ea944cb922ea52" committed_config { opid_index: -1 OBSOLETE_local: false peers { permanent_uuid: "2a3db321c41a4818845e5d0750407dcc" member_type: VOTER last_known_addr { host: "127.12.146.129" port: 45235 } health_report { overall_health: UNKNOWN } } peers { permanent_uuid: "6a4559a626a54034bd9ee633d515b7de" member_type: VOTER last_known_addr { host: "127.12.146.130" port: 42933 } health_report { overall_health: UNKNOWN } } peers { permanent_uuid: "5b24014744d847b2a5ea944cb922ea52" member_type: VOTER last_known_addr { host: "127.12.146.131" port: 41733 } health_report { overall_health: HEALTHY } } }
I20260608 12:44:11.197886 13742 tablet_bootstrap.cc:654] T 03f317bb3fce4942945e5951e7ad90e8 P 6a4559a626a54034bd9ee633d515b7de: Neither blocks nor log segments found. Creating new log.
I20260608 12:44:11.202561 13741 tablet_bootstrap.cc:492] T 6d3e26ce34804432baeb761830e0a00b P 5b24014744d847b2a5ea944cb922ea52: Bootstrap starting.
I20260608 12:44:11.207475 13743 tablet_bootstrap.cc:492] T 2fd1a2dcaf754aafbd3f9db16b71e6ea P 2a3db321c41a4818845e5d0750407dcc: No bootstrap required, opened a new log
I20260608 12:44:11.208146 13743 ts_tablet_manager.cc:1403] T 2fd1a2dcaf754aafbd3f9db16b71e6ea P 2a3db321c41a4818845e5d0750407dcc: Time spent bootstrapping tablet: real 0.106s	user 0.012s	sys 0.004s
I20260608 12:44:11.220537 13743 raft_consensus.cc:359] T 2fd1a2dcaf754aafbd3f9db16b71e6ea P 2a3db321c41a4818845e5d0750407dcc [term 0 FOLLOWER]: Replica starting. Triggering 0 pending ops. Active config: opid_index: -1 OBSOLETE_local: false peers { permanent_uuid: "2a3db321c41a4818845e5d0750407dcc" member_type: VOTER last_known_addr { host: "127.12.146.129" port: 45235 } } peers { permanent_uuid: "6a4559a626a54034bd9ee633d515b7de" member_type: VOTER last_known_addr { host: "127.12.146.130" port: 42933 } } peers { permanent_uuid: "5b24014744d847b2a5ea944cb922ea52" member_type: VOTER last_known_addr { host: "127.12.146.131" port: 41733 } }
I20260608 12:44:11.221495 13743 raft_consensus.cc:385] T 2fd1a2dcaf754aafbd3f9db16b71e6ea P 2a3db321c41a4818845e5d0750407dcc [term 0 FOLLOWER]: Consensus starting up: Expiring failure detector timer to make a prompt election more likely
I20260608 12:44:11.221818 13743 raft_consensus.cc:740] T 2fd1a2dcaf754aafbd3f9db16b71e6ea P 2a3db321c41a4818845e5d0750407dcc [term 0 FOLLOWER]: Becoming Follower/Learner. State: Replica: 2a3db321c41a4818845e5d0750407dcc, State: Initialized, Role: FOLLOWER
I20260608 12:44:11.222442 13741 tablet_bootstrap.cc:654] T 6d3e26ce34804432baeb761830e0a00b P 5b24014744d847b2a5ea944cb922ea52: Neither blocks nor log segments found. Creating new log.
I20260608 12:44:11.227653 13742 tablet_bootstrap.cc:492] T 03f317bb3fce4942945e5951e7ad90e8 P 6a4559a626a54034bd9ee633d515b7de: No bootstrap required, opened a new log
I20260608 12:44:11.228497 13742 ts_tablet_manager.cc:1403] T 03f317bb3fce4942945e5951e7ad90e8 P 6a4559a626a54034bd9ee633d515b7de: Time spent bootstrapping tablet: real 0.124s	user 0.014s	sys 0.005s
I20260608 12:44:11.222993 13743 consensus_queue.cc:260] T 2fd1a2dcaf754aafbd3f9db16b71e6ea P 2a3db321c41a4818845e5d0750407dcc [NON_LEADER]: Queue going to NON_LEADER mode. State: All replicated index: 0, Majority replicated index: 0, Committed index: 0, Last appended: 0.0, Last appended by leader: 0, Current term: 0, Majority size: -1, State: 0, Mode: NON_LEADER, active raft config: opid_index: -1 OBSOLETE_local: false peers { permanent_uuid: "2a3db321c41a4818845e5d0750407dcc" member_type: VOTER last_known_addr { host: "127.12.146.129" port: 45235 } } peers { permanent_uuid: "6a4559a626a54034bd9ee633d515b7de" member_type: VOTER last_known_addr { host: "127.12.146.130" port: 42933 } } peers { permanent_uuid: "5b24014744d847b2a5ea944cb922ea52" member_type: VOTER last_known_addr { host: "127.12.146.131" port: 41733 } }
I20260608 12:44:11.244148 13742 raft_consensus.cc:359] T 03f317bb3fce4942945e5951e7ad90e8 P 6a4559a626a54034bd9ee633d515b7de [term 0 FOLLOWER]: Replica starting. Triggering 0 pending ops. Active config: opid_index: -1 OBSOLETE_local: false peers { permanent_uuid: "2a3db321c41a4818845e5d0750407dcc" member_type: VOTER last_known_addr { host: "127.12.146.129" port: 45235 } } peers { permanent_uuid: "6a4559a626a54034bd9ee633d515b7de" member_type: VOTER last_known_addr { host: "127.12.146.130" port: 42933 } } peers { permanent_uuid: "5b24014744d847b2a5ea944cb922ea52" member_type: VOTER last_known_addr { host: "127.12.146.131" port: 41733 } }
I20260608 12:44:11.245193 13742 raft_consensus.cc:385] T 03f317bb3fce4942945e5951e7ad90e8 P 6a4559a626a54034bd9ee633d515b7de [term 0 FOLLOWER]: Consensus starting up: Expiring failure detector timer to make a prompt election more likely
I20260608 12:44:11.244505 13443 catalog_manager.cc:5696] T f8aca5b707db44738ab31a06c78aad1a P 6a4559a626a54034bd9ee633d515b7de reported cstate change: term changed from 0 to 1, leader changed from <none> to 6a4559a626a54034bd9ee633d515b7de (127.12.146.130). New cstate: current_term: 1 leader_uuid: "6a4559a626a54034bd9ee633d515b7de" committed_config { opid_index: -1 OBSOLETE_local: false peers { permanent_uuid: "2a3db321c41a4818845e5d0750407dcc" member_type: VOTER last_known_addr { host: "127.12.146.129" port: 45235 } health_report { overall_health: UNKNOWN } } peers { permanent_uuid: "6a4559a626a54034bd9ee633d515b7de" member_type: VOTER last_known_addr { host: "127.12.146.130" port: 42933 } health_report { overall_health: HEALTHY } } peers { permanent_uuid: "5b24014744d847b2a5ea944cb922ea52" member_type: VOTER last_known_addr { host: "127.12.146.131" port: 41733 } health_report { overall_health: UNKNOWN } } }
I20260608 12:44:11.248924 13743 ts_tablet_manager.cc:1434] T 2fd1a2dcaf754aafbd3f9db16b71e6ea P 2a3db321c41a4818845e5d0750407dcc: Time spent starting tablet: real 0.040s	user 0.008s	sys 0.005s
I20260608 12:44:11.250252 13743 tablet_bootstrap.cc:492] T 6d3e26ce34804432baeb761830e0a00b P 2a3db321c41a4818845e5d0750407dcc: Bootstrap starting.
I20260608 12:44:11.248274 13742 raft_consensus.cc:740] T 03f317bb3fce4942945e5951e7ad90e8 P 6a4559a626a54034bd9ee633d515b7de [term 0 FOLLOWER]: Becoming Follower/Learner. State: Replica: 6a4559a626a54034bd9ee633d515b7de, State: Initialized, Role: FOLLOWER
I20260608 12:44:11.252475 13742 consensus_queue.cc:260] T 03f317bb3fce4942945e5951e7ad90e8 P 6a4559a626a54034bd9ee633d515b7de [NON_LEADER]: Queue going to NON_LEADER mode. State: All replicated index: 0, Majority replicated index: 0, Committed index: 0, Last appended: 0.0, Last appended by leader: 0, Current term: 0, Majority size: -1, State: 0, Mode: NON_LEADER, active raft config: opid_index: -1 OBSOLETE_local: false peers { permanent_uuid: "2a3db321c41a4818845e5d0750407dcc" member_type: VOTER last_known_addr { host: "127.12.146.129" port: 45235 } } peers { permanent_uuid: "6a4559a626a54034bd9ee633d515b7de" member_type: VOTER last_known_addr { host: "127.12.146.130" port: 42933 } } peers { permanent_uuid: "5b24014744d847b2a5ea944cb922ea52" member_type: VOTER last_known_addr { host: "127.12.146.131" port: 41733 } }
I20260608 12:44:11.252411 13442 catalog_manager.cc:5696] T d063f781e51d49af83889c58b1f0c164 P 5b24014744d847b2a5ea944cb922ea52 reported cstate change: term changed from 0 to 1, leader changed from <none> to 5b24014744d847b2a5ea944cb922ea52 (127.12.146.131). New cstate: current_term: 1 leader_uuid: "5b24014744d847b2a5ea944cb922ea52" committed_config { opid_index: -1 OBSOLETE_local: false peers { permanent_uuid: "2a3db321c41a4818845e5d0750407dcc" member_type: VOTER last_known_addr { host: "127.12.146.129" port: 45235 } health_report { overall_health: UNKNOWN } } peers { permanent_uuid: "6a4559a626a54034bd9ee633d515b7de" member_type: VOTER last_known_addr { host: "127.12.146.130" port: 42933 } health_report { overall_health: UNKNOWN } } peers { permanent_uuid: "5b24014744d847b2a5ea944cb922ea52" member_type: VOTER last_known_addr { host: "127.12.146.131" port: 41733 } health_report { overall_health: HEALTHY } } }
